[INFO] fetching crate bigbit 0.0.8...
[INFO] testing bigbit-0.0.8 against 1.54.0 for beta-1.55-1
[INFO] extracting crate bigbit 0.0.8 into /workspace/builds/worker-31/source
[INFO] validating manifest of crates.io crate bigbit 0.0.8 on toolchain 1.54.0
[INFO] running `Command { std: "/workspace/cargo-home/bin/cargo" "+1.54.0" "metadata" "--manifest-path" "Cargo.toml" "--no-deps", kill_on_drop: false }`
[INFO] started tweaking crates.io crate bigbit 0.0.8
[INFO] finished tweaking crates.io crate bigbit 0.0.8
[INFO] tweaked toml for crates.io crate bigbit 0.0.8 written to /workspace/builds/worker-31/source/Cargo.toml
[INFO] running `Command { std: "/workspace/cargo-home/bin/cargo" "+1.54.0" "generate-lockfile" "--manifest-path" "Cargo.toml" "-Zno-index-update", kill_on_drop: false }`
[INFO] running `Command { std: "/workspace/cargo-home/bin/cargo" "+1.54.0" "fetch" "--manifest-path" "Cargo.toml", kill_on_drop: false }`
[INFO] [stderr]     Blocking waiting for file lock on package cache
[INFO] running `Command { std: "docker" "create" "-v" "/var/lib/crater-agent-workspace/builds/worker-31/target:/opt/rustwide/target:rw,Z" "-v" "/var/lib/crater-agent-workspace/builds/worker-31/source:/opt/rustwide/workdir:ro,Z" "-v" "/var/lib/crater-agent-workspace/cargo-home:/opt/rustwide/cargo-home:ro,Z" "-v" "/var/lib/crater-agent-workspace/rustup-home:/opt/rustwide/rustup-home:ro,Z" "-e" "SOURCE_DIR=/opt/rustwide/workdir" "-e" "CARGO_TARGET_DIR=/opt/rustwide/target" "-e" "CARGO_HOME=/opt/rustwide/cargo-home" "-e" "RUSTUP_HOME=/opt/rustwide/rustup-home" "-w" "/opt/rustwide/workdir" "-m" "1610612736" "--user" "0:0" "--network" "none" "ghcr.io/rust-lang/crates-build-env/linux@sha256:34b6a614d2c27851fe6cbf88fbd1137609cefab8b10d0615aaeb6fd47975d74e" "/opt/rustwide/cargo-home/bin/cargo" "+1.54.0" "metadata" "--no-deps" "--format-version=1", kill_on_drop: false }`
[INFO] [stdout] 468b2f5ef55d29a1fc37a367a8e17bfd162325d724c7f184a554f550224458d3
[INFO] running `Command { std: "docker" "start" "-a" "468b2f5ef55d29a1fc37a367a8e17bfd162325d724c7f184a554f550224458d3", kill_on_drop: false }`
[INFO] running `Command { std: "docker" "inspect" "468b2f5ef55d29a1fc37a367a8e17bfd162325d724c7f184a554f550224458d3", kill_on_drop: false }`
[INFO] running `Command { std: "docker" "rm" "-f" "468b2f5ef55d29a1fc37a367a8e17bfd162325d724c7f184a554f550224458d3", kill_on_drop: false }`
[INFO] [stdout] 468b2f5ef55d29a1fc37a367a8e17bfd162325d724c7f184a554f550224458d3
[INFO] running `Command { std: "docker" "create" "-v" "/var/lib/crater-agent-workspace/builds/worker-31/target:/opt/rustwide/target:rw,Z" "-v" "/var/lib/crater-agent-workspace/builds/worker-31/source:/opt/rustwide/workdir:ro,Z" "-v" "/var/lib/crater-agent-workspace/cargo-home:/opt/rustwide/cargo-home:ro,Z" "-v" "/var/lib/crater-agent-workspace/rustup-home:/opt/rustwide/rustup-home:ro,Z" "-e" "SOURCE_DIR=/opt/rustwide/workdir" "-e" "CARGO_TARGET_DIR=/opt/rustwide/target" "-e" "CARGO_INCREMENTAL=0" "-e" "RUST_BACKTRACE=full" "-e" "RUSTFLAGS=--cap-lints=warn" "-e" "CARGO_HOME=/opt/rustwide/cargo-home" "-e" "RUSTUP_HOME=/opt/rustwide/rustup-home" "-w" "/opt/rustwide/workdir" "-m" "1610612736" "--user" "0:0" "--network" "none" "ghcr.io/rust-lang/crates-build-env/linux@sha256:34b6a614d2c27851fe6cbf88fbd1137609cefab8b10d0615aaeb6fd47975d74e" "/opt/rustwide/cargo-home/bin/cargo" "+1.54.0" "build" "--frozen" "--message-format=json", kill_on_drop: false }`
[INFO] [stdout] 8d88783f37bf5a71db58dc4bd98e9a9d74efdf8d311e6dc4306d0e4f348e0f31
[INFO] running `Command { std: "docker" "start" "-a" "8d88783f37bf5a71db58dc4bd98e9a9d74efdf8d311e6dc4306d0e4f348e0f31", kill_on_drop: false }`
[INFO] [stderr]    Compiling bigbit v0.0.8 (/opt/rustwide/workdir)
[INFO] [stderr]     Finished dev [unoptimized + debuginfo] target(s) in 1.21s
[INFO] running `Command { std: "docker" "inspect" "8d88783f37bf5a71db58dc4bd98e9a9d74efdf8d311e6dc4306d0e4f348e0f31", kill_on_drop: false }`
[INFO] running `Command { std: "docker" "rm" "-f" "8d88783f37bf5a71db58dc4bd98e9a9d74efdf8d311e6dc4306d0e4f348e0f31", kill_on_drop: false }`
[INFO] [stdout] 8d88783f37bf5a71db58dc4bd98e9a9d74efdf8d311e6dc4306d0e4f348e0f31
[INFO] running `Command { std: "docker" "create" "-v" "/var/lib/crater-agent-workspace/builds/worker-31/target:/opt/rustwide/target:rw,Z" "-v" "/var/lib/crater-agent-workspace/builds/worker-31/source:/opt/rustwide/workdir:ro,Z" "-v" "/var/lib/crater-agent-workspace/cargo-home:/opt/rustwide/cargo-home:ro,Z" "-v" "/var/lib/crater-agent-workspace/rustup-home:/opt/rustwide/rustup-home:ro,Z" "-e" "SOURCE_DIR=/opt/rustwide/workdir" "-e" "CARGO_TARGET_DIR=/opt/rustwide/target" "-e" "CARGO_INCREMENTAL=0" "-e" "RUST_BACKTRACE=full" "-e" "RUSTFLAGS=--cap-lints=warn" "-e" "CARGO_HOME=/opt/rustwide/cargo-home" "-e" "RUSTUP_HOME=/opt/rustwide/rustup-home" "-w" "/opt/rustwide/workdir" "-m" "1610612736" "--user" "0:0" "--network" "none" "ghcr.io/rust-lang/crates-build-env/linux@sha256:34b6a614d2c27851fe6cbf88fbd1137609cefab8b10d0615aaeb6fd47975d74e" "/opt/rustwide/cargo-home/bin/cargo" "+1.54.0" "test" "--frozen" "--no-run" "--message-format=json", kill_on_drop: false }`
[INFO] [stdout] aea1a4a6b95102fd720b867da305b10c45ec3659be9cd54d3667dc49bc694d62
[INFO] running `Command { std: "docker" "start" "-a" "aea1a4a6b95102fd720b867da305b10c45ec3659be9cd54d3667dc49bc694d62", kill_on_drop: false }`
[INFO] [stderr]     Blocking waiting for file lock on package cache
[INFO] [stderr]    Compiling bigbit v0.0.8 (/opt/rustwide/workdir)
[INFO] [stderr]     Finished test [unoptimized + debuginfo] target(s) in 1.72s
[INFO] running `Command { std: "docker" "inspect" "aea1a4a6b95102fd720b867da305b10c45ec3659be9cd54d3667dc49bc694d62", kill_on_drop: false }`
[INFO] running `Command { std: "docker" "rm" "-f" "aea1a4a6b95102fd720b867da305b10c45ec3659be9cd54d3667dc49bc694d62", kill_on_drop: false }`
[INFO] [stdout] aea1a4a6b95102fd720b867da305b10c45ec3659be9cd54d3667dc49bc694d62
[INFO] running `Command { std: "docker" "create" "-v" "/var/lib/crater-agent-workspace/builds/worker-31/target:/opt/rustwide/target:rw,Z" "-v" "/var/lib/crater-agent-workspace/builds/worker-31/source:/opt/rustwide/workdir:ro,Z" "-v" "/var/lib/crater-agent-workspace/cargo-home:/opt/rustwide/cargo-home:ro,Z" "-v" "/var/lib/crater-agent-workspace/rustup-home:/opt/rustwide/rustup-home:ro,Z" "-e" "SOURCE_DIR=/opt/rustwide/workdir" "-e" "CARGO_TARGET_DIR=/opt/rustwide/target" "-e" "CARGO_INCREMENTAL=0" "-e" "RUST_BACKTRACE=full" "-e" "RUSTFLAGS=--cap-lints=warn" "-e" "CARGO_HOME=/opt/rustwide/cargo-home" "-e" "RUSTUP_HOME=/opt/rustwide/rustup-home" "-w" "/opt/rustwide/workdir" "-m" "1610612736" "--user" "0:0" "--network" "none" "ghcr.io/rust-lang/crates-build-env/linux@sha256:34b6a614d2c27851fe6cbf88fbd1137609cefab8b10d0615aaeb6fd47975d74e" "/opt/rustwide/cargo-home/bin/cargo" "+1.54.0" "test" "--frozen", kill_on_drop: false }`
[INFO] [stdout] e77a1784a5b30eee9acdb98e5107b36e1f6a10dfd5fa6de2fea1b6f719733a58
[INFO] running `Command { std: "docker" "start" "-a" "e77a1784a5b30eee9acdb98e5107b36e1f6a10dfd5fa6de2fea1b6f719733a58", kill_on_drop: false }`
[INFO] [stderr]     Blocking waiting for file lock on package cache
[INFO] [stderr]     Finished test [unoptimized + debuginfo] target(s) in 0.66s
[INFO] [stderr]      Running unittests (/opt/rustwide/target/debug/deps/bigbit-6f86e22471506a05)
[INFO] [stdout] 
[INFO] [stdout] running 2 tests
[INFO] [stdout] test tests::lb_sub ... ok
[INFO] [stdout] test tests::lb_add ... ok
[INFO] [stdout] 
[INFO] [stdout] test result: ok. 2 passed; 0 failed; 0 ignored; 0 measured; 0 filtered out; finished in 0.00s
[INFO] [stdout] 
[INFO] [stderr]    Doc-tests bigbit
[INFO] [stdout] 
[INFO] [stdout] running 2 tests
[INFO] [stdout] test src/linkedbytes/lbstring/mod.rs - linkedbytes::lbstring::LBString (line 16) ... FAILED
[INFO] [stdout] test src/linkedbytes/ops/gcd.rs - linkedbytes::ops::gcd::LBNum::gcd (line 10) ... FAILED
[INFO] [stdout] 
[INFO] [stdout] failures:
[INFO] [stdout] 
[INFO] [stdout] ---- src/linkedbytes/lbstring/mod.rs - linkedbytes::lbstring::LBString (line 16) stdout ----
[INFO] [stdout] error[E0308]: mismatched types
[INFO] [stdout]   --> src/linkedbytes/lbstring/mod.rs:23:35
[INFO] [stdout]    |
[INFO] [stdout] 10 | let my_string_lb = LBString::from(MY_STRING); // Creates an LBString from a string slice
[INFO] [stdout]    |                                   ^^^^^^^^^ expected struct `LBString`, found `&str`
[INFO] [stdout] 
[INFO] [stdout] error[E0308]: mismatched types
[INFO] [stdout]   --> src/linkedbytes/lbstring/mod.rs:24:35
[INFO] [stdout]    |
[INFO] [stdout] 11 | let stdstring_lb = LBString::from(stdstring); // Creates an LBString from a String
[INFO] [stdout]    |                                   ^^^^^^^^^ expected struct `LBString`, found struct `String`
[INFO] [stdout] 
[INFO] [stdout] error[E0277]: the trait bound `String: From<LBString>` is not satisfied
[INFO] [stdout]   --> src/linkedbytes/lbstring/mod.rs:27:12
[INFO] [stdout]    |
[INFO] [stdout] 14 | assert_eq!(String::from(my_string_lb), MY_STRING);
[INFO] [stdout]    |            ^^^^^^^^^^^^ the trait `From<LBString>` is not implemented for `String`
[INFO] [stdout]    |
[INFO] [stdout]    = help: the following implementations were found:
[INFO] [stdout]              <String as From<&String>>
[INFO] [stdout]              <String as From<&mut str>>
[INFO] [stdout]              <String as From<&str>>
[INFO] [stdout]              <String as From<Box<str>>>
[INFO] [stdout]            and 2 others
[INFO] [stdout]    = note: required by `from`
[INFO] [stdout] 
[INFO] [stdout] error[E0277]: the trait bound `String: From<LBString>` is not satisfied
[INFO] [stdout]   --> src/linkedbytes/lbstring/mod.rs:28:12
[INFO] [stdout]    |
[INFO] [stdout] 15 | assert_eq!(String::from(stdstring_lb), "This is a standard string!");
[INFO] [stdout]    |            ^^^^^^^^^^^^ the trait `From<LBString>` is not implemented for `String`
[INFO] [stdout]    |
[INFO] [stdout]    = help: the following implementations were found:
[INFO] [stdout]              <String as From<&String>>
[INFO] [stdout]              <String as From<&mut str>>
[INFO] [stdout]              <String as From<&str>>
[INFO] [stdout]              <String as From<Box<str>>>
[INFO] [stdout]            and 2 others
[INFO] [stdout]    = note: required by `from`
[INFO] [stdout] 
[INFO] [stdout] error[E0277]: the trait bound `String: From<LBString>` is not satisfied
[INFO] [stdout]   --> src/linkedbytes/lbstring/mod.rs:29:12
[INFO] [stdout]    |
[INFO] [stdout] 16 | assert_eq!(String::from(my_string_lb_2), MY_STRING);
[INFO] [stdout]    |            ^^^^^^^^^^^^ the trait `From<LBString>` is not implemented for `String`
[INFO] [stdout]    |
[INFO] [stdout]    = help: the following implementations were found:
[INFO] [stdout]              <String as From<&String>>
[INFO] [stdout]              <String as From<&mut str>>
[INFO] [stdout]              <String as From<&str>>
[INFO] [stdout]              <String as From<Box<str>>>
[INFO] [stdout]            and 2 others
[INFO] [stdout]    = note: required by `from`
[INFO] [stdout] 
[INFO] [stdout] error: aborting due to 5 previous errors
[INFO] [stdout] 
[INFO] [stdout] Some errors have detailed explanations: E0277, E0308.
[INFO] [stdout] For more information about an error, try `rustc --explain E0277`.
[INFO] [stdout] Couldn't compile the test.
[INFO] [stdout] ---- src/linkedbytes/ops/gcd.rs - linkedbytes::ops::gcd::LBNum::gcd (line 10) stdout ----
[INFO] [stdout] Test executable failed (exit code 101).
[INFO] [stdout] 
[INFO] [stdout] stderr:
[INFO] [stdout] [src/linkedbytes/ops/gcd.rs:24] &lhs = LBNum(
[INFO] [stdout]     LBSequence(
[INFO] [stdout]         [
[INFO] [stdout]             LinkedByte(
[INFO] [stdout]                 18,
[INFO] [stdout]                 "end",
[INFO] [stdout]             ),
[INFO] [stdout]         ],
[INFO] [stdout]     ),
[INFO] [stdout] )
[INFO] [stdout] [src/linkedbytes/ops/gcd.rs:25] &rhs = LBNum(
[INFO] [stdout]     LBSequence(
[INFO] [stdout]         [
[INFO] [stdout]             LinkedByte(
[INFO] [stdout]                 12,
[INFO] [stdout]                 "end",
[INFO] [stdout]             ),
[INFO] [stdout]         ],
[INFO] [stdout]     ),
[INFO] [stdout] )
[INFO] [stdout] thread 'main' panicked at 'BigBit integer underflow', src/linkedbytes/ops/sub.rs:113:17
[INFO] [stdout] stack backtrace:
[INFO] [stdout]    0:     0x55d6713dd280 - std::backtrace_rs::backtrace::libunwind::trace::h34055254b57d8e79
[INFO] [stdout]                                at /rustc/a178d0322ce20e33eac124758e837cbd80a6f633/library/std/src/../../backtrace/src/backtrace/libunwind.rs:90:5
[INFO] [stdout]    1:     0x55d6713dd280 - std::backtrace_rs::backtrace::trace_unsynchronized::h8f1e3fbd9afff6ec
[INFO] [stdout]                                at /rustc/a178d0322ce20e33eac124758e837cbd80a6f633/library/std/src/../../backtrace/src/backtrace/mod.rs:66:5
[INFO] [stdout]    2:     0x55d6713dd280 - std::sys_common::backtrace::_print_fmt::h3a99a796b770c360
[INFO] [stdout]                                at /rustc/a178d0322ce20e33eac124758e837cbd80a6f633/library/std/src/sys_common/backtrace.rs:67:5
[INFO] [stdout]    3:     0x55d6713dd280 - <std::sys_common::backtrace::_print::DisplayBacktrace as core::fmt::Display>::fmt::h32d1f94a80615d18
[INFO] [stdout]                                at /rustc/a178d0322ce20e33eac124758e837cbd80a6f633/library/std/src/sys_common/backtrace.rs:46:22
[INFO] [stdout]    4:     0x55d6713f6bcc - core::fmt::write::h306731c068f7162c
[INFO] [stdout]                                at /rustc/a178d0322ce20e33eac124758e837cbd80a6f633/library/core/src/fmt/mod.rs:1110:17
[INFO] [stdout]    5:     0x55d6713dba25 - std::io::Write::write_fmt::hd2fa90334eee2a21
[INFO] [stdout]                                at /rustc/a178d0322ce20e33eac124758e837cbd80a6f633/library/std/src/io/mod.rs:1588:15
[INFO] [stdout]    6:     0x55d6713deeab - std::sys_common::backtrace::_print::h5abaa2601a852287
[INFO] [stdout]                                at /rustc/a178d0322ce20e33eac124758e837cbd80a6f633/library/std/src/sys_common/backtrace.rs:49:5
[INFO] [stdout]    7:     0x55d6713deeab - std::sys_common::backtrace::print::h8d81445442bb638f
[INFO] [stdout]                                at /rustc/a178d0322ce20e33eac124758e837cbd80a6f633/library/std/src/sys_common/backtrace.rs:36:9
[INFO] [stdout]    8:     0x55d6713deeab - std::panicking::default_hook::{{closure}}::hcfe804496a9fa747
[INFO] [stdout]                                at /rustc/a178d0322ce20e33eac124758e837cbd80a6f633/library/std/src/panicking.rs:208:50
[INFO] [stdout]    9:     0x55d6713de981 - std::panicking::default_hook::hbea8e3ccf2ba8901
[INFO] [stdout]                                at /rustc/a178d0322ce20e33eac124758e837cbd80a6f633/library/std/src/panicking.rs:225:9
[INFO] [stdout]   10:     0x55d6713df574 - std::panicking::rust_panic_with_hook::h7ee9e1a2d0f8975a
[INFO] [stdout]                                at /rustc/a178d0322ce20e33eac124758e837cbd80a6f633/library/std/src/panicking.rs:622:17
[INFO] [stdout]   11:     0x55d6713c71d3 - std::panicking::begin_panic::{{closure}}::h844e9716a4d9b92a
[INFO] [stdout]                                at /rustc/a178d0322ce20e33eac124758e837cbd80a6f633/library/std/src/panicking.rs:542:9
[INFO] [stdout]   12:     0x55d6713c4799 - std::sys_common::backtrace::__rust_end_short_backtrace::hcd4baa59b6e43b05
[INFO] [stdout]                                at /rustc/a178d0322ce20e33eac124758e837cbd80a6f633/library/std/src/sys_common/backtrace.rs:141:18
[INFO] [stdout]   13:     0x55d6713c7109 - std::panicking::begin_panic::he75152777b1d3dbb
[INFO] [stdout]                                at /rustc/a178d0322ce20e33eac124758e837cbd80a6f633/library/std/src/panicking.rs:541:12
[INFO] [stdout]   14:     0x55d6713c1d85 - bigbit::linkedbytes::ops::sub::<impl core::ops::arith::SubAssign<&bigbit::linkedbytes::LBNum> for bigbit::linkedbytes::LBNum>::sub_assign::hd37a0e4ef903b9fe
[INFO] [stdout]                                at /opt/rustwide/workdir/src/linkedbytes/ops/sub.rs:113:17
[INFO] [stdout]   15:     0x55d6713c1d85 - bigbit::linkedbytes::ops::gcd::<impl bigbit::Gcd for bigbit::linkedbytes::LBNum>::gcd::h4903ef4b2b0e1498
[INFO] [stdout]                                at /opt/rustwide/workdir/src/linkedbytes/ops/gcd.rs:26:21
[INFO] [stdout]   16:     0x55d6713befdf - rust_out::main::_doctest_main_src_linkedbytes_ops_gcd_rs_10_0::h28f5e2fcd9e897c2
[INFO] [stdout]   17:     0x55d6713bedd6 - rust_out::main::h2a38bb51b9580a7d
[INFO] [stdout]   18:     0x55d6713bea43 - core::ops::function::FnOnce::call_once::hb73b95e6982fd3f0
[INFO] [stdout]   19:     0x55d6713be819 - std::sys_common::backtrace::__rust_begin_short_backtrace::h8371d112165838d3
[INFO] [stdout]   20:     0x55d6713be889 - std::rt::lang_start::{{closure}}::h783adf50233ec5ec
[INFO] [stdout]   21:     0x55d6713dfa79 - core::ops::function::impls::<impl core::ops::function::FnOnce<A> for &F>::call_once::h2aabc384aab89b7b
[INFO] [stdout]                                at /rustc/a178d0322ce20e33eac124758e837cbd80a6f633/library/core/src/ops/function.rs:259:13
[INFO] [stdout]   22:     0x55d6713dfa79 - std::panicking::try::do_call::hc5fcacb7a85fc7b1
[INFO] [stdout]                                at /rustc/a178d0322ce20e33eac124758e837cbd80a6f633/library/std/src/panicking.rs:401:40
[INFO] [stdout]   23:     0x55d6713dfa79 - std::panicking::try::hb5d9603af3abbe3a
[INFO] [stdout]                                at /rustc/a178d0322ce20e33eac124758e837cbd80a6f633/library/std/src/panicking.rs:365:19
[INFO] [stdout]   24:     0x55d6713dfa79 - std::panic::catch_unwind::h98fe6ac3925e64b4
[INFO] [stdout]                                at /rustc/a178d0322ce20e33eac124758e837cbd80a6f633/library/std/src/panic.rs:434:14
[INFO] [stdout]   25:     0x55d6713dfa79 - std::rt::lang_start_internal::h22ac7383c516f93e
[INFO] [stdout]                                at /rustc/a178d0322ce20e33eac124758e837cbd80a6f633/library/std/src/rt.rs:34:21
[INFO] [stdout]   26:     0x55d6713be871 - std::rt::lang_start::h11b9716471e37ff8
[INFO] [stdout]   27:     0x55d6713bf3b3 - main
[INFO] [stdout]   28:     0x7fbcbe36e0b3 - __libc_start_main
[INFO] [stdout]   29:     0x55d6713be74e - _start
[INFO] [stdout]   30:                0x0 - <unknown>
[INFO] [stdout] 
[INFO] [stdout] 
[INFO] [stdout] 
[INFO] [stdout] failures:
[INFO] [stdout]     src/linkedbytes/lbstring/mod.rs - linkedbytes::lbstring::LBString (line 16)
[INFO] [stdout]     src/linkedbytes/ops/gcd.rs - linkedbytes::ops::gcd::LBNum::gcd (line 10)
[INFO] [stdout] 
[INFO] [stdout] test result: FAILED. 0 passed; 2 failed; 0 ignored; 0 measured; 0 filtered out; finished in 0.63s
[INFO] [stdout] 
[INFO] [stderr] error: test failed, to rerun pass '--doc'
[INFO] running `Command { std: "docker" "inspect" "e77a1784a5b30eee9acdb98e5107b36e1f6a10dfd5fa6de2fea1b6f719733a58", kill_on_drop: false }`
[INFO] running `Command { std: "docker" "rm" "-f" "e77a1784a5b30eee9acdb98e5107b36e1f6a10dfd5fa6de2fea1b6f719733a58", kill_on_drop: false }`
[INFO] [stdout] e77a1784a5b30eee9acdb98e5107b36e1f6a10dfd5fa6de2fea1b6f719733a58
