[INFO] fetching crate bevycheck 0.1.4...
[INFO] testing bevycheck-0.1.4 against 1.54.0 for beta-1.55-1
[INFO] extracting crate bevycheck 0.1.4 into /workspace/builds/worker-34/source
[INFO] validating manifest of crates.io crate bevycheck 0.1.4 on toolchain 1.54.0
[INFO] running `Command { std: "/workspace/cargo-home/bin/cargo" "+1.54.0" "metadata" "--manifest-path" "Cargo.toml" "--no-deps", kill_on_drop: false }`
[INFO] started tweaking crates.io crate bevycheck 0.1.4
[INFO] removed 0 missing examples
[INFO] finished tweaking crates.io crate bevycheck 0.1.4
[INFO] tweaked toml for crates.io crate bevycheck 0.1.4 written to /workspace/builds/worker-34/source/Cargo.toml
[INFO] crate crates.io crate bevycheck 0.1.4 already has a lockfile, it will not be regenerated
[INFO] running `Command { std: "/workspace/cargo-home/bin/cargo" "+1.54.0" "fetch" "--manifest-path" "Cargo.toml", kill_on_drop: false }`
[INFO] [stderr]     Blocking waiting for file lock on package cache
[INFO] [stderr]     Blocking waiting for file lock on package cache
[INFO] running `Command { std: "docker" "create" "-v" "/var/lib/crater-agent-workspace/builds/worker-34/target:/opt/rustwide/target:rw,Z" "-v" "/var/lib/crater-agent-workspace/builds/worker-34/source:/opt/rustwide/workdir:ro,Z" "-v" "/var/lib/crater-agent-workspace/cargo-home:/opt/rustwide/cargo-home:ro,Z" "-v" "/var/lib/crater-agent-workspace/rustup-home:/opt/rustwide/rustup-home:ro,Z" "-e" "SOURCE_DIR=/opt/rustwide/workdir" "-e" "CARGO_TARGET_DIR=/opt/rustwide/target" "-e" "CARGO_HOME=/opt/rustwide/cargo-home" "-e" "RUSTUP_HOME=/opt/rustwide/rustup-home" "-w" "/opt/rustwide/workdir" "-m" "1610612736" "--user" "0:0" "--network" "none" "ghcr.io/rust-lang/crates-build-env/linux@sha256:34b6a614d2c27851fe6cbf88fbd1137609cefab8b10d0615aaeb6fd47975d74e" "/opt/rustwide/cargo-home/bin/cargo" "+1.54.0" "metadata" "--no-deps" "--format-version=1", kill_on_drop: false }`
[INFO] [stdout] 5c1cf4be61fd947749ba06e672e18dc63a934a894d95c46c5aa3cc90bb924754
[INFO] running `Command { std: "docker" "start" "-a" "5c1cf4be61fd947749ba06e672e18dc63a934a894d95c46c5aa3cc90bb924754", kill_on_drop: false }`
[INFO] running `Command { std: "docker" "inspect" "5c1cf4be61fd947749ba06e672e18dc63a934a894d95c46c5aa3cc90bb924754", kill_on_drop: false }`
[INFO] running `Command { std: "docker" "rm" "-f" "5c1cf4be61fd947749ba06e672e18dc63a934a894d95c46c5aa3cc90bb924754", kill_on_drop: false }`
[INFO] [stdout] 5c1cf4be61fd947749ba06e672e18dc63a934a894d95c46c5aa3cc90bb924754
[INFO] running `Command { std: "docker" "create" "-v" "/var/lib/crater-agent-workspace/builds/worker-34/target:/opt/rustwide/target:rw,Z" "-v" "/var/lib/crater-agent-workspace/builds/worker-34/source:/opt/rustwide/workdir:ro,Z" "-v" "/var/lib/crater-agent-workspace/cargo-home:/opt/rustwide/cargo-home:ro,Z" "-v" "/var/lib/crater-agent-workspace/rustup-home:/opt/rustwide/rustup-home:ro,Z" "-e" "SOURCE_DIR=/opt/rustwide/workdir" "-e" "CARGO_TARGET_DIR=/opt/rustwide/target" "-e" "CARGO_INCREMENTAL=0" "-e" "RUST_BACKTRACE=full" "-e" "RUSTFLAGS=--cap-lints=warn" "-e" "CARGO_HOME=/opt/rustwide/cargo-home" "-e" "RUSTUP_HOME=/opt/rustwide/rustup-home" "-w" "/opt/rustwide/workdir" "-m" "1610612736" "--user" "0:0" "--network" "none" "ghcr.io/rust-lang/crates-build-env/linux@sha256:34b6a614d2c27851fe6cbf88fbd1137609cefab8b10d0615aaeb6fd47975d74e" "/opt/rustwide/cargo-home/bin/cargo" "+1.54.0" "build" "--frozen" "--message-format=json", kill_on_drop: false }`
[INFO] [stdout] 618852578a477bc11b7c631614bca805cac8cc3e3da7faa66eecd0e1c69d7b86
[INFO] running `Command { std: "docker" "start" "-a" "618852578a477bc11b7c631614bca805cac8cc3e3da7faa66eecd0e1c69d7b86", kill_on_drop: false }`
[INFO] [stderr]     Blocking waiting for file lock on package cache
[INFO] [stderr]    Compiling syn v1.0.65
[INFO] [stderr]    Compiling libc v0.2.97
[INFO] [stderr]    Compiling once_cell v1.8.0
[INFO] [stderr]    Compiling pin-project-lite v0.2.6
[INFO] [stderr]    Compiling memchr v2.4.0
[INFO] [stderr]    Compiling futures-core v0.3.15
[INFO] [stderr]    Compiling cache-padded v1.1.1
[INFO] [stderr]    Compiling erased-serde v0.3.16
[INFO] [stderr]    Compiling parking v2.0.0
[INFO] [stderr]    Compiling waker-fn v1.1.0
[INFO] [stderr]    Compiling futures-io v0.3.15
[INFO] [stderr]    Compiling fastrand v1.4.1
[INFO] [stderr]    Compiling slab v0.4.3
[INFO] [stderr]    Compiling downcast-rs v1.2.0
[INFO] [stderr]    Compiling async-task v4.0.3
[INFO] [stderr]    Compiling event-listener v2.5.1
[INFO] [stderr]    Compiling libm v0.2.1
[INFO] [stderr]    Compiling fixedbitset v0.4.0
[INFO] [stderr]    Compiling Inflector v0.11.4
[INFO] [stderr]    Compiling itoa v0.4.7
[INFO] [stderr]    Compiling crossbeam-utils v0.8.5
[INFO] [stderr]    Compiling ansi_term v0.12.1
[INFO] [stderr]    Compiling anyhow v1.0.41
[INFO] [stderr]    Compiling tracing-core v0.1.18
[INFO] [stderr]    Compiling instant v0.1.9
[INFO] [stderr]    Compiling ahash v0.7.4
[INFO] [stderr]    Compiling lock_api v0.4.4
[INFO] [stderr]    Compiling fxhash v0.2.1
[INFO] [stderr]    Compiling num-traits v0.2.14
[INFO] [stderr]    Compiling num-integer v0.1.44
[INFO] [stderr]    Compiling regex-automata v0.1.10
[INFO] [stderr]    Compiling sharded-slab v0.1.1
[INFO] [stderr]    Compiling concurrent-queue v1.2.2
[INFO] [stderr]    Compiling thread_local v1.1.3
[INFO] [stderr]    Compiling async-channel v1.6.1
[INFO] [stderr]    Compiling tracing-log v0.1.2
[INFO] [stderr]    Compiling futures-lite v1.12.0
[INFO] [stderr]    Compiling aho-corasick v0.7.18
[INFO] [stderr]    Compiling crossbeam-channel v0.5.1
[INFO] [stderr]    Compiling matchers v0.0.1
[INFO] [stderr]    Compiling getrandom v0.2.3
[INFO] [stderr]    Compiling num_cpus v1.13.0
[INFO] [stderr]    Compiling inotify-sys v0.1.5
[INFO] [stderr]    Compiling filetime v0.2.14
[INFO] [stderr]    Compiling mio v0.7.13
[INFO] [stderr]    Compiling inotify v0.9.3
[INFO] [stderr]    Compiling rand_core v0.6.3
[INFO] [stderr]    Compiling rand_chacha v0.3.1
[INFO] [stderr]    Compiling regex v1.5.4
[INFO] [stderr]    Compiling notify v5.0.0-pre.10
[INFO] [stderr]    Compiling async-executor v1.4.1
[INFO] [stderr]    Compiling rand v0.8.4
[INFO] [stderr]    Compiling bevy_tasks v0.5.0
[INFO] [stderr]    Compiling chrono v0.4.19
[INFO] [stderr]    Compiling proc-macro-error v1.0.4
[INFO] [stderr]    Compiling serde_derive v1.0.126
[INFO] [stderr]    Compiling tracing-attributes v0.1.15
[INFO] [stderr]    Compiling thiserror-impl v1.0.25
[INFO] [stderr]    Compiling thiserror v1.0.25
[INFO] [stderr]    Compiling tracing v0.1.26
[INFO] [stderr]    Compiling serde v1.0.126
[INFO] [stderr]    Compiling toml v0.5.8
[INFO] [stderr]    Compiling smallvec v1.6.1
[INFO] [stderr]    Compiling uuid v0.8.2
[INFO] [stderr]    Compiling glam v0.13.1
[INFO] [stderr]    Compiling tracing-serde v0.1.2
[INFO] [stderr]    Compiling serde_json v1.0.64
[INFO] [stderr]    Compiling ron v0.6.4
[INFO] [stderr]    Compiling parking_lot_core v0.8.3
[INFO] [stderr]    Compiling bevy_utils v0.5.0
[INFO] [stderr]    Compiling parking_lot v0.11.1
[INFO] [stderr]    Compiling tracing-subscriber v0.2.18
[INFO] [stderr]    Compiling find-crate v0.6.3
[INFO] [stderr]    Compiling bevy_reflect_derive v0.5.0
[INFO] [stderr]    Compiling bevy_ecs_macros v0.5.0
[INFO] [stderr]    Compiling bevy_derive v0.5.0
[INFO] [stderr]    Compiling bevy_reflect v0.5.0
[INFO] [stderr]    Compiling bevy_ecs v0.5.0
[INFO] [stderr]    Compiling bevy_math v0.5.0
[INFO] [stderr]    Compiling bevy_app v0.5.0
[INFO] [stderr]    Compiling bevy_core v0.5.0
[INFO] [stderr]    Compiling bevy_log v0.5.0
[INFO] [stderr]    Compiling bevy_transform v0.5.0
[INFO] [stderr]    Compiling bevy_input v0.5.0
[INFO] [stderr]    Compiling bevy_window v0.5.0
[INFO] [stderr]    Compiling bevy_diagnostic v0.5.0
[INFO] [stderr]    Compiling bevy_asset v0.5.0
[INFO] [stderr]    Compiling bevy_scene v0.5.0
[INFO] [stderr]    Compiling bevy_internal v0.5.0
[INFO] [stderr]    Compiling bevy v0.5.0
[INFO] [stderr]    Compiling bevycheck v0.1.4 (/opt/rustwide/workdir)
[INFO] [stderr]     Finished dev [unoptimized + debuginfo] target(s) in 51.84s
[INFO] running `Command { std: "docker" "inspect" "618852578a477bc11b7c631614bca805cac8cc3e3da7faa66eecd0e1c69d7b86", kill_on_drop: false }`
[INFO] running `Command { std: "docker" "rm" "-f" "618852578a477bc11b7c631614bca805cac8cc3e3da7faa66eecd0e1c69d7b86", kill_on_drop: false }`
[INFO] [stdout] 618852578a477bc11b7c631614bca805cac8cc3e3da7faa66eecd0e1c69d7b86
[INFO] running `Command { std: "docker" "create" "-v" "/var/lib/crater-agent-workspace/builds/worker-34/target:/opt/rustwide/target:rw,Z" "-v" "/var/lib/crater-agent-workspace/builds/worker-34/source:/opt/rustwide/workdir:ro,Z" "-v" "/var/lib/crater-agent-workspace/cargo-home:/opt/rustwide/cargo-home:ro,Z" "-v" "/var/lib/crater-agent-workspace/rustup-home:/opt/rustwide/rustup-home:ro,Z" "-e" "SOURCE_DIR=/opt/rustwide/workdir" "-e" "CARGO_TARGET_DIR=/opt/rustwide/target" "-e" "CARGO_INCREMENTAL=0" "-e" "RUST_BACKTRACE=full" "-e" "RUSTFLAGS=--cap-lints=warn" "-e" "CARGO_HOME=/opt/rustwide/cargo-home" "-e" "RUSTUP_HOME=/opt/rustwide/rustup-home" "-w" "/opt/rustwide/workdir" "-m" "1610612736" "--user" "0:0" "--network" "none" "ghcr.io/rust-lang/crates-build-env/linux@sha256:34b6a614d2c27851fe6cbf88fbd1137609cefab8b10d0615aaeb6fd47975d74e" "/opt/rustwide/cargo-home/bin/cargo" "+1.54.0" "test" "--frozen" "--no-run" "--message-format=json", kill_on_drop: false }`
[INFO] [stdout] 7b295e2e85eeab4b01c55ca6357f030d6d24d3e33484e2e568b81f5779abd926
[INFO] running `Command { std: "docker" "start" "-a" "7b295e2e85eeab4b01c55ca6357f030d6d24d3e33484e2e568b81f5779abd926", kill_on_drop: false }`
[INFO] [stderr]    Compiling trybuild v1.0.42
[INFO] [stderr]    Compiling bevycheck v0.1.4 (/opt/rustwide/workdir)
[INFO] [stderr]     Finished test [unoptimized + debuginfo] target(s) in 6.19s
[INFO] running `Command { std: "docker" "inspect" "7b295e2e85eeab4b01c55ca6357f030d6d24d3e33484e2e568b81f5779abd926", kill_on_drop: false }`
[INFO] running `Command { std: "docker" "rm" "-f" "7b295e2e85eeab4b01c55ca6357f030d6d24d3e33484e2e568b81f5779abd926", kill_on_drop: false }`
[INFO] [stdout] 7b295e2e85eeab4b01c55ca6357f030d6d24d3e33484e2e568b81f5779abd926
[INFO] running `Command { std: "docker" "create" "-v" "/var/lib/crater-agent-workspace/builds/worker-34/target:/opt/rustwide/target:rw,Z" "-v" "/var/lib/crater-agent-workspace/builds/worker-34/source:/opt/rustwide/workdir:ro,Z" "-v" "/var/lib/crater-agent-workspace/cargo-home:/opt/rustwide/cargo-home:ro,Z" "-v" "/var/lib/crater-agent-workspace/rustup-home:/opt/rustwide/rustup-home:ro,Z" "-e" "SOURCE_DIR=/opt/rustwide/workdir" "-e" "CARGO_TARGET_DIR=/opt/rustwide/target" "-e" "CARGO_INCREMENTAL=0" "-e" "RUST_BACKTRACE=full" "-e" "RUSTFLAGS=--cap-lints=warn" "-e" "CARGO_HOME=/opt/rustwide/cargo-home" "-e" "RUSTUP_HOME=/opt/rustwide/rustup-home" "-w" "/opt/rustwide/workdir" "-m" "1610612736" "--user" "0:0" "--network" "none" "ghcr.io/rust-lang/crates-build-env/linux@sha256:34b6a614d2c27851fe6cbf88fbd1137609cefab8b10d0615aaeb6fd47975d74e" "/opt/rustwide/cargo-home/bin/cargo" "+1.54.0" "test" "--frozen", kill_on_drop: false }`
[INFO] [stdout] f3faf0b2f7607d3e638c57255451191f11ffa351b99a22466c3048a41ff69188
[INFO] running `Command { std: "docker" "start" "-a" "f3faf0b2f7607d3e638c57255451191f11ffa351b99a22466c3048a41ff69188", kill_on_drop: false }`
[INFO] [stderr]     Finished test [unoptimized + debuginfo] target(s) in 0.27s
[INFO] [stderr]      Running unittests (/opt/rustwide/target/debug/deps/bevycheck-b4b080bddaab0b13)
[INFO] [stdout] 
[INFO] [stdout] running 1 test
[INFO] [stderr]    Compiling proc-macro2 v1.0.27
[INFO] [stderr]    Compiling unicode-xid v0.2.2
[INFO] [stderr]    Compiling syn v1.0.65
[INFO] [stderr]    Compiling libc v0.2.97
[INFO] [stderr]    Compiling serde v1.0.126
[INFO] [stderr]    Compiling serde_derive v1.0.126
[INFO] [stderr]    Compiling cfg-if v1.0.0
[INFO] [stderr]    Compiling version_check v0.9.3
[INFO] [stderr]    Compiling memchr v2.4.0
[INFO] [stderr]    Compiling futures-core v0.3.15
[INFO] [stderr]    Compiling bitflags v1.2.1
[INFO] [stderr]    Compiling erased-serde v0.3.16
[INFO] [stderr]    Compiling autocfg v1.0.1
[INFO] [stderr]    Compiling libm v0.2.1
[INFO] [stderr]    Compiling log v0.4.14
[INFO] [stderr]    Compiling lazy_static v1.4.0
[INFO] [stderr]    Compiling Inflector v0.11.4
[INFO] [stderr]    Compiling ryu v1.0.5
[INFO] [stderr]    Compiling once_cell v1.8.0
[INFO] [stderr]    Compiling pin-project-lite v0.2.6
[INFO] [stderr]    Compiling serde_json v1.0.64
[INFO] [stderr]    Compiling crossbeam-utils v0.8.5
[INFO] [stderr]    Compiling scopeguard v1.1.0
[INFO] [stderr]    Compiling cache-padded v1.1.1
[INFO] [stderr]    Compiling futures-io v0.3.15
[INFO] [stderr]    Compiling waker-fn v1.1.0
[INFO] [stderr]    Compiling fastrand v1.4.1
[INFO] [stderr]    Compiling parking v2.0.0
[INFO] [stderr]    Compiling event-listener v2.5.1
[INFO] [stderr]    Compiling downcast-rs v1.2.0
[INFO] [stderr]    Compiling slab v0.4.3
[INFO] [stderr]    Compiling ppv-lite86 v0.2.10
[INFO] [stderr]    Compiling async-task v4.0.3
[INFO] [stderr]    Compiling byteorder v1.4.3
[INFO] [stderr]    Compiling fixedbitset v0.4.0
[INFO] [stderr]    Compiling anyhow v1.0.41
[INFO] [stderr]    Compiling regex-syntax v0.6.25
[INFO] [stderr]    Compiling itoa v0.4.7
[INFO] [stderr]    Compiling ansi_term v0.12.1
[INFO] [stderr]    Compiling same-file v1.0.6
[INFO] [stderr]    Compiling base64 v0.13.0
[INFO] [stderr]    Compiling instant v0.1.9
[INFO] [stderr]    Compiling tracing-core v0.1.18
[INFO] [stderr]    Compiling sharded-slab v0.1.1
[INFO] [stderr]    Compiling lock_api v0.4.4
[INFO] [stderr]    Compiling thread_local v1.1.3
[INFO] [stderr]    Compiling concurrent-queue v1.2.2
[INFO] [stderr]    Compiling walkdir v2.3.2
[INFO] [stderr]    Compiling ahash v0.7.4
[INFO] [stderr]    Compiling proc-macro-error-attr v1.0.4
[INFO] [stderr]    Compiling proc-macro-error v1.0.4
[INFO] [stderr]    Compiling fxhash v0.2.1
[INFO] [stderr]    Compiling num-traits v0.2.14
[INFO] [stderr]    Compiling num-integer v0.1.44
[INFO] [stderr]    Compiling async-channel v1.6.1
[INFO] [stderr]    Compiling tracing-log v0.1.2
[INFO] [stderr]    Compiling crossbeam-channel v0.5.1
[INFO] [stderr]    Compiling futures-lite v1.12.0
[INFO] [stderr]    Compiling aho-corasick v0.7.18
[INFO] [stderr]    Compiling quote v1.0.9
[INFO] [stderr]    Compiling getrandom v0.2.3
[INFO] [stderr]    Compiling num_cpus v1.13.0
[INFO] [stderr]    Compiling inotify-sys v0.1.5
[INFO] [stderr]    Compiling mio v0.7.13
[INFO] [stderr]    Compiling filetime v0.2.14
[INFO] [stderr]    Compiling inotify v0.9.3
[INFO] [stderr]    Compiling rand_core v0.6.3
[INFO] [stderr]    Compiling rand_chacha v0.3.1
[INFO] [stderr]    Compiling notify v5.0.0-pre.10
[INFO] [stderr]    Compiling async-executor v1.4.1
[INFO] [stderr]    Compiling rand v0.8.4
[INFO] [stderr]    Compiling bevy_tasks v0.5.0
[INFO] [stderr]    Compiling regex-automata v0.1.10
[INFO] [stderr]    Compiling regex v1.5.4
[INFO] [stderr]    Compiling chrono v0.4.19
[INFO] [stderr]    Compiling matchers v0.0.1
[INFO] [stderr]    Compiling tracing-attributes v0.1.15
[INFO] [stderr]    Compiling thiserror-impl v1.0.25
[INFO] [stderr]    Compiling thiserror v1.0.25
[INFO] [stderr]    Compiling tracing v0.1.26
[INFO] [stderr]    Compiling smallvec v1.6.1
[INFO] [stderr]    Compiling uuid v0.8.2
[INFO] [stderr]    Compiling glam v0.13.1
[INFO] [stderr]    Compiling tracing-serde v0.1.2
[INFO] [stderr]    Compiling ron v0.6.4
[INFO] [stderr]    Compiling toml v0.5.8
[INFO] [stderr]    Compiling parking_lot_core v0.8.3
[INFO] [stderr]    Compiling bevy_utils v0.5.0
[INFO] [stderr]    Compiling parking_lot v0.11.1
[INFO] [stderr]    Compiling tracing-subscriber v0.2.18
[INFO] [stderr]    Compiling find-crate v0.6.3
[INFO] [stderr]    Compiling bevy_reflect_derive v0.5.0
[INFO] [stderr]    Compiling bevy_ecs_macros v0.5.0
[INFO] [stderr]    Compiling bevy_derive v0.5.0
[INFO] [stderr]    Compiling bevy_reflect v0.5.0
[INFO] [stderr]    Compiling bevy_ecs v0.5.0
[INFO] [stderr]    Compiling bevy_math v0.5.0
[INFO] [stderr]    Compiling bevy_app v0.5.0
[INFO] [stderr]    Compiling bevy_core v0.5.0
[INFO] [stderr]    Compiling bevy_log v0.5.0
[INFO] [stderr]    Compiling bevy_transform v0.5.0
[INFO] [stderr]    Compiling bevy_window v0.5.0
[INFO] [stderr]    Compiling bevy_input v0.5.0
[INFO] [stderr]    Compiling bevy_diagnostic v0.5.0
[INFO] [stderr]    Compiling bevy_asset v0.5.0
[INFO] [stderr]    Compiling bevy_scene v0.5.0
[INFO] [stderr]    Compiling bevy_internal v0.5.0
[INFO] [stderr]    Compiling bevy v0.5.0
[INFO] [stderr]    Compiling bevycheck v0.1.4 (/opt/rustwide/workdir)
[INFO] [stderr]    Compiling bevycheck-tests v0.0.0 (/opt/rustwide/target/tests/bevycheck)
[INFO] [stderr]     Finished dev [unoptimized + debuginfo] target(s) in 42.67s
[INFO] [stderr] 
[INFO] [stderr] 
[INFO] [stderr] test 01-okay.rs [should pass] ... ok
[INFO] [stderr] test 02-commands.rs [should fail to compile] ... mismatch
[INFO] [stderr] 
[INFO] [stderr] EXPECTED:
[INFO] [stderr] ┈┈┈┈┈┈┈┈┈┈┈┈┈┈┈┈┈┈┈┈┈┈┈┈┈┈┈┈┈┈┈┈┈┈┈┈┈┈┈┈┈┈┈┈┈┈┈┈┈┈┈┈┈┈┈┈┈┈┈┈
[INFO] [stderr] error: invalid system parameter
[INFO] [stderr]  --> $DIR/02-commands.rs:5:14
[INFO] [stderr]   |
[INFO] [stderr] 5 | fn system(_: &mut Commands) {}
[INFO] [stderr]   |              ^^^^^^^^^^^^^
[INFO] [stderr]   |
[INFO] [stderr]   = help: use `mut commands: Commands`
[INFO] [stderr] ┈┈┈┈┈┈┈┈┈┈┈┈┈┈┈┈┈┈┈┈┈┈┈┈┈┈┈┈┈┈┈┈┈┈┈┈┈┈┈┈┈┈┈┈┈┈┈┈┈┈┈┈┈┈┈┈┈┈┈┈
[INFO] [stderr] 
[INFO] [stderr] ACTUAL OUTPUT:
[INFO] [stderr] ┈┈┈┈┈┈┈┈┈┈┈┈┈┈┈┈┈┈┈┈┈┈┈┈┈┈┈┈┈┈┈┈┈┈┈┈┈┈┈┈┈┈┈┈┈┈┈┈┈┈┈┈┈┈┈┈┈┈┈┈
[INFO] [stderr] error: invalid system parameter
[INFO] [stderr] 
[INFO] [stderr]   = help: use `mut commands: Commands`
[INFO] [stderr] 
[INFO] [stderr]  --> $DIR/02-commands.rs:5:14
[INFO] [stderr]   |
[INFO] [stderr] 5 | fn system(_: &mut Commands) {}
[INFO] [stderr]   |              ^
[INFO] [stderr] 
[INFO] [stderr] error[E0425]: cannot find value `system` in this scope
[INFO] [stderr]  --> $DIR/02-commands.rs:8:5
[INFO] [stderr]   |
[INFO] [stderr] 8 |     system.system();
[INFO] [stderr]   |     ^^^^^^ not found in this scope
[INFO] [stderr] ┈┈┈┈┈┈┈┈┈┈┈┈┈┈┈┈┈┈┈┈┈┈┈┈┈┈┈┈┈┈┈┈┈┈┈┈┈┈┈┈┈┈┈┈┈┈┈┈┈┈┈┈┈┈┈┈┈┈┈┈
[INFO] [stderr] note: If the actual output is the correct output you can bless it by rerunning
[INFO] [stderr]       your test with the environment variable TRYBUILD=overwrite
[INFO] [stderr] 
[INFO] [stderr] test 03-arbitrary-type.rs [should fail to compile] ... mismatch
[INFO] [stderr] 
[INFO] [stderr] EXPECTED:
[INFO] [stderr] ┈┈┈┈┈┈┈┈┈┈┈┈┈┈┈┈┈┈┈┈┈┈┈┈┈┈┈┈┈┈┈┈┈┈┈┈┈┈┈┈┈┈┈┈┈┈┈┈┈┈┈┈┈┈┈┈┈┈┈┈
[INFO] [stderr] warning: possibly invalid system parameter
[INFO] [stderr]  --> $DIR/03-arbitrary-type.rs:7:14
[INFO] [stderr]   |
[INFO] [stderr] 7 | fn system(_: Foo) {}
[INFO] [stderr]   |              ^^^
[INFO] [stderr]   |
[INFO] [stderr]   = note: bevycheck can't figure out whether `Foo` is a valid system param
[INFO] [stderr]   = help: to use it as a resource, use `Res<Foo>` or `ResMut<Foo>`
[INFO] [stderr] 
[INFO] [stderr] error[E0277]: the trait bound `Foo: SystemParam` is not satisfied
[INFO] [stderr]  --> $DIR/03-arbitrary-type.rs:7:14
[INFO] [stderr]   |
[INFO] [stderr] 6 | #[bevycheck::system]
[INFO] [stderr]   | -------------------- required by this bound in `is_system_param`
[INFO] [stderr] 7 | fn system(_: Foo) {}
[INFO] [stderr]   |              ^^^ the trait `SystemParam` is not implemented for `Foo`
[INFO] [stderr] ┈┈┈┈┈┈┈┈┈┈┈┈┈┈┈┈┈┈┈┈┈┈┈┈┈┈┈┈┈┈┈┈┈┈┈┈┈┈┈┈┈┈┈┈┈┈┈┈┈┈┈┈┈┈┈┈┈┈┈┈
[INFO] [stderr] 
[INFO] [stderr] ACTUAL OUTPUT:
[INFO] [stderr] ┈┈┈┈┈┈┈┈┈┈┈┈┈┈┈┈┈┈┈┈┈┈┈┈┈┈┈┈┈┈┈┈┈┈┈┈┈┈┈┈┈┈┈┈┈┈┈┈┈┈┈┈┈┈┈┈┈┈┈┈
[INFO] [stderr] error[E0277]: the trait bound `Foo: SystemParam` is not satisfied
[INFO] [stderr]  --> $DIR/03-arbitrary-type.rs:7:14
[INFO] [stderr]   |
[INFO] [stderr] 6 | #[bevycheck::system]
[INFO] [stderr]   | -------------------- required by this bound in `is_system_param`
[INFO] [stderr] 7 | fn system(_: Foo) {}
[INFO] [stderr]   |              ^^^ the trait `SystemParam` is not implemented for `Foo`
[INFO] [stderr] ┈┈┈┈┈┈┈┈┈┈┈┈┈┈┈┈┈┈┈┈┈┈┈┈┈┈┈┈┈┈┈┈┈┈┈┈┈┈┈┈┈┈┈┈┈┈┈┈┈┈┈┈┈┈┈┈┈┈┈┈
[INFO] [stderr] note: If the actual output is the correct output you can bless it by rerunning
[INFO] [stderr]       your test with the environment variable TRYBUILD=overwrite
[INFO] [stderr] 
[INFO] [stderr] test 04-query-invalid.rs [should fail to compile] ... mismatch
[INFO] [stderr] 
[INFO] [stderr] EXPECTED:
[INFO] [stderr] ┈┈┈┈┈┈┈┈┈┈┈┈┈┈┈┈┈┈┈┈┈┈┈┈┈┈┈┈┈┈┈┈┈┈┈┈┈┈┈┈┈┈┈┈┈┈┈┈┈┈┈┈┈┈┈┈┈┈┈┈
[INFO] [stderr] error: invalid query parameter
[INFO] [stderr]  --> $DIR/04-query-invalid.rs:8:29
[INFO] [stderr]   |
[INFO] [stderr] 8 | fn system(_: Query<(Entity, Foo, Option<&Foo>, Flags<Foo>), Bar>) {}
[INFO] [stderr]   |                             ^^^
[INFO] [stderr]   |
[INFO] [stderr]   = note: `Foo` is not a valid query type
[INFO] [stderr]   = help: if you want to query for a component, use `&Foo` or `&mut Foo`
[INFO] [stderr] 
[INFO] [stderr] error: unknown query filter
[INFO] [stderr]  --> $DIR/04-query-invalid.rs:8:61
[INFO] [stderr]   |
[INFO] [stderr] 8 | fn system(_: Query<(Entity, Foo, Option<&Foo>, Flags<Foo>), Bar>) {}
[INFO] [stderr]   |                                                             ^^^
[INFO] [stderr]   |
[INFO] [stderr]   = note: `Bar` is not a known query filter
[INFO] [stderr]   = help: if you want to check for Bar's existence, use `With<Bar>``
[INFO] [stderr] ┈┈┈┈┈┈┈┈┈┈┈┈┈┈┈┈┈┈┈┈┈┈┈┈┈┈┈┈┈┈┈┈┈┈┈┈┈┈┈┈┈┈┈┈┈┈┈┈┈┈┈┈┈┈┈┈┈┈┈┈
[INFO] [stderr] 
[INFO] [stderr] ACTUAL OUTPUT:
[INFO] [stderr] ┈┈┈┈┈┈┈┈┈┈┈┈┈┈┈┈┈┈┈┈┈┈┈┈┈┈┈┈┈┈┈┈┈┈┈┈┈┈┈┈┈┈┈┈┈┈┈┈┈┈┈┈┈┈┈┈┈┈┈┈
[INFO] [stderr] error: invalid query parameter
[INFO] [stderr] 
[INFO] [stderr]   = note: `Foo` is not a valid query type
[INFO] [stderr]   = help: if you want to query for a component, use `&Foo` or `&mut Foo`
[INFO] [stderr] 
[INFO] [stderr]  --> $DIR/04-query-invalid.rs:8:29
[INFO] [stderr]   |
[INFO] [stderr] 8 | fn system(_: Query<(Entity, Foo, Option<&Foo>, Flags<Foo>), Bar>) {}
[INFO] [stderr]   |                             ^^^
[INFO] [stderr] 
[INFO] [stderr] error: unknown query filter
[INFO] [stderr] 
[INFO] [stderr]   = note: `Bar` is not a known query filter
[INFO] [stderr]   = help: if you want to check for Bar's existence, use `With<Bar>``
[INFO] [stderr] 
[INFO] [stderr]  --> $DIR/04-query-invalid.rs:8:61
[INFO] [stderr]   |
[INFO] [stderr] 8 | fn system(_: Query<(Entity, Foo, Option<&Foo>, Flags<Foo>), Bar>) {}
[INFO] [stderr]   |                                                             ^^^
[INFO] [stderr] 
[INFO] [stderr] error[E0425]: cannot find value `system` in this scope
[INFO] [stderr]   --> $DIR/04-query-invalid.rs:11:5
[INFO] [stderr]    |
[INFO] [stderr] 11 |     system.system();
[INFO] [stderr]    |     ^^^^^^ not found in this scope
[INFO] [stderr] ┈┈┈┈┈┈┈┈┈┈┈┈┈┈┈┈┈┈┈┈┈┈┈┈┈┈┈┈┈┈┈┈┈┈┈┈┈┈┈┈┈┈┈┈┈┈┈┈┈┈┈┈┈┈┈┈┈┈┈┈
[INFO] [stderr] note: If the actual output is the correct output you can bless it by rerunning
[INFO] [stderr]       your test with the environment variable TRYBUILD=overwrite
[INFO] [stderr] 
[INFO] [stderr] test 05-too-many-params.rs [should fail to compile] ... mismatch
[INFO] [stderr] 
[INFO] [stderr] EXPECTED:
[INFO] [stderr] ┈┈┈┈┈┈┈┈┈┈┈┈┈┈┈┈┈┈┈┈┈┈┈┈┈┈┈┈┈┈┈┈┈┈┈┈┈┈┈┈┈┈┈┈┈┈┈┈┈┈┈┈┈┈┈┈┈┈┈┈
[INFO] [stderr] error: too many system parameters
[INFO] [stderr]   --> $DIR/05-too-many-params.rs:7:1
[INFO] [stderr]    |
[INFO] [stderr] 7  | / fn system(
[INFO] [stderr] 8  | |     _: Res<Foo>,
[INFO] [stderr] 9  | |     _: Res<Foo>,
[INFO] [stderr] 10 | |     _: Res<Foo>,
[INFO] [stderr] ...  |
[INFO] [stderr] 24 | |     _: Res<Foo>,
[INFO] [stderr] 25 | | ) {
[INFO] [stderr]    | |_^
[INFO] [stderr]    |
[INFO] [stderr]    = note: only up to 16 parameters are supported
[INFO] [stderr]    = help: try bundling some parameters into tuples or a `#[derive(SystemParam)]` struct
[INFO] [stderr] ┈┈┈┈┈┈┈┈┈┈┈┈┈┈┈┈┈┈┈┈┈┈┈┈┈┈┈┈┈┈┈┈┈┈┈┈┈┈┈┈┈┈┈┈┈┈┈┈┈┈┈┈┈┈┈┈┈┈┈┈
[INFO] [stderr] 
[INFO] [stderr] ACTUAL OUTPUT:
[INFO] [stderr] ┈┈┈┈┈┈┈┈┈┈┈┈┈┈┈┈┈┈┈┈┈┈┈┈┈┈┈┈┈┈┈┈┈┈┈┈┈┈┈┈┈┈┈┈┈┈┈┈┈┈┈┈┈┈┈┈┈┈┈┈
[INFO] [stderr] error: too many system parameters
[INFO] [stderr] 
[INFO] [stderr]   = note: only up to 16 parameters are supported
[INFO] [stderr]   = help: try bundling some parameters into tuples or a `#[derive(SystemParam)]` struct
[INFO] [stderr] 
[INFO] [stderr]  --> $DIR/05-too-many-params.rs:7:1
[INFO] [stderr]   |
[INFO] [stderr] 7 | fn system(
[INFO] [stderr]   | ^^
[INFO] [stderr] 
[INFO] [stderr] error[E0425]: cannot find value `system` in this scope
[INFO] [stderr]   --> $DIR/05-too-many-params.rs:29:5
[INFO] [stderr]    |
[INFO] [stderr] 29 |     system.system();
[INFO] [stderr]    |     ^^^^^^ not found in this scope
[INFO] [stderr] ┈┈┈┈┈┈┈┈┈┈┈┈┈┈┈┈┈┈┈┈┈┈┈┈┈┈┈┈┈┈┈┈┈┈┈┈┈┈┈┈┈┈┈┈┈┈┈┈┈┈┈┈┈┈┈┈┈┈┈┈
[INFO] [stderr] note: If the actual output is the correct output you can bless it by rerunning
[INFO] [stderr]       your test with the environment variable TRYBUILD=overwrite
[INFO] [stderr] 
[INFO] [stderr] test 06-query-set.rs [should fail to compile] ... mismatch
[INFO] [stderr] 
[INFO] [stderr] EXPECTED:
[INFO] [stderr] ┈┈┈┈┈┈┈┈┈┈┈┈┈┈┈┈┈┈┈┈┈┈┈┈┈┈┈┈┈┈┈┈┈┈┈┈┈┈┈┈┈┈┈┈┈┈┈┈┈┈┈┈┈┈┈┈┈┈┈┈
[INFO] [stderr] error: invalid query parameter
[INFO] [stderr]   --> $DIR/06-query-set.rs:10:15
[INFO] [stderr]    |
[INFO] [stderr] 10 |         Query<Transform, With<Foo>>,
[INFO] [stderr]    |               ^^^^^^^^^
[INFO] [stderr]    |
[INFO] [stderr]    = note: `Transform` is not a valid query type
[INFO] [stderr]    = help: if you want to query for a component, use `&Transform` or `&mut Transform`
[INFO] [stderr] ┈┈┈┈┈┈┈┈┈┈┈┈┈┈┈┈┈┈┈┈┈┈┈┈┈┈┈┈┈┈┈┈┈┈┈┈┈┈┈┈┈┈┈┈┈┈┈┈┈┈┈┈┈┈┈┈┈┈┈┈
[INFO] [stderr] 
[INFO] [stderr] ACTUAL OUTPUT:
[INFO] [stderr] ┈┈┈┈┈┈┈┈┈┈┈┈┈┈┈┈┈┈┈┈┈┈┈┈┈┈┈┈┈┈┈┈┈┈┈┈┈┈┈┈┈┈┈┈┈┈┈┈┈┈┈┈┈┈┈┈┈┈┈┈
[INFO] [stderr] error: invalid query parameter
[INFO] [stderr] 
[INFO] [stderr]   = note: `Transform` is not a valid query type
[INFO] [stderr]   = help: if you want to query for a component, use `&Transform` or `&mut Transform`
[INFO] [stderr] 
[INFO] [stderr]   --> $DIR/06-query-set.rs:10:15
[INFO] [stderr]    |
[INFO] [stderr] 10 |         Query<Transform, With<Foo>>,
[INFO] [stderr]    |               ^^^^^^^^^
[INFO] [stderr] 
[INFO] [stderr] error[E0425]: cannot find value `system` in this scope
[INFO] [stderr]   --> $DIR/06-query-set.rs:17:5
[INFO] [stderr]    |
[INFO] [stderr] 17 |     system.system();
[INFO] [stderr]    |     ^^^^^^ not found in this scope
[INFO] [stderr] ┈┈┈┈┈┈┈┈┈┈┈┈┈┈┈┈┈┈┈┈┈┈┈┈┈┈┈┈┈┈┈┈┈┈┈┈┈┈┈┈┈┈┈┈┈┈┈┈┈┈┈┈┈┈┈┈┈┈┈┈
[INFO] [stderr] note: If the actual output is the correct output you can bless it by rerunning
[INFO] [stderr]       your test with the environment variable TRYBUILD=overwrite
[INFO] [stderr] 
[INFO] [stderr] test 07-query-with-added.rs [should fail to compile] ... mismatch
[INFO] [stderr] 
[INFO] [stderr] EXPECTED:
[INFO] [stderr] ┈┈┈┈┈┈┈┈┈┈┈┈┈┈┈┈┈┈┈┈┈┈┈┈┈┈┈┈┈┈┈┈┈┈┈┈┈┈┈┈┈┈┈┈┈┈┈┈┈┈┈┈┈┈┈┈┈┈┈┈
[INFO] [stderr] error: invalid query filter
[INFO] [stderr]  --> $DIR/07-query-with-added.rs:7:26
[INFO] [stderr]   |
[INFO] [stderr] 7 | fn system(_: Query<&Foo, With<Added<Foo>>>) {}
[INFO] [stderr]   |                          ^^^^^^^^^^^^^^^^
[INFO] [stderr]   |
[INFO] [stderr]   = note: `With` should be used like `With<Component>
[INFO] [stderr] ┈┈┈┈┈┈┈┈┈┈┈┈┈┈┈┈┈┈┈┈┈┈┈┈┈┈┈┈┈┈┈┈┈┈┈┈┈┈┈┈┈┈┈┈┈┈┈┈┈┈┈┈┈┈┈┈┈┈┈┈
[INFO] [stderr] 
[INFO] [stderr] ACTUAL OUTPUT:
[INFO] [stderr] ┈┈┈┈┈┈┈┈┈┈┈┈┈┈┈┈┈┈┈┈┈┈┈┈┈┈┈┈┈┈┈┈┈┈┈┈┈┈┈┈┈┈┈┈┈┈┈┈┈┈┈┈┈┈┈┈┈┈┈┈
[INFO] [stderr] error: invalid query filter
[INFO] [stderr] 
[INFO] [stderr]   = note: `With` should be used like `With<Component>
[INFO] [stderr] 
[INFO] [stderr]  --> $DIR/07-query-with-added.rs:7:26
[INFO] [stderr]   |
[INFO] [stderr] 7 | fn system(_: Query<&Foo, With<Added<Foo>>>) {}
[INFO] [stderr]   |                          ^^^^
[INFO] [stderr] 
[INFO] [stderr] error[E0425]: cannot find value `system` in this scope
[INFO] [stderr]   --> $DIR/07-query-with-added.rs:10:29
[INFO] [stderr]    |
[INFO] [stderr] 10 |     App::build().add_system(system.system()).run();
[INFO] [stderr]    |                             ^^^^^^ not found in this scope
[INFO] [stderr] ┈┈┈┈┈┈┈┈┈┈┈┈┈┈┈┈┈┈┈┈┈┈┈┈┈┈┈┈┈┈┈┈┈┈┈┈┈┈┈┈┈┈┈┈┈┈┈┈┈┈┈┈┈┈┈┈┈┈┈┈
[INFO] [stderr] note: If the actual output is the correct output you can bless it by rerunning
[INFO] [stderr]       your test with the environment variable TRYBUILD=overwrite
[INFO] [stderr] 
[INFO] [stderr] test 08-query-filter-invalid.rs [should fail to compile] ... mismatch
[INFO] [stderr] 
[INFO] [stderr] EXPECTED:
[INFO] [stderr] ┈┈┈┈┈┈┈┈┈┈┈┈┈┈┈┈┈┈┈┈┈┈┈┈┈┈┈┈┈┈┈┈┈┈┈┈┈┈┈┈┈┈┈┈┈┈┈┈┈┈┈┈┈┈┈┈┈┈┈┈
[INFO] [stderr] error: unknown query filter
[INFO] [stderr]   --> $DIR/08-query-filter-invalid.rs:11:41
[INFO] [stderr]    |
[INFO] [stderr] 11 | fn some_system(query: Query<Entity, Or<(Player, SpawnPlayer)>>) {}
[INFO] [stderr]    |                                         ^^^^^^
[INFO] [stderr]    |
[INFO] [stderr]    = note: `Player` is not a known query filter
[INFO] [stderr]    = help: if you want to check for Player's existence, use `With<Player>``
[INFO] [stderr] ┈┈┈┈┈┈┈┈┈┈┈┈┈┈┈┈┈┈┈┈┈┈┈┈┈┈┈┈┈┈┈┈┈┈┈┈┈┈┈┈┈┈┈┈┈┈┈┈┈┈┈┈┈┈┈┈┈┈┈┈
[INFO] [stderr] 
[INFO] [stderr] ACTUAL OUTPUT:
[INFO] [stderr] ┈┈┈┈┈┈┈┈┈┈┈┈┈┈┈┈┈┈┈┈┈┈┈┈┈┈┈┈┈┈┈┈┈┈┈┈┈┈┈┈┈┈┈┈┈┈┈┈┈┈┈┈┈┈┈┈┈┈┈┈
[INFO] [stderr] error: unknown query filter
[INFO] [stderr] 
[INFO] [stderr]   = note: `Player` is not a known query filter
[INFO] [stderr]   = help: if you want to check for Player's existence, use `With<Player>``
[INFO] [stderr] 
[INFO] [stderr]   --> $DIR/08-query-filter-invalid.rs:11:41
[INFO] [stderr]    |
[INFO] [stderr] 11 | fn some_system(query: Query<Entity, Or<(Player, SpawnPlayer)>>) {}
[INFO] [stderr]    |                                         ^^^^^^
[INFO] [stderr] 
[INFO] [stderr] error[E0425]: cannot find value `some_system` in this scope
[INFO] [stderr]  --> $DIR/08-query-filter-invalid.rs:4:5
[INFO] [stderr]   |
[INFO] [stderr] 4 |     some_system.system();
[INFO] [stderr]   |     ^^^^^^^^^^^ not found in this scope
[INFO] [stderr] 
[INFO] [stderr] warning: unused import: `bevy::prelude`
[INFO] [stderr]  --> $DIR/08-query-filter-invalid.rs:1:5
[INFO] [stderr]   |
[INFO] [stderr] 1 | use bevy::prelude::*;
[INFO] [stderr]   |     ^^^^^^^^^^^^^
[INFO] [stderr]   |
[INFO] [stderr]   = note: `#[warn(unused_imports)]` on by default
[INFO] [stderr] ┈┈┈┈┈┈┈┈┈┈┈┈┈┈┈┈┈┈┈┈┈┈┈┈┈┈┈┈┈┈┈┈┈┈┈┈┈┈┈┈┈┈┈┈┈┈┈┈┈┈┈┈┈┈┈┈┈┈┈┈
[INFO] [stderr] note: If the actual output is the correct output you can bless it by rerunning
[INFO] [stderr]       your test with the environment variable TRYBUILD=overwrite
[INFO] [stderr] 
[INFO] [stderr] 
[INFO] [stderr] 
[INFO] [stdout] test tests::ui ... FAILED
[INFO] [stdout] 
[INFO] [stdout] failures:
[INFO] [stdout] 
[INFO] [stdout] ---- tests::ui stdout ----
[INFO] [stdout] thread 'tests::ui' panicked at '7 of 8 tests failed', /opt/rustwide/cargo-home/registry/src/github.com-1ecc6299db9ec823/trybuild-1.0.42/src/run.rs:73:13
[INFO] [stdout] stack backtrace:
[INFO] [stdout]    0:     0x7f46b0167f70 - std::backtrace_rs::backtrace::libunwind::trace::h34055254b57d8e79
[INFO] [stdout]                                at /rustc/a178d0322ce20e33eac124758e837cbd80a6f633/library/std/src/../../backtrace/src/backtrace/libunwind.rs:90:5
[INFO] [stdout]    1:     0x7f46b0167f70 - std::backtrace_rs::backtrace::trace_unsynchronized::h8f1e3fbd9afff6ec
[INFO] [stdout]                                at /rustc/a178d0322ce20e33eac124758e837cbd80a6f633/library/std/src/../../backtrace/src/backtrace/mod.rs:66:5
[INFO] [stdout]    2:     0x7f46b0167f70 - std::sys_common::backtrace::_print_fmt::h3a99a796b770c360
[INFO] [stdout]                                at /rustc/a178d0322ce20e33eac124758e837cbd80a6f633/library/std/src/sys_common/backtrace.rs:67:5
[INFO] [stdout]    3:     0x7f46b0167f70 - <std::sys_common::backtrace::_print::DisplayBacktrace as core::fmt::Display>::fmt::h32d1f94a80615d18
[INFO] [stdout]                                at /rustc/a178d0322ce20e33eac124758e837cbd80a6f633/library/std/src/sys_common/backtrace.rs:46:22
[INFO] [stdout]    4:     0x7f46b01d597c - core::fmt::write::h306731c068f7162c
[INFO] [stdout]                                at /rustc/a178d0322ce20e33eac124758e837cbd80a6f633/library/core/src/fmt/mod.rs:1110:17
[INFO] [stdout]    5:     0x7f46b01597e5 - std::io::Write::write_fmt::h87f19b0a2cd190bc
[INFO] [stdout]                                at /rustc/a178d0322ce20e33eac124758e837cbd80a6f633/library/std/src/io/mod.rs:1588:15
[INFO] [stdout]    6:     0x7f46b016bdfb - std::sys_common::backtrace::_print::h5abaa2601a852287
[INFO] [stdout]                                at /rustc/a178d0322ce20e33eac124758e837cbd80a6f633/library/std/src/sys_common/backtrace.rs:49:5
[INFO] [stdout]    7:     0x7f46b016bdfb - std::sys_common::backtrace::print::h8d81445442bb638f
[INFO] [stdout]                                at /rustc/a178d0322ce20e33eac124758e837cbd80a6f633/library/std/src/sys_common/backtrace.rs:36:9
[INFO] [stdout]    8:     0x7f46b016bdfb - std::panicking::default_hook::{{closure}}::hcfe804496a9fa747
[INFO] [stdout]                                at /rustc/a178d0322ce20e33eac124758e837cbd80a6f633/library/std/src/panicking.rs:208:50
[INFO] [stdout]    9:     0x7f46b016b90c - std::panicking::default_hook::hbea8e3ccf2ba8901
[INFO] [stdout]                                at /rustc/a178d0322ce20e33eac124758e837cbd80a6f633/library/std/src/panicking.rs:222:9
[INFO] [stdout]   10:     0x7f46b016c604 - std::panicking::rust_panic_with_hook::h7ee9e1a2d0f8975a
[INFO] [stdout]                                at /rustc/a178d0322ce20e33eac124758e837cbd80a6f633/library/std/src/panicking.rs:622:17
[INFO] [stdout]   11:     0x7f46b016c0e7 - std::panicking::begin_panic_handler::{{closure}}::h8ab3b4491718b2c7
[INFO] [stdout]                                at /rustc/a178d0322ce20e33eac124758e837cbd80a6f633/library/std/src/panicking.rs:519:13
[INFO] [stdout]   12:     0x7f46b016846c - std::sys_common::backtrace::__rust_end_short_backtrace::hd489062ffa586a9f
[INFO] [stdout]                                at /rustc/a178d0322ce20e33eac124758e837cbd80a6f633/library/std/src/sys_common/backtrace.rs:141:18
[INFO] [stdout]   13:     0x7f46b016c049 - rust_begin_unwind
[INFO] [stdout]                                at /rustc/a178d0322ce20e33eac124758e837cbd80a6f633/library/std/src/panicking.rs:515:5
[INFO] [stdout]   14:     0x7f46b0134ecb - std::panicking::begin_panic_fmt::h5479575e112541f8
[INFO] [stdout]                                at /rustc/a178d0322ce20e33eac124758e837cbd80a6f633/library/std/src/panicking.rs:457:5
[INFO] [stdout]   15:     0x556930901472 - trybuild::run::<impl trybuild::Runner>::run::hc3b0da4ba959a146
[INFO] [stdout]                                at /opt/rustwide/cargo-home/registry/src/github.com-1ecc6299db9ec823/trybuild-1.0.42/src/run.rs:73:13
[INFO] [stdout]   16:     0x5569309060e2 - <trybuild::TestCases as core::ops::drop::Drop>::drop::hd69a7497403a10d9
[INFO] [stdout]                                at /opt/rustwide/cargo-home/registry/src/github.com-1ecc6299db9ec823/trybuild-1.0.42/src/lib.rs:305:13
[INFO] [stdout]   17:     0x5569308ccdf7 - core::ptr::drop_in_place<trybuild::TestCases>::h0b53a2af097ba93c
[INFO] [stdout]                                at /rustc/a178d0322ce20e33eac124758e837cbd80a6f633/library/core/src/ptr/mod.rs:192:1
[INFO] [stdout]   18:     0x5569308ccf88 - bevycheck::tests::ui::h120658d801509c61
[INFO] [stdout]                                at /opt/rustwide/workdir/src/tests.rs:12:1
[INFO] [stdout]   19:     0x5569308cce7a - bevycheck::tests::ui::{{closure}}::ha55ab25aff4ca7e3
[INFO] [stdout]                                at /opt/rustwide/workdir/src/tests.rs:2:1
[INFO] [stdout]   20:     0x5569308ccd3e - core::ops::function::FnOnce::call_once::he131a3a11d603391
[INFO] [stdout]                                at /rustc/a178d0322ce20e33eac124758e837cbd80a6f633/library/core/src/ops/function.rs:227:5
[INFO] [stdout]   21:     0x7f46b048fdb3 - core::ops::function::FnOnce::call_once::h152e7e439ff59e19
[INFO] [stdout]                                at /rustc/a178d0322ce20e33eac124758e837cbd80a6f633/library/core/src/ops/function.rs:227:5
[INFO] [stdout]   22:     0x7f46b048fdb3 - test::__rust_begin_short_backtrace::h0908f3b1fdbb72ab
[INFO] [stdout]                                at /rustc/a178d0322ce20e33eac124758e837cbd80a6f633/library/test/src/lib.rs:577:5
[INFO] [stdout]   23:     0x7f46b048e870 - <alloc::boxed::Box<F,A> as core::ops::function::FnOnce<Args>>::call_once::hf6d2a51e5587546c
[INFO] [stdout]                                at /rustc/a178d0322ce20e33eac124758e837cbd80a6f633/library/alloc/src/boxed.rs:1575:9
[INFO] [stdout]   24:     0x7f46b048e870 - <std::panic::AssertUnwindSafe<F> as core::ops::function::FnOnce<()>>::call_once::h8af660f3a89ef593
[INFO] [stdout]                                at /rustc/a178d0322ce20e33eac124758e837cbd80a6f633/library/std/src/panic.rs:347:9
[INFO] [stdout]   25:     0x7f46b048e870 - std::panicking::try::do_call::hd36aef60f84b6d36
[INFO] [stdout]                                at /rustc/a178d0322ce20e33eac124758e837cbd80a6f633/library/std/src/panicking.rs:401:40
[INFO] [stdout]   26:     0x7f46b048e870 - std::panicking::try::h9932b4480e69817c
[INFO] [stdout]                                at /rustc/a178d0322ce20e33eac124758e837cbd80a6f633/library/std/src/panicking.rs:365:19
[INFO] [stdout]   27:     0x7f46b048e870 - std::panic::catch_unwind::h6aa177099cfff5f8
[INFO] [stdout]                                at /rustc/a178d0322ce20e33eac124758e837cbd80a6f633/library/std/src/panic.rs:434:14
[INFO] [stdout]   28:     0x7f46b048e870 - test::run_test_in_process::h5884d6f2d99e20c3
[INFO] [stdout]                                at /rustc/a178d0322ce20e33eac124758e837cbd80a6f633/library/test/src/lib.rs:600:18
[INFO] [stdout]   29:     0x7f46b048e870 - test::run_test::run_test_inner::{{closure}}::h6fdc58c6d5f5b6e3
[INFO] [stdout]                                at /rustc/a178d0322ce20e33eac124758e837cbd80a6f633/library/test/src/lib.rs:492:39
[INFO] [stdout]   30:     0x7f46b0465042 - test::run_test::run_test_inner::{{closure}}::h408365d67a78ade8
[INFO] [stdout]                                at /rustc/a178d0322ce20e33eac124758e837cbd80a6f633/library/test/src/lib.rs:519:37
[INFO] [stdout]   31:     0x7f46b0465042 - std::sys_common::backtrace::__rust_begin_short_backtrace::hb560b77c4f701523
[INFO] [stdout]                                at /rustc/a178d0322ce20e33eac124758e837cbd80a6f633/library/std/src/sys_common/backtrace.rs:125:18
[INFO] [stdout]   32:     0x7f46b0469828 - std::thread::Builder::spawn_unchecked::{{closure}}::{{closure}}::hf2e7831dad93c597
[INFO] [stdout]                                at /rustc/a178d0322ce20e33eac124758e837cbd80a6f633/library/std/src/thread/mod.rs:481:17
[INFO] [stdout]   33:     0x7f46b0469828 - <std::panic::AssertUnwindSafe<F> as core::ops::function::FnOnce<()>>::call_once::hd2e08783d8be4d02
[INFO] [stdout]                                at /rustc/a178d0322ce20e33eac124758e837cbd80a6f633/library/std/src/panic.rs:347:9
[INFO] [stdout]   34:     0x7f46b0469828 - std::panicking::try::do_call::h062597b7acfd6b82
[INFO] [stdout]                                at /rustc/a178d0322ce20e33eac124758e837cbd80a6f633/library/std/src/panicking.rs:401:40
[INFO] [stdout]   35:     0x7f46b0469828 - std::panicking::try::h0d7b79db04c14552
[INFO] [stdout]                                at /rustc/a178d0322ce20e33eac124758e837cbd80a6f633/library/std/src/panicking.rs:365:19
[INFO] [stdout]   36:     0x7f46b0469828 - std::panic::catch_unwind::hb01a0b5e7c8cd43b
[INFO] [stdout]                                at /rustc/a178d0322ce20e33eac124758e837cbd80a6f633/library/std/src/panic.rs:434:14
[INFO] [stdout]   37:     0x7f46b0469828 - std::thread::Builder::spawn_unchecked::{{closure}}::h5bde48cc887e0d1e
[INFO] [stdout]                                at /rustc/a178d0322ce20e33eac124758e837cbd80a6f633/library/std/src/thread/mod.rs:480:30
[INFO] [stdout]   38:     0x7f46b0469828 - core::ops::function::FnOnce::call_once{{vtable.shim}}::h745ea30807a29e55
[INFO] [stdout]                                at /rustc/a178d0322ce20e33eac124758e837cbd80a6f633/library/core/src/ops/function.rs:227:5
[INFO] [stdout]   39:     0x7f46b0178b07 - <alloc::boxed::Box<F,A> as core::ops::function::FnOnce<Args>>::call_once::h7ece6cfefaff1005
[INFO] [stdout]                                at /rustc/a178d0322ce20e33eac124758e837cbd80a6f633/library/alloc/src/boxed.rs:1575:9
[INFO] [stdout]   40:     0x7f46b0178b07 - <alloc::boxed::Box<F,A> as core::ops::function::FnOnce<Args>>::call_once::hb8b48e55c21f193e
[INFO] [stdout]                                at /rustc/a178d0322ce20e33eac124758e837cbd80a6f633/library/alloc/src/boxed.rs:1575:9
[INFO] [stdout]   41:     0x7f46b0178b07 - std::sys::unix::thread::Thread::new::thread_start::h8c7c4450dba62914
[INFO] [stdout]                                at /rustc/a178d0322ce20e33eac124758e837cbd80a6f633/library/std/src/sys/unix/thread.rs:71:17
[INFO] [stdout]   42:     0x7f46b007a609 - start_thread
[INFO] [stdout]   43:     0x7f46afe50293 - clone
[INFO] [stdout]   44:                0x0 - <unknown>
[INFO] [stdout] 
[INFO] [stdout] 
[INFO] [stdout] failures:
[INFO] [stdout]     tests::ui
[INFO] [stdout] 
[INFO] [stdout] test result: FAILED. 0 passed; 1 failed; 0 ignored; 0 measured; 0 filtered out; finished in 48.37s
[INFO] [stdout] 
[INFO] [stderr] error: test failed, to rerun pass '--lib'
[INFO] running `Command { std: "docker" "inspect" "f3faf0b2f7607d3e638c57255451191f11ffa351b99a22466c3048a41ff69188", kill_on_drop: false }`
[INFO] running `Command { std: "docker" "rm" "-f" "f3faf0b2f7607d3e638c57255451191f11ffa351b99a22466c3048a41ff69188", kill_on_drop: false }`
[INFO] [stdout] f3faf0b2f7607d3e638c57255451191f11ffa351b99a22466c3048a41ff69188
