[INFO] fetching crate bevy_tilemap 0.4.0...
[INFO] testing bevy_tilemap-0.4.0 against beta-2021-08-01 for beta-1.55-1
[INFO] extracting crate bevy_tilemap 0.4.0 into /workspace/builds/worker-44/source
[INFO] validating manifest of crates.io crate bevy_tilemap 0.4.0 on toolchain beta-2021-08-01
[INFO] running `Command { std: "/workspace/cargo-home/bin/cargo" "+beta-2021-08-01" "metadata" "--manifest-path" "Cargo.toml" "--no-deps", kill_on_drop: false }`
[INFO] started tweaking crates.io crate bevy_tilemap 0.4.0
[INFO] finished tweaking crates.io crate bevy_tilemap 0.4.0
[INFO] tweaked toml for crates.io crate bevy_tilemap 0.4.0 written to /workspace/builds/worker-44/source/Cargo.toml
[INFO] running `Command { std: "/workspace/cargo-home/bin/cargo" "+beta-2021-08-01" "generate-lockfile" "--manifest-path" "Cargo.toml" "-Zno-index-update", kill_on_drop: false }`
[INFO] [stderr]     Blocking waiting for file lock on package cache
[INFO] running `Command { std: "/workspace/cargo-home/bin/cargo" "+beta-2021-08-01" "fetch" "--manifest-path" "Cargo.toml", kill_on_drop: false }`
[INFO] [stderr]     Blocking waiting for file lock on package cache
[INFO] [stderr]     Blocking waiting for file lock on package cache
[INFO] [stderr]  Downloading crates ...
[INFO] [stderr]   Downloaded bevy_tilemap_types v0.4.0
[INFO] running `Command { std: "docker" "create" "-v" "/var/lib/crater-agent-workspace/builds/worker-44/target:/opt/rustwide/target:rw,Z" "-v" "/var/lib/crater-agent-workspace/builds/worker-44/source:/opt/rustwide/workdir:ro,Z" "-v" "/var/lib/crater-agent-workspace/cargo-home:/opt/rustwide/cargo-home:ro,Z" "-v" "/var/lib/crater-agent-workspace/rustup-home:/opt/rustwide/rustup-home:ro,Z" "-e" "SOURCE_DIR=/opt/rustwide/workdir" "-e" "CARGO_TARGET_DIR=/opt/rustwide/target" "-e" "CARGO_HOME=/opt/rustwide/cargo-home" "-e" "RUSTUP_HOME=/opt/rustwide/rustup-home" "-w" "/opt/rustwide/workdir" "-m" "1610612736" "--user" "0:0" "--network" "none" "ghcr.io/rust-lang/crates-build-env/linux@sha256:34b6a614d2c27851fe6cbf88fbd1137609cefab8b10d0615aaeb6fd47975d74e" "/opt/rustwide/cargo-home/bin/cargo" "+beta-2021-08-01" "metadata" "--no-deps" "--format-version=1", kill_on_drop: false }`
[INFO] [stdout] 63f1654e309d2dd63a07cb3872cc04d6509b3fab761819b94f2595ee6e08ba80
[INFO] running `Command { std: "docker" "start" "-a" "63f1654e309d2dd63a07cb3872cc04d6509b3fab761819b94f2595ee6e08ba80", kill_on_drop: false }`
[INFO] running `Command { std: "docker" "inspect" "63f1654e309d2dd63a07cb3872cc04d6509b3fab761819b94f2595ee6e08ba80", kill_on_drop: false }`
[INFO] running `Command { std: "docker" "rm" "-f" "63f1654e309d2dd63a07cb3872cc04d6509b3fab761819b94f2595ee6e08ba80", kill_on_drop: false }`
[INFO] [stdout] 63f1654e309d2dd63a07cb3872cc04d6509b3fab761819b94f2595ee6e08ba80
[INFO] running `Command { std: "docker" "create" "-v" "/var/lib/crater-agent-workspace/builds/worker-44/target:/opt/rustwide/target:rw,Z" "-v" "/var/lib/crater-agent-workspace/builds/worker-44/source:/opt/rustwide/workdir:ro,Z" "-v" "/var/lib/crater-agent-workspace/cargo-home:/opt/rustwide/cargo-home:ro,Z" "-v" "/var/lib/crater-agent-workspace/rustup-home:/opt/rustwide/rustup-home:ro,Z" "-e" "SOURCE_DIR=/opt/rustwide/workdir" "-e" "CARGO_TARGET_DIR=/opt/rustwide/target" "-e" "CARGO_INCREMENTAL=0" "-e" "RUST_BACKTRACE=full" "-e" "RUSTFLAGS=--cap-lints=warn" "-e" "CARGO_HOME=/opt/rustwide/cargo-home" "-e" "RUSTUP_HOME=/opt/rustwide/rustup-home" "-w" "/opt/rustwide/workdir" "-m" "1610612736" "--user" "0:0" "--network" "none" "ghcr.io/rust-lang/crates-build-env/linux@sha256:34b6a614d2c27851fe6cbf88fbd1137609cefab8b10d0615aaeb6fd47975d74e" "/opt/rustwide/cargo-home/bin/cargo" "+beta-2021-08-01" "build" "--frozen" "--message-format=json", kill_on_drop: false }`
[INFO] [stdout] 37321de066240285f50ec40592f659cc98b12babd9fcd85dca4d275d83ba4096
[INFO] running `Command { std: "docker" "start" "-a" "37321de066240285f50ec40592f659cc98b12babd9fcd85dca4d275d83ba4096", kill_on_drop: false }`
[INFO] [stderr]     Blocking waiting for file lock on package cache
[INFO] [stderr]    Compiling syn v1.0.74
[INFO] [stderr]    Compiling getrandom v0.1.16
[INFO] [stderr]    Compiling fixedbitset v0.3.2
[INFO] [stderr]    Compiling bevy-glsl-to-spirv v0.2.1
[INFO] [stderr]    Compiling bytemuck v1.7.2
[INFO] [stderr]    Compiling glam v0.15.2
[INFO] [stderr]    Compiling color_quant v1.1.0
[INFO] [stderr]    Compiling svg_fmt v0.4.1
[INFO] [stderr]    Compiling rectangle-pack v0.3.0
[INFO] [stderr]    Compiling num-traits v0.2.14
[INFO] [stderr]    Compiling num-integer v0.1.44
[INFO] [stderr]    Compiling ahash v0.6.3
[INFO] [stderr]    Compiling glam v0.11.3
[INFO] [stderr]    Compiling num-iter v0.1.42
[INFO] [stderr]    Compiling num-rational v0.3.2
[INFO] [stderr]    Compiling spirv-reflect v0.2.3
[INFO] [stderr]    Compiling regex v1.5.4
[INFO] [stderr]    Compiling crossbeam-channel v0.4.4
[INFO] [stderr]    Compiling bevy_tasks v0.4.0
[INFO] [stderr]    Compiling rand_core v0.5.1
[INFO] [stderr]    Compiling rand_chacha v0.2.2
[INFO] [stderr]    Compiling rand v0.7.3
[INFO] [stderr]    Compiling hexasphere v3.4.0
[INFO] [stderr]    Compiling spirv_headers v1.5.0
[INFO] [stderr]    Compiling euclid v0.22.6
[INFO] [stderr]    Compiling chrono v0.4.19
[INFO] [stderr]    Compiling image v0.23.14
[INFO] [stderr]    Compiling guillotiere v0.6.1
[INFO] [stderr]    Compiling serde_derive v1.0.127
[INFO] [stderr]    Compiling tracing-attributes v0.1.15
[INFO] [stderr]    Compiling thiserror-impl v1.0.26
[INFO] [stderr]    Compiling thiserror v1.0.26
[INFO] [stderr]    Compiling tracing v0.1.26
[INFO] [stderr]    Compiling serde v1.0.127
[INFO] [stderr]    Compiling toml v0.5.8
[INFO] [stderr]    Compiling uuid v0.8.2
[INFO] [stderr]    Compiling smallvec v1.6.1
[INFO] [stderr]    Compiling erased-serde v0.3.16
[INFO] [stderr]    Compiling glam v0.13.1
[INFO] [stderr]    Compiling tracing-serde v0.1.2
[INFO] [stderr]    Compiling serde_json v1.0.66
[INFO] [stderr]    Compiling ron v0.6.4
[INFO] [stderr]    Compiling parking_lot_core v0.8.3
[INFO] [stderr]    Compiling bevy_utils v0.5.0
[INFO] [stderr]    Compiling bevy_utils v0.4.0
[INFO] [stderr]    Compiling parking_lot v0.11.1
[INFO] [stderr]    Compiling tracing-subscriber v0.2.19
[INFO] [stderr]    Compiling find-crate v0.6.3
[INFO] [stderr]    Compiling bevy_reflect_derive v0.5.0
[INFO] [stderr]    Compiling bevy_ecs_macros v0.5.0
[INFO] [stderr]    Compiling bevy_ecs_macros v0.4.0
[INFO] [stderr]    Compiling bevy_derive v0.5.0
[INFO] [stderr]    Compiling bevy_derive v0.4.0
[INFO] [stderr]    Compiling bevy_reflect_derive v0.4.0
[INFO] [stderr]    Compiling bevy_reflect v0.5.0
[INFO] [stderr]    Compiling bevy_ecs v0.4.0
[INFO] [stderr]    Compiling bevy_ecs v0.5.0
[INFO] [stderr]    Compiling bevy_math v0.5.0
[INFO] [stderr]    Compiling bevy_app v0.4.0
[INFO] [stderr]    Compiling bevy_reflect v0.4.0
[INFO] [stderr]    Compiling bevy_math v0.4.0
[INFO] [stderr]    Compiling bevy_asset v0.4.0
[INFO] [stderr]    Compiling bevy_core v0.4.0
[INFO] [stderr]    Compiling bevy_window v0.4.0
[INFO] [stderr]    Compiling bevy_transform v0.4.0
[INFO] [stderr]    Compiling bevy_app v0.5.0
[INFO] [stderr]    Compiling bevy_log v0.5.0
[INFO] [stderr]    Compiling bevy_core v0.5.0
[INFO] [stderr]    Compiling bevy_transform v0.5.0
[INFO] [stderr]    Compiling bevy_window v0.5.0
[INFO] [stderr]    Compiling bevy_render v0.4.0
[INFO] [stderr]    Compiling bevy_diagnostic v0.5.0
[INFO] [stderr]    Compiling bevy_asset v0.5.1
[INFO] [stderr]    Compiling bevy_render v0.5.0
[INFO] [stderr]    Compiling bevy_tilemap_types v0.4.0
[INFO] [stderr]    Compiling bevy_sprite v0.5.0
[INFO] [stderr]    Compiling bevy_tilemap v0.4.0 (/opt/rustwide/workdir)
[INFO] [stderr]     Finished dev [unoptimized + debuginfo] target(s) in 52.14s
[INFO] running `Command { std: "docker" "inspect" "37321de066240285f50ec40592f659cc98b12babd9fcd85dca4d275d83ba4096", kill_on_drop: false }`
[INFO] running `Command { std: "docker" "rm" "-f" "37321de066240285f50ec40592f659cc98b12babd9fcd85dca4d275d83ba4096", kill_on_drop: false }`
[INFO] [stdout] 37321de066240285f50ec40592f659cc98b12babd9fcd85dca4d275d83ba4096
[INFO] running `Command { std: "docker" "create" "-v" "/var/lib/crater-agent-workspace/builds/worker-44/target:/opt/rustwide/target:rw,Z" "-v" "/var/lib/crater-agent-workspace/builds/worker-44/source:/opt/rustwide/workdir:ro,Z" "-v" "/var/lib/crater-agent-workspace/cargo-home:/opt/rustwide/cargo-home:ro,Z" "-v" "/var/lib/crater-agent-workspace/rustup-home:/opt/rustwide/rustup-home:ro,Z" "-e" "SOURCE_DIR=/opt/rustwide/workdir" "-e" "CARGO_TARGET_DIR=/opt/rustwide/target" "-e" "CARGO_INCREMENTAL=0" "-e" "RUST_BACKTRACE=full" "-e" "RUSTFLAGS=--cap-lints=warn" "-e" "CARGO_HOME=/opt/rustwide/cargo-home" "-e" "RUSTUP_HOME=/opt/rustwide/rustup-home" "-w" "/opt/rustwide/workdir" "-m" "1610612736" "--user" "0:0" "--network" "none" "ghcr.io/rust-lang/crates-build-env/linux@sha256:34b6a614d2c27851fe6cbf88fbd1137609cefab8b10d0615aaeb6fd47975d74e" "/opt/rustwide/cargo-home/bin/cargo" "+beta-2021-08-01" "test" "--frozen" "--no-run" "--message-format=json", kill_on_drop: false }`
[INFO] [stdout] 3dc725f3fa5c96b984705691101a51c963a515692d68870adae589de52afd2ad
[INFO] running `Command { std: "docker" "start" "-a" "3dc725f3fa5c96b984705691101a51c963a515692d68870adae589de52afd2ad", kill_on_drop: false }`
[INFO] [stderr]    Compiling bevy_tilemap v0.4.0 (/opt/rustwide/workdir)
[INFO] [stderr]     Finished test [unoptimized + debuginfo] target(s) in 13.53s
[INFO] running `Command { std: "docker" "inspect" "3dc725f3fa5c96b984705691101a51c963a515692d68870adae589de52afd2ad", kill_on_drop: false }`
[INFO] running `Command { std: "docker" "rm" "-f" "3dc725f3fa5c96b984705691101a51c963a515692d68870adae589de52afd2ad", kill_on_drop: false }`
[INFO] [stdout] 3dc725f3fa5c96b984705691101a51c963a515692d68870adae589de52afd2ad
[INFO] running `Command { std: "docker" "create" "-v" "/var/lib/crater-agent-workspace/builds/worker-44/target:/opt/rustwide/target:rw,Z" "-v" "/var/lib/crater-agent-workspace/builds/worker-44/source:/opt/rustwide/workdir:ro,Z" "-v" "/var/lib/crater-agent-workspace/cargo-home:/opt/rustwide/cargo-home:ro,Z" "-v" "/var/lib/crater-agent-workspace/rustup-home:/opt/rustwide/rustup-home:ro,Z" "-e" "SOURCE_DIR=/opt/rustwide/workdir" "-e" "CARGO_TARGET_DIR=/opt/rustwide/target" "-e" "CARGO_INCREMENTAL=0" "-e" "RUST_BACKTRACE=full" "-e" "RUSTFLAGS=--cap-lints=warn" "-e" "CARGO_HOME=/opt/rustwide/cargo-home" "-e" "RUSTUP_HOME=/opt/rustwide/rustup-home" "-w" "/opt/rustwide/workdir" "-m" "1610612736" "--user" "0:0" "--network" "none" "ghcr.io/rust-lang/crates-build-env/linux@sha256:34b6a614d2c27851fe6cbf88fbd1137609cefab8b10d0615aaeb6fd47975d74e" "/opt/rustwide/cargo-home/bin/cargo" "+beta-2021-08-01" "test" "--frozen", kill_on_drop: false }`
[INFO] [stdout] 4f6cffaa18777c619623511dd1e84003238d5f8fb7032e7d291f6ed85b4b8cde
[INFO] running `Command { std: "docker" "start" "-a" "4f6cffaa18777c619623511dd1e84003238d5f8fb7032e7d291f6ed85b4b8cde", kill_on_drop: false }`
[INFO] [stderr]     Finished test [unoptimized + debuginfo] target(s) in 0.14s
[INFO] [stderr]      Running unittests (/opt/rustwide/target/debug/deps/bevy_tilemap-8af4b05e1cb4972d)
[INFO] [stdout] 
[INFO] [stdout] running 4 tests
[INFO] [stdout] test system::tests::test_topology_translations ... ok
[INFO] [stdout] test chunk::tests::test_layer ... ok
[INFO] [stdout] test chunk::system::tests::test_chunk_update ... ok
[INFO] [stdout] test system::tests::insert_and_spawn_chunk ... ok
[INFO] [stdout] 
[INFO] [stdout] test result: ok. 4 passed; 0 failed; 0 ignored; 0 measured; 0 filtered out; finished in 0.08s
[INFO] [stdout] 
[INFO] [stderr]    Doc-tests bevy_tilemap
[INFO] [stdout] 
[INFO] [stdout] running 51 tests
[INFO] [stdout] test src/default_plugin.rs - default_plugin (line 7) - compile ... ok
[INFO] [stdout] test src/tilemap.rs - tilemap::Tilemap::get_tile_mut (line 1686) ... FAILED
[INFO] [stdout] test src/tilemap.rs - tilemap::Tilemap::clear_tiles (line 1514) ... FAILED
[INFO] [stdout] test src/tilemap.rs - tilemap::Tilemap::insert_tiles (line 1393) ... FAILED
[INFO] [stdout] test src/tilemap.rs - tilemap::Tilemap::topology (line 1992) ... FAILED
[INFO] [stdout] test src/tilemap.rs - tilemap (line 68) ... FAILED
[INFO] [stdout] test src/tilemap.rs - tilemap::Tilemap::clear_tile (line 1601) ... FAILED
[INFO] [stdout] test src/tilemap.rs - tilemap::Tilemap::chunk_width (line 1876) ... FAILED
[INFO] [stdout] test src/tilemap.rs - tilemap::Tilemap::set_texture_atlas (line 806) ... FAILED
[INFO] [stdout] test src/tilemap.rs - tilemap::Tilemap::tile_width (line 1928) ... FAILED
[INFO] [stdout] test src/tilemap.rs - tilemap::Tilemap::point_to_chunk_point (line 1296) ... FAILED
[INFO] [stdout] test src/tilemap.rs - tilemap::Tilemap::tile_height (line 1953) ... FAILED
[INFO] [stdout] test src/tilemap.rs - tilemap::Tilemap::remove_chunk (line 1261) ... FAILED
[INFO] [stdout] test src/tilemap.rs - tilemap::Tilemap::height (line 1844) ... FAILED
[INFO] [stdout] test src/tilemap.rs - tilemap::Tilemap::insert_tile (line 1482) ... FAILED
[INFO] [stdout] test src/tilemap.rs - tilemap::Tilemap::insert_chunk (line 850) ... FAILED
[INFO] [stdout] test src/tilemap.rs - tilemap::Tilemap::despawn_chunk (line 1203) ... FAILED
[INFO] [stdout] test src/tilemap.rs - tilemap::Tilemap::get_tile (line 1645) ... FAILED
[INFO] [stdout] test src/chunk/mod.rs - chunk (line 15) ... FAILED
[INFO] [stdout] test src/tilemap.rs - tilemap::Tilemap::contains_chunk (line 903) ... FAILED
[INFO] [stdout] test src/tilemap.rs - tilemap (line 6) ... FAILED
[INFO] [stdout] test src/tilemap.rs - tilemap::Tilemap::width (line 1812) ... FAILED
[INFO] [stdout] test src/tilemap.rs - tilemap::TilemapBuilder (line 309) ... FAILED
[INFO] [stdout] test src/tilemap.rs - tilemap::TilemapBuilder::tile_scale (line 507) ... FAILED
[INFO] [stdout] test src/tilemap.rs - tilemap::Tilemap::spawn_chunk (line 1116) ... FAILED
[INFO] [stdout] test src/tilemap.rs - tilemap::Tilemap::spawn_chunk_containing_point (line 1163) ... FAILED
[INFO] [stdout] test src/tilemap.rs - tilemap::TilemapBuilder::auto_chunk (line 590) ... FAILED
[INFO] [stdout] test src/tilemap.rs - tilemap::TilemapBuilder::layer_offset (line 474) ... FAILED
[INFO] [stdout] test src/tilemap.rs - tilemap::TilemapBuilder::texture_dimensions (line 491) ... FAILED
[INFO] [stdout] test src/tilemap.rs - tilemap::TilemapBuilder (line 296) ... FAILED
[INFO] [stdout] test src/tilemap.rs - tilemap::TilemapBuilder::add_layer (line 542) ... FAILED
[INFO] [stdout] test src/tilemap.rs - tilemap::TilemapBuilder::topology (line 427) ... FAILED
[INFO] [stderr] error: test failed, to rerun pass '--doc'
[INFO] [stderr] 
[INFO] [stderr] Caused by:
[INFO] [stderr]   process didn't exit successfully: `rustdoc --edition=2018 --crate-type lib --crate-name bevy_tilemap --test /opt/rustwide/workdir/src/lib.rs -L dependency=/opt/rustwide/target/debug/deps -L dependency=/opt/rustwide/target/debug/deps -L /opt/rustwide/cargo-home/registry/src/github.com-1ecc6299db9ec823/bevy-glsl-to-spirv-0.2.1/build/linux -L native=/opt/rustwide/target/debug/build/spirv-reflect-5df12d02984a1b5f/out --extern bevy_app=/opt/rustwide/target/debug/deps/libbevy_app-2c2309ae506b94d4.rlib --extern bevy_asset=/opt/rustwide/target/debug/deps/libbevy_asset-fc252f154cf3d883.rlib --extern bevy_core=/opt/rustwide/target/debug/deps/libbevy_core-81b5f34518b28e9b.rlib --extern bevy_ecs=/opt/rustwide/target/debug/deps/libbevy_ecs-d4278d4046dd211e.rlib --extern bevy_log=/opt/rustwide/target/debug/deps/libbevy_log-9b6500168b2fbe89.rlib --extern bevy_math=/opt/rustwide/target/debug/deps/libbevy_math-4a977f555c99c4ba.rlib --extern bevy_reflect=/opt/rustwide/target/debug/deps/libbevy_reflect-85a891b3674d4cb1.rlib --extern bevy_render=/opt/rustwide/target/debug/deps/libbevy_render-6026e2cc4e8867ad.rlib --extern bevy_sprite=/opt/rustwide/target/debug/deps/libbevy_sprite-48ba9f318e8cf5cd.rlib --extern bevy_tilemap=/opt/rustwide/target/debug/deps/libbevy_tilemap-9a34f38e03436c53.rlib --extern bevy_tilemap_types=/opt/rustwide/target/debug/deps/libbevy_tilemap_types-b6e9827cd88fdb7e.rlib --extern bevy_transform=/opt/rustwide/target/debug/deps/libbevy_transform-6c2f69bb4bca8489.rlib --extern bevy_utils=/opt/rustwide/target/debug/deps/libbevy_utils-63a1b76602881cdd.rlib --extern bevy_window=/opt/rustwide/target/debug/deps/libbevy_window-1634e7f5270bc868.rlib --extern bitflags=/opt/rustwide/target/debug/deps/libbitflags-e09638bf9aca31b4.rlib --extern hexasphere=/opt/rustwide/target/debug/deps/libhexasphere-e2d9383e43ba6052.rlib --extern serde=/opt/rustwide/target/debug/deps/libserde-891e9cc3dbed7a05.rlib -C embed-bitcode=no --cfg 'feature="default"' --cfg 'feature="serde"' --cfg 'feature="serialize"' --cfg 'feature="types"' --error-format human` (signal: 9, SIGKILL: kill)
[INFO] running `Command { std: "docker" "inspect" "4f6cffaa18777c619623511dd1e84003238d5f8fb7032e7d291f6ed85b4b8cde", kill_on_drop: false }`
[INFO] running `Command { std: "docker" "rm" "-f" "4f6cffaa18777c619623511dd1e84003238d5f8fb7032e7d291f6ed85b4b8cde", kill_on_drop: false }`
[INFO] [stdout] 4f6cffaa18777c619623511dd1e84003238d5f8fb7032e7d291f6ed85b4b8cde
