[INFO] fetching crate bevy_prototype_debug_lines 0.3.2...
[INFO] testing bevy_prototype_debug_lines-0.3.2 against 1.54.0 for beta-1.55-1
[INFO] extracting crate bevy_prototype_debug_lines 0.3.2 into /workspace/builds/worker-33/source
[INFO] validating manifest of crates.io crate bevy_prototype_debug_lines 0.3.2 on toolchain 1.54.0
[INFO] running `Command { std: "/workspace/cargo-home/bin/cargo" "+1.54.0" "metadata" "--manifest-path" "Cargo.toml" "--no-deps", kill_on_drop: false }`
[INFO] started tweaking crates.io crate bevy_prototype_debug_lines 0.3.2
[INFO] removed 0 missing examples
[INFO] finished tweaking crates.io crate bevy_prototype_debug_lines 0.3.2
[INFO] tweaked toml for crates.io crate bevy_prototype_debug_lines 0.3.2 written to /workspace/builds/worker-33/source/Cargo.toml
[INFO] crate crates.io crate bevy_prototype_debug_lines 0.3.2 already has a lockfile, it will not be regenerated
[INFO] running `Command { std: "/workspace/cargo-home/bin/cargo" "+1.54.0" "fetch" "--manifest-path" "Cargo.toml", kill_on_drop: false }`
[INFO] [stderr]     Blocking waiting for file lock on package cache
[INFO] [stderr]     Blocking waiting for file lock on package cache
[INFO] running `Command { std: "docker" "create" "-v" "/var/lib/crater-agent-workspace/builds/worker-33/target:/opt/rustwide/target:rw,Z" "-v" "/var/lib/crater-agent-workspace/builds/worker-33/source:/opt/rustwide/workdir:ro,Z" "-v" "/var/lib/crater-agent-workspace/cargo-home:/opt/rustwide/cargo-home:ro,Z" "-v" "/var/lib/crater-agent-workspace/rustup-home:/opt/rustwide/rustup-home:ro,Z" "-e" "SOURCE_DIR=/opt/rustwide/workdir" "-e" "CARGO_TARGET_DIR=/opt/rustwide/target" "-e" "CARGO_HOME=/opt/rustwide/cargo-home" "-e" "RUSTUP_HOME=/opt/rustwide/rustup-home" "-w" "/opt/rustwide/workdir" "-m" "1610612736" "--user" "0:0" "--network" "none" "ghcr.io/rust-lang/crates-build-env/linux@sha256:34b6a614d2c27851fe6cbf88fbd1137609cefab8b10d0615aaeb6fd47975d74e" "/opt/rustwide/cargo-home/bin/cargo" "+1.54.0" "metadata" "--no-deps" "--format-version=1", kill_on_drop: false }`
[INFO] [stdout] ef94e13feb158d58b5d7e0009303f6ff9d957f4c8ff1f8f5aa5dbdb1920ebc14
[INFO] running `Command { std: "docker" "start" "-a" "ef94e13feb158d58b5d7e0009303f6ff9d957f4c8ff1f8f5aa5dbdb1920ebc14", kill_on_drop: false }`
[INFO] running `Command { std: "docker" "inspect" "ef94e13feb158d58b5d7e0009303f6ff9d957f4c8ff1f8f5aa5dbdb1920ebc14", kill_on_drop: false }`
[INFO] running `Command { std: "docker" "rm" "-f" "ef94e13feb158d58b5d7e0009303f6ff9d957f4c8ff1f8f5aa5dbdb1920ebc14", kill_on_drop: false }`
[INFO] [stdout] ef94e13feb158d58b5d7e0009303f6ff9d957f4c8ff1f8f5aa5dbdb1920ebc14
[INFO] running `Command { std: "docker" "create" "-v" "/var/lib/crater-agent-workspace/builds/worker-33/target:/opt/rustwide/target:rw,Z" "-v" "/var/lib/crater-agent-workspace/builds/worker-33/source:/opt/rustwide/workdir:ro,Z" "-v" "/var/lib/crater-agent-workspace/cargo-home:/opt/rustwide/cargo-home:ro,Z" "-v" "/var/lib/crater-agent-workspace/rustup-home:/opt/rustwide/rustup-home:ro,Z" "-e" "SOURCE_DIR=/opt/rustwide/workdir" "-e" "CARGO_TARGET_DIR=/opt/rustwide/target" "-e" "CARGO_INCREMENTAL=0" "-e" "RUST_BACKTRACE=full" "-e" "RUSTFLAGS=--cap-lints=warn" "-e" "CARGO_HOME=/opt/rustwide/cargo-home" "-e" "RUSTUP_HOME=/opt/rustwide/rustup-home" "-w" "/opt/rustwide/workdir" "-m" "1610612736" "--user" "0:0" "--network" "none" "ghcr.io/rust-lang/crates-build-env/linux@sha256:34b6a614d2c27851fe6cbf88fbd1137609cefab8b10d0615aaeb6fd47975d74e" "/opt/rustwide/cargo-home/bin/cargo" "+1.54.0" "build" "--frozen" "--message-format=json", kill_on_drop: false }`
[INFO] [stdout] c8264f615ce118175aa8fceb912369d19574d87f32e1e61f4967606d172d573c
[INFO] running `Command { std: "docker" "start" "-a" "c8264f615ce118175aa8fceb912369d19574d87f32e1e61f4967606d172d573c", kill_on_drop: false }`
[INFO] [stderr]    Compiling proc-macro2 v1.0.24
[INFO] [stderr]    Compiling unicode-xid v0.2.1
[INFO] [stderr]    Compiling syn v1.0.65
[INFO] [stderr]    Compiling cfg-if v1.0.0
[INFO] [stderr]    Compiling serde_derive v1.0.123
[INFO] [stderr]    Compiling libc v0.2.93
[INFO] [stderr]    Compiling serde v1.0.123
[INFO] [stderr]    Compiling autocfg v1.0.1
[INFO] [stderr]    Compiling lazy_static v1.4.0
[INFO] [stderr]    Compiling getrandom v0.2.2
[INFO] [stderr]    Compiling once_cell v1.7.2
[INFO] [stderr]    Compiling libm v0.2.1
[INFO] [stderr]    Compiling memchr v2.3.4
[INFO] [stderr]    Compiling pin-project-lite v0.2.5
[INFO] [stderr]    Compiling bitflags v1.2.1
[INFO] [stderr]    Compiling version_check v0.9.2
[INFO] [stderr]    Compiling byteorder v1.4.2
[INFO] [stderr]    Compiling cache-padded v1.1.1
[INFO] [stderr]    Compiling scopeguard v1.1.0
[INFO] [stderr]    Compiling futures-core v0.3.13
[INFO] [stderr]    Compiling parking v2.0.0
[INFO] [stderr]    Compiling waker-fn v1.1.0
[INFO] [stderr]    Compiling fastrand v1.4.0
[INFO] [stderr]    Compiling futures-io v0.3.13
[INFO] [stderr]    Compiling async-task v4.0.3
[INFO] [stderr]    Compiling event-listener v2.5.1
[INFO] [stderr]    Compiling ppv-lite86 v0.2.10
[INFO] [stderr]    Compiling downcast-rs v1.2.0
[INFO] [stderr]    Compiling vec-arena v1.0.0
[INFO] [stderr]    Compiling Inflector v0.11.4
[INFO] [stderr]    Compiling fixedbitset v0.4.0
[INFO] [stderr]    Compiling log v0.4.14
[INFO] [stderr]    Compiling regex-syntax v0.6.22
[INFO] [stderr]    Compiling ryu v1.0.5
[INFO] [stderr]    Compiling serde_json v1.0.64
[INFO] [stderr]    Compiling itoa v0.4.7
[INFO] [stderr]    Compiling ansi_term v0.12.1
[INFO] [stderr]    Compiling anyhow v1.0.38
[INFO] [stderr]    Compiling same-file v1.0.6
[INFO] [stderr]    Compiling base64 v0.13.0
[INFO] [stderr]    Compiling cc v1.0.67
[INFO] [stderr]    Compiling anymap v0.12.1
[INFO] [stderr]    Compiling bevy-glsl-to-spirv v0.2.1
[INFO] [stderr]    Compiling color_quant v1.1.0
[INFO] [stderr]    Compiling bytemuck v1.5.1
[INFO] [stderr]    Compiling ttf-parser v0.12.0
[INFO] [stderr]    Compiling hex v0.4.3
[INFO] [stderr]    Compiling svg_fmt v0.4.1
[INFO] [stderr]    Compiling libm v0.1.4
[INFO] [stderr]    Compiling ab_glyph_rasterizer v0.1.4
[INFO] [stderr]    Compiling rectangle-pack v0.3.0
[INFO] [stderr]    Compiling xi-unicode v0.3.0
[INFO] [stderr]    Compiling instant v0.1.9
[INFO] [stderr]    Compiling tracing-core v0.1.17
[INFO] [stderr]    Compiling sharded-slab v0.1.1
[INFO] [stderr]    Compiling concurrent-queue v1.2.2
[INFO] [stderr]    Compiling thread_local v1.1.3
[INFO] [stderr]    Compiling lock_api v0.4.2
[INFO] [stderr]    Compiling walkdir v2.3.1
[INFO] [stderr]    Compiling fxhash v0.2.1
[INFO] [stderr]    Compiling async-channel v1.6.1
[INFO] [stderr]    Compiling ahash v0.7.2
[INFO] [stderr]    Compiling num-traits v0.2.14
[INFO] [stderr]    Compiling num-integer v0.1.44
[INFO] [stderr]    Compiling crossbeam-utils v0.8.3
[INFO] [stderr]    Compiling num-rational v0.3.2
[INFO] [stderr]    Compiling num-iter v0.1.42
[INFO] [stderr]    Compiling futures-lite v1.11.3
[INFO] [stderr]    Compiling aho-corasick v0.7.15
[INFO] [stderr]    Compiling tracing-log v0.1.2
[INFO] [stderr]    Compiling quote v1.0.9
[INFO] [stderr]    Compiling stretch v0.3.2
[INFO] [stderr]    Compiling num_cpus v1.13.0
[INFO] [stderr]    Compiling inotify-sys v0.1.5
[INFO] [stderr]    Compiling mio v0.7.9
[INFO] [stderr]    Compiling filetime v0.2.14
[INFO] [stderr]    Compiling inotify v0.9.2
[INFO] [stderr]    Compiling rand_core v0.6.2
[INFO] [stderr]    Compiling spirv-reflect v0.2.3
[INFO] [stderr]    Compiling rand_chacha v0.3.0
[INFO] [stderr]    Compiling async-executor v1.4.0
[INFO] [stderr]    Compiling owned_ttf_parser v0.12.0
[INFO] [stderr]    Compiling ab_glyph v0.2.10
[INFO] [stderr]    Compiling crossbeam-channel v0.5.0
[INFO] [stderr]    Compiling rand v0.8.3
[INFO] [stderr]    Compiling bevy_tasks v0.5.0
[INFO] [stderr]    Compiling spirv_headers v1.5.0
[INFO] [stderr]    Compiling euclid v0.22.2
[INFO] [stderr]    Compiling approx v0.4.0
[INFO] [stderr]    Compiling notify v5.0.0-pre.6
[INFO] [stderr]    Compiling glyph_brush_layout v0.2.1
[INFO] [stderr]    Compiling chrono v0.4.19
[INFO] [stderr]    Compiling regex-automata v0.1.9
[INFO] [stderr]    Compiling regex v1.4.3
[INFO] [stderr]    Compiling image v0.23.14
[INFO] [stderr]    Compiling guillotiere v0.6.0
[INFO] [stderr]    Compiling matchers v0.0.1
[INFO] [stderr]    Compiling tracing-attributes v0.1.13
[INFO] [stderr]    Compiling thiserror-impl v1.0.24
[INFO] [stderr]    Compiling thiserror v1.0.24
[INFO] [stderr]    Compiling tracing v0.1.25
[INFO] [stderr]    Compiling toml v0.5.8
[INFO] [stderr]    Compiling smallvec v1.6.1
[INFO] [stderr]    Compiling uuid v0.8.2
[INFO] [stderr]    Compiling glam v0.13.1
[INFO] [stderr]    Compiling erased-serde v0.3.13
[INFO] [stderr]    Compiling tracing-serde v0.1.2
[INFO] [stderr]    Compiling ron v0.6.4
[INFO] [stderr]    Compiling parking_lot_core v0.8.3
[INFO] [stderr]    Compiling bevy_utils v0.5.0
[INFO] [stderr]    Compiling parking_lot v0.11.1
[INFO] [stderr]    Compiling tracing-subscriber v0.2.16
[INFO] [stderr]    Compiling find-crate v0.6.3
[INFO] [stderr]    Compiling bevy_reflect_derive v0.5.0
[INFO] [stderr]    Compiling bevy_ecs_macros v0.5.0
[INFO] [stderr]    Compiling bevy_derive v0.5.0
[INFO] [stderr]    Compiling hexasphere v3.2.0
[INFO] [stderr]    Compiling bevy_reflect v0.5.0
[INFO] [stderr]    Compiling bevy_ecs v0.5.0
[INFO] [stderr]    Compiling bevy_math v0.5.0
[INFO] [stderr]    Compiling bevy_app v0.5.0
[INFO] [stderr]    Compiling bevy_core v0.5.0
[INFO] [stderr]    Compiling bevy_log v0.5.0
[INFO] [stderr]    Compiling bevy_transform v0.5.0
[INFO] [stderr]    Compiling bevy_window v0.5.0
[INFO] [stderr]    Compiling bevy_input v0.5.0
[INFO] [stderr]    Compiling bevy_diagnostic v0.5.0
[INFO] [stderr]    Compiling bevy_asset v0.5.0
[INFO] [stderr]    Compiling bevy_render v0.5.0
[INFO] [stderr]    Compiling bevy_scene v0.5.0
[INFO] [stderr]    Compiling bevy_sprite v0.5.0
[INFO] [stderr]    Compiling bevy_pbr v0.5.0
[INFO] [stderr]    Compiling bevy_text v0.5.0
[INFO] [stderr]    Compiling bevy_ui v0.5.0
[INFO] [stderr]    Compiling bevy_internal v0.5.0
[INFO] [stderr]    Compiling bevy v0.5.0
[INFO] [stderr]    Compiling bevy_prototype_debug_lines v0.3.2 (/opt/rustwide/workdir)
[INFO] [stderr]     Finished dev [unoptimized + debuginfo] target(s) in 57.11s
[INFO] running `Command { std: "docker" "inspect" "c8264f615ce118175aa8fceb912369d19574d87f32e1e61f4967606d172d573c", kill_on_drop: false }`
[INFO] running `Command { std: "docker" "rm" "-f" "c8264f615ce118175aa8fceb912369d19574d87f32e1e61f4967606d172d573c", kill_on_drop: false }`
[INFO] [stdout] c8264f615ce118175aa8fceb912369d19574d87f32e1e61f4967606d172d573c
[INFO] running `Command { std: "docker" "create" "-v" "/var/lib/crater-agent-workspace/builds/worker-33/target:/opt/rustwide/target:rw,Z" "-v" "/var/lib/crater-agent-workspace/builds/worker-33/source:/opt/rustwide/workdir:ro,Z" "-v" "/var/lib/crater-agent-workspace/cargo-home:/opt/rustwide/cargo-home:ro,Z" "-v" "/var/lib/crater-agent-workspace/rustup-home:/opt/rustwide/rustup-home:ro,Z" "-e" "SOURCE_DIR=/opt/rustwide/workdir" "-e" "CARGO_TARGET_DIR=/opt/rustwide/target" "-e" "CARGO_INCREMENTAL=0" "-e" "RUST_BACKTRACE=full" "-e" "RUSTFLAGS=--cap-lints=warn" "-e" "CARGO_HOME=/opt/rustwide/cargo-home" "-e" "RUSTUP_HOME=/opt/rustwide/rustup-home" "-w" "/opt/rustwide/workdir" "-m" "1610612736" "--user" "0:0" "--network" "none" "ghcr.io/rust-lang/crates-build-env/linux@sha256:34b6a614d2c27851fe6cbf88fbd1137609cefab8b10d0615aaeb6fd47975d74e" "/opt/rustwide/cargo-home/bin/cargo" "+1.54.0" "test" "--frozen" "--no-run" "--message-format=json", kill_on_drop: false }`
[INFO] [stdout] 680f1aa1ec72ef1079bb08252d013f64c38ad73b610e3bab9364c2c56dfef305
[INFO] running `Command { std: "docker" "start" "-a" "680f1aa1ec72ef1079bb08252d013f64c38ad73b610e3bab9364c2c56dfef305", kill_on_drop: false }`
[INFO] [stderr]    Compiling bevy_prototype_debug_lines v0.3.2 (/opt/rustwide/workdir)
[INFO] [stderr]     Finished test [unoptimized + debuginfo] target(s) in 2.32s
[INFO] running `Command { std: "docker" "inspect" "680f1aa1ec72ef1079bb08252d013f64c38ad73b610e3bab9364c2c56dfef305", kill_on_drop: false }`
[INFO] running `Command { std: "docker" "rm" "-f" "680f1aa1ec72ef1079bb08252d013f64c38ad73b610e3bab9364c2c56dfef305", kill_on_drop: false }`
[INFO] [stdout] 680f1aa1ec72ef1079bb08252d013f64c38ad73b610e3bab9364c2c56dfef305
[INFO] running `Command { std: "docker" "create" "-v" "/var/lib/crater-agent-workspace/builds/worker-33/target:/opt/rustwide/target:rw,Z" "-v" "/var/lib/crater-agent-workspace/builds/worker-33/source:/opt/rustwide/workdir:ro,Z" "-v" "/var/lib/crater-agent-workspace/cargo-home:/opt/rustwide/cargo-home:ro,Z" "-v" "/var/lib/crater-agent-workspace/rustup-home:/opt/rustwide/rustup-home:ro,Z" "-e" "SOURCE_DIR=/opt/rustwide/workdir" "-e" "CARGO_TARGET_DIR=/opt/rustwide/target" "-e" "CARGO_INCREMENTAL=0" "-e" "RUST_BACKTRACE=full" "-e" "RUSTFLAGS=--cap-lints=warn" "-e" "CARGO_HOME=/opt/rustwide/cargo-home" "-e" "RUSTUP_HOME=/opt/rustwide/rustup-home" "-w" "/opt/rustwide/workdir" "-m" "1610612736" "--user" "0:0" "--network" "none" "ghcr.io/rust-lang/crates-build-env/linux@sha256:34b6a614d2c27851fe6cbf88fbd1137609cefab8b10d0615aaeb6fd47975d74e" "/opt/rustwide/cargo-home/bin/cargo" "+1.54.0" "test" "--frozen", kill_on_drop: false }`
[INFO] [stdout] f146e2be41b46d78a0396f48e628dc51f241c260261c230551dba79fec897bd0
[INFO] running `Command { std: "docker" "start" "-a" "f146e2be41b46d78a0396f48e628dc51f241c260261c230551dba79fec897bd0", kill_on_drop: false }`
[INFO] [stderr]     Finished test [unoptimized + debuginfo] target(s) in 0.14s
[INFO] [stderr]      Running unittests (/opt/rustwide/target/debug/deps/bevy_prototype_debug_lines-121a25ed382d0691)
[INFO] [stdout] 
[INFO] [stdout] running 0 tests
[INFO] [stdout] 
[INFO] [stdout] test result: ok. 0 passed; 0 failed; 0 ignored; 0 measured; 0 filtered out; finished in 0.00s
[INFO] [stdout] 
[INFO] [stderr]    Doc-tests bevy_prototype_debug_lines
[INFO] [stdout] 
[INFO] [stdout] running 3 tests
[INFO] [stdout] test src/lib.rs - DebugLinesPlugin (line 21) ... FAILED
[INFO] [stdout] test src/lib.rs - DebugLinesPlugin (line 36) ... FAILED
[INFO] [stdout] test src/lib.rs - DebugLines (line 165) ... FAILED
[INFO] [stdout] 
[INFO] [stdout] failures:
[INFO] [stdout] 
[INFO] [stdout] ---- src/lib.rs - DebugLinesPlugin (line 21) stdout ----
[INFO] [stdout] error: unexpected token: `...`
[INFO] [stdout]   --> src/lib.rs:29:5
[INFO] [stdout]    |
[INFO] [stdout] 10 |     ...
[INFO] [stdout]    |     ^^^
[INFO] [stdout]    |
[INFO] [stdout] help: use `..` for an exclusive range
[INFO] [stdout]    |
[INFO] [stdout] 10 |     ..
[INFO] [stdout]    |
[INFO] [stdout] help: or `..=` for an inclusive range
[INFO] [stdout]    |
[INFO] [stdout] 10 |     ..=
[INFO] [stdout]    |
[INFO] [stdout] 
[INFO] [stdout] error[E0586]: inclusive range with no end
[INFO] [stdout]   --> src/lib.rs:29:5
[INFO] [stdout]    |
[INFO] [stdout] 10 |     ...
[INFO] [stdout]    |     ^^^ help: use `..` instead
[INFO] [stdout]    |
[INFO] [stdout]    = note: inclusive ranges must be bounded at the end (`..=b` or `a..=b`)
[INFO] [stdout] 
[INFO] [stdout] error: expected one of `;` or `}`, found `.`
[INFO] [stdout]   --> src/lib.rs:30:5
[INFO] [stdout]    |
[INFO] [stdout] 10 |     ...
[INFO] [stdout]    |        - expected one of `;` or `}`
[INFO] [stdout] 11 |     .run();
[INFO] [stdout]    |     ^ unexpected token
[INFO] [stdout] 
[INFO] [stdout] error: aborting due to 3 previous errors
[INFO] [stdout] 
[INFO] [stdout] For more information about this error, try `rustc --explain E0586`.
[INFO] [stdout] Couldn't compile the test.
[INFO] [stdout] ---- src/lib.rs - DebugLinesPlugin (line 36) stdout ----
[INFO] [stdout] error: unexpected token: `...`
[INFO] [stdout]   --> src/lib.rs:45:5
[INFO] [stdout]    |
[INFO] [stdout] 11 |     ...
[INFO] [stdout]    |     ^^^
[INFO] [stdout]    |
[INFO] [stdout] help: use `..` for an exclusive range
[INFO] [stdout]    |
[INFO] [stdout] 11 |     ..
[INFO] [stdout]    |
[INFO] [stdout] help: or `..=` for an inclusive range
[INFO] [stdout]    |
[INFO] [stdout] 11 |     ..=
[INFO] [stdout]    |
[INFO] [stdout] 
[INFO] [stdout] error[E0586]: inclusive range with no end
[INFO] [stdout]   --> src/lib.rs:45:5
[INFO] [stdout]    |
[INFO] [stdout] 11 |     ...
[INFO] [stdout]    |     ^^^ help: use `..` instead
[INFO] [stdout]    |
[INFO] [stdout]    = note: inclusive ranges must be bounded at the end (`..=b` or `a..=b`)
[INFO] [stdout] 
[INFO] [stdout] error: expected one of `;` or `}`, found `.`
[INFO] [stdout]   --> src/lib.rs:46:5
[INFO] [stdout]    |
[INFO] [stdout] 11 |     ...
[INFO] [stdout]    |        - expected one of `;` or `}`
[INFO] [stdout] 12 |     .run();
[INFO] [stdout]    |     ^ unexpected token
[INFO] [stdout] 
[INFO] [stdout] error: aborting due to 3 previous errors
[INFO] [stdout] 
[INFO] [stdout] For more information about this error, try `rustc --explain E0586`.
[INFO] [stdout] Couldn't compile the test.
[INFO] [stdout] ---- src/lib.rs - DebugLines (line 165) stdout ----
[INFO] [stdout] error[E0433]: failed to resolve: use of undeclared type `Color`
[INFO] [stdout]   --> src/lib.rs:173:9
[INFO] [stdout]    |
[INFO] [stdout] 10 |         Color::WHITE
[INFO] [stdout]    |         ^^^^^ use of undeclared type `Color`
[INFO] [stdout] 
[INFO] [stdout] error[E0433]: failed to resolve: use of undeclared type `Color`
[INFO] [stdout]   --> src/lib.rs:179:9
[INFO] [stdout]    |
[INFO] [stdout] 16 |         Color::WHITE, Color::PINK
[INFO] [stdout]    |         ^^^^^ use of undeclared type `Color`
[INFO] [stdout] 
[INFO] [stdout] error[E0433]: failed to resolve: use of undeclared type `Color`
[INFO] [stdout]   --> src/lib.rs:179:23
[INFO] [stdout]    |
[INFO] [stdout] 16 |         Color::WHITE, Color::PINK
[INFO] [stdout]    |                       ^^^^^ use of undeclared type `Color`
[INFO] [stdout] 
[INFO] [stdout] error[E0412]: cannot find type `ResMut` in this scope
[INFO] [stdout]    --> src/lib.rs:167:27
[INFO] [stdout]     |
[INFO] [stdout] 4   |   fn some_system(mut lines: ResMut<DebugLines>) {
[INFO] [stdout]     |                             ^^^^^^
[INFO] [stdout]     |
[INFO] [stdout] help: a trait with a similar name exists
[INFO] [stdout]     |
[INFO] [stdout] 4   | fn some_system(mut lines: AsMut<DebugLines>) {
[INFO] [stdout]     |                           ^^^^^
[INFO] [stdout] help: consider importing this struct
[INFO] [stdout]     |
[INFO] [stdout] 3   | use bevy::ecs::system::ResMut;
[INFO] [stdout]     |
[INFO] [stdout] 
[INFO] [stdout] error[E0412]: cannot find type `DebugLines` in this scope
[INFO] [stdout]  --> src/lib.rs:167:34
[INFO] [stdout]   |
[INFO] [stdout] 4 | fn some_system(mut lines: ResMut<DebugLines>) {
[INFO] [stdout]   |                                  ^^^^^^^^^^ not found in this scope
[INFO] [stdout]   |
[INFO] [stdout] help: consider importing this struct
[INFO] [stdout]   |
[INFO] [stdout] 3 | use bevy_prototype_debug_lines::DebugLines;
[INFO] [stdout]   |
[INFO] [stdout] 
[INFO] [stdout] error[E0433]: failed to resolve: use of undeclared type `Vec3`
[INFO] [stdout]    --> src/lib.rs:168:16
[INFO] [stdout]     |
[INFO] [stdout] 5   |       lines.line(Vec3::new(-1.0, 1.0, 0.0), Vec3::new(1.0, 1.0, 0.0), 0.0);
[INFO] [stdout]     |                  ^^^^
[INFO] [stdout]     |
[INFO] [stdout] help: a struct with a similar name exists
[INFO] [stdout]     |
[INFO] [stdout] 5   |     lines.line(Vec::new(-1.0, 1.0, 0.0), Vec3::new(1.0, 1.0, 0.0), 0.0);
[INFO] [stdout]     |                ^^^
[INFO] [stdout] help: consider importing this struct
[INFO] [stdout]     |
[INFO] [stdout] 3   | use bevy::math::Vec3;
[INFO] [stdout]     |
[INFO] [stdout] 
[INFO] [stdout] error[E0433]: failed to resolve: use of undeclared type `Vec3`
[INFO] [stdout]    --> src/lib.rs:168:43
[INFO] [stdout]     |
[INFO] [stdout] 5   |       lines.line(Vec3::new(-1.0, 1.0, 0.0), Vec3::new(1.0, 1.0, 0.0), 0.0);
[INFO] [stdout]     |                                             ^^^^
[INFO] [stdout]     |
[INFO] [stdout] help: a struct with a similar name exists
[INFO] [stdout]     |
[INFO] [stdout] 5   |     lines.line(Vec3::new(-1.0, 1.0, 0.0), Vec::new(1.0, 1.0, 0.0), 0.0);
[INFO] [stdout]     |                                           ^^^
[INFO] [stdout] help: consider importing this struct
[INFO] [stdout]     |
[INFO] [stdout] 3   | use bevy::math::Vec3;
[INFO] [stdout]     |
[INFO] [stdout] 
[INFO] [stdout] error[E0433]: failed to resolve: use of undeclared type `Vec3`
[INFO] [stdout]    --> src/lib.rs:170:9
[INFO] [stdout]     |
[INFO] [stdout] 7   |           Vec3::new(-1.0, 0.0, 0.0),
[INFO] [stdout]     |           ^^^^
[INFO] [stdout]     |
[INFO] [stdout] help: a struct with a similar name exists
[INFO] [stdout]     |
[INFO] [stdout] 7   |         Vec::new(-1.0, 0.0, 0.0),
[INFO] [stdout]     |         ^^^
[INFO] [stdout] help: consider importing this struct
[INFO] [stdout]     |
[INFO] [stdout] 3   | use bevy::math::Vec3;
[INFO] [stdout]     |
[INFO] [stdout] 
[INFO] [stdout] error[E0433]: failed to resolve: use of undeclared type `Vec3`
[INFO] [stdout]    --> src/lib.rs:171:9
[INFO] [stdout]     |
[INFO] [stdout] 8   |           Vec3::new(1.0, 0.0, 0.0),
[INFO] [stdout]     |           ^^^^
[INFO] [stdout]     |
[INFO] [stdout] help: a struct with a similar name exists
[INFO] [stdout]     |
[INFO] [stdout] 8   |         Vec::new(1.0, 0.0, 0.0),
[INFO] [stdout]     |         ^^^
[INFO] [stdout] help: consider importing this struct
[INFO] [stdout]     |
[INFO] [stdout] 3   | use bevy::math::Vec3;
[INFO] [stdout]     |
[INFO] [stdout] 
[INFO] [stdout] error[E0433]: failed to resolve: use of undeclared type `Vec3`
[INFO] [stdout]    --> src/lib.rs:176:9
[INFO] [stdout]     |
[INFO] [stdout] 13  |           Vec3::new(-1.0, -1.0, 0.0),
[INFO] [stdout]     |           ^^^^
[INFO] [stdout]     |
[INFO] [stdout] help: a struct with a similar name exists
[INFO] [stdout]     |
[INFO] [stdout] 13  |         Vec::new(-1.0, -1.0, 0.0),
[INFO] [stdout]     |         ^^^
[INFO] [stdout] help: consider importing this struct
[INFO] [stdout]     |
[INFO] [stdout] 3   | use bevy::math::Vec3;
[INFO] [stdout]     |
[INFO] [stdout] 
[INFO] [stdout] error[E0433]: failed to resolve: use of undeclared type `Vec3`
[INFO] [stdout]    --> src/lib.rs:177:9
[INFO] [stdout]     |
[INFO] [stdout] 14  |           Vec3::new(1.0, -1.0, 0.0),
[INFO] [stdout]     |           ^^^^
[INFO] [stdout]     |
[INFO] [stdout] help: a struct with a similar name exists
[INFO] [stdout]     |
[INFO] [stdout] 14  |         Vec::new(1.0, -1.0, 0.0),
[INFO] [stdout]     |         ^^^
[INFO] [stdout] help: consider importing this struct
[INFO] [stdout]     |
[INFO] [stdout] 3   | use bevy::math::Vec3;
[INFO] [stdout]     |
[INFO] [stdout] 
[INFO] [stdout] error: aborting due to 11 previous errors
[INFO] [stdout] 
[INFO] [stdout] Some errors have detailed explanations: E0412, E0433.
[INFO] [stdout] For more information about an error, try `rustc --explain E0412`.
[INFO] [stdout] Couldn't compile the test.
[INFO] [stdout] 
[INFO] [stdout] failures:
[INFO] [stdout]     src/lib.rs - DebugLines (line 165)
[INFO] [stdout]     src/lib.rs - DebugLinesPlugin (line 21)
[INFO] [stdout]     src/lib.rs - DebugLinesPlugin (line 36)
[INFO] [stdout] 
[INFO] [stdout] test result: FAILED. 0 passed; 3 failed; 0 ignored; 0 measured; 0 filtered out; finished in 0.18s
[INFO] [stdout] 
[INFO] [stderr] error: test failed, to rerun pass '--doc'
[INFO] running `Command { std: "docker" "inspect" "f146e2be41b46d78a0396f48e628dc51f241c260261c230551dba79fec897bd0", kill_on_drop: false }`
[INFO] running `Command { std: "docker" "rm" "-f" "f146e2be41b46d78a0396f48e628dc51f241c260261c230551dba79fec897bd0", kill_on_drop: false }`
[INFO] [stdout] f146e2be41b46d78a0396f48e628dc51f241c260261c230551dba79fec897bd0
