[INFO] fetching crate bevy_fallible_derive 0.4.0...
[INFO] testing bevy_fallible_derive-0.4.0 against beta-2021-08-01 for beta-1.55-1
[INFO] extracting crate bevy_fallible_derive 0.4.0 into /workspace/builds/worker-8/source
[INFO] validating manifest of crates.io crate bevy_fallible_derive 0.4.0 on toolchain beta-2021-08-01
[INFO] running `Command { std: "/workspace/cargo-home/bin/cargo" "+beta-2021-08-01" "metadata" "--manifest-path" "Cargo.toml" "--no-deps", kill_on_drop: false }`
[INFO] started tweaking crates.io crate bevy_fallible_derive 0.4.0
[INFO] finished tweaking crates.io crate bevy_fallible_derive 0.4.0
[INFO] tweaked toml for crates.io crate bevy_fallible_derive 0.4.0 written to /workspace/builds/worker-8/source/Cargo.toml
[INFO] running `Command { std: "/workspace/cargo-home/bin/cargo" "+beta-2021-08-01" "generate-lockfile" "--manifest-path" "Cargo.toml" "-Zno-index-update", kill_on_drop: false }`
[INFO] [stderr]     Blocking waiting for file lock on package cache
[INFO] running `Command { std: "/workspace/cargo-home/bin/cargo" "+beta-2021-08-01" "fetch" "--manifest-path" "Cargo.toml", kill_on_drop: false }`
[INFO] [stderr]     Blocking waiting for file lock on package cache
[INFO] [stderr]     Blocking waiting for file lock on package cache
[INFO] running `Command { std: "docker" "create" "-v" "/var/lib/crater-agent-workspace/builds/worker-8/target:/opt/rustwide/target:rw,Z" "-v" "/var/lib/crater-agent-workspace/builds/worker-8/source:/opt/rustwide/workdir:ro,Z" "-v" "/var/lib/crater-agent-workspace/cargo-home:/opt/rustwide/cargo-home:ro,Z" "-v" "/var/lib/crater-agent-workspace/rustup-home:/opt/rustwide/rustup-home:ro,Z" "-e" "SOURCE_DIR=/opt/rustwide/workdir" "-e" "CARGO_TARGET_DIR=/opt/rustwide/target" "-e" "CARGO_HOME=/opt/rustwide/cargo-home" "-e" "RUSTUP_HOME=/opt/rustwide/rustup-home" "-w" "/opt/rustwide/workdir" "-m" "1610612736" "--user" "0:0" "--network" "none" "ghcr.io/rust-lang/crates-build-env/linux@sha256:34b6a614d2c27851fe6cbf88fbd1137609cefab8b10d0615aaeb6fd47975d74e" "/opt/rustwide/cargo-home/bin/cargo" "+beta-2021-08-01" "metadata" "--no-deps" "--format-version=1", kill_on_drop: false }`
[INFO] [stdout] cf978c02f2b0e181e27fa818c0aa8bc2cb1b1f0d14b85725f90a23fe5825b9eb
[INFO] running `Command { std: "docker" "start" "-a" "cf978c02f2b0e181e27fa818c0aa8bc2cb1b1f0d14b85725f90a23fe5825b9eb", kill_on_drop: false }`
[INFO] running `Command { std: "docker" "inspect" "cf978c02f2b0e181e27fa818c0aa8bc2cb1b1f0d14b85725f90a23fe5825b9eb", kill_on_drop: false }`
[INFO] running `Command { std: "docker" "rm" "-f" "cf978c02f2b0e181e27fa818c0aa8bc2cb1b1f0d14b85725f90a23fe5825b9eb", kill_on_drop: false }`
[INFO] [stdout] cf978c02f2b0e181e27fa818c0aa8bc2cb1b1f0d14b85725f90a23fe5825b9eb
[INFO] running `Command { std: "docker" "create" "-v" "/var/lib/crater-agent-workspace/builds/worker-8/target:/opt/rustwide/target:rw,Z" "-v" "/var/lib/crater-agent-workspace/builds/worker-8/source:/opt/rustwide/workdir:ro,Z" "-v" "/var/lib/crater-agent-workspace/cargo-home:/opt/rustwide/cargo-home:ro,Z" "-v" "/var/lib/crater-agent-workspace/rustup-home:/opt/rustwide/rustup-home:ro,Z" "-e" "SOURCE_DIR=/opt/rustwide/workdir" "-e" "CARGO_TARGET_DIR=/opt/rustwide/target" "-e" "CARGO_INCREMENTAL=0" "-e" "RUST_BACKTRACE=full" "-e" "RUSTFLAGS=--cap-lints=warn" "-e" "CARGO_HOME=/opt/rustwide/cargo-home" "-e" "RUSTUP_HOME=/opt/rustwide/rustup-home" "-w" "/opt/rustwide/workdir" "-m" "1610612736" "--user" "0:0" "--network" "none" "ghcr.io/rust-lang/crates-build-env/linux@sha256:34b6a614d2c27851fe6cbf88fbd1137609cefab8b10d0615aaeb6fd47975d74e" "/opt/rustwide/cargo-home/bin/cargo" "+beta-2021-08-01" "build" "--frozen" "--message-format=json", kill_on_drop: false }`
[INFO] [stdout] a3775c1d137d9eb76db3b94f494ba2f1a4a49db726d05f78f824b5da9de56db1
[INFO] running `Command { std: "docker" "start" "-a" "a3775c1d137d9eb76db3b94f494ba2f1a4a49db726d05f78f824b5da9de56db1", kill_on_drop: false }`
[INFO] [stderr]     Blocking waiting for file lock on package cache
[INFO] [stderr]    Compiling proc-macro2 v1.0.28
[INFO] [stderr]    Compiling unicode-xid v0.2.2
[INFO] [stderr]    Compiling syn v1.0.74
[INFO] [stderr]    Compiling quote v1.0.9
[INFO] [stderr]    Compiling bevy_fallible_derive v0.4.0 (/opt/rustwide/workdir)
[INFO] [stderr]     Finished dev [unoptimized + debuginfo] target(s) in 22.02s
[INFO] running `Command { std: "docker" "inspect" "a3775c1d137d9eb76db3b94f494ba2f1a4a49db726d05f78f824b5da9de56db1", kill_on_drop: false }`
[INFO] running `Command { std: "docker" "rm" "-f" "a3775c1d137d9eb76db3b94f494ba2f1a4a49db726d05f78f824b5da9de56db1", kill_on_drop: false }`
[INFO] [stdout] a3775c1d137d9eb76db3b94f494ba2f1a4a49db726d05f78f824b5da9de56db1
[INFO] running `Command { std: "docker" "create" "-v" "/var/lib/crater-agent-workspace/builds/worker-8/target:/opt/rustwide/target:rw,Z" "-v" "/var/lib/crater-agent-workspace/builds/worker-8/source:/opt/rustwide/workdir:ro,Z" "-v" "/var/lib/crater-agent-workspace/cargo-home:/opt/rustwide/cargo-home:ro,Z" "-v" "/var/lib/crater-agent-workspace/rustup-home:/opt/rustwide/rustup-home:ro,Z" "-e" "SOURCE_DIR=/opt/rustwide/workdir" "-e" "CARGO_TARGET_DIR=/opt/rustwide/target" "-e" "CARGO_INCREMENTAL=0" "-e" "RUST_BACKTRACE=full" "-e" "RUSTFLAGS=--cap-lints=warn" "-e" "CARGO_HOME=/opt/rustwide/cargo-home" "-e" "RUSTUP_HOME=/opt/rustwide/rustup-home" "-w" "/opt/rustwide/workdir" "-m" "1610612736" "--user" "0:0" "--network" "none" "ghcr.io/rust-lang/crates-build-env/linux@sha256:34b6a614d2c27851fe6cbf88fbd1137609cefab8b10d0615aaeb6fd47975d74e" "/opt/rustwide/cargo-home/bin/cargo" "+beta-2021-08-01" "test" "--frozen" "--no-run" "--message-format=json", kill_on_drop: false }`
[INFO] [stdout] b47435c78f78f0fdec9650556d5cec73e6fbadca56a494635200bf8e33abe680
[INFO] running `Command { std: "docker" "start" "-a" "b47435c78f78f0fdec9650556d5cec73e6fbadca56a494635200bf8e33abe680", kill_on_drop: false }`
[INFO] [stderr]    Compiling bevy_fallible_derive v0.4.0 (/opt/rustwide/workdir)
[INFO] [stderr]     Finished test [unoptimized + debuginfo] target(s) in 0.44s
[INFO] running `Command { std: "docker" "inspect" "b47435c78f78f0fdec9650556d5cec73e6fbadca56a494635200bf8e33abe680", kill_on_drop: false }`
[INFO] running `Command { std: "docker" "rm" "-f" "b47435c78f78f0fdec9650556d5cec73e6fbadca56a494635200bf8e33abe680", kill_on_drop: false }`
[INFO] [stdout] b47435c78f78f0fdec9650556d5cec73e6fbadca56a494635200bf8e33abe680
[INFO] running `Command { std: "docker" "create" "-v" "/var/lib/crater-agent-workspace/builds/worker-8/target:/opt/rustwide/target:rw,Z" "-v" "/var/lib/crater-agent-workspace/builds/worker-8/source:/opt/rustwide/workdir:ro,Z" "-v" "/var/lib/crater-agent-workspace/cargo-home:/opt/rustwide/cargo-home:ro,Z" "-v" "/var/lib/crater-agent-workspace/rustup-home:/opt/rustwide/rustup-home:ro,Z" "-e" "SOURCE_DIR=/opt/rustwide/workdir" "-e" "CARGO_TARGET_DIR=/opt/rustwide/target" "-e" "CARGO_INCREMENTAL=0" "-e" "RUST_BACKTRACE=full" "-e" "RUSTFLAGS=--cap-lints=warn" "-e" "CARGO_HOME=/opt/rustwide/cargo-home" "-e" "RUSTUP_HOME=/opt/rustwide/rustup-home" "-w" "/opt/rustwide/workdir" "-m" "1610612736" "--user" "0:0" "--network" "none" "ghcr.io/rust-lang/crates-build-env/linux@sha256:34b6a614d2c27851fe6cbf88fbd1137609cefab8b10d0615aaeb6fd47975d74e" "/opt/rustwide/cargo-home/bin/cargo" "+beta-2021-08-01" "test" "--frozen", kill_on_drop: false }`
[INFO] [stdout] f381810b6109b390fd989df2e4a21e582e2289993749002a228d875bd5c150b3
[INFO] running `Command { std: "docker" "start" "-a" "f381810b6109b390fd989df2e4a21e582e2289993749002a228d875bd5c150b3", kill_on_drop: false }`
[INFO] [stderr]     Blocking waiting for file lock on package cache
[INFO] [stderr]     Finished test [unoptimized + debuginfo] target(s) in 0.09s
[INFO] [stderr]      Running unittests (/opt/rustwide/target/debug/deps/bevy_fallible_derive-de9cb3f3506cec19)
[INFO] [stdout] 
[INFO] [stdout] running 0 tests
[INFO] [stdout] 
[INFO] [stdout] test result: ok. 0 passed; 0 failed; 0 ignored; 0 measured; 0 filtered out; finished in 0.00s
[INFO] [stdout] 
[INFO] [stderr]    Doc-tests bevy_fallible_derive
[INFO] [stdout] 
[INFO] [stdout] running 1 test
[INFO] [stdout] test src/lib.rs - fallible_system (line 78) - compile ... FAILED
[INFO] [stdout] 
[INFO] [stdout] failures:
[INFO] [stdout] 
[INFO] [stdout] ---- src/lib.rs - fallible_system (line 78) stdout ----
[INFO] [stdout] error: cannot find attribute `fallible_system` in this scope
[INFO] [stdout]  --> src/lib.rs:79:3
[INFO] [stdout]   |
[INFO] [stdout] 2 | #[fallible_system]
[INFO] [stdout]   |   ^^^^^^^^^^^^^^^
[INFO] [stdout] 
[INFO] [stdout] error[E0433]: failed to resolve: use of undeclared crate or module `anyhow`
[INFO] [stdout]  --> src/lib.rs:80:46
[INFO] [stdout]   |
[INFO] [stdout] 3 | fn system(asset_server: Res<AssetServer>) -> anyhow::Result<()> {
[INFO] [stdout]   |                                              ^^^^^^ use of undeclared crate or module `anyhow`
[INFO] [stdout] 
[INFO] [stdout] error[E0433]: failed to resolve: use of undeclared type `App`
[INFO] [stdout]  --> src/lib.rs:85:5
[INFO] [stdout]   |
[INFO] [stdout] 8 |     App::build()
[INFO] [stdout]   |     ^^^ use of undeclared type `App`
[INFO] [stdout] 
[INFO] [stdout] error[E0412]: cannot find type `Res` in this scope
[INFO] [stdout]  --> src/lib.rs:80:25
[INFO] [stdout]   |
[INFO] [stdout] 3 | fn system(asset_server: Res<AssetServer>) -> anyhow::Result<()> {
[INFO] [stdout]   |                         ^^^ not found in this scope
[INFO] [stdout] 
[INFO] [stdout] error[E0412]: cannot find type `AssetServer` in this scope
[INFO] [stdout]  --> src/lib.rs:80:29
[INFO] [stdout]   |
[INFO] [stdout] 3 | fn system(asset_server: Res<AssetServer>) -> anyhow::Result<()> {
[INFO] [stdout]   |          -                  ^^^^^^^^^^^ not found in this scope
[INFO] [stdout]   |          |
[INFO] [stdout]   |          help: you might be missing a type parameter: `<AssetServer>`
[INFO] [stdout] 
[INFO] [stdout] error[E0412]: cannot find type `Handle` in this scope
[INFO] [stdout]  --> src/lib.rs:81:17
[INFO] [stdout]   |
[INFO] [stdout] 4 |     let handle: Handle<Texture> = asset_server.load("texture")?;
[INFO] [stdout]   |                 ^^^^^^ not found in this scope
[INFO] [stdout] 
[INFO] [stdout] error[E0412]: cannot find type `Texture` in this scope
[INFO] [stdout]  --> src/lib.rs:81:24
[INFO] [stdout]   |
[INFO] [stdout] 3 | fn system(asset_server: Res<AssetServer>) -> anyhow::Result<()> {
[INFO] [stdout]   |          - help: you might be missing a type parameter: `<Texture>`
[INFO] [stdout] 4 |     let handle: Handle<Texture> = asset_server.load("texture")?;
[INFO] [stdout]   |                        ^^^^^^^ not found in this scope
[INFO] [stdout] 
[INFO] [stdout] error[E0599]: no method named `system` found for fn item `fn([type error]) -> [type error] {system}` in the current scope
[INFO] [stdout]  --> src/lib.rs:86:36
[INFO] [stdout]   |
[INFO] [stdout] 9 |         .add_startup_system(system.system())
[INFO] [stdout]   |                                    ^^^^^^ method not found in `fn([type error]) -> [type error] {system}`
[INFO] [stdout]   |
[INFO] [stdout]   = note: `system` is a function, perhaps you wish to call it
[INFO] [stdout] 
[INFO] [stdout] error: aborting due to 8 previous errors
[INFO] [stdout] 
[INFO] [stdout] Some errors have detailed explanations: E0412, E0433, E0599.
[INFO] [stdout] For more information about an error, try `rustc --explain E0412`.
[INFO] [stdout] Couldn't compile the test.
[INFO] [stdout] 
[INFO] [stdout] failures:
[INFO] [stdout]     src/lib.rs - fallible_system (line 78)
[INFO] [stdout] 
[INFO] [stdout] test result: FAILED. 0 passed; 1 failed; 0 ignored; 0 measured; 0 filtered out; finished in 0.19s
[INFO] [stdout] 
[INFO] [stderr] error: test failed, to rerun pass '--doc'
[INFO] running `Command { std: "docker" "inspect" "f381810b6109b390fd989df2e4a21e582e2289993749002a228d875bd5c150b3", kill_on_drop: false }`
[INFO] running `Command { std: "docker" "rm" "-f" "f381810b6109b390fd989df2e4a21e582e2289993749002a228d875bd5c150b3", kill_on_drop: false }`
[INFO] [stdout] f381810b6109b390fd989df2e4a21e582e2289993749002a228d875bd5c150b3
