[INFO] fetching crate bevy_ecs 0.5.0...
[INFO] testing bevy_ecs-0.5.0 against 1.54.0 for beta-1.55-1
[INFO] extracting crate bevy_ecs 0.5.0 into /workspace/builds/worker-76/source
[INFO] validating manifest of crates.io crate bevy_ecs 0.5.0 on toolchain 1.54.0
[INFO] running `Command { std: "/workspace/cargo-home/bin/cargo" "+1.54.0" "metadata" "--manifest-path" "Cargo.toml" "--no-deps", kill_on_drop: false }`
[INFO] started tweaking crates.io crate bevy_ecs 0.5.0
[INFO] finished tweaking crates.io crate bevy_ecs 0.5.0
[INFO] tweaked toml for crates.io crate bevy_ecs 0.5.0 written to /workspace/builds/worker-76/source/Cargo.toml
[INFO] running `Command { std: "/workspace/cargo-home/bin/cargo" "+1.54.0" "generate-lockfile" "--manifest-path" "Cargo.toml" "-Zno-index-update", kill_on_drop: false }`
[INFO] [stderr]     Blocking waiting for file lock on package cache
[INFO] running `Command { std: "/workspace/cargo-home/bin/cargo" "+1.54.0" "fetch" "--manifest-path" "Cargo.toml", kill_on_drop: false }`
[INFO] [stderr]     Blocking waiting for file lock on package cache
[INFO] [stderr]     Blocking waiting for file lock on package cache
[INFO] running `Command { std: "docker" "create" "-v" "/var/lib/crater-agent-workspace/builds/worker-76/target:/opt/rustwide/target:rw,Z" "-v" "/var/lib/crater-agent-workspace/builds/worker-76/source:/opt/rustwide/workdir:ro,Z" "-v" "/var/lib/crater-agent-workspace/cargo-home:/opt/rustwide/cargo-home:ro,Z" "-v" "/var/lib/crater-agent-workspace/rustup-home:/opt/rustwide/rustup-home:ro,Z" "-e" "SOURCE_DIR=/opt/rustwide/workdir" "-e" "CARGO_TARGET_DIR=/opt/rustwide/target" "-e" "CARGO_HOME=/opt/rustwide/cargo-home" "-e" "RUSTUP_HOME=/opt/rustwide/rustup-home" "-w" "/opt/rustwide/workdir" "-m" "1610612736" "--user" "0:0" "--network" "none" "ghcr.io/rust-lang/crates-build-env/linux@sha256:34b6a614d2c27851fe6cbf88fbd1137609cefab8b10d0615aaeb6fd47975d74e" "/opt/rustwide/cargo-home/bin/cargo" "+1.54.0" "metadata" "--no-deps" "--format-version=1", kill_on_drop: false }`
[INFO] [stdout] 1fd1b0a30b73e4840ee0e8893ce984678664e4b800a53fbd4488aa9c8baaf645
[INFO] running `Command { std: "docker" "start" "-a" "1fd1b0a30b73e4840ee0e8893ce984678664e4b800a53fbd4488aa9c8baaf645", kill_on_drop: false }`
[INFO] running `Command { std: "docker" "inspect" "1fd1b0a30b73e4840ee0e8893ce984678664e4b800a53fbd4488aa9c8baaf645", kill_on_drop: false }`
[INFO] running `Command { std: "docker" "rm" "-f" "1fd1b0a30b73e4840ee0e8893ce984678664e4b800a53fbd4488aa9c8baaf645", kill_on_drop: false }`
[INFO] [stdout] 1fd1b0a30b73e4840ee0e8893ce984678664e4b800a53fbd4488aa9c8baaf645
[INFO] running `Command { std: "docker" "create" "-v" "/var/lib/crater-agent-workspace/builds/worker-76/target:/opt/rustwide/target:rw,Z" "-v" "/var/lib/crater-agent-workspace/builds/worker-76/source:/opt/rustwide/workdir:ro,Z" "-v" "/var/lib/crater-agent-workspace/cargo-home:/opt/rustwide/cargo-home:ro,Z" "-v" "/var/lib/crater-agent-workspace/rustup-home:/opt/rustwide/rustup-home:ro,Z" "-e" "SOURCE_DIR=/opt/rustwide/workdir" "-e" "CARGO_TARGET_DIR=/opt/rustwide/target" "-e" "CARGO_INCREMENTAL=0" "-e" "RUST_BACKTRACE=full" "-e" "RUSTFLAGS=--cap-lints=warn" "-e" "CARGO_HOME=/opt/rustwide/cargo-home" "-e" "RUSTUP_HOME=/opt/rustwide/rustup-home" "-w" "/opt/rustwide/workdir" "-m" "1610612736" "--user" "0:0" "--network" "none" "ghcr.io/rust-lang/crates-build-env/linux@sha256:34b6a614d2c27851fe6cbf88fbd1137609cefab8b10d0615aaeb6fd47975d74e" "/opt/rustwide/cargo-home/bin/cargo" "+1.54.0" "build" "--frozen" "--message-format=json", kill_on_drop: false }`
[INFO] [stdout] c10548fc6ee93b66e18566bd67a4d485f31ad665deb50335cb8ba5fa4d76447e
[INFO] running `Command { std: "docker" "start" "-a" "c10548fc6ee93b66e18566bd67a4d485f31ad665deb50335cb8ba5fa4d76447e", kill_on_drop: false }`
[INFO] [stderr]     Blocking waiting for file lock on package cache
[INFO] [stderr]    Compiling serde v1.0.127
[INFO] [stderr]    Compiling syn v1.0.74
[INFO] [stderr]    Compiling futures-core v0.3.16
[INFO] [stderr]    Compiling pin-project-lite v0.2.7
[INFO] [stderr]    Compiling once_cell v1.8.0
[INFO] [stderr]    Compiling memchr v2.4.0
[INFO] [stderr]    Compiling version_check v0.9.3
[INFO] [stderr]    Compiling cache-padded v1.1.1
[INFO] [stderr]    Compiling futures-io v0.3.16
[INFO] [stderr]    Compiling fastrand v1.5.0
[INFO] [stderr]    Compiling smallvec v1.6.1
[INFO] [stderr]    Compiling waker-fn v1.1.0
[INFO] [stderr]    Compiling scopeguard v1.1.0
[INFO] [stderr]    Compiling parking v2.0.0
[INFO] [stderr]    Compiling erased-serde v0.3.16
[INFO] [stderr]    Compiling ppv-lite86 v0.2.10
[INFO] [stderr]    Compiling event-listener v2.5.1
[INFO] [stderr]    Compiling slab v0.4.4
[INFO] [stderr]    Compiling async-task v4.0.3
[INFO] [stderr]    Compiling bitflags v1.2.1
[INFO] [stderr]    Compiling byteorder v1.4.3
[INFO] [stderr]    Compiling downcast-rs v1.2.0
[INFO] [stderr]    Compiling fixedbitset v0.4.0
[INFO] [stderr]    Compiling instant v0.1.10
[INFO] [stderr]    Compiling tracing-core v0.1.18
[INFO] [stderr]    Compiling getrandom v0.2.3
[INFO] [stderr]    Compiling num_cpus v1.13.0
[INFO] [stderr]    Compiling fxhash v0.2.1
[INFO] [stderr]    Compiling concurrent-queue v1.2.2
[INFO] [stderr]    Compiling lock_api v0.4.4
[INFO] [stderr]    Compiling rand_core v0.6.3
[INFO] [stderr]    Compiling parking_lot_core v0.8.3
[INFO] [stderr]    Compiling ahash v0.7.4
[INFO] [stderr]    Compiling rand_chacha v0.3.1
[INFO] [stderr]    Compiling async-channel v1.6.1
[INFO] [stderr]    Compiling parking_lot v0.11.1
[INFO] [stderr]    Compiling rand v0.8.4
[INFO] [stderr]    Compiling futures-lite v1.12.0
[INFO] [stderr]    Compiling async-executor v1.4.1
[INFO] [stderr]    Compiling bevy_tasks v0.5.0
[INFO] [stderr]    Compiling toml v0.5.8
[INFO] [stderr]    Compiling uuid v0.8.2
[INFO] [stderr]    Compiling find-crate v0.6.3
[INFO] [stderr]    Compiling tracing-attributes v0.1.15
[INFO] [stderr]    Compiling thiserror-impl v1.0.26
[INFO] [stderr]    Compiling bevy_reflect_derive v0.5.0
[INFO] [stderr]    Compiling bevy_ecs_macros v0.5.0
[INFO] [stderr]    Compiling thiserror v1.0.26
[INFO] [stderr]    Compiling tracing v0.1.26
[INFO] [stderr]    Compiling bevy_utils v0.5.0
[INFO] [stderr]    Compiling bevy_reflect v0.5.0
[INFO] [stderr]    Compiling bevy_ecs v0.5.0 (/opt/rustwide/workdir)
[INFO] [stderr]     Finished dev [unoptimized + debuginfo] target(s) in 31.19s
[INFO] running `Command { std: "docker" "inspect" "c10548fc6ee93b66e18566bd67a4d485f31ad665deb50335cb8ba5fa4d76447e", kill_on_drop: false }`
[INFO] running `Command { std: "docker" "rm" "-f" "c10548fc6ee93b66e18566bd67a4d485f31ad665deb50335cb8ba5fa4d76447e", kill_on_drop: false }`
[INFO] [stdout] c10548fc6ee93b66e18566bd67a4d485f31ad665deb50335cb8ba5fa4d76447e
[INFO] running `Command { std: "docker" "create" "-v" "/var/lib/crater-agent-workspace/builds/worker-76/target:/opt/rustwide/target:rw,Z" "-v" "/var/lib/crater-agent-workspace/builds/worker-76/source:/opt/rustwide/workdir:ro,Z" "-v" "/var/lib/crater-agent-workspace/cargo-home:/opt/rustwide/cargo-home:ro,Z" "-v" "/var/lib/crater-agent-workspace/rustup-home:/opt/rustwide/rustup-home:ro,Z" "-e" "SOURCE_DIR=/opt/rustwide/workdir" "-e" "CARGO_TARGET_DIR=/opt/rustwide/target" "-e" "CARGO_INCREMENTAL=0" "-e" "RUST_BACKTRACE=full" "-e" "RUSTFLAGS=--cap-lints=warn" "-e" "CARGO_HOME=/opt/rustwide/cargo-home" "-e" "RUSTUP_HOME=/opt/rustwide/rustup-home" "-w" "/opt/rustwide/workdir" "-m" "1610612736" "--user" "0:0" "--network" "none" "ghcr.io/rust-lang/crates-build-env/linux@sha256:34b6a614d2c27851fe6cbf88fbd1137609cefab8b10d0615aaeb6fd47975d74e" "/opt/rustwide/cargo-home/bin/cargo" "+1.54.0" "test" "--frozen" "--no-run" "--message-format=json", kill_on_drop: false }`
[INFO] [stdout] 4c688dd664d7eaf74eabf21356c51018b409b5e5c02b2328a26b16780128b84c
[INFO] running `Command { std: "docker" "start" "-a" "4c688dd664d7eaf74eabf21356c51018b409b5e5c02b2328a26b16780128b84c", kill_on_drop: false }`
[INFO] [stderr]     Blocking waiting for file lock on package cache
[INFO] [stderr]    Compiling bevy_ecs v0.5.0 (/opt/rustwide/workdir)
[INFO] [stderr]     Finished test [unoptimized + debuginfo] target(s) in 14.79s
[INFO] running `Command { std: "docker" "inspect" "4c688dd664d7eaf74eabf21356c51018b409b5e5c02b2328a26b16780128b84c", kill_on_drop: false }`
[INFO] running `Command { std: "docker" "rm" "-f" "4c688dd664d7eaf74eabf21356c51018b409b5e5c02b2328a26b16780128b84c", kill_on_drop: false }`
[INFO] [stdout] 4c688dd664d7eaf74eabf21356c51018b409b5e5c02b2328a26b16780128b84c
[INFO] running `Command { std: "docker" "create" "-v" "/var/lib/crater-agent-workspace/builds/worker-76/target:/opt/rustwide/target:rw,Z" "-v" "/var/lib/crater-agent-workspace/builds/worker-76/source:/opt/rustwide/workdir:ro,Z" "-v" "/var/lib/crater-agent-workspace/cargo-home:/opt/rustwide/cargo-home:ro,Z" "-v" "/var/lib/crater-agent-workspace/rustup-home:/opt/rustwide/rustup-home:ro,Z" "-e" "SOURCE_DIR=/opt/rustwide/workdir" "-e" "CARGO_TARGET_DIR=/opt/rustwide/target" "-e" "CARGO_INCREMENTAL=0" "-e" "RUST_BACKTRACE=full" "-e" "RUSTFLAGS=--cap-lints=warn" "-e" "CARGO_HOME=/opt/rustwide/cargo-home" "-e" "RUSTUP_HOME=/opt/rustwide/rustup-home" "-w" "/opt/rustwide/workdir" "-m" "1610612736" "--user" "0:0" "--network" "none" "ghcr.io/rust-lang/crates-build-env/linux@sha256:34b6a614d2c27851fe6cbf88fbd1137609cefab8b10d0615aaeb6fd47975d74e" "/opt/rustwide/cargo-home/bin/cargo" "+1.54.0" "test" "--frozen", kill_on_drop: false }`
[INFO] [stdout] 86410a73038f6a8805373d768cf763a7fadfa8ae9baf7145f628fe679ebc7607
[INFO] running `Command { std: "docker" "start" "-a" "86410a73038f6a8805373d768cf763a7fadfa8ae9baf7145f628fe679ebc7607", kill_on_drop: false }`
[INFO] [stderr]     Blocking waiting for file lock on package cache
[INFO] [stderr]     Finished test [unoptimized + debuginfo] target(s) in 1.17s
[INFO] [stderr]      Running unittests (/opt/rustwide/target/debug/deps/bevy_ecs-7e9023a9351a8fb7)
[INFO] [stdout] 
[INFO] [stdout] running 122 tests
[INFO] [stdout] test entity::tests::entity_bits_roundtrip ... ok
[INFO] [stdout] test query::tests::multi_storage_query ... ok
[INFO] [stdout] test query::access::tests::access_get_conflicts ... ok
[INFO] [stdout] test entity::tests::reserve_entity_len ... ok
[INFO] [stdout] test query::tests::query ... ok
[INFO] [stdout] test schedule::stage::tests::change_query_wrapover ... ok
[INFO] [stdout] test storage::blob_vec::tests::blob_vec ... ok
[INFO] [stdout] test system::commands::tests::commands ... ok
[INFO] [stdout] test storage::sparse_set::tests::sparse_set ... ok
[INFO] [stdout] test storage::blob_vec::tests::resize_test ... ok
[INFO] [stdout] test storage::table::tests::table ... ok
[INFO] [stdout] test system::commands::tests::remove_components ... ok
[INFO] [stdout] test system::commands::tests::remove_resources ... ok
[INFO] [stdout] test system::tests::can_have_16_parameters ... ok
[INFO] [stdout] test schedule::stage::tests::archetype_update_single_executor ... ok
[INFO] [stdout] test tests::changed_query ... ok
[INFO] [stdout] test tests::despawn_table_storage ... ok
[INFO] [stdout] test tests::query_get ... ok
[INFO] [stdout] test tests::query_missing_component ... ok
[INFO] [stdout] test tests::query_optional_component_sparse ... ok
[INFO] [stdout] test tests::query_filter_with_sparse ... ok
[INFO] [stdout] test tests::despawn_mixed_storage ... ok
[INFO] [stdout] test tests::changed_trackers ... ok
[INFO] [stdout] test tests::query_filter_with_for_each ... ok
[INFO] [stdout] test tests::empty_spawn ... ok
[INFO] [stdout] test tests::exact_size_query ... ok
[INFO] [stdout] test tests::added_queries ... ok
[INFO] [stdout] test tests::non_send_resource ... ok
[INFO] [stdout] test tests::query_all ... ok
[INFO] [stdout] test tests::query_all_for_each ... ok
[INFO] [stdout] test tests::query_filter_with ... ok
[INFO] [stdout] test tests::query_filter_without ... ok
[INFO] [stdout] test system::tests::get_system_conflicts ... ok
[INFO] [stdout] test tests::remove_intersection ... ok
[INFO] [stdout] test tests::remove_missing ... ok
[INFO] [stdout] test tests::reserve_and_spawn ... ok
[INFO] [stdout] test tests::remove_tracking ... ok
[INFO] [stdout] test tests::query_single_component ... ok
[INFO] [stdout] test tests::query_single_component_for_each ... ok
[INFO] [stdout] test tests::resource_scope ... ok
[INFO] [stdout] test world::entity_ref::tests::sorted_remove ... ok
[INFO] [stdout] test tests::remove_bundle ... ok
[INFO] [stdout] test tests::query_filter_with_sparse_for_each ... ok
[INFO] [stdout] test tests::add_remove_components ... ok
[INFO] [stdout] test tests::query_optional_component_sparse_no_match ... ok
[INFO] [stdout] test tests::added_tracking ... ok
[INFO] [stdout] test system::tests::simple_system ... ok
[INFO] [stdout] test tests::spawn_batch ... ok
[INFO] [stdout] test tests::stateful_query_handles_new_archetype ... ok
[INFO] [stdout] test world::world_cell::tests::world_access_reused ... ok
[INFO] [stdout] test world::world_cell::tests::world_cell ... ok
[INFO] [stdout] test tests::resource ... ok
[INFO] [stdout] test schedule::stage::tests::parallel_multiple_labels ... ok
[INFO] [stdout] test tests::random_access ... ok
[INFO] [stdout] test schedule::executor_parallel::tests::trivial ... ok
[INFO] [stdout] test tests::query_sparse_component ... ok
[INFO] [stdout] test tests::query_optional_component_table ... ok
[INFO] [stdout] test schedule::stage::tests::ambiguity_detection ... ok
[INFO] [stdout] test tests::bundle_derive ... ok
[INFO] [stdout] test tests::trackers_query ... ok
[INFO] [stdout] test tests::sparse_set_add_remove_many ... ok
[INFO] [stdout] test schedule::stage::tests::parallel_before ... ok
[INFO] [stdout] test system::tests::world_collections_system ... ok
[INFO] [stdout] test tests::table_add_remove_many ... ok
[INFO] [stdout] test schedule::executor_parallel::tests::resources ... ok
[INFO] [stdout] test schedule::stage::tests::exclusive_after ... ok
[INFO] [stdout] test schedule::stage::tests::parallel_mixed_across_sets ... ok
[INFO] [stdout] test schedule::state::test::state_test ... ok
[INFO] [stdout] test schedule::stage::tests::exclusive_cycle_1 - should panic ... ok
[INFO] [stdout] test schedule::stage::tests::exclusive_cycle_3 - should panic ... ok
[INFO] [stdout] test schedule::stage::tests::exclusive_cycle_2 - should panic ... ok
[INFO] [stdout] test schedule::stage::tests::duplicate_run_criteria_label_panic - should panic ... ok
[INFO] [stdout] test schedule::stage::tests::parallel_cycle_3 - should panic ... ok
[INFO] [stdout] test schedule::stage::tests::parallel_cycle_1 - should panic ... ok
[INFO] [stdout] test system::tests::conflicting_system_resources - should panic ... ok
[INFO] [stdout] test system::tests::conflicting_system_resources_multiple_mutable - should panic ... ok
[INFO] [stdout] test system::tests::conflicting_query_with_query_set_system - should panic ... ok
[INFO] [stdout] test system::tests::conflicting_query_mut_system - should panic ... ok
[INFO] [stdout] test schedule::stage::tests::parallel_cycle_2 - should panic ... ok
[INFO] [stdout] test system::tests::conflicting_query_immut_system - should panic ... ok
[INFO] [stdout] test tests::multiple_worlds_same_query_for_each - should panic ... ok
[INFO] [stdout] test tests::multiple_worlds_same_query_iter - should panic ... ok
[INFO] [stdout] test tests::mut_and_mut_query_panic - should panic ... ok
[INFO] [stdout] test tests::duplicate_components_panic - should panic ... ok
[INFO] [stdout] test system::tests::conflicting_system_resources_reverse_order - should panic ... ok
[INFO] [stdout] test system::tests::conflicting_query_sets_system - should panic ... ok
[INFO] [stdout] test tests::multiple_worlds_same_query_get - should panic ... ok
[INFO] [stdout] test world::world_cell::tests::world_cell_mut_and_ref - should panic ... ok
[INFO] [stdout] test world::world_cell::tests::world_cell_double_mut - should panic ... ok
[INFO] [stdout] test world::world_cell::tests::world_cell_ref_and_mut - should panic ... ok
[INFO] [stdout] test tests::ref_and_mut_query_panic - should panic ... ok
[INFO] [stdout] test world::world_cell::tests::world_cell_ref_and_ref - should panic ... ok
[INFO] [stdout] test schedule::stage::tests::exclusive_redundant_constraints ... ok
[INFO] [stdout] test system::tests::query_system_gets ... ok
[INFO] [stdout] test schedule::stage::tests::exclusive_run_criteria ... ok
[INFO] [stdout] test schedule::stage::tests::exclusive_multiple_labels ... ok
[INFO] [stdout] test schedule::stage::tests::parallel_run_criteria ... ok
[INFO] [stdout] test tests::par_for_each ... ok
[INFO] [stdout] test schedule::stage::tests::exclusive_before ... ok
[INFO] [stdout] test schedule::stage::tests::parallel_after ... ok
[INFO] [stdout] test system::tests::configure_system_local ... ok
[INFO] [stdout] test tests::non_send_resource_panic - should panic ... ok
[INFO] [stdout] test system::tests::query_set_system ... ok
[INFO] [stdout] test system::tests::disjoint_query_mut_read_component_system ... ok
[INFO] [stdout] test schedule::stage::tests::change_ticks_wrapover ... ok
[INFO] [stdout] test schedule::stage::tests::parallel_mixed ... ok
[INFO] [stdout] test schedule::stage::tests::archetype_update_parallel_executor ... ok
[INFO] [stdout] test system::tests::changed_resource_system ... ok
[INFO] [stdout] test schedule::stage::tests::multiple_worlds_same_stage - should panic ... ok
[INFO] [stdout] test schedule::state::test::issue_1753 ... ok
[INFO] [stdout] test schedule::stage::tests::insertion_points ... ok
[INFO] [stdout] test system::tests::or_query_set_system ... ok
[INFO] [stdout] test system::tests::disjoint_query_mut_system ... ok
[INFO] [stdout] test system::tests::local_system ... ok
[INFO] [stdout] test schedule::stage::tests::exclusive_mixed_across_sets ... ok
[INFO] [stdout] test system::exclusive_system::tests::parallel_with_commands_as_exclusive ... ok
[INFO] [stdout] test schedule::executor_parallel::tests::non_send_resource ... ok
[INFO] [stdout] test system::tests::remove_tracking ... ok
[INFO] [stdout] test schedule::stage::tests::parallel_redundant_constraints ... ok
[INFO] [stdout] test schedule::stage::tests::exclusive_mixed ... ok
[INFO] [stdout] test system::tests::nonconflicting_system_resources ... ok
[INFO] [stdout] test schedule::executor_parallel::tests::queries ... ok
[INFO] [stdout] 
[INFO] [stdout] test result: ok. 122 passed; 0 failed; 0 ignored; 0 measured; 0 filtered out; finished in 3.79s
[INFO] [stdout] 
[INFO] [stderr]    Doc-tests bevy_ecs
[INFO] [stdout] 
[INFO] [stdout] running 23 tests
[INFO] [stdout] test src/component/mod.rs - component::ComponentTicks::set_changed (line 350) - compile ... ok
[INFO] [stdout] test src/query/filter.rs - query::filter::Added (line 607) ... ok
[INFO] [stdout] test src/query/filter.rs - query::filter::Changed (line 639) ... FAILED
[INFO] [stdout] test src/world/mod.rs - world::World::query (line 418) ... FAILED
[INFO] [stdout] test src/world/mod.rs - world::World::query_filtered (line 454) ... FAILED
[INFO] [stdout] test src/world/mod.rs - world::World::resource_scope (line 653) ... FAILED
[INFO] [stdout] test src/schedule/system_descriptor.rs - schedule::system_descriptor::SystemDescriptor (line 24) ... FAILED
[INFO] [stdout] test src/world/mod.rs - world::World::spawn (line 275) ... FAILED
[INFO] [stdout] test src/world/mod.rs - world::World::get (line 338) ... FAILED
[INFO] [stdout] test src/world/mod.rs - world::World::entity (line 171) ... FAILED
[INFO] [stdout] test src/bundle.rs - bundle::Bundle (line 23) ... ok
[INFO] [stdout] test src/system/system_param.rs - system::system_param::SystemParam (line 22) ... ok
[INFO] [stdout] test src/world/mod.rs - world::World::get_entity (line 221) ... FAILED
[INFO] [stdout] test src/world/mod.rs - world::World::spawn_batch (line 317) ... FAILED
[INFO] [stdout] test src/world/mod.rs - world::World::despawn (line 381) ... FAILED
[INFO] [stdout] test src/world/mod.rs - world::World::get_entity_mut (line 248) ... FAILED
[INFO] [stdout] test src/world/mod.rs - world::World::get_mut (line 359) ... FAILED
[INFO] [stdout] test src/world/mod.rs - world::World::entity_mut (line 196) ... FAILED
[INFO] [stdout] test src/system/commands.rs - system::commands::Commands::spawn_bundle (line 92) ... FAILED
[INFO] [stdout] test src/world/mod.rs - world::World::register_component (line 140) ... FAILED
[INFO] [stdout] test src/system/commands.rs - system::commands::EntityCommands::insert (line 219) ... ok
[INFO] [stdout] test src/system/commands.rs - system::commands::Commands::entity (line 131) ... ok
[INFO] [stdout] test src/system/commands.rs - system::commands::Commands::spawn (line 57) ... ok
[INFO] [stdout] 
[INFO] [stdout] failures:
[INFO] [stdout] 
[INFO] [stdout] ---- src/query/filter.rs - query::filter::Changed (line 639) stdout ----
[INFO] [stdout] Couldn't compile the test.
[INFO] [stdout] ---- src/world/mod.rs - world::World::query (line 418) stdout ----
[INFO] [stdout] Couldn't compile the test.
[INFO] [stdout] ---- src/world/mod.rs - world::World::query_filtered (line 454) stdout ----
[INFO] [stdout] Couldn't compile the test.
[INFO] [stdout] ---- src/world/mod.rs - world::World::resource_scope (line 653) stdout ----
[INFO] [stdout] Couldn't compile the test.
[INFO] [stdout] ---- src/schedule/system_descriptor.rs - schedule::system_descriptor::SystemDescriptor (line 24) stdout ----
[INFO] [stdout] Couldn't compile the test.
[INFO] [stdout] ---- src/world/mod.rs - world::World::spawn (line 275) stdout ----
[INFO] [stdout] Couldn't compile the test.
[INFO] [stdout] ---- src/world/mod.rs - world::World::get (line 338) stdout ----
[INFO] [stdout] Couldn't compile the test.
[INFO] [stdout] ---- src/world/mod.rs - world::World::entity (line 171) stdout ----
[INFO] [stdout] Couldn't compile the test.
[INFO] [stdout] ---- src/world/mod.rs - world::World::get_entity (line 221) stdout ----
[INFO] [stdout] Couldn't compile the test.
[INFO] [stdout] ---- src/world/mod.rs - world::World::spawn_batch (line 317) stdout ----
[INFO] [stdout] Couldn't compile the test.
[INFO] [stdout] ---- src/world/mod.rs - world::World::despawn (line 381) stdout ----
[INFO] [stdout] Couldn't compile the test.
[INFO] [stdout] ---- src/world/mod.rs - world::World::get_entity_mut (line 248) stdout ----
[INFO] [stdout] Couldn't compile the test.
[INFO] [stdout] ---- src/world/mod.rs - world::World::get_mut (line 359) stdout ----
[INFO] [stdout] Couldn't compile the test.
[INFO] [stdout] ---- src/world/mod.rs - world::World::entity_mut (line 196) stdout ----
[INFO] [stdout] Couldn't compile the test.
[INFO] [stdout] ---- src/system/commands.rs - system::commands::Commands::spawn_bundle (line 92) stdout ----
[INFO] [stdout] Couldn't compile the test.
[INFO] [stdout] ---- src/world/mod.rs - world::World::register_component (line 140) stdout ----
[INFO] [stdout] Couldn't compile the test.
[INFO] [stdout] 
[INFO] [stdout] failures:
[INFO] [stdout]     src/query/filter.rs - query::filter::Changed (line 639)
[INFO] [stdout]     src/schedule/system_descriptor.rs - schedule::system_descriptor::SystemDescriptor (line 24)
[INFO] [stdout]     src/system/commands.rs - system::commands::Commands::spawn_bundle (line 92)
[INFO] [stdout]     src/world/mod.rs - world::World::despawn (line 381)
[INFO] [stdout]     src/world/mod.rs - world::World::entity (line 171)
[INFO] [stdout]     src/world/mod.rs - world::World::entity_mut (line 196)
[INFO] [stdout]     src/world/mod.rs - world::World::get (line 338)
[INFO] [stdout]     src/world/mod.rs - world::World::get_entity (line 221)
[INFO] [stdout]     src/world/mod.rs - world::World::get_entity_mut (line 248)
[INFO] [stdout]     src/world/mod.rs - world::World::get_mut (line 359)
[INFO] [stdout]     src/world/mod.rs - world::World::query (line 418)
[INFO] [stdout]     src/world/mod.rs - world::World::query_filtered (line 454)
[INFO] [stdout]     src/world/mod.rs - world::World::register_component (line 140)
[INFO] [stdout]     src/world/mod.rs - world::World::resource_scope (line 653)
[INFO] [stdout]     src/world/mod.rs - world::World::spawn (line 275)
[INFO] [stdout]     src/world/mod.rs - world::World::spawn_batch (line 317)
[INFO] [stdout] 
[INFO] [stdout] test result: FAILED. 7 passed; 16 failed; 0 ignored; 0 measured; 0 filtered out; finished in 2.76s
[INFO] [stdout] 
[INFO] [stderr] error: test failed, to rerun pass '--doc'
[INFO] running `Command { std: "docker" "inspect" "86410a73038f6a8805373d768cf763a7fadfa8ae9baf7145f628fe679ebc7607", kill_on_drop: false }`
[INFO] running `Command { std: "docker" "rm" "-f" "86410a73038f6a8805373d768cf763a7fadfa8ae9baf7145f628fe679ebc7607", kill_on_drop: false }`
[INFO] [stdout] 86410a73038f6a8805373d768cf763a7fadfa8ae9baf7145f628fe679ebc7607
