[INFO] fetching crate bevy_discovery 0.1.0...
[INFO] testing bevy_discovery-0.1.0 against 1.54.0 for beta-1.55-1
[INFO] extracting crate bevy_discovery 0.1.0 into /workspace/builds/worker-13/source
[INFO] validating manifest of crates.io crate bevy_discovery 0.1.0 on toolchain 1.54.0
[INFO] running `Command { std: "/workspace/cargo-home/bin/cargo" "+1.54.0" "metadata" "--manifest-path" "Cargo.toml" "--no-deps", kill_on_drop: false }`
[INFO] started tweaking crates.io crate bevy_discovery 0.1.0
[INFO] finished tweaking crates.io crate bevy_discovery 0.1.0
[INFO] tweaked toml for crates.io crate bevy_discovery 0.1.0 written to /workspace/builds/worker-13/source/Cargo.toml
[INFO] running `Command { std: "/workspace/cargo-home/bin/cargo" "+1.54.0" "generate-lockfile" "--manifest-path" "Cargo.toml" "-Zno-index-update", kill_on_drop: false }`
[INFO] [stderr]     Blocking waiting for file lock on package cache
[INFO] running `Command { std: "/workspace/cargo-home/bin/cargo" "+1.54.0" "fetch" "--manifest-path" "Cargo.toml", kill_on_drop: false }`
[INFO] [stderr]     Blocking waiting for file lock on package cache
[INFO] [stderr]     Blocking waiting for file lock on package cache
[INFO] running `Command { std: "docker" "create" "-v" "/var/lib/crater-agent-workspace/builds/worker-13/target:/opt/rustwide/target:rw,Z" "-v" "/var/lib/crater-agent-workspace/builds/worker-13/source:/opt/rustwide/workdir:ro,Z" "-v" "/var/lib/crater-agent-workspace/cargo-home:/opt/rustwide/cargo-home:ro,Z" "-v" "/var/lib/crater-agent-workspace/rustup-home:/opt/rustwide/rustup-home:ro,Z" "-e" "SOURCE_DIR=/opt/rustwide/workdir" "-e" "CARGO_TARGET_DIR=/opt/rustwide/target" "-e" "CARGO_HOME=/opt/rustwide/cargo-home" "-e" "RUSTUP_HOME=/opt/rustwide/rustup-home" "-w" "/opt/rustwide/workdir" "-m" "1610612736" "--user" "0:0" "--network" "none" "ghcr.io/rust-lang/crates-build-env/linux@sha256:34b6a614d2c27851fe6cbf88fbd1137609cefab8b10d0615aaeb6fd47975d74e" "/opt/rustwide/cargo-home/bin/cargo" "+1.54.0" "metadata" "--no-deps" "--format-version=1", kill_on_drop: false }`
[INFO] [stdout] 09281499158adee6b6c1fb3bd6e7eeae3c19e05403a8b374bcd608cedc8d3e66
[INFO] running `Command { std: "docker" "start" "-a" "09281499158adee6b6c1fb3bd6e7eeae3c19e05403a8b374bcd608cedc8d3e66", kill_on_drop: false }`
[INFO] running `Command { std: "docker" "inspect" "09281499158adee6b6c1fb3bd6e7eeae3c19e05403a8b374bcd608cedc8d3e66", kill_on_drop: false }`
[INFO] running `Command { std: "docker" "rm" "-f" "09281499158adee6b6c1fb3bd6e7eeae3c19e05403a8b374bcd608cedc8d3e66", kill_on_drop: false }`
[INFO] [stdout] 09281499158adee6b6c1fb3bd6e7eeae3c19e05403a8b374bcd608cedc8d3e66
[INFO] running `Command { std: "docker" "create" "-v" "/var/lib/crater-agent-workspace/builds/worker-13/target:/opt/rustwide/target:rw,Z" "-v" "/var/lib/crater-agent-workspace/builds/worker-13/source:/opt/rustwide/workdir:ro,Z" "-v" "/var/lib/crater-agent-workspace/cargo-home:/opt/rustwide/cargo-home:ro,Z" "-v" "/var/lib/crater-agent-workspace/rustup-home:/opt/rustwide/rustup-home:ro,Z" "-e" "SOURCE_DIR=/opt/rustwide/workdir" "-e" "CARGO_TARGET_DIR=/opt/rustwide/target" "-e" "CARGO_INCREMENTAL=0" "-e" "RUST_BACKTRACE=full" "-e" "RUSTFLAGS=--cap-lints=warn" "-e" "CARGO_HOME=/opt/rustwide/cargo-home" "-e" "RUSTUP_HOME=/opt/rustwide/rustup-home" "-w" "/opt/rustwide/workdir" "-m" "1610612736" "--user" "0:0" "--network" "none" "ghcr.io/rust-lang/crates-build-env/linux@sha256:34b6a614d2c27851fe6cbf88fbd1137609cefab8b10d0615aaeb6fd47975d74e" "/opt/rustwide/cargo-home/bin/cargo" "+1.54.0" "build" "--frozen" "--message-format=json", kill_on_drop: false }`
[INFO] [stdout] e6ace5b8f2c225e774427c2a78f8f982341fa2fc92eb0712644765799b889d46
[INFO] running `Command { std: "docker" "start" "-a" "e6ace5b8f2c225e774427c2a78f8f982341fa2fc92eb0712644765799b889d46", kill_on_drop: false }`
[INFO] [stderr]     Blocking waiting for file lock on package cache
[INFO] [stderr]    Compiling proc-macro2 v1.0.28
[INFO] [stderr]    Compiling unicode-xid v0.2.2
[INFO] [stderr]    Compiling syn v1.0.74
[INFO] [stderr]    Compiling serde_derive v1.0.127
[INFO] [stderr]    Compiling serde v1.0.127
[INFO] [stderr]    Compiling bitflags v1.2.1
[INFO] [stderr]    Compiling base64 v0.13.0
[INFO] [stderr]    Compiling bevy_discovery v0.1.0 (/opt/rustwide/workdir)
[INFO] [stderr]    Compiling rustc-hash v1.1.0
[INFO] [stderr]    Compiling quote v1.0.9
[INFO] [stderr]    Compiling ron v0.6.4
[INFO] [stderr]     Finished dev [unoptimized + debuginfo] target(s) in 29.38s
[INFO] running `Command { std: "docker" "inspect" "e6ace5b8f2c225e774427c2a78f8f982341fa2fc92eb0712644765799b889d46", kill_on_drop: false }`
[INFO] running `Command { std: "docker" "rm" "-f" "e6ace5b8f2c225e774427c2a78f8f982341fa2fc92eb0712644765799b889d46", kill_on_drop: false }`
[INFO] [stdout] e6ace5b8f2c225e774427c2a78f8f982341fa2fc92eb0712644765799b889d46
[INFO] running `Command { std: "docker" "create" "-v" "/var/lib/crater-agent-workspace/builds/worker-13/target:/opt/rustwide/target:rw,Z" "-v" "/var/lib/crater-agent-workspace/builds/worker-13/source:/opt/rustwide/workdir:ro,Z" "-v" "/var/lib/crater-agent-workspace/cargo-home:/opt/rustwide/cargo-home:ro,Z" "-v" "/var/lib/crater-agent-workspace/rustup-home:/opt/rustwide/rustup-home:ro,Z" "-e" "SOURCE_DIR=/opt/rustwide/workdir" "-e" "CARGO_TARGET_DIR=/opt/rustwide/target" "-e" "CARGO_INCREMENTAL=0" "-e" "RUST_BACKTRACE=full" "-e" "RUSTFLAGS=--cap-lints=warn" "-e" "CARGO_HOME=/opt/rustwide/cargo-home" "-e" "RUSTUP_HOME=/opt/rustwide/rustup-home" "-w" "/opt/rustwide/workdir" "-m" "1610612736" "--user" "0:0" "--network" "none" "ghcr.io/rust-lang/crates-build-env/linux@sha256:34b6a614d2c27851fe6cbf88fbd1137609cefab8b10d0615aaeb6fd47975d74e" "/opt/rustwide/cargo-home/bin/cargo" "+1.54.0" "test" "--frozen" "--no-run" "--message-format=json", kill_on_drop: false }`
[INFO] [stdout] b83b72702b43758dc5eeaca2e73afab49cb20e1b5ee7be6d203150efdcb347c8
[INFO] running `Command { std: "docker" "start" "-a" "b83b72702b43758dc5eeaca2e73afab49cb20e1b5ee7be6d203150efdcb347c8", kill_on_drop: false }`
[INFO] [stderr]    Compiling bevy_discovery v0.1.0 (/opt/rustwide/workdir)
[INFO] [stderr]     Finished test [unoptimized + debuginfo] target(s) in 0.65s
[INFO] running `Command { std: "docker" "inspect" "b83b72702b43758dc5eeaca2e73afab49cb20e1b5ee7be6d203150efdcb347c8", kill_on_drop: false }`
[INFO] running `Command { std: "docker" "rm" "-f" "b83b72702b43758dc5eeaca2e73afab49cb20e1b5ee7be6d203150efdcb347c8", kill_on_drop: false }`
[INFO] [stdout] b83b72702b43758dc5eeaca2e73afab49cb20e1b5ee7be6d203150efdcb347c8
[INFO] running `Command { std: "docker" "create" "-v" "/var/lib/crater-agent-workspace/builds/worker-13/target:/opt/rustwide/target:rw,Z" "-v" "/var/lib/crater-agent-workspace/builds/worker-13/source:/opt/rustwide/workdir:ro,Z" "-v" "/var/lib/crater-agent-workspace/cargo-home:/opt/rustwide/cargo-home:ro,Z" "-v" "/var/lib/crater-agent-workspace/rustup-home:/opt/rustwide/rustup-home:ro,Z" "-e" "SOURCE_DIR=/opt/rustwide/workdir" "-e" "CARGO_TARGET_DIR=/opt/rustwide/target" "-e" "CARGO_INCREMENTAL=0" "-e" "RUST_BACKTRACE=full" "-e" "RUSTFLAGS=--cap-lints=warn" "-e" "CARGO_HOME=/opt/rustwide/cargo-home" "-e" "RUSTUP_HOME=/opt/rustwide/rustup-home" "-w" "/opt/rustwide/workdir" "-m" "1610612736" "--user" "0:0" "--network" "none" "ghcr.io/rust-lang/crates-build-env/linux@sha256:34b6a614d2c27851fe6cbf88fbd1137609cefab8b10d0615aaeb6fd47975d74e" "/opt/rustwide/cargo-home/bin/cargo" "+1.54.0" "test" "--frozen", kill_on_drop: false }`
[INFO] [stdout] 3a0dd5baadad0612b86f428ae672d0a6236a0fe50a732c07415896a25f1ce0e0
[INFO] running `Command { std: "docker" "start" "-a" "3a0dd5baadad0612b86f428ae672d0a6236a0fe50a732c07415896a25f1ce0e0", kill_on_drop: false }`
[INFO] [stderr]     Blocking waiting for file lock on package cache
[INFO] [stderr]     Finished test [unoptimized + debuginfo] target(s) in 0.04s
[INFO] [stderr]      Running unittests (/opt/rustwide/target/debug/deps/bevy_discovery-b7e515bd6c4e5af2)
[INFO] [stdout] 
[INFO] [stderr]    Doc-tests bevy_discovery
[INFO] [stdout] running 0 tests
[INFO] [stdout] 
[INFO] [stdout] test result: ok. 0 passed; 0 failed; 0 ignored; 0 measured; 0 filtered out; finished in 0.00s
[INFO] [stdout] 
[INFO] [stdout] 
[INFO] [stdout] running 1 test
[INFO] [stdout] test src/lib.rs - (line 5) ... FAILED
[INFO] [stdout] 
[INFO] [stdout] failures:
[INFO] [stdout] 
[INFO] [stdout] ---- src/lib.rs - (line 5) stdout ----
[INFO] [stdout] error: proc-macro derive panicked
[INFO] [stdout]   --> src/lib.rs:26:10
[INFO] [stdout]    |
[INFO] [stdout] 22 | #[derive(DiscoveryPlugin)]
[INFO] [stdout]    |          ^^^^^^^^^^^^^^^
[INFO] [stdout]    |
[INFO] [stdout]    = help: message: cannot read metadata for /opt/rustwide/workdir/src/main.rs: No such file or directory (os error 2)
[INFO] [stdout] 
[INFO] [stdout] error[E0433]: failed to resolve: use of undeclared crate or module `bevy`
[INFO] [stdout]  --> src/lib.rs:6:5
[INFO] [stdout]   |
[INFO] [stdout] 2 | use bevy::prelude::*;
[INFO] [stdout]   |     ^^^^ use of undeclared crate or module `bevy`
[INFO] [stdout] 
[INFO] [stdout] error[E0433]: failed to resolve: use of undeclared type `App`
[INFO] [stdout]  --> src/lib.rs:12:5
[INFO] [stdout]   |
[INFO] [stdout] 8 |     App::build()
[INFO] [stdout]   |     ^^^ use of undeclared type `App`
[INFO] [stdout] 
[INFO] [stdout] error: aborting due to 3 previous errors
[INFO] [stdout] 
[INFO] [stdout] For more information about this error, try `rustc --explain E0433`.
[INFO] [stdout] Couldn't compile the test.
[INFO] [stdout] 
[INFO] [stdout] failures:
[INFO] [stdout]     src/lib.rs - (line 5)
[INFO] [stdout] 
[INFO] [stdout] test result: FAILED. 0 passed; 1 failed; 0 ignored; 0 measured; 0 filtered out; finished in 0.10s
[INFO] [stdout] 
[INFO] [stderr] error: test failed, to rerun pass '--doc'
[INFO] running `Command { std: "docker" "inspect" "3a0dd5baadad0612b86f428ae672d0a6236a0fe50a732c07415896a25f1ce0e0", kill_on_drop: false }`
[INFO] running `Command { std: "docker" "rm" "-f" "3a0dd5baadad0612b86f428ae672d0a6236a0fe50a732c07415896a25f1ce0e0", kill_on_drop: false }`
[INFO] [stdout] 3a0dd5baadad0612b86f428ae672d0a6236a0fe50a732c07415896a25f1ce0e0
