[INFO] fetching crate bevy_core 0.5.0...
[INFO] testing bevy_core-0.5.0 against beta-2021-08-01 for beta-1.55-1
[INFO] extracting crate bevy_core 0.5.0 into /workspace/builds/worker-95/source
[INFO] validating manifest of crates.io crate bevy_core 0.5.0 on toolchain beta-2021-08-01
[INFO] running `Command { std: "/workspace/cargo-home/bin/cargo" "+beta-2021-08-01" "metadata" "--manifest-path" "Cargo.toml" "--no-deps", kill_on_drop: false }`
[INFO] started tweaking crates.io crate bevy_core 0.5.0
[INFO] finished tweaking crates.io crate bevy_core 0.5.0
[INFO] tweaked toml for crates.io crate bevy_core 0.5.0 written to /workspace/builds/worker-95/source/Cargo.toml
[INFO] running `Command { std: "/workspace/cargo-home/bin/cargo" "+beta-2021-08-01" "generate-lockfile" "--manifest-path" "Cargo.toml" "-Zno-index-update", kill_on_drop: false }`
[INFO] [stderr]     Blocking waiting for file lock on package cache
[INFO] running `Command { std: "/workspace/cargo-home/bin/cargo" "+beta-2021-08-01" "fetch" "--manifest-path" "Cargo.toml", kill_on_drop: false }`
[INFO] [stderr]     Blocking waiting for file lock on package cache
[INFO] [stderr]     Blocking waiting for file lock on package cache
[INFO] running `Command { std: "docker" "create" "-v" "/var/lib/crater-agent-workspace/builds/worker-95/target:/opt/rustwide/target:rw,Z" "-v" "/var/lib/crater-agent-workspace/builds/worker-95/source:/opt/rustwide/workdir:ro,Z" "-v" "/var/lib/crater-agent-workspace/cargo-home:/opt/rustwide/cargo-home:ro,Z" "-v" "/var/lib/crater-agent-workspace/rustup-home:/opt/rustwide/rustup-home:ro,Z" "-e" "SOURCE_DIR=/opt/rustwide/workdir" "-e" "CARGO_TARGET_DIR=/opt/rustwide/target" "-e" "CARGO_HOME=/opt/rustwide/cargo-home" "-e" "RUSTUP_HOME=/opt/rustwide/rustup-home" "-w" "/opt/rustwide/workdir" "-m" "1610612736" "--user" "0:0" "--network" "none" "ghcr.io/rust-lang/crates-build-env/linux@sha256:34b6a614d2c27851fe6cbf88fbd1137609cefab8b10d0615aaeb6fd47975d74e" "/opt/rustwide/cargo-home/bin/cargo" "+beta-2021-08-01" "metadata" "--no-deps" "--format-version=1", kill_on_drop: false }`
[INFO] [stdout] 5a12d498dfb4329b28c0ed123b8927846a5aafb2fced533c63f1a25c5c923838
[INFO] running `Command { std: "docker" "start" "-a" "5a12d498dfb4329b28c0ed123b8927846a5aafb2fced533c63f1a25c5c923838", kill_on_drop: false }`
[INFO] running `Command { std: "docker" "inspect" "5a12d498dfb4329b28c0ed123b8927846a5aafb2fced533c63f1a25c5c923838", kill_on_drop: false }`
[INFO] running `Command { std: "docker" "rm" "-f" "5a12d498dfb4329b28c0ed123b8927846a5aafb2fced533c63f1a25c5c923838", kill_on_drop: false }`
[INFO] [stdout] 5a12d498dfb4329b28c0ed123b8927846a5aafb2fced533c63f1a25c5c923838
[INFO] running `Command { std: "docker" "create" "-v" "/var/lib/crater-agent-workspace/builds/worker-95/target:/opt/rustwide/target:rw,Z" "-v" "/var/lib/crater-agent-workspace/builds/worker-95/source:/opt/rustwide/workdir:ro,Z" "-v" "/var/lib/crater-agent-workspace/cargo-home:/opt/rustwide/cargo-home:ro,Z" "-v" "/var/lib/crater-agent-workspace/rustup-home:/opt/rustwide/rustup-home:ro,Z" "-e" "SOURCE_DIR=/opt/rustwide/workdir" "-e" "CARGO_TARGET_DIR=/opt/rustwide/target" "-e" "CARGO_INCREMENTAL=0" "-e" "RUST_BACKTRACE=full" "-e" "RUSTFLAGS=--cap-lints=warn" "-e" "CARGO_HOME=/opt/rustwide/cargo-home" "-e" "RUSTUP_HOME=/opt/rustwide/rustup-home" "-w" "/opt/rustwide/workdir" "-m" "1610612736" "--user" "0:0" "--network" "none" "ghcr.io/rust-lang/crates-build-env/linux@sha256:34b6a614d2c27851fe6cbf88fbd1137609cefab8b10d0615aaeb6fd47975d74e" "/opt/rustwide/cargo-home/bin/cargo" "+beta-2021-08-01" "build" "--frozen" "--message-format=json", kill_on_drop: false }`
[INFO] [stdout] 1b557a6dbc894ac5e4e1c7a4b03f017b1becccdb0ab669a34a04628d945bd2d2
[INFO] running `Command { std: "docker" "start" "-a" "1b557a6dbc894ac5e4e1c7a4b03f017b1becccdb0ab669a34a04628d945bd2d2", kill_on_drop: false }`
[INFO] [stderr]     Blocking waiting for file lock on package cache
[INFO] [stderr]    Compiling proc-macro2 v1.0.28
[INFO] [stderr]    Compiling unicode-xid v0.2.2
[INFO] [stderr]    Compiling syn v1.0.74
[INFO] [stderr]    Compiling serde_derive v1.0.127
[INFO] [stderr]    Compiling serde v1.0.127
[INFO] [stderr]    Compiling pin-project-lite v0.2.7
[INFO] [stderr]    Compiling once_cell v1.8.0
[INFO] [stderr]    Compiling futures-core v0.3.16
[INFO] [stderr]    Compiling cache-padded v1.1.1
[INFO] [stderr]    Compiling erased-serde v0.3.16
[INFO] [stderr]    Compiling parking v2.0.0
[INFO] [stderr]    Compiling futures-io v0.3.16
[INFO] [stderr]    Compiling fastrand v1.5.0
[INFO] [stderr]    Compiling waker-fn v1.1.0
[INFO] [stderr]    Compiling ppv-lite86 v0.2.10
[INFO] [stderr]    Compiling bitflags v1.2.1
[INFO] [stderr]    Compiling async-task v4.0.3
[INFO] [stderr]    Compiling event-listener v2.5.1
[INFO] [stderr]    Compiling downcast-rs v1.2.0
[INFO] [stderr]    Compiling Inflector v0.11.4
[INFO] [stderr]    Compiling fixedbitset v0.4.0
[INFO] [stderr]    Compiling instant v0.1.10
[INFO] [stderr]    Compiling ahash v0.7.4
[INFO] [stderr]    Compiling tracing-core v0.1.18
[INFO] [stderr]    Compiling lock_api v0.4.4
[INFO] [stderr]    Compiling fxhash v0.2.1
[INFO] [stderr]    Compiling getrandom v0.2.3
[INFO] [stderr]    Compiling concurrent-queue v1.2.2
[INFO] [stderr]    Compiling rand_core v0.6.3
[INFO] [stderr]    Compiling futures-lite v1.12.0
[INFO] [stderr]    Compiling async-channel v1.6.1
[INFO] [stderr]    Compiling rand_chacha v0.3.1
[INFO] [stderr]    Compiling rand v0.8.4
[INFO] [stderr]    Compiling quote v1.0.9
[INFO] [stderr]    Compiling async-executor v1.4.1
[INFO] [stderr]    Compiling bevy_tasks v0.5.0
[INFO] [stderr]    Compiling tracing-attributes v0.1.15
[INFO] [stderr]    Compiling thiserror-impl v1.0.26
[INFO] [stderr]    Compiling tracing v0.1.26
[INFO] [stderr]    Compiling thiserror v1.0.26
[INFO] [stderr]    Compiling toml v0.5.8
[INFO] [stderr]    Compiling smallvec v1.6.1
[INFO] [stderr]    Compiling uuid v0.8.2
[INFO] [stderr]    Compiling glam v0.13.1
[INFO] [stderr]    Compiling parking_lot_core v0.8.3
[INFO] [stderr]    Compiling bevy_utils v0.5.0
[INFO] [stderr]    Compiling parking_lot v0.11.1
[INFO] [stderr]    Compiling find-crate v0.6.3
[INFO] [stderr]    Compiling bevy_reflect_derive v0.5.0
[INFO] [stderr]    Compiling bevy_ecs_macros v0.5.0
[INFO] [stderr]    Compiling bevy_derive v0.5.0
[INFO] [stderr]    Compiling bevy_reflect v0.5.0
[INFO] [stderr]    Compiling bevy_ecs v0.5.0
[INFO] [stderr]    Compiling bevy_math v0.5.0
[INFO] [stderr]    Compiling bevy_app v0.5.0
[INFO] [stderr]    Compiling bevy_core v0.5.0 (/opt/rustwide/workdir)
[INFO] [stderr]     Finished dev [unoptimized + debuginfo] target(s) in 43.15s
[INFO] running `Command { std: "docker" "inspect" "1b557a6dbc894ac5e4e1c7a4b03f017b1becccdb0ab669a34a04628d945bd2d2", kill_on_drop: false }`
[INFO] running `Command { std: "docker" "rm" "-f" "1b557a6dbc894ac5e4e1c7a4b03f017b1becccdb0ab669a34a04628d945bd2d2", kill_on_drop: false }`
[INFO] [stdout] 1b557a6dbc894ac5e4e1c7a4b03f017b1becccdb0ab669a34a04628d945bd2d2
[INFO] running `Command { std: "docker" "create" "-v" "/var/lib/crater-agent-workspace/builds/worker-95/target:/opt/rustwide/target:rw,Z" "-v" "/var/lib/crater-agent-workspace/builds/worker-95/source:/opt/rustwide/workdir:ro,Z" "-v" "/var/lib/crater-agent-workspace/cargo-home:/opt/rustwide/cargo-home:ro,Z" "-v" "/var/lib/crater-agent-workspace/rustup-home:/opt/rustwide/rustup-home:ro,Z" "-e" "SOURCE_DIR=/opt/rustwide/workdir" "-e" "CARGO_TARGET_DIR=/opt/rustwide/target" "-e" "CARGO_INCREMENTAL=0" "-e" "RUST_BACKTRACE=full" "-e" "RUSTFLAGS=--cap-lints=warn" "-e" "CARGO_HOME=/opt/rustwide/cargo-home" "-e" "RUSTUP_HOME=/opt/rustwide/rustup-home" "-w" "/opt/rustwide/workdir" "-m" "1610612736" "--user" "0:0" "--network" "none" "ghcr.io/rust-lang/crates-build-env/linux@sha256:34b6a614d2c27851fe6cbf88fbd1137609cefab8b10d0615aaeb6fd47975d74e" "/opt/rustwide/cargo-home/bin/cargo" "+beta-2021-08-01" "test" "--frozen" "--no-run" "--message-format=json", kill_on_drop: false }`
[INFO] [stdout] b6be63cc26476308bcb6e2777856b3b9bb16d0e54c9c1191822f981958cdfa34
[INFO] running `Command { std: "docker" "start" "-a" "b6be63cc26476308bcb6e2777856b3b9bb16d0e54c9c1191822f981958cdfa34", kill_on_drop: false }`
[INFO] [stderr]     Blocking waiting for file lock on package cache
[INFO] [stderr]    Compiling bevy_core v0.5.0 (/opt/rustwide/workdir)
[INFO] [stderr]     Finished test [unoptimized + debuginfo] target(s) in 4.04s
[INFO] running `Command { std: "docker" "inspect" "b6be63cc26476308bcb6e2777856b3b9bb16d0e54c9c1191822f981958cdfa34", kill_on_drop: false }`
[INFO] running `Command { std: "docker" "rm" "-f" "b6be63cc26476308bcb6e2777856b3b9bb16d0e54c9c1191822f981958cdfa34", kill_on_drop: false }`
[INFO] [stdout] b6be63cc26476308bcb6e2777856b3b9bb16d0e54c9c1191822f981958cdfa34
[INFO] running `Command { std: "docker" "create" "-v" "/var/lib/crater-agent-workspace/builds/worker-95/target:/opt/rustwide/target:rw,Z" "-v" "/var/lib/crater-agent-workspace/builds/worker-95/source:/opt/rustwide/workdir:ro,Z" "-v" "/var/lib/crater-agent-workspace/cargo-home:/opt/rustwide/cargo-home:ro,Z" "-v" "/var/lib/crater-agent-workspace/rustup-home:/opt/rustwide/rustup-home:ro,Z" "-e" "SOURCE_DIR=/opt/rustwide/workdir" "-e" "CARGO_TARGET_DIR=/opt/rustwide/target" "-e" "CARGO_INCREMENTAL=0" "-e" "RUST_BACKTRACE=full" "-e" "RUSTFLAGS=--cap-lints=warn" "-e" "CARGO_HOME=/opt/rustwide/cargo-home" "-e" "RUSTUP_HOME=/opt/rustwide/rustup-home" "-w" "/opt/rustwide/workdir" "-m" "1610612736" "--user" "0:0" "--network" "none" "ghcr.io/rust-lang/crates-build-env/linux@sha256:34b6a614d2c27851fe6cbf88fbd1137609cefab8b10d0615aaeb6fd47975d74e" "/opt/rustwide/cargo-home/bin/cargo" "+beta-2021-08-01" "test" "--frozen", kill_on_drop: false }`
[INFO] [stdout] 6a4679eae7c7c57386c227b5b42b18863b85f86678d1e91d7f91f36797547744
[INFO] running `Command { std: "docker" "start" "-a" "6a4679eae7c7c57386c227b5b42b18863b85f86678d1e91d7f91f36797547744", kill_on_drop: false }`
[INFO] [stderr]     Blocking waiting for file lock on package cache
[INFO] [stderr]     Finished test [unoptimized + debuginfo] target(s) in 1.20s
[INFO] [stderr]      Running unittests (/opt/rustwide/target/debug/deps/bevy_core-107f69b9a7224242)
[INFO] [stdout] 
[INFO] [stdout] running 20 tests
[INFO] [stdout] test label::tests::remove_labels ... ok
[INFO] [stdout] test label::tests::add_labels ... ok
[INFO] [stdout] test bytes::tests::test_option_bytes_round_trip ... ok
[INFO] [stdout] test bytes::tests::test_vec3_round_trip ... ok
[INFO] [stdout] test bytes::tests::test_vec2_round_trip ... ok
[INFO] [stdout] test label::tests::adds_spawned_entity ... ok
[INFO] [stdout] test bytes::tests::test_vec_bytes_round_trip ... ok
[INFO] [stdout] test label::tests::adds_another_spawned_entity ... ok
[INFO] [stdout] test time::timer::tests::non_repeating_timer ... ok
[INFO] [stdout] test time::time::tests::update_test ... ok
[INFO] [stdout] test bytes::tests::test_u32_bytes_round_trip ... ok
[INFO] [stdout] test bytes::tests::test_f64_bytes_round_trip ... ok
[INFO] [stdout] test bytes::tests::test_mat4_round_trip ... ok
[INFO] [stdout] test bytes::tests::test_vec4_round_trip ... ok
[INFO] [stdout] test label::tests::removes_labels_when_component_removed ... ok
[INFO] [stdout] test time::timer::tests::times_finished ... ok
[INFO] [stdout] test time::timer::tests::times_finished_repeating ... ok
[INFO] [stdout] test time::timer::tests::repeating_timer ... ok
[INFO] [stdout] test label::tests::removes_despawned_entity ... ok
[INFO] [stdout] test label::tests::removes_despawned_entity_but_leaves_other ... ok
[INFO] [stdout] 
[INFO] [stdout] test result: ok. 20 passed; 0 failed; 0 ignored; 0 measured; 0 filtered out; finished in 0.03s
[INFO] [stdout] 
[INFO] [stderr]    Doc-tests bevy_core
[INFO] [stdout] 
[INFO] [stdout] running 26 tests
[INFO] [stdout] test src/time/stopwatch.rs - time::stopwatch::Stopwatch::pause (line 103) ... FAILED
[INFO] [stdout] test src/time/stopwatch.rs - time::stopwatch::Stopwatch::unpause (line 120) ... FAILED
[INFO] [stdout] test src/time/timer.rs - time::timer::Timer::reset (line 296) ... FAILED
[INFO] [stdout] test src/time/timer.rs - time::timer::Timer::elapsed (line 90) ... FAILED
[INFO] [stdout] test src/time/timer.rs - time::timer::Timer::percent (line 315) ... FAILED
[INFO] [stdout] test src/time/timer.rs - time::timer::Timer::unpause (line 257) ... FAILED
[INFO] [stdout] test src/time/timer.rs - time::timer::Timer::percent_left (line 330) ... FAILED
[INFO] [stdout] test src/time/timer.rs - time::timer::Timer::times_finished (line 349) ... FAILED
[INFO] [stdout] test src/time/stopwatch.rs - time::stopwatch::Stopwatch::reset (line 156) ... FAILED
[INFO] [stdout] test src/time/timer.rs - time::timer::Timer::set_elapsed (line 114) ... FAILED
[INFO] [stdout] test src/time/stopwatch.rs - time::stopwatch::Stopwatch::tick (line 85) ... FAILED
[INFO] [stdout] test src/time/timer.rs - time::timer::Timer::pause (line 239) ... FAILED
[INFO] [stdout] test src/time/stopwatch.rs - time::stopwatch::Stopwatch::new (line 34) ... FAILED
[INFO] [stdout] test src/time/stopwatch.rs - time::stopwatch::Stopwatch::set_elapsed (line 68) ... FAILED
[INFO] [stdout] test src/time/timer.rs - time::timer::Timer::set_duration (line 145) ... FAILED
[INFO] [stdout] test src/time/timer.rs - time::timer::Timer::duration (line 131) ... FAILED
[INFO] [stdout] test src/time/stopwatch.rs - time::stopwatch::Stopwatch (line 9) ... FAILED
[INFO] [stdout] test src/time/stopwatch.rs - time::stopwatch::Stopwatch::elapsed (line 48) ... FAILED
[INFO] [stdout] test src/time/timer.rs - time::timer::Timer::tick (line 195) ... FAILED
[INFO] [stdout] test src/time/timer.rs - time::timer::Timer::finished (line 53) ... FAILED
[INFO] [stdout] test src/time/timer.rs - time::timer::Timer::paused (line 277) ... FAILED
[INFO] [stdout] test src/time/timer.rs - time::timer::Timer::set_repeating (line 173) ... FAILED
[INFO] [stdout] test src/time/timer.rs - time::timer::Timer::just_finished (line 70) ... FAILED
[INFO] [stdout] test src/time/stopwatch.rs - time::stopwatch::Stopwatch::paused (line 139) ... FAILED
[INFO] [stdout] test src/time/timer.rs - time::timer::Timer::repeating (line 160) ... FAILED
[INFO] [stdout] test src/time/timer.rs - time::timer::Timer::from_seconds (line 38) ... FAILED
[INFO] [stdout] 
[INFO] [stdout] failures:
[INFO] [stdout] 
[INFO] [stdout] ---- src/time/stopwatch.rs - time::stopwatch::Stopwatch::pause (line 103) stdout ----
[INFO] [stdout] Couldn't compile the test.
[INFO] [stdout] ---- src/time/stopwatch.rs - time::stopwatch::Stopwatch::unpause (line 120) stdout ----
[INFO] [stdout] Couldn't compile the test.
[INFO] [stdout] ---- src/time/timer.rs - time::timer::Timer::reset (line 296) stdout ----
[INFO] [stdout] Couldn't compile the test.
[INFO] [stdout] ---- src/time/timer.rs - time::timer::Timer::elapsed (line 90) stdout ----
[INFO] [stdout] Couldn't compile the test.
[INFO] [stdout] ---- src/time/timer.rs - time::timer::Timer::percent (line 315) stdout ----
[INFO] [stdout] Couldn't compile the test.
[INFO] [stdout] ---- src/time/timer.rs - time::timer::Timer::unpause (line 257) stdout ----
[INFO] [stdout] Couldn't compile the test.
[INFO] [stdout] ---- src/time/timer.rs - time::timer::Timer::percent_left (line 330) stdout ----
[INFO] [stdout] Couldn't compile the test.
[INFO] [stdout] ---- src/time/timer.rs - time::timer::Timer::times_finished (line 349) stdout ----
[INFO] [stdout] Couldn't compile the test.
[INFO] [stdout] ---- src/time/stopwatch.rs - time::stopwatch::Stopwatch::reset (line 156) stdout ----
[INFO] [stdout] Couldn't compile the test.
[INFO] [stdout] ---- src/time/timer.rs - time::timer::Timer::set_elapsed (line 114) stdout ----
[INFO] [stdout] Couldn't compile the test.
[INFO] [stdout] ---- src/time/stopwatch.rs - time::stopwatch::Stopwatch::tick (line 85) stdout ----
[INFO] [stdout] Couldn't compile the test.
[INFO] [stdout] ---- src/time/timer.rs - time::timer::Timer::pause (line 239) stdout ----
[INFO] [stdout] Couldn't compile the test.
[INFO] [stdout] ---- src/time/stopwatch.rs - time::stopwatch::Stopwatch::new (line 34) stdout ----
[INFO] [stdout] Couldn't compile the test.
[INFO] [stdout] ---- src/time/stopwatch.rs - time::stopwatch::Stopwatch::set_elapsed (line 68) stdout ----
[INFO] [stdout] Couldn't compile the test.
[INFO] [stdout] ---- src/time/timer.rs - time::timer::Timer::set_duration (line 145) stdout ----
[INFO] [stdout] Couldn't compile the test.
[INFO] [stdout] ---- src/time/timer.rs - time::timer::Timer::duration (line 131) stdout ----
[INFO] [stdout] Couldn't compile the test.
[INFO] [stdout] ---- src/time/stopwatch.rs - time::stopwatch::Stopwatch (line 9) stdout ----
[INFO] [stdout] Couldn't compile the test.
[INFO] [stdout] ---- src/time/stopwatch.rs - time::stopwatch::Stopwatch::elapsed (line 48) stdout ----
[INFO] [stdout] Couldn't compile the test.
[INFO] [stdout] ---- src/time/timer.rs - time::timer::Timer::tick (line 195) stdout ----
[INFO] [stdout] Couldn't compile the test.
[INFO] [stdout] ---- src/time/timer.rs - time::timer::Timer::finished (line 53) stdout ----
[INFO] [stdout] Couldn't compile the test.
[INFO] [stdout] ---- src/time/timer.rs - time::timer::Timer::paused (line 277) stdout ----
[INFO] [stdout] Couldn't compile the test.
[INFO] [stdout] ---- src/time/timer.rs - time::timer::Timer::set_repeating (line 173) stdout ----
[INFO] [stdout] Couldn't compile the test.
[INFO] [stdout] ---- src/time/timer.rs - time::timer::Timer::just_finished (line 70) stdout ----
[INFO] [stdout] Couldn't compile the test.
[INFO] [stdout] ---- src/time/stopwatch.rs - time::stopwatch::Stopwatch::paused (line 139) stdout ----
[INFO] [stdout] Couldn't compile the test.
[INFO] [stdout] ---- src/time/timer.rs - time::timer::Timer::repeating (line 160) stdout ----
[INFO] [stdout] Couldn't compile the test.
[INFO] [stdout] ---- src/time/timer.rs - time::timer::Timer::from_seconds (line 38) stdout ----
[INFO] [stdout] Couldn't compile the test.
[INFO] [stdout] 
[INFO] [stdout] failures:
[INFO] [stdout]     src/time/stopwatch.rs - time::stopwatch::Stopwatch (line 9)
[INFO] [stdout]     src/time/stopwatch.rs - time::stopwatch::Stopwatch::elapsed (line 48)
[INFO] [stdout]     src/time/stopwatch.rs - time::stopwatch::Stopwatch::new (line 34)
[INFO] [stdout]     src/time/stopwatch.rs - time::stopwatch::Stopwatch::pause (line 103)
[INFO] [stdout]     src/time/stopwatch.rs - time::stopwatch::Stopwatch::paused (line 139)
[INFO] [stdout]     src/time/stopwatch.rs - time::stopwatch::Stopwatch::reset (line 156)
[INFO] [stdout]     src/time/stopwatch.rs - time::stopwatch::Stopwatch::set_elapsed (line 68)
[INFO] [stdout]     src/time/stopwatch.rs - time::stopwatch::Stopwatch::tick (line 85)
[INFO] [stdout]     src/time/stopwatch.rs - time::stopwatch::Stopwatch::unpause (line 120)
[INFO] [stdout]     src/time/timer.rs - time::timer::Timer::duration (line 131)
[INFO] [stdout]     src/time/timer.rs - time::timer::Timer::elapsed (line 90)
[INFO] [stdout]     src/time/timer.rs - time::timer::Timer::finished (line 53)
[INFO] [stdout]     src/time/timer.rs - time::timer::Timer::from_seconds (line 38)
[INFO] [stdout]     src/time/timer.rs - time::timer::Timer::just_finished (line 70)
[INFO] [stdout]     src/time/timer.rs - time::timer::Timer::pause (line 239)
[INFO] [stdout]     src/time/timer.rs - time::timer::Timer::paused (line 277)
[INFO] [stdout]     src/time/timer.rs - time::timer::Timer::percent (line 315)
[INFO] [stdout]     src/time/timer.rs - time::timer::Timer::percent_left (line 330)
[INFO] [stdout]     src/time/timer.rs - time::timer::Timer::repeating (line 160)
[INFO] [stdout]     src/time/timer.rs - time::timer::Timer::reset (line 296)
[INFO] [stdout]     src/time/timer.rs - time::timer::Timer::set_duration (line 145)
[INFO] [stdout]     src/time/timer.rs - time::timer::Timer::set_elapsed (line 114)
[INFO] [stdout]     src/time/timer.rs - time::timer::Timer::set_repeating (line 173)
[INFO] [stdout]     src/time/timer.rs - time::timer::Timer::tick (line 195)
[INFO] [stdout]     src/time/timer.rs - time::timer::Timer::times_finished (line 349)
[INFO] [stdout]     src/time/timer.rs - time::timer::Timer::unpause (line 257)
[INFO] [stdout] 
[INFO] [stdout] test result: FAILED. 0 passed; 26 failed; 0 ignored; 0 measured; 0 filtered out; finished in 3.17s
[INFO] [stdout] 
[INFO] [stderr] error: test failed, to rerun pass '--doc'
[INFO] running `Command { std: "docker" "inspect" "6a4679eae7c7c57386c227b5b42b18863b85f86678d1e91d7f91f36797547744", kill_on_drop: false }`
[INFO] running `Command { std: "docker" "rm" "-f" "6a4679eae7c7c57386c227b5b42b18863b85f86678d1e91d7f91f36797547744", kill_on_drop: false }`
[INFO] [stdout] 6a4679eae7c7c57386c227b5b42b18863b85f86678d1e91d7f91f36797547744
