[INFO] fetching crate better-rs 0.1.7...
[INFO] testing better-rs-0.1.7 against 1.54.0 for beta-1.55-1
[INFO] extracting crate better-rs 0.1.7 into /workspace/builds/worker-61/source
[INFO] validating manifest of crates.io crate better-rs 0.1.7 on toolchain 1.54.0
[INFO] running `Command { std: "/workspace/cargo-home/bin/cargo" "+1.54.0" "metadata" "--manifest-path" "Cargo.toml" "--no-deps", kill_on_drop: false }`
[INFO] started tweaking crates.io crate better-rs 0.1.7
[INFO] finished tweaking crates.io crate better-rs 0.1.7
[INFO] tweaked toml for crates.io crate better-rs 0.1.7 written to /workspace/builds/worker-61/source/Cargo.toml
[INFO] running `Command { std: "/workspace/cargo-home/bin/cargo" "+1.54.0" "generate-lockfile" "--manifest-path" "Cargo.toml" "-Zno-index-update", kill_on_drop: false }`
[INFO] [stderr]     Blocking waiting for file lock on package cache
[INFO] running `Command { std: "/workspace/cargo-home/bin/cargo" "+1.54.0" "fetch" "--manifest-path" "Cargo.toml", kill_on_drop: false }`
[INFO] [stderr]     Blocking waiting for file lock on package cache
[INFO] running `Command { std: "docker" "create" "-v" "/var/lib/crater-agent-workspace/builds/worker-61/target:/opt/rustwide/target:rw,Z" "-v" "/var/lib/crater-agent-workspace/builds/worker-61/source:/opt/rustwide/workdir:ro,Z" "-v" "/var/lib/crater-agent-workspace/cargo-home:/opt/rustwide/cargo-home:ro,Z" "-v" "/var/lib/crater-agent-workspace/rustup-home:/opt/rustwide/rustup-home:ro,Z" "-e" "SOURCE_DIR=/opt/rustwide/workdir" "-e" "CARGO_TARGET_DIR=/opt/rustwide/target" "-e" "CARGO_HOME=/opt/rustwide/cargo-home" "-e" "RUSTUP_HOME=/opt/rustwide/rustup-home" "-w" "/opt/rustwide/workdir" "-m" "1610612736" "--user" "0:0" "--network" "none" "ghcr.io/rust-lang/crates-build-env/linux@sha256:34b6a614d2c27851fe6cbf88fbd1137609cefab8b10d0615aaeb6fd47975d74e" "/opt/rustwide/cargo-home/bin/cargo" "+1.54.0" "metadata" "--no-deps" "--format-version=1", kill_on_drop: false }`
[INFO] [stdout] f095e079e0b84f24f48e2b2a7d56c645e5412eea41068bcd9d5b55971a80616d
[INFO] running `Command { std: "docker" "start" "-a" "f095e079e0b84f24f48e2b2a7d56c645e5412eea41068bcd9d5b55971a80616d", kill_on_drop: false }`
[INFO] running `Command { std: "docker" "inspect" "f095e079e0b84f24f48e2b2a7d56c645e5412eea41068bcd9d5b55971a80616d", kill_on_drop: false }`
[INFO] running `Command { std: "docker" "rm" "-f" "f095e079e0b84f24f48e2b2a7d56c645e5412eea41068bcd9d5b55971a80616d", kill_on_drop: false }`
[INFO] [stdout] f095e079e0b84f24f48e2b2a7d56c645e5412eea41068bcd9d5b55971a80616d
[INFO] running `Command { std: "docker" "create" "-v" "/var/lib/crater-agent-workspace/builds/worker-61/target:/opt/rustwide/target:rw,Z" "-v" "/var/lib/crater-agent-workspace/builds/worker-61/source:/opt/rustwide/workdir:ro,Z" "-v" "/var/lib/crater-agent-workspace/cargo-home:/opt/rustwide/cargo-home:ro,Z" "-v" "/var/lib/crater-agent-workspace/rustup-home:/opt/rustwide/rustup-home:ro,Z" "-e" "SOURCE_DIR=/opt/rustwide/workdir" "-e" "CARGO_TARGET_DIR=/opt/rustwide/target" "-e" "CARGO_INCREMENTAL=0" "-e" "RUST_BACKTRACE=full" "-e" "RUSTFLAGS=--cap-lints=warn" "-e" "CARGO_HOME=/opt/rustwide/cargo-home" "-e" "RUSTUP_HOME=/opt/rustwide/rustup-home" "-w" "/opt/rustwide/workdir" "-m" "1610612736" "--user" "0:0" "--network" "none" "ghcr.io/rust-lang/crates-build-env/linux@sha256:34b6a614d2c27851fe6cbf88fbd1137609cefab8b10d0615aaeb6fd47975d74e" "/opt/rustwide/cargo-home/bin/cargo" "+1.54.0" "build" "--frozen" "--message-format=json", kill_on_drop: false }`
[INFO] [stdout] 9d9a928a65916cd63dd9e95b3a9732b9f52d476c8877f5711a8d265eb1037273
[INFO] running `Command { std: "docker" "start" "-a" "9d9a928a65916cd63dd9e95b3a9732b9f52d476c8877f5711a8d265eb1037273", kill_on_drop: false }`
[INFO] [stderr]    Compiling better-rs v0.1.7 (/opt/rustwide/workdir)
[INFO] [stderr]     Finished dev [unoptimized + debuginfo] target(s) in 1.02s
[INFO] running `Command { std: "docker" "inspect" "9d9a928a65916cd63dd9e95b3a9732b9f52d476c8877f5711a8d265eb1037273", kill_on_drop: false }`
[INFO] running `Command { std: "docker" "rm" "-f" "9d9a928a65916cd63dd9e95b3a9732b9f52d476c8877f5711a8d265eb1037273", kill_on_drop: false }`
[INFO] [stdout] 9d9a928a65916cd63dd9e95b3a9732b9f52d476c8877f5711a8d265eb1037273
[INFO] running `Command { std: "docker" "create" "-v" "/var/lib/crater-agent-workspace/builds/worker-61/target:/opt/rustwide/target:rw,Z" "-v" "/var/lib/crater-agent-workspace/builds/worker-61/source:/opt/rustwide/workdir:ro,Z" "-v" "/var/lib/crater-agent-workspace/cargo-home:/opt/rustwide/cargo-home:ro,Z" "-v" "/var/lib/crater-agent-workspace/rustup-home:/opt/rustwide/rustup-home:ro,Z" "-e" "SOURCE_DIR=/opt/rustwide/workdir" "-e" "CARGO_TARGET_DIR=/opt/rustwide/target" "-e" "CARGO_INCREMENTAL=0" "-e" "RUST_BACKTRACE=full" "-e" "RUSTFLAGS=--cap-lints=warn" "-e" "CARGO_HOME=/opt/rustwide/cargo-home" "-e" "RUSTUP_HOME=/opt/rustwide/rustup-home" "-w" "/opt/rustwide/workdir" "-m" "1610612736" "--user" "0:0" "--network" "none" "ghcr.io/rust-lang/crates-build-env/linux@sha256:34b6a614d2c27851fe6cbf88fbd1137609cefab8b10d0615aaeb6fd47975d74e" "/opt/rustwide/cargo-home/bin/cargo" "+1.54.0" "test" "--frozen" "--no-run" "--message-format=json", kill_on_drop: false }`
[INFO] [stdout] 5a7cc1f24aa3c44ae920fd0778b3d03e277abf6e864ffb8c346f4052a4062f82
[INFO] running `Command { std: "docker" "start" "-a" "5a7cc1f24aa3c44ae920fd0778b3d03e277abf6e864ffb8c346f4052a4062f82", kill_on_drop: false }`
[INFO] [stderr]    Compiling better-rs v0.1.7 (/opt/rustwide/workdir)
[INFO] [stderr]     Finished test [unoptimized + debuginfo] target(s) in 0.75s
[INFO] running `Command { std: "docker" "inspect" "5a7cc1f24aa3c44ae920fd0778b3d03e277abf6e864ffb8c346f4052a4062f82", kill_on_drop: false }`
[INFO] running `Command { std: "docker" "rm" "-f" "5a7cc1f24aa3c44ae920fd0778b3d03e277abf6e864ffb8c346f4052a4062f82", kill_on_drop: false }`
[INFO] [stdout] 5a7cc1f24aa3c44ae920fd0778b3d03e277abf6e864ffb8c346f4052a4062f82
[INFO] running `Command { std: "docker" "create" "-v" "/var/lib/crater-agent-workspace/builds/worker-61/target:/opt/rustwide/target:rw,Z" "-v" "/var/lib/crater-agent-workspace/builds/worker-61/source:/opt/rustwide/workdir:ro,Z" "-v" "/var/lib/crater-agent-workspace/cargo-home:/opt/rustwide/cargo-home:ro,Z" "-v" "/var/lib/crater-agent-workspace/rustup-home:/opt/rustwide/rustup-home:ro,Z" "-e" "SOURCE_DIR=/opt/rustwide/workdir" "-e" "CARGO_TARGET_DIR=/opt/rustwide/target" "-e" "CARGO_INCREMENTAL=0" "-e" "RUST_BACKTRACE=full" "-e" "RUSTFLAGS=--cap-lints=warn" "-e" "CARGO_HOME=/opt/rustwide/cargo-home" "-e" "RUSTUP_HOME=/opt/rustwide/rustup-home" "-w" "/opt/rustwide/workdir" "-m" "1610612736" "--user" "0:0" "--network" "none" "ghcr.io/rust-lang/crates-build-env/linux@sha256:34b6a614d2c27851fe6cbf88fbd1137609cefab8b10d0615aaeb6fd47975d74e" "/opt/rustwide/cargo-home/bin/cargo" "+1.54.0" "test" "--frozen", kill_on_drop: false }`
[INFO] [stdout] 3776aea5e862a3c73010a1a3d4896b2d3afc34133af458654e22a84ecf2c636d
[INFO] running `Command { std: "docker" "start" "-a" "3776aea5e862a3c73010a1a3d4896b2d3afc34133af458654e22a84ecf2c636d", kill_on_drop: false }`
[INFO] [stderr]     Finished test [unoptimized + debuginfo] target(s) in 0.07s
[INFO] [stderr]      Running unittests (/opt/rustwide/target/debug/deps/better_rs-68f859b1132257e9)
[INFO] [stdout] 
[INFO] [stderr]    Doc-tests better-rs
[INFO] [stdout] running 0 tests
[INFO] [stdout] 
[INFO] [stdout] test result: ok. 0 passed; 0 failed; 0 ignored; 0 measured; 0 filtered out; finished in 0.00s
[INFO] [stdout] 
[INFO] [stdout] 
[INFO] [stdout] running 4 tests
[INFO] [stdout] test src/math/sets.rs - math::sets::permutate (line 18) ... FAILED
[INFO] [stdout] test src/math/sets.rs - math::sets::get_tail (line 50) ... FAILED
[INFO] [stdout] test src/math/sets.rs - math::sets::prepend (line 5) ... FAILED
[INFO] [stdout] test src/fp/iter.rs - fp::iter::map (line 6) ... FAILED
[INFO] [stdout] 
[INFO] [stdout] failures:
[INFO] [stdout] 
[INFO] [stdout] ---- src/math/sets.rs - math::sets::permutate (line 18) stdout ----
[INFO] [stdout] error[E0425]: cannot find function `permutate` in this scope
[INFO] [stdout]  --> src/math/sets.rs:19:18
[INFO] [stdout]   |
[INFO] [stdout] 3 | println!("{:?}", permutate(&vec![1,2,3]));
[INFO] [stdout]   |                  ^^^^^^^^^ not found in this scope
[INFO] [stdout]   |
[INFO] [stdout] help: consider importing this function
[INFO] [stdout]   |
[INFO] [stdout] 2 | use better_rs::math::sets::permutate;
[INFO] [stdout]   |
[INFO] [stdout] 
[INFO] [stdout] error: aborting due to previous error
[INFO] [stdout] 
[INFO] [stdout] For more information about this error, try `rustc --explain E0425`.
[INFO] [stdout] Couldn't compile the test.
[INFO] [stdout] ---- src/math/sets.rs - math::sets::get_tail (line 50) stdout ----
[INFO] [stdout] error[E0425]: cannot find function `get_tail` in this scope
[INFO] [stdout]  --> src/math/sets.rs:51:12
[INFO] [stdout]   |
[INFO] [stdout] 3 | assert_eq!(get_tail(vec![1,2,3]), vec![2,3]);
[INFO] [stdout]   |            ^^^^^^^^ not found in this scope
[INFO] [stdout]   |
[INFO] [stdout] help: consider importing this function
[INFO] [stdout]   |
[INFO] [stdout] 2 | use better_rs::math::sets::get_tail;
[INFO] [stdout]   |
[INFO] [stdout] 
[INFO] [stdout] error: aborting due to previous error
[INFO] [stdout] 
[INFO] [stdout] For more information about this error, try `rustc --explain E0425`.
[INFO] [stdout] Couldn't compile the test.
[INFO] [stdout] ---- src/math/sets.rs - math::sets::prepend (line 5) stdout ----
[INFO] [stdout] error[E0425]: cannot find function `prepend` in this scope
[INFO] [stdout]  --> src/math/sets.rs:6:12
[INFO] [stdout]   |
[INFO] [stdout] 3 | assert_eq!(prepend(1, vec![2,3]), vec![1,2,3]);
[INFO] [stdout]   |            ^^^^^^^ not found in this scope
[INFO] [stdout]   |
[INFO] [stdout] help: consider importing this function
[INFO] [stdout]   |
[INFO] [stdout] 2 | use better_rs::math::sets::prepend;
[INFO] [stdout]   |
[INFO] [stdout] 
[INFO] [stdout] error: aborting due to previous error
[INFO] [stdout] 
[INFO] [stdout] For more information about this error, try `rustc --explain E0425`.
[INFO] [stdout] Couldn't compile the test.
[INFO] [stdout] ---- src/fp/iter.rs - fp::iter::map (line 6) stdout ----
[INFO] [stdout] error[E0425]: cannot find function `map` in this scope
[INFO] [stdout]  --> src/fp/iter.rs:9:12
[INFO] [stdout]   |
[INFO] [stdout] 5 | assert_eq!(map(f, v), vec![2,4,6]);
[INFO] [stdout]   |            ^^^ not found in this scope
[INFO] [stdout]   |
[INFO] [stdout] help: consider importing this function
[INFO] [stdout]   |
[INFO] [stdout] 2 | use better_rs::fp::iter::map;
[INFO] [stdout]   |
[INFO] [stdout] 
[INFO] [stdout] error: aborting due to previous error
[INFO] [stdout] 
[INFO] [stdout] For more information about this error, try `rustc --explain E0425`.
[INFO] [stdout] Couldn't compile the test.
[INFO] [stdout] 
[INFO] [stdout] failures:
[INFO] [stdout]     src/fp/iter.rs - fp::iter::map (line 6)
[INFO] [stdout]     src/math/sets.rs - math::sets::get_tail (line 50)
[INFO] [stdout]     src/math/sets.rs - math::sets::permutate (line 18)
[INFO] [stdout]     src/math/sets.rs - math::sets::prepend (line 5)
[INFO] [stdout] 
[INFO] [stdout] test result: FAILED. 0 passed; 4 failed; 0 ignored; 0 measured; 0 filtered out; finished in 0.08s
[INFO] [stdout] 
[INFO] [stderr] error: test failed, to rerun pass '--doc'
[INFO] running `Command { std: "docker" "inspect" "3776aea5e862a3c73010a1a3d4896b2d3afc34133af458654e22a84ecf2c636d", kill_on_drop: false }`
[INFO] running `Command { std: "docker" "rm" "-f" "3776aea5e862a3c73010a1a3d4896b2d3afc34133af458654e22a84ecf2c636d", kill_on_drop: false }`
[INFO] [stdout] 3776aea5e862a3c73010a1a3d4896b2d3afc34133af458654e22a84ecf2c636d
