[INFO] fetching crate bdk 0.9.0...
[INFO] testing bdk-0.9.0 against beta-2021-08-01 for beta-1.55-1
[INFO] extracting crate bdk 0.9.0 into /workspace/builds/worker-116/source
[INFO] validating manifest of crates.io crate bdk 0.9.0 on toolchain beta-2021-08-01
[INFO] running `Command { std: "/workspace/cargo-home/bin/cargo" "+beta-2021-08-01" "metadata" "--manifest-path" "Cargo.toml" "--no-deps", kill_on_drop: false }`
[INFO] started tweaking crates.io crate bdk 0.9.0
[INFO] removed 0 missing examples
[INFO] finished tweaking crates.io crate bdk 0.9.0
[INFO] tweaked toml for crates.io crate bdk 0.9.0 written to /workspace/builds/worker-116/source/Cargo.toml
[INFO] crate crates.io crate bdk 0.9.0 already has a lockfile, it will not be regenerated
[INFO] running `Command { std: "/workspace/cargo-home/bin/cargo" "+beta-2021-08-01" "fetch" "--manifest-path" "Cargo.toml", kill_on_drop: false }`
[INFO] [stderr]     Blocking waiting for file lock on package cache
[INFO] [stderr]  Downloading crates ...
[INFO] [stderr]   Downloaded vcpkg v0.2.13
[INFO] [stderr]   Downloaded bitcoin_hashes v0.9.6
[INFO] [stderr]   Downloaded secp256k1 v0.20.2
[INFO] [stderr]   Downloaded base64-compat v1.0.0
[INFO] [stderr]   Downloaded rocksdb v0.14.0
[INFO] [stderr]   Downloaded hyper v0.14.9
[INFO] [stderr]   Downloaded bdk-macros v0.4.0
[INFO] [stderr]   Downloaded electrum-client v0.7.0
[INFO] [stderr]   Downloaded libc v0.2.96
[INFO] [stderr]   Downloaded bitcoinconsensus v0.19.0-3
[INFO] [stderr]   Downloaded bitcoind v0.10.0
[INFO] [stderr]   Downloaded librocksdb-sys v6.17.3
[INFO] running `Command { std: "docker" "create" "-v" "/var/lib/crater-agent-workspace/builds/worker-116/target:/opt/rustwide/target:rw,Z" "-v" "/var/lib/crater-agent-workspace/builds/worker-116/source:/opt/rustwide/workdir:ro,Z" "-v" "/var/lib/crater-agent-workspace/cargo-home:/opt/rustwide/cargo-home:ro,Z" "-v" "/var/lib/crater-agent-workspace/rustup-home:/opt/rustwide/rustup-home:ro,Z" "-e" "SOURCE_DIR=/opt/rustwide/workdir" "-e" "CARGO_TARGET_DIR=/opt/rustwide/target" "-e" "CARGO_HOME=/opt/rustwide/cargo-home" "-e" "RUSTUP_HOME=/opt/rustwide/rustup-home" "-w" "/opt/rustwide/workdir" "-m" "1610612736" "--user" "0:0" "--network" "none" "ghcr.io/rust-lang/crates-build-env/linux@sha256:34b6a614d2c27851fe6cbf88fbd1137609cefab8b10d0615aaeb6fd47975d74e" "/opt/rustwide/cargo-home/bin/cargo" "+beta-2021-08-01" "metadata" "--no-deps" "--format-version=1", kill_on_drop: false }`
[INFO] [stdout] e8783a2cd042e2e9eaf5f89d6140d4fe9fdb66d624ef52bc1a304e538b0f78b4
[INFO] running `Command { std: "docker" "start" "-a" "e8783a2cd042e2e9eaf5f89d6140d4fe9fdb66d624ef52bc1a304e538b0f78b4", kill_on_drop: false }`
[INFO] running `Command { std: "docker" "inspect" "e8783a2cd042e2e9eaf5f89d6140d4fe9fdb66d624ef52bc1a304e538b0f78b4", kill_on_drop: false }`
[INFO] running `Command { std: "docker" "rm" "-f" "e8783a2cd042e2e9eaf5f89d6140d4fe9fdb66d624ef52bc1a304e538b0f78b4", kill_on_drop: false }`
[INFO] [stdout] e8783a2cd042e2e9eaf5f89d6140d4fe9fdb66d624ef52bc1a304e538b0f78b4
[INFO] running `Command { std: "docker" "create" "-v" "/var/lib/crater-agent-workspace/builds/worker-116/target:/opt/rustwide/target:rw,Z" "-v" "/var/lib/crater-agent-workspace/builds/worker-116/source:/opt/rustwide/workdir:ro,Z" "-v" "/var/lib/crater-agent-workspace/cargo-home:/opt/rustwide/cargo-home:ro,Z" "-v" "/var/lib/crater-agent-workspace/rustup-home:/opt/rustwide/rustup-home:ro,Z" "-e" "SOURCE_DIR=/opt/rustwide/workdir" "-e" "CARGO_TARGET_DIR=/opt/rustwide/target" "-e" "CARGO_INCREMENTAL=0" "-e" "RUST_BACKTRACE=full" "-e" "RUSTFLAGS=--cap-lints=warn" "-e" "CARGO_HOME=/opt/rustwide/cargo-home" "-e" "RUSTUP_HOME=/opt/rustwide/rustup-home" "-w" "/opt/rustwide/workdir" "-m" "1610612736" "--user" "0:0" "--network" "none" "ghcr.io/rust-lang/crates-build-env/linux@sha256:34b6a614d2c27851fe6cbf88fbd1137609cefab8b10d0615aaeb6fd47975d74e" "/opt/rustwide/cargo-home/bin/cargo" "+beta-2021-08-01" "build" "--frozen" "--message-format=json", kill_on_drop: false }`
[INFO] [stdout] f4de491b8ebd38e6efa36956976cf9da5289c73676be05c3f0c733fc4a18d669
[INFO] running `Command { std: "docker" "start" "-a" "f4de491b8ebd38e6efa36956976cf9da5289c73676be05c3f0c733fc4a18d669", kill_on_drop: false }`
[INFO] [stderr]    Compiling libc v0.2.96
[INFO] [stderr]    Compiling cc v1.0.68
[INFO] [stderr]    Compiling proc-macro2 v1.0.27
[INFO] [stderr]    Compiling syn v1.0.72
[INFO] [stderr]    Compiling serde_derive v1.0.126
[INFO] [stderr]    Compiling serde v1.0.126
[INFO] [stderr]    Compiling untrusted v0.7.1
[INFO] [stderr]    Compiling spin v0.5.2
[INFO] [stderr]    Compiling once_cell v1.7.2
[INFO] [stderr]    Compiling getrandom v0.1.16
[INFO] [stderr]    Compiling log v0.4.14
[INFO] [stderr]    Compiling scopeguard v1.1.0
[INFO] [stderr]    Compiling crossbeam-utils v0.8.5
[INFO] [stderr]    Compiling ryu v1.0.5
[INFO] [stderr]    Compiling lazy_static v1.4.0
[INFO] [stderr]    Compiling bech32 v0.7.3
[INFO] [stderr]    Compiling smallvec v1.6.1
[INFO] [stderr]    Compiling serde_json v1.0.64
[INFO] [stderr]    Compiling crossbeam-epoch v0.9.5
[INFO] [stderr]    Compiling itoa v0.4.7
[INFO] [stderr]    Compiling ppv-lite86 v0.2.10
[INFO] [stderr]    Compiling pin-project-lite v0.2.6
[INFO] [stderr]    Compiling memoffset v0.6.4
[INFO] [stderr]    Compiling instant v0.1.9
[INFO] [stderr]    Compiling base64-compat v1.0.0
[INFO] [stderr]    Compiling tokio v1.6.1
[INFO] [stderr]    Compiling base64 v0.10.1
[INFO] [stderr]    Compiling fxhash v0.2.1
[INFO] [stderr]    Compiling lock_api v0.4.4
[INFO] [stderr]    Compiling ring v0.16.20
[INFO] [stderr]    Compiling secp256k1-sys v0.4.0
[INFO] [stderr]    Compiling parking_lot_core v0.8.3
[INFO] [stderr]    Compiling socks v0.3.3
[INFO] [stderr]    Compiling fs2 v0.4.3
[INFO] [stderr]    Compiling quote v1.0.9
[INFO] [stderr]    Compiling rand_core v0.5.1
[INFO] [stderr]    Compiling parking_lot v0.11.1
[INFO] [stderr]    Compiling rand_chacha v0.2.2
[INFO] [stderr]    Compiling rand v0.7.3
[INFO] [stderr]    Compiling sled v0.34.6
[INFO] [stderr]    Compiling webpki v0.21.4
[INFO] [stderr]    Compiling sct v0.6.1
[INFO] [stderr]    Compiling webpki-roots v0.19.0
[INFO] [stderr]    Compiling rustls v0.16.0
[INFO] [stderr]    Compiling bdk-macros v0.4.0
[INFO] [stderr]    Compiling secp256k1 v0.20.2
[INFO] [stderr]    Compiling bitcoin_hashes v0.9.6
[INFO] [stderr]    Compiling bitcoin v0.26.2
[INFO] [stderr]    Compiling electrum-client v0.7.0
[INFO] [stderr]    Compiling miniscript v5.1.0
[INFO] [stderr]    Compiling bdk v0.9.0 (/opt/rustwide/workdir)
[INFO] [stderr]     Finished dev [unoptimized + debuginfo] target(s) in 55.69s
[INFO] running `Command { std: "docker" "inspect" "f4de491b8ebd38e6efa36956976cf9da5289c73676be05c3f0c733fc4a18d669", kill_on_drop: false }`
[INFO] running `Command { std: "docker" "rm" "-f" "f4de491b8ebd38e6efa36956976cf9da5289c73676be05c3f0c733fc4a18d669", kill_on_drop: false }`
[INFO] [stdout] f4de491b8ebd38e6efa36956976cf9da5289c73676be05c3f0c733fc4a18d669
[INFO] running `Command { std: "docker" "create" "-v" "/var/lib/crater-agent-workspace/builds/worker-116/target:/opt/rustwide/target:rw,Z" "-v" "/var/lib/crater-agent-workspace/builds/worker-116/source:/opt/rustwide/workdir:ro,Z" "-v" "/var/lib/crater-agent-workspace/cargo-home:/opt/rustwide/cargo-home:ro,Z" "-v" "/var/lib/crater-agent-workspace/rustup-home:/opt/rustwide/rustup-home:ro,Z" "-e" "SOURCE_DIR=/opt/rustwide/workdir" "-e" "CARGO_TARGET_DIR=/opt/rustwide/target" "-e" "CARGO_INCREMENTAL=0" "-e" "RUST_BACKTRACE=full" "-e" "RUSTFLAGS=--cap-lints=warn" "-e" "CARGO_HOME=/opt/rustwide/cargo-home" "-e" "RUSTUP_HOME=/opt/rustwide/rustup-home" "-w" "/opt/rustwide/workdir" "-m" "1610612736" "--user" "0:0" "--network" "none" "ghcr.io/rust-lang/crates-build-env/linux@sha256:34b6a614d2c27851fe6cbf88fbd1137609cefab8b10d0615aaeb6fd47975d74e" "/opt/rustwide/cargo-home/bin/cargo" "+beta-2021-08-01" "test" "--frozen" "--no-run" "--message-format=json", kill_on_drop: false }`
[INFO] [stdout] 758ee1b68b3538a50856780c12b9f60fe44e45e957e31c519ccbccbe62231374
[INFO] running `Command { std: "docker" "start" "-a" "758ee1b68b3538a50856780c12b9f60fe44e45e957e31c519ccbccbe62231374", kill_on_drop: false }`
[INFO] [stderr]     Blocking waiting for file lock on package cache
[INFO] [stderr]     Blocking waiting for file lock on package cache
[INFO] [stderr]     Blocking waiting for file lock on package cache
[INFO] [stderr]    Compiling tinyvec_macros v0.1.0
[INFO] [stderr]    Compiling version_check v0.1.5
[INFO] [stderr]    Compiling matches v0.1.8
[INFO] [stderr]    Compiling httparse v1.4.1
[INFO] [stderr]    Compiling memchr v2.4.0
[INFO] [stderr]    Compiling safemem v0.3.3
[INFO] [stderr]    Compiling percent-encoding v1.0.1
[INFO] [stderr]    Compiling traitobject v0.1.0
[INFO] [stderr]    Compiling language-tags v0.2.2
[INFO] [stderr]    Compiling typeable v0.1.2
[INFO] [stderr]    Compiling hex v0.3.2
[INFO] [stderr]    Compiling cfg-if v0.1.10
[INFO] [stderr]    Compiling bitflags v1.2.1
[INFO] [stderr]    Compiling regex-syntax v0.6.25
[INFO] [stderr]    Compiling unicode-width v0.1.8
[INFO] [stderr]    Compiling remove_dir_all v0.5.3
[INFO] [stderr]    Compiling quick-error v1.2.3
[INFO] [stderr]    Compiling strsim v0.8.0
[INFO] [stderr]    Compiling ansi_term v0.11.0
[INFO] [stderr]    Compiling termcolor v1.1.2
[INFO] [stderr]    Compiling vec_map v0.8.2
[INFO] [stderr]    Compiling lock_api v0.3.4
[INFO] [stderr]    Compiling getrandom v0.2.3
[INFO] [stderr]    Compiling num_cpus v1.13.0
[INFO] [stderr]    Compiling time v0.1.43
[INFO] [stderr]    Compiling atty v0.2.14
[INFO] [stderr]    Compiling log v0.3.9
[INFO] [stderr]    Compiling serial_test_derive v0.4.0
[INFO] [stderr]    Compiling base64 v0.9.3
[INFO] [stderr]    Compiling parking_lot_core v0.7.2
[INFO] [stderr]    Compiling unicode-bidi v0.3.5
[INFO] [stderr]    Compiling tinyvec v1.2.0
[INFO] [stderr]    Compiling humantime v1.3.0
[INFO] [stderr]    Compiling rand_core v0.6.2
[INFO] [stderr]    Compiling mime v0.2.6
[INFO] [stderr]    Compiling textwrap v0.11.0
[INFO] [stderr]    Compiling bitcoincore-rpc-json v0.13.0
[INFO] [stderr]    Compiling parking_lot v0.10.2
[INFO] [stderr]    Compiling rand_chacha v0.3.0
[INFO] [stderr]    Compiling unicase v1.4.2
[INFO] [stderr]    Compiling clap v2.33.3
[INFO] [stderr]    Compiling aho-corasick v0.7.18
[INFO] [stderr]    Compiling unicode-normalization v0.1.19
[INFO] [stderr]    Compiling rand v0.8.3
[INFO] [stderr]    Compiling serial_test v0.4.0
[INFO] [stderr]    Compiling tempfile v3.2.0
[INFO] [stderr]    Compiling idna v0.1.5
[INFO] [stderr]    Compiling regex v1.5.4
[INFO] [stderr]    Compiling url v1.7.2
[INFO] [stderr]    Compiling hyper v0.10.16
[INFO] [stderr]    Compiling env_logger v0.7.1
[INFO] [stderr]    Compiling jsonrpc v0.11.0
[INFO] [stderr]    Compiling bitcoincore-rpc v0.13.0
[INFO] [stderr]    Compiling bitcoind v0.10.0
[INFO] [stderr]    Compiling bdk v0.9.0 (/opt/rustwide/workdir)
[INFO] [stderr]     Finished test [unoptimized + debuginfo] target(s) in 33.40s
[INFO] running `Command { std: "docker" "inspect" "758ee1b68b3538a50856780c12b9f60fe44e45e957e31c519ccbccbe62231374", kill_on_drop: false }`
[INFO] running `Command { std: "docker" "rm" "-f" "758ee1b68b3538a50856780c12b9f60fe44e45e957e31c519ccbccbe62231374", kill_on_drop: false }`
[INFO] [stdout] 758ee1b68b3538a50856780c12b9f60fe44e45e957e31c519ccbccbe62231374
[INFO] running `Command { std: "docker" "create" "-v" "/var/lib/crater-agent-workspace/builds/worker-116/target:/opt/rustwide/target:rw,Z" "-v" "/var/lib/crater-agent-workspace/builds/worker-116/source:/opt/rustwide/workdir:ro,Z" "-v" "/var/lib/crater-agent-workspace/cargo-home:/opt/rustwide/cargo-home:ro,Z" "-v" "/var/lib/crater-agent-workspace/rustup-home:/opt/rustwide/rustup-home:ro,Z" "-e" "SOURCE_DIR=/opt/rustwide/workdir" "-e" "CARGO_TARGET_DIR=/opt/rustwide/target" "-e" "CARGO_INCREMENTAL=0" "-e" "RUST_BACKTRACE=full" "-e" "RUSTFLAGS=--cap-lints=warn" "-e" "CARGO_HOME=/opt/rustwide/cargo-home" "-e" "RUSTUP_HOME=/opt/rustwide/rustup-home" "-w" "/opt/rustwide/workdir" "-m" "1610612736" "--user" "0:0" "--network" "none" "ghcr.io/rust-lang/crates-build-env/linux@sha256:34b6a614d2c27851fe6cbf88fbd1137609cefab8b10d0615aaeb6fd47975d74e" "/opt/rustwide/cargo-home/bin/cargo" "+beta-2021-08-01" "test" "--frozen", kill_on_drop: false }`
[INFO] [stdout] 4818c8acff29d121c5722937ecee780989f9216d26b64836e319738d8c285c6b
[INFO] running `Command { std: "docker" "start" "-a" "4818c8acff29d121c5722937ecee780989f9216d26b64836e319738d8c285c6b", kill_on_drop: false }`
[INFO] [stderr]     Finished test [unoptimized + debuginfo] target(s) in 0.25s
[INFO] [stderr]      Running unittests (/opt/rustwide/target/debug/deps/bdk-fcb5312c6dcdcc23)
[INFO] [stdout] 
[INFO] [stdout] running 203 tests
[INFO] [stdout] test database::memory::test::test_utxo ... ok
[INFO] [stdout] test descriptor::checksum::test::test_get_checksum ... ok
[INFO] [stdout] test database::memory::test::test_tx ... ok
[INFO] [stdout] test descriptor::policy::test::test_extract_policy_for_multiple_same_timelocks ... ignored
[INFO] [stdout] test descriptor::policy::test::test_extract_policy_for_sh_multi_complete_1of2 ... ignored
[INFO] [stdout] test descriptor::policy::test::test_extract_policy_for_single_wsh_multi_complete_1of2 ... ignored
[INFO] [stdout] test descriptor::policy::test::test_extract_policy_for_wsh_mixed_timelocks ... ignored
[INFO] [stdout] test descriptor::policy::test::test_extract_policy_for_wsh_multi_timelock ... ignored
[INFO] [stdout] test database::memory::test::test_raw_tx ... ok
[INFO] [stdout] test database::memory::test::test_last_index ... ok
[INFO] [stdout] test descriptor::checksum::test::test_get_checksum_invalid_character ... ok
[INFO] [stdout] test database::memory::test::test_script_pubkey ... ok
[INFO] [stdout] test database::memory::test::test_del_script_pubkey ... ok
[INFO] [stdout] test keys::test::test_keys_generate_wif ... ok
[INFO] [stdout] test keys::test::test_keys_generate_xprv ... ok
[INFO] [stdout] test database::memory::test::test_iter_script_pubkey ... ok
[INFO] [stdout] test database::memory::test::test_batch_script_pubkey ... ok
[INFO] [stdout] test wallet::coin_selection::test::test_bnb_function_almost_exact_match_with_fees ... ok
[INFO] [stdout] test wallet::coin_selection::test::test_bnb_coin_selection_success ... ok
[INFO] [stdout] test wallet::coin_selection::test::test_bnb_coin_selection_check_fee_rate ... ok
[INFO] [stdout] test wallet::export::test::test_export_from_json ... ok
[INFO] [stdout] test types::tests::can_store_feerate_in_const ... ok
[INFO] [stdout] test wallet::coin_selection::test::test_largest_first_coin_selection_use_all ... ok
[INFO] [stdout] test wallet::coin_selection::test::test_largest_first_coin_selection_success ... ok
[INFO] [stdout] test wallet::coin_selection::test::test_largest_first_coin_selection_use_only_necessary ... ok
[INFO] [stdout] test wallet::coin_selection::test::test_bnb_coin_selection_exact_match ... ok
[INFO] [stdout] test wallet::coin_selection::test::test_bnb_coin_selection_required_are_enough ... ok
[INFO] [stdout] test wallet::coin_selection::test::test_bnb_coin_selection_optional_are_enough ... ok
[INFO] [stdout] test wallet::coin_selection::test::test_single_random_draw_function_success ... ok
[INFO] [stdout] test descriptor::test::test_into_wallet_descriptor_checked ... ok
[INFO] [stdout] test wallet::coin_selection::test::test_bnb_function_exact_match_more_utxos ... ok
[INFO] [stdout] test descriptor::test::test_derive_from_psbt_input_sh ... ok
[INFO] [stdout] test descriptor::dsl::test::test_script_context_validation ... ok
[INFO] [stdout] test wallet::test::test_create_tx_absolute_fee ... ok
[INFO] [stdout] test wallet::coin_selection::test::test_bnb_coin_selection_insufficient_funds_high_fees - should panic ... ok
[INFO] [stdout] test wallet::coin_selection::test::test_bnb_coin_selection_insufficient_funds - should panic ... ok
[INFO] [stdout] test wallet::coin_selection::test::test_largest_first_coin_selection_insufficient_funds - should panic ... ok
[INFO] [stdout] test wallet::coin_selection::test::test_bnb_function_no_exact_match - should panic ... ok
[INFO] [stdout] test wallet::coin_selection::test::test_largest_first_coin_selection_insufficient_funds_high_fees - should panic ... ok
[INFO] [stdout] test wallet::test::test_create_tx_absolute_high_fee - should panic ... ok
[INFO] [stdout] test descriptor::test::test_derive_from_psbt_input_wpkh_wif ... ok
[INFO] [stdout] test psbt::test::test_psbt_malformed_psbt_input_legacy - should panic ... ok
[INFO] [stdout] test wallet::test::test_bump_fee_confirmed_tx - should panic ... ok
[INFO] [stdout] test descriptor::test::test_descriptor_from_str_with_checksum ... ok
[INFO] [stdout] test descriptor::dsl::test::test_valid_networks ... ok
[INFO] [stdout] test wallet::test::test_create_tx_only_witness_utxo ... ok
[INFO] [stdout] test descriptor::policy::test::test_extract_policy_for_sh_multi_partial_0of2 ... ok
[INFO] [stdout] test descriptor::test::test_descriptor_from_str_with_keys_network ... ok
[INFO] [stdout] test wallet::test::test_bump_fee_absolute_reduce_single_recipient ... ok
[INFO] [stdout] test psbt::test::test_psbt_malformed_tx_input - should panic ... ok
[INFO] [stdout] test wallet::test::test_create_tx_no_rbf_cltv ... ok
[INFO] [stdout] test descriptor::dsl::test::test_dsl_miniscript_checks - should panic ... ok
[INFO] [stdout] test descriptor::template::test::test_bip84_public_template ... ok
[INFO] [stdout] test wallet::test::test_create_tx_policy_path_required - should panic ... ok
[INFO] [stdout] test wallet::test::test_create_tx_no_rbf_csv ... ok
[INFO] [stdout] test wallet::tx_builder::test::test_change_spend_policy_default ... ok
[INFO] [stdout] test wallet::tx_builder::test::test_change_spend_policy_no_internal ... ok
[INFO] [stdout] test wallet::test::test_create_tx_manually_selected_empty_utxos - should panic ... ok
[INFO] [stdout] test psbt::test::test_psbt_sign_with_finalized ... ok
[INFO] [stdout] test wallet::tx_builder::test::test_change_spend_policy_only_internal ... ok
[INFO] [stdout] test wallet::test::test_create_tx_set_witness_script_p2wsh ... ok
[INFO] [stdout] test wallet::tx_builder::test::test_output_ordering_bip69 ... ok
[INFO] [stdout] test wallet::tx_builder::test::test_default_tx_version_1 ... ok
[INFO] [stdout] test wallet::tx_builder::test::test_output_ordering_shuffle ... ok
[INFO] [stdout] test wallet::tx_builder::test::test_output_ordering_untouched ... ok
[INFO] [stdout] test wallet::tx_builder::test::test_output_ordering_default_shuffle ... ok
[INFO] [stdout] test wallet::utils::test::test_check_nlocktime_same_unit_time ... ok
[INFO] [stdout] test descriptor::test::test_derive_from_psbt_input_wsh ... ok
[INFO] [stdout] test wallet::utils::test::test_check_nlocktime_lt_cltv ... ok
[INFO] [stdout] test wallet::utils::test::test_check_nlocktime_different_unit ... ok
[INFO] [stdout] test wallet::test::test_bump_fee_low_abs - should panic ... ok
[INFO] [stdout] test descriptor::template::test::test_bip44_public_template ... ok
[INFO] [stdout] test descriptor::test::test_derive_from_psbt_input_pkh_tpub ... ok
[INFO] [stdout] test wallet::utils::test::test_check_nlocktime_same_unit_blocks ... ok
[INFO] [stdout] test wallet::utils::test::test_check_nsequence_rbf_different_unit ... ok
[INFO] [stdout] test wallet::utils::test::test_check_nsequence_rbf_mask ... ok
[INFO] [stdout] test wallet::utils::test::test_check_nsequence_rbf_same_unit_blocks ... ok
[INFO] [stdout] test wallet::utils::test::test_check_nsequence_rbf_lt_csv ... ok
[INFO] [stdout] test wallet::utils::test::test_check_nsequence_rbf_msb_set ... ok
[INFO] [stdout] test wallet::utils::test::test_fee_from_btc_per_kb ... ok
[INFO] [stdout] test wallet::utils::test::test_check_nsequence_rbf_same_unit_time ... ok
[INFO] [stdout] test wallet::utils::test::test_fee_from_sats_vbyte ... ok
[INFO] [stdout] test descriptor::template::test::test_bip49_template ... ok
[INFO] [stdout] test wallet::test::test_create_tx_empty_recipients - should panic ... ok
[INFO] [stdout] test wallet::utils::test::test_fee_default_min_relay_fee ... ok
[INFO] [stdout] test wallet::test::test_create_tx_add_change ... ok
[INFO] [stdout] test psbt::test::test_psbt_malformed_psbt_input_segwit - should panic ... ok
[INFO] [stdout] test wallet::test::test_bump_fee_add_input ... ok
[INFO] [stdout] test wallet::test::test_bump_fee_absolute_reduce_change ... ok
[INFO] [stdout] test wallet::test::test_cache_addresses ... ok
[INFO] [stdout] test wallet::test::test_cache_addresses_fixed ... ok
[INFO] [stdout] test descriptor::test::test_descriptor_from_str_from_output_of_macro ... ok
[INFO] [stdout] test wallet::address_validator::test::test_address_validator_external - should panic ... ok
[INFO] [stdout] test wallet::test::test_create_tx_ordering_respected ... ok
[INFO] [stdout] test wallet::test::test_bump_fee_reduce_single_recipient ... ok
[INFO] [stdout] test descriptor::policy::test::test_extract_policy_for_sh_multi_complete_2of2 ... ok
[INFO] [stdout] test descriptor::template::test::test_bip84_template ... ok
[INFO] [stdout] test wallet::test::test_create_tx_default_locktime ... ok
[INFO] [stdout] test wallet::test::test_bump_fee_irreplaceable_tx - should panic ... ok
[INFO] [stdout] test descriptor::policy::test::test_extract_policy_for_sh_multi_partial_1of2 ... ok
[INFO] [stdout] test wallet::test::test_create_tx_default_locktime_cltv ... ok
[INFO] [stdout] test wallet::test::test_create_tx_skip_change_dust ... ok
[INFO] [stdout] test wallet::test::test_create_tx_invalid_rbf_sequence - should panic ... ok
[INFO] [stdout] test descriptor::dsl::test::test_bip32_legacy_descriptors ... ok
[INFO] [stdout] test wallet::test::test_returns_index_and_address ... ok
[INFO] [stdout] test wallet::test::test_create_tx_with_custom_rbf_csv - should panic ... ok
[INFO] [stdout] test wallet::test::test_bump_fee_low_fee_rate - should panic ... ok
[INFO] [stdout] test wallet::test::test_create_tx_custom_locktime_incompatible_with_cltv - should panic ... ok
[INFO] [stdout] test wallet::test::test_cache_addresses_refill ... ok
[INFO] [stdout] test wallet::test::test_create_tx_default_fee_rate ... ok
[INFO] [stdout] test wallet::signer::signers_container_tests::find_signer_by_id ... ok
[INFO] [stdout] test descriptor::dsl::test::test_key_maps_merged ... ok
[INFO] [stdout] test wallet::test::test_bump_fee_reduce_change ... ok
[INFO] [stdout] test descriptor::dsl::test::test_dsl_modifiers ... ok
[INFO] [stdout] test wallet::test::test_sign_single_xprv_no_hd_keypaths ... ok
[INFO] [stdout] test descriptor::template::test::test_bip44_template ... ok
[INFO] [stdout] test descriptor::template::test::test_p2wphp2sh_template ... ok
[INFO] [stdout] test descriptor::template::test::test_p2ph_template ... ok
[INFO] [stdout] test wallet::test::test_create_tx_non_witness_utxo ... ok
[INFO] [stdout] test wallet::export::test::test_export_no_change - should panic ... ok
[INFO] [stdout] test wallet::test::test_create_tx_custom_rbf_sequence ... ok
[INFO] [stdout] test wallet::test::test_add_foreign_utxo_invalid_psbt_input - should panic ... ok
[INFO] [stdout] test descriptor::test::test_to_wallet_descriptor_fixup_networks ... ok
[INFO] [stdout] test wallet::test::test_create_tx_global_xpubs_origin_missing - should panic ... ok
[INFO] [stdout] test descriptor::dsl::test::test_fixed_segwitv0_descriptors ... ok
[INFO] [stdout] test wallet::test::test_create_tx_custom_sighash ... ok
[INFO] [stdout] test wallet::test::test_create_tx_set_redeem_script_p2sh ... ok
[INFO] [stdout] test descriptor::policy::test::test_get_condition_multisig ... ok
[INFO] [stdout] test wallet::test::test_create_tx_change_policy_no_internal - should panic ... ok
[INFO] [stdout] test wallet::test::test_create_tx_custom_version ... ok
[INFO] [stdout] test wallet::test::test_sign_single_xprv ... ok
[INFO] [stdout] test wallet::test::test_bump_fee_zero_abs - should panic ... ok
[INFO] [stdout] test wallet::test::test_include_output_redeem_witness_script ... ok
[INFO] [stdout] test descriptor::dsl::test::test_dsl_sortedmulti ... ok
[INFO] [stdout] test wallet::test::test_unused_address ... ok
[INFO] [stdout] test wallet::test::test_create_tx_default_sequence ... ok
[INFO] [stdout] test wallet::test::test_create_tx_set_redeem_witness_script_p2wsh_p2sh ... ok
[INFO] [stdout] test wallet::test::test_create_tx_custom_locktime_compatible_with_cltv ... ok
[INFO] [stdout] test wallet::test::test_create_tx_policy_path_use_csv ... ok
[INFO] [stdout] test wallet::test::test_create_tx_single_recipient_drain_wallet ... ok
[INFO] [stdout] test wallet::test::test_get_psbt_input ... ok
[INFO] [stdout] test wallet::test::test_create_tx_both_non_witness_utxo_and_witness_utxo_default ... ok
[INFO] [stdout] test descriptor::policy::test::test_extract_satisfaction ... ok
[INFO] [stdout] test wallet::test::test_create_tx_absolute_zero_fee ... ok
[INFO] [stdout] test wallet::signer::signers_container_tests::signers_with_same_ordering ... ok
[INFO] [stdout] test wallet::test::test_create_tx_custom_locktime ... ok
[INFO] [stdout] test wallet::test::test_sign_single_wif ... ok
[INFO] [stdout] test wallet::export::test::test_export_incompatible_change - should panic ... ok
[INFO] [stdout] test wallet::test::test_create_tx_global_xpubs_with_origin ... ok
[INFO] [stdout] test wallet::test::test_create_tx_input_hd_keypaths ... ok
[INFO] [stdout] test wallet::export::test::test_export_to_json ... ok
[INFO] [stdout] test wallet::test::test_bump_fee_force_add_input ... ok
[INFO] [stdout] test wallet::signer::signers_container_tests::signers_sorted_by_ordering ... ok
[INFO] [stdout] test wallet::test::test_create_tx_custom_fee_rate ... ok
[INFO] [stdout] test descriptor::template::test::test_p2wph_template ... ok
[INFO] [stdout] test descriptor::dsl::test::test_bip32_segwitv0_descriptors ... ok
[INFO] [stdout] test wallet::test::test_create_tx_shwpkh_has_witness_utxo ... ok
[INFO] [stdout] test wallet::coin_selection::test::test_bnb_function_tries_exceeded - should panic ... ok
[INFO] [stdout] test wallet::address_validator::test::test_address_validator_internal - should panic ... ok
[INFO] [stdout] test wallet::test::test_create_tx_default_sighash ... ok
[INFO] [stdout] test wallet::test::test_create_tx_global_xpubs_master_without_origin ... ok
[INFO] [stdout] test wallet::test::test_sign_single_xprv_bip44_path ... ok
[INFO] [stdout] test descriptor::template::test::test_bip49_public_template ... ok
[INFO] [stdout] test wallet::test::test_bump_fee_drain_wallet ... ok
[INFO] [stdout] test wallet::test::test_peek_address_at_index_not_derivable ... ok
[INFO] [stdout] test wallet::test::test_bump_fee_add_input_change_dust ... ok
[INFO] [stdout] test descriptor::policy::test::test_extract_policy_for_single_wpkh ... ok
[INFO] [stdout] test descriptor::policy::test::test_extract_satisfaction_timelock ... ok
[INFO] [stdout] test wallet::test::test_peek_address_at_index ... ok
[INFO] [stdout] test wallet::test::test_create_tx_single_recipient_dust_amount - should panic ... ok
[INFO] [stdout] test wallet::test::test_create_tx_version_1_csv - should panic ... ok
[INFO] [stdout] test wallet::export::test::test_export_multi ... ok
[INFO] [stdout] test wallet::test::test_bump_fee_no_change_add_input_and_change ... ok
[INFO] [stdout] test wallet::test::test_create_tx_version_0 - should panic ... ok
[INFO] [stdout] test wallet::test::test_create_tx_add_utxo ... ok
[INFO] [stdout] test wallet::test::test_create_tx_manually_selected_insufficient - should panic ... ok
[INFO] [stdout] test wallet::test::test_create_tx_output_hd_keypaths ... ok
[INFO] [stdout] test wallet::export::test::test_export_bip44 ... ok
[INFO] [stdout] test wallet::test::test_bump_fee_remove_output_manually_selected_only - should panic ... ok
[INFO] [stdout] test wallet::test::test_create_tx_with_default_rbf_csv ... ok
[INFO] [stdout] test wallet::test::test_bump_fee_absolute_add_input ... ok
[INFO] [stdout] test wallet::test::test_signing_only_one_of_multiple_inputs ... ok
[INFO] [stdout] test wallet::test::test_bump_fee_absolute_force_add_input ... ok
[INFO] [stdout] test descriptor::dsl::test::test_fixed_threeop_descriptors ... ok
[INFO] [stdout] test wallet::test::test_reset_address_index ... ok
[INFO] [stdout] test wallet::test::test_create_tx_policy_path_no_csv ... ok
[INFO] [stdout] test wallet::test::test_sign_single_xprv_with_master_fingerprint_and_path ... ok
[INFO] [stdout] test descriptor::policy::test::test_extract_policy_for_wpkh ... ok
[INFO] [stdout] test wallet::test::test_sign_single_xprv_sh_wpkh ... ok
[INFO] [stdout] test wallet::test::test_add_foreign_utxo_where_outpoint_doesnt_match_psbt_input ... ok
[INFO] [stdout] test database::keyvalue::test::test_last_index ... ok
[INFO] [stdout] test database::keyvalue::test::test_tx ... ok
[INFO] [stdout] test database::keyvalue::test::test_script_pubkey ... ok
[INFO] [stdout] test database::keyvalue::test::test_utxo ... ok
[INFO] [stdout] test database::keyvalue::test::test_del_script_pubkey ... ok
[INFO] [stdout] test database::keyvalue::test::test_raw_tx ... ok
[INFO] [stdout] test database::keyvalue::test::test_batch_script_pubkey ... ok
[INFO] [stdout] test database::keyvalue::test::test_iter_script_pubkey ... ok
[INFO] [stdout] test wallet::test::test_sign_nonstandard_sighash ... ok
[INFO] [stdout] test wallet::test::test_add_foreign_utxo ... ok
[INFO] [stdout] test wallet::test::test_add_foreign_utxo_only_witness_utxo ... ok
[INFO] [stdout] test descriptor::dsl::test::test_fixed_legacy_descriptors ... ok
[INFO] [stdout] test wallet::test::test_next_unused_address ... ok
[INFO] [stdout] 
[INFO] [stdout] test result: ok. 198 passed; 0 failed; 5 ignored; 0 measured; 0 filtered out; finished in 7.96s
[INFO] [stdout] 
[INFO] [stderr]    Doc-tests bdk
[INFO] [stdout] 
[INFO] [stdout] running 42 tests
[INFO] [stdout] test src/database/any.rs - database::any (line 39) - compile ... ok
[INFO] [stdout] test src/blockchain/electrum.rs - blockchain::electrum (line 20) - compile ... ok
[INFO] [stdout] test src/database/any.rs - database::any (line 21) - compile ... ok
[INFO] [stdout] test src/blockchain/any.rs - blockchain::any (line 23) - compile ... ok
[INFO] [stdout] test src/keys/mod.rs - keys::IntoDescriptorKey (line 265) - compile fail ... ok
[INFO] [stdout] test src/lib.rs - (line 140) - compile ... ok
[INFO] [stdout] test src/blockchain/any.rs - blockchain::any (line 58) - compile ... ok
[INFO] [stdout] test src/lib.rs - (line 98) - compile ... ok
[INFO] [stdout] test src/lib.rs - (line 48) - compile ... ok
[INFO] [stdout] test src/wallet/mod.rs - wallet::Wallet<B, D>::build_fee_bump (line 734) - compile ... ok
[INFO] [stdout] test src/descriptor/template.rs - descriptor::template::Bip44 (line 180) ... FAILED
[INFO] [stdout] test src/descriptor/template.rs - descriptor::template::Bip84 (line 332) ... FAILED
[INFO] [stdout] test src/descriptor/template.rs - descriptor::template::Bip49Public (line 295) ... FAILED
[INFO] [stdout] test src/descriptor/template.rs - descriptor::template::Bip84Public (line 371) ... FAILED
[INFO] [stdout] test src/descriptor/template.rs - descriptor::template::Bip44Public (line 219) ... FAILED
[INFO] [stdout] test src/wallet/mod.rs - wallet::Wallet<B, D>::build_tx (line 382) ... FAILED
[INFO] [stdout] test src/wallet/tx_builder.rs - wallet::tx_builder (line 16) ... FAILED
[INFO] [stdout] test src/wallet/mod.rs - wallet::Wallet<B, D>::sign (line 884) ... FAILED
[INFO] [stdout] test src/descriptor/template.rs - descriptor::template::Bip49 (line 256) ... FAILED
[INFO] [stdout] test src/wallet/tx_builder.rs - wallet::tx_builder::TxBuilder (line 78) ... FAILED
[INFO] [stdout] test src/wallet/coin_selection.rs - wallet::coin_selection (line 26) ... FAILED
[INFO] [stdout] test src/descriptor/template.rs - descriptor::template::P2Pkh (line 73) ... FAILED
[INFO] [stdout] test src/wallet/tx_builder.rs - wallet::tx_builder::TxBuilder::policy_path (line 242) ... FAILED
[INFO] [stdout] test src/wallet/export.rs - wallet::export (line 43) ... FAILED
[INFO] [stdout] test src/descriptor/dsl.rs - descriptor (line 341) ... FAILED
[INFO] [stdout] test src/blockchain/any.rs - blockchain::any::AnyBlockchainConfig (line 183) ... FAILED
[INFO] [stdout] test src/descriptor/dsl.rs - descriptor (line 373) ... FAILED
[INFO] [stdout] test src/wallet/address_validator.rs - wallet::address_validator (line 29) ... FAILED
[INFO] [stdout] test src/descriptor/template.rs - descriptor::template::P2Wpkh_P2Sh (line 107) ... FAILED
[INFO] [stdout] test src/wallet/signer.rs - wallet::signer (line 17) ... FAILED
[INFO] [stdout] test src/descriptor/template.rs - descriptor::template::P2Wpkh (line 142) ... FAILED
[INFO] [stdout] test src/lib.rs - (line 75) ... FAILED
[INFO] [stdout] test src/descriptor/dsl.rs - descriptor (line 393) ... FAILED
[INFO] [stdout] test src/descriptor/dsl.rs - descriptor (line 327) ... FAILED
[INFO] [stdout] test src/keys/mod.rs - keys::IntoDescriptorKey (line 210) ... ok
[INFO] [stdout] test src/keys/mod.rs - keys::IntoDescriptorKey (line 237) ... ok
[INFO] [stdout] test src/descriptor/template.rs - descriptor::template::DescriptorTemplate (line 38) ... ok
[INFO] [stdout] test src/keys/mod.rs - keys::DerivableKey (line 373) ... ok
[INFO] [stdout] test src/keys/mod.rs - keys::IntoDescriptorKey (line 192) ... ok
[INFO] [stdout] test src/keys/mod.rs - keys::DerivableKey (line 404) ... ok
[INFO] [stdout] test src/wallet/export.rs - wallet::export (line 20) ... ok
[INFO] [stdout] test src/descriptor/policy.rs - descriptor::policy (line 21) ... ok
[INFO] [stdout] 
[INFO] [stdout] failures:
[INFO] [stdout] 
[INFO] [stdout] ---- src/descriptor/template.rs - descriptor::template::Bip44 (line 180) stdout ----
[INFO] [stdout] Couldn't compile the test.
[INFO] [stdout] ---- src/descriptor/template.rs - descriptor::template::Bip84 (line 332) stdout ----
[INFO] [stdout] Couldn't compile the test.
[INFO] [stdout] ---- src/descriptor/template.rs - descriptor::template::Bip49Public (line 295) stdout ----
[INFO] [stdout] Couldn't compile the test.
[INFO] [stdout] ---- src/descriptor/template.rs - descriptor::template::Bip84Public (line 371) stdout ----
[INFO] [stdout] Couldn't compile the test.
[INFO] [stdout] ---- src/descriptor/template.rs - descriptor::template::Bip44Public (line 219) stdout ----
[INFO] [stdout] Couldn't compile the test.
[INFO] [stdout] ---- src/wallet/mod.rs - wallet::Wallet<B, D>::build_tx (line 382) stdout ----
[INFO] [stdout] Couldn't compile the test.
[INFO] [stdout] ---- src/wallet/tx_builder.rs - wallet::tx_builder (line 16) stdout ----
[INFO] [stdout] Couldn't compile the test.
[INFO] [stdout] ---- src/wallet/mod.rs - wallet::Wallet<B, D>::sign (line 884) stdout ----
[INFO] [stdout] Couldn't compile the test.
[INFO] [stdout] ---- src/descriptor/template.rs - descriptor::template::Bip49 (line 256) stdout ----
[INFO] [stdout] Couldn't compile the test.
[INFO] [stdout] ---- src/wallet/tx_builder.rs - wallet::tx_builder::TxBuilder (line 78) stdout ----
[INFO] [stdout] Couldn't compile the test.
[INFO] [stdout] ---- src/wallet/coin_selection.rs - wallet::coin_selection (line 26) stdout ----
[INFO] [stdout] Couldn't compile the test.
[INFO] [stdout] ---- src/descriptor/template.rs - descriptor::template::P2Pkh (line 73) stdout ----
[INFO] [stdout] Couldn't compile the test.
[INFO] [stdout] ---- src/wallet/tx_builder.rs - wallet::tx_builder::TxBuilder::policy_path (line 242) stdout ----
[INFO] [stdout] Couldn't compile the test.
[INFO] [stdout] ---- src/wallet/export.rs - wallet::export (line 43) stdout ----
[INFO] [stdout] Couldn't compile the test.
[INFO] [stdout] ---- src/descriptor/dsl.rs - descriptor (line 341) stdout ----
[INFO] [stdout] Couldn't compile the test.
[INFO] [stdout] ---- src/blockchain/any.rs - blockchain::any::AnyBlockchainConfig (line 183) stdout ----
[INFO] [stdout] error: linking with `cc` failed: exit status: 1
[INFO] [stdout]   |
[INFO] [stdout]   = note: "cc" "-m64" "/tmp/rustdoctestt8nE7L/rust_out.rust_out.1376475e-cgu.0.rcgu.o" "/tmp/rustdoctestt8nE7L/rust_out.3oi7hjnjienb8flc.rcgu.o" "-Wl,--as-needed" "-L" "/opt/rustwide/target/debug/deps" "-L" "/opt/rustwide/target/debug/deps" "-L" "/opt/rustwide/target/debug/build/ring-34b8c9f021155b74/out" "-L" "/opt/rustwide/target/debug/build/secp256k1-sys-93b0163ff31ec121/out" "-L" "/opt/rustwide/rustup-home/toolchains/beta-2021-08-01-x86_64-unknown-linux-gnu/lib/rustlib/x86_64-unknown-linux-gnu/lib" "-Wl,-Bstatic" "/opt/rustwide/target/debug/deps/libbdk-cf0dbf1469a63c39.rlib" "/opt/rustwide/target/debug/deps/librand-ca16be5aa0855d46.rlib" "/opt/rustwide/target/debug/deps/librand_chacha-c18bf908cd2c1bf5.rlib" "/opt/rustwide/target/debug/deps/libppv_lite86-8619f3436cd33015.rlib" "/opt/rustwide/target/debug/deps/librand_core-ba77916337182d72.rlib" "/opt/rustwide/target/debug/deps/libgetrandom-3e33879a17fdf9c3.rlib" "/opt/rustwide/target/debug/deps/libsled-e3752a14280aa4a6.rlib" "/opt/rustwide/target/debug/deps/libfxhash-4cbec7e9c2e67a31.rlib" "/opt/rustwide/target/debug/deps/libcrc32fast-00d36f27f9923da1.rlib" "/opt/rustwide/target/debug/deps/libcrossbeam_epoch-4ee6c98880344d25.rlib" "/opt/rustwide/target/debug/deps/libmemoffset-3e61ca8e83be7f2b.rlib" "/opt/rustwide/target/debug/deps/libcrossbeam_utils-3e099b1fb8f128e1.rlib" "/opt/rustwide/target/debug/deps/liblazy_static-e92083d5a39a8b50.rlib" "/opt/rustwide/target/debug/deps/libfs2-fa956168431c1e10.rlib" "/opt/rustwide/target/debug/deps/libparking_lot-13ebedbb252c6b25.rlib" "/opt/rustwide/target/debug/deps/libparking_lot_core-fd618c0b063e6248.rlib" "/opt/rustwide/target/debug/deps/libsmallvec-1c8854a0d5bb57ee.rlib" "/opt/rustwide/target/debug/deps/liblock_api-308f2cdc0ff2adb9.rlib" "/opt/rustwide/target/debug/deps/libscopeguard-77ffbe2fe379a2bf.rlib" "/opt/rustwide/target/debug/deps/libinstant-805a528de14625d3.rlib" "/opt/rustwide/target/debug/deps/libelectrum_client-7e117c114de1dcaa.rlib" "/opt/rustwide/target/debug/deps/libwebpki_roots-71ec021c61312d58.rlib" "/opt/rustwide/target/debug/deps/libsocks-5a06c94f94ac70af.rlib" "/opt/rustwide/target/debug/deps/librustls-a1743ef7560d39f6.rlib" "/opt/rustwide/target/debug/deps/libbase64-f1235afada8474ea.rlib" "/opt/rustwide/target/debug/deps/libsct-f4e7f45350c203ed.rlib" "/opt/rustwide/target/debug/deps/libwebpki-22fe715df19e2d2c.rlib" "/opt/rustwide/target/debug/deps/libring-2a34d42fc5117c58.rlib" "/opt/rustwide/target/debug/deps/libspin-501a55ee73b26019.rlib" "/opt/rustwide/target/debug/deps/libuntrusted-d08bd4e05ed18bd5.rlib" "/opt/rustwide/target/debug/deps/libonce_cell-0f25c1a8daee474f.rlib" "/opt/rustwide/target/debug/deps/liblibc-a82907a4bb9ddb2d.rlib" "/opt/rustwide/target/debug/deps/libserde_json-d8d971704430f657.rlib" "/opt/rustwide/target/debug/deps/libryu-58d6bdbbdb00e196.rlib" "/opt/rustwide/target/debug/deps/libitoa-3af14a1bb7e125c4.rlib" "/opt/rustwide/target/debug/deps/libminiscript-285c473b0e8f4129.rlib" "/opt/rustwide/target/debug/deps/liblog-18e19f5b5787b169.rlib" "/opt/rustwide/target/debug/deps/libcfg_if-0d27f345b2a6a3cd.rlib" "/opt/rustwide/target/debug/deps/libbitcoin-265f20c117cebf71.rlib" "/opt/rustwide/target/debug/deps/libbase64-a1178a8a22814a34.rlib" "/opt/rustwide/target/debug/deps/libbyteorder-f30fa083324a1476.rlib" "/opt/rustwide/target/debug/deps/libbech32-0d0c5c5e344490f8.rlib" "/opt/rustwide/target/debug/deps/libsecp256k1-3c72a6fd930486d5.rlib" "/opt/rustwide/target/debug/deps/libsecp256k1_sys-946b4517692c9b61.rlib" "/opt/rustwide/target/debug/deps/libbitcoin_hashes-2ef2dd5a9d8af782.rlib" "/opt/rustwide/target/debug/deps/libserde-595da01cd159f8db.rlib" "-Wl,--start-group" "/opt/rustwide/rustup-home/toolchains/beta-2021-08-01-x86_64-unknown-linux-gnu/lib/rustlib/x86_64-unknown-linux-gnu/lib/libstd-197d933f09d9a590.rlib" "/opt/rustwide/rustup-home/toolchains/beta-2021-08-01-x86_64-unknown-linux-gnu/lib/rustlib/x86_64-unknown-linux-gnu/lib/libpanic_unwind-46a006cddfd334f0.rlib" "/opt/rustwide/rustup-home/toolchains/beta-2021-08-01-x86_64-unknown-linux-gnu/lib/rustlib/x86_64-unknown-linux-gnu/lib/libminiz_oxide-5b9870310e470b38.rlib" "/opt/rustwide/rustup-home/toolchains/beta-2021-08-01-x86_64-unknown-linux-gnu/lib/rustlib/x86_64-unknown-linux-gnu/lib/libadler-260022ba8f1ab4ee.rlib" "/opt/rustwide/rustup-home/toolchains/beta-2021-08-01-x86_64-unknown-linux-gnu/lib/rustlib/x86_64-unknown-linux-gnu/lib/libobject-71377435a799394f.rlib" "/opt/rustwide/rustup-home/toolchains/beta-2021-08-01-x86_64-unknown-linux-gnu/lib/rustlib/x86_64-unknown-linux-gnu/lib/libaddr2line-658ee5924fde57cd.rlib" "/opt/rustwide/rustup-home/toolchains/beta-2021-08-01-x86_64-unknown-linux-gnu/lib/rustlib/x86_64-unknown-linux-gnu/lib/libgimli-9e8627da6bd1b94a.rlib" "/opt/rustwide/rustup-home/toolchains/beta-2021-08-01-x86_64-unknown-linux-gnu/lib/rustlib/x86_64-unknown-linux-gnu/lib/libstd_detect-19fdaac49f59be84.rlib" "/opt/rustwide/rustup-home/toolchains/beta-2021-08-01-x86_64-unknown-linux-gnu/lib/rustlib/x86_64-unknown-linux-gnu/lib/librustc_demangle-cb00e2691ea45905.rlib" "/opt/rustwide/rustup-home/toolchains/beta-2021-08-01-x86_64-unknown-linux-gnu/lib/rustlib/x86_64-unknown-linux-gnu/lib/libhashbrown-50f6726defae5ae1.rlib" "/opt/rustwide/rustup-home/toolchains/beta-2021-08-01-x86_64-unknown-linux-gnu/lib/rustlib/x86_64-unknown-linux-gnu/lib/librustc_std_workspace_alloc-2afc16311deea26e.rlib" "/opt/rustwide/rustup-home/toolchains/beta-2021-08-01-x86_64-unknown-linux-gnu/lib/rustlib/x86_64-unknown-linux-gnu/lib/libunwind-bb5cb0fe086ee8cf.rlib" "/opt/rustwide/rustup-home/toolchains/beta-2021-08-01-x86_64-unknown-linux-gnu/lib/rustlib/x86_64-unknown-linux-gnu/lib/libcfg_if-896053247b5dfd0b.rlib" "/opt/rustwide/rustup-home/toolchains/beta-2021-08-01-x86_64-unknown-linux-gnu/lib/rustlib/x86_64-unknown-linux-gnu/lib/liblibc-735e1f2ac3cf23be.rlib" "/opt/rustwide/rustup-home/toolchains/beta-2021-08-01-x86_64-unknown-linux-gnu/lib/rustlib/x86_64-unknown-linux-gnu/lib/liballoc-9dfb6622644c732c.rlib" "/opt/rustwide/rustup-home/toolchains/beta-2021-08-01-x86_64-unknown-linux-gnu/lib/rustlib/x86_64-unknown-linux-gnu/lib/librustc_std_workspace_core-beea7d9617fe25c5.rlib" "/opt/rustwide/rustup-home/toolchains/beta-2021-08-01-x86_64-unknown-linux-gnu/lib/rustlib/x86_64-unknown-linux-gnu/lib/libcore-8ef7dd43fc671f88.rlib" "-Wl,--end-group" "/opt/rustwide/rustup-home/toolchains/beta-2021-08-01-x86_64-unknown-linux-gnu/lib/rustlib/x86_64-unknown-linux-gnu/lib/libcompiler_builtins-a9a3b2ad67977f47.rlib" "-Wl,-Bdynamic" "-lgcc_s" "-lutil" "-lrt" "-lpthread" "-lm" "-ldl" "-lc" "-Wl,--eh-frame-hdr" "-Wl,-znoexecstack" "-L" "/opt/rustwide/rustup-home/toolchains/beta-2021-08-01-x86_64-unknown-linux-gnu/lib/rustlib/x86_64-unknown-linux-gnu/lib" "-o" "/tmp/rustdoctestt8nE7L/rust_out" "-Wl,--gc-sections" "-pie" "-Wl,-zrelro" "-Wl,-znow" "-nodefaultlibs"
[INFO] [stdout]   = note: collect2: fatal error: ld terminated with signal 9 [Killed]
[INFO] [stdout]           compilation terminated.
[INFO] [stdout]           
[INFO] [stdout] 
[INFO] [stdout] error: aborting due to previous error
[INFO] [stdout] 
[INFO] [stdout] Couldn't compile the test.
[INFO] [stdout] ---- src/descriptor/dsl.rs - descriptor (line 373) stdout ----
[INFO] [stdout] Couldn't compile the test.
[INFO] [stdout] ---- src/wallet/address_validator.rs - wallet::address_validator (line 29) stdout ----
[INFO] [stdout] Couldn't compile the test.
[INFO] [stdout] ---- src/descriptor/template.rs - descriptor::template::P2Wpkh_P2Sh (line 107) stdout ----
[INFO] [stdout] Couldn't compile the test.
[INFO] [stdout] ---- src/wallet/signer.rs - wallet::signer (line 17) stdout ----
[INFO] [stdout] Couldn't compile the test.
[INFO] [stdout] ---- src/descriptor/template.rs - descriptor::template::P2Wpkh (line 142) stdout ----
[INFO] [stdout] Couldn't compile the test.
[INFO] [stdout] ---- src/lib.rs - (line 75) stdout ----
[INFO] [stdout] Couldn't compile the test.
[INFO] [stdout] ---- src/descriptor/dsl.rs - descriptor (line 393) stdout ----
[INFO] [stdout] error: linking with `cc` failed: exit status: 1
[INFO] [stdout]   |
[INFO] [stdout]   = note: "cc" "-m64" "/tmp/rustdoctestuJnpgZ/rust_out.rust_out.1376475e-cgu.0.rcgu.o" "/tmp/rustdoctestuJnpgZ/rust_out.3oi7hjnjienb8flc.rcgu.o" "-Wl,--as-needed" "-L" "/opt/rustwide/target/debug/deps" "-L" "/opt/rustwide/target/debug/deps" "-L" "/opt/rustwide/target/debug/build/ring-34b8c9f021155b74/out" "-L" "/opt/rustwide/target/debug/build/secp256k1-sys-93b0163ff31ec121/out" "-L" "/opt/rustwide/rustup-home/toolchains/beta-2021-08-01-x86_64-unknown-linux-gnu/lib/rustlib/x86_64-unknown-linux-gnu/lib" "-Wl,-Bstatic" "/opt/rustwide/target/debug/deps/libbdk-cf0dbf1469a63c39.rlib" "/opt/rustwide/target/debug/deps/librand-ca16be5aa0855d46.rlib" "/opt/rustwide/target/debug/deps/librand_chacha-c18bf908cd2c1bf5.rlib" "/opt/rustwide/target/debug/deps/libppv_lite86-8619f3436cd33015.rlib" "/opt/rustwide/target/debug/deps/librand_core-ba77916337182d72.rlib" "/opt/rustwide/target/debug/deps/libgetrandom-3e33879a17fdf9c3.rlib" "/opt/rustwide/target/debug/deps/libsled-e3752a14280aa4a6.rlib" "/opt/rustwide/target/debug/deps/libfxhash-4cbec7e9c2e67a31.rlib" "/opt/rustwide/target/debug/deps/libcrc32fast-00d36f27f9923da1.rlib" "/opt/rustwide/target/debug/deps/libcrossbeam_epoch-4ee6c98880344d25.rlib" "/opt/rustwide/target/debug/deps/libmemoffset-3e61ca8e83be7f2b.rlib" "/opt/rustwide/target/debug/deps/libcrossbeam_utils-3e099b1fb8f128e1.rlib" "/opt/rustwide/target/debug/deps/liblazy_static-e92083d5a39a8b50.rlib" "/opt/rustwide/target/debug/deps/libfs2-fa956168431c1e10.rlib" "/opt/rustwide/target/debug/deps/libparking_lot-13ebedbb252c6b25.rlib" "/opt/rustwide/target/debug/deps/libparking_lot_core-fd618c0b063e6248.rlib" "/opt/rustwide/target/debug/deps/libsmallvec-1c8854a0d5bb57ee.rlib" "/opt/rustwide/target/debug/deps/liblock_api-308f2cdc0ff2adb9.rlib" "/opt/rustwide/target/debug/deps/libscopeguard-77ffbe2fe379a2bf.rlib" "/opt/rustwide/target/debug/deps/libinstant-805a528de14625d3.rlib" "/opt/rustwide/target/debug/deps/libelectrum_client-7e117c114de1dcaa.rlib" "/opt/rustwide/target/debug/deps/libwebpki_roots-71ec021c61312d58.rlib" "/opt/rustwide/target/debug/deps/libsocks-5a06c94f94ac70af.rlib" "/opt/rustwide/target/debug/deps/librustls-a1743ef7560d39f6.rlib" "/opt/rustwide/target/debug/deps/libbase64-f1235afada8474ea.rlib" "/opt/rustwide/target/debug/deps/libsct-f4e7f45350c203ed.rlib" "/opt/rustwide/target/debug/deps/libwebpki-22fe715df19e2d2c.rlib" "/opt/rustwide/target/debug/deps/libring-2a34d42fc5117c58.rlib" "/opt/rustwide/target/debug/deps/libspin-501a55ee73b26019.rlib" "/opt/rustwide/target/debug/deps/libuntrusted-d08bd4e05ed18bd5.rlib" "/opt/rustwide/target/debug/deps/libonce_cell-0f25c1a8daee474f.rlib" "/opt/rustwide/target/debug/deps/liblibc-a82907a4bb9ddb2d.rlib" "/opt/rustwide/target/debug/deps/libserde_json-d8d971704430f657.rlib" "/opt/rustwide/target/debug/deps/libryu-58d6bdbbdb00e196.rlib" "/opt/rustwide/target/debug/deps/libitoa-3af14a1bb7e125c4.rlib" "/opt/rustwide/target/debug/deps/libminiscript-285c473b0e8f4129.rlib" "/opt/rustwide/target/debug/deps/liblog-18e19f5b5787b169.rlib" "/opt/rustwide/target/debug/deps/libcfg_if-0d27f345b2a6a3cd.rlib" "/opt/rustwide/target/debug/deps/libbitcoin-265f20c117cebf71.rlib" "/opt/rustwide/target/debug/deps/libbase64-a1178a8a22814a34.rlib" "/opt/rustwide/target/debug/deps/libbyteorder-f30fa083324a1476.rlib" "/opt/rustwide/target/debug/deps/libbech32-0d0c5c5e344490f8.rlib" "/opt/rustwide/target/debug/deps/libsecp256k1-3c72a6fd930486d5.rlib" "/opt/rustwide/target/debug/deps/libsecp256k1_sys-946b4517692c9b61.rlib" "/opt/rustwide/target/debug/deps/libbitcoin_hashes-2ef2dd5a9d8af782.rlib" "/opt/rustwide/target/debug/deps/libserde-595da01cd159f8db.rlib" "-Wl,--start-group" "/opt/rustwide/rustup-home/toolchains/beta-2021-08-01-x86_64-unknown-linux-gnu/lib/rustlib/x86_64-unknown-linux-gnu/lib/libstd-197d933f09d9a590.rlib" "/opt/rustwide/rustup-home/toolchains/beta-2021-08-01-x86_64-unknown-linux-gnu/lib/rustlib/x86_64-unknown-linux-gnu/lib/libpanic_unwind-46a006cddfd334f0.rlib" "/opt/rustwide/rustup-home/toolchains/beta-2021-08-01-x86_64-unknown-linux-gnu/lib/rustlib/x86_64-unknown-linux-gnu/lib/libminiz_oxide-5b9870310e470b38.rlib" "/opt/rustwide/rustup-home/toolchains/beta-2021-08-01-x86_64-unknown-linux-gnu/lib/rustlib/x86_64-unknown-linux-gnu/lib/libadler-260022ba8f1ab4ee.rlib" "/opt/rustwide/rustup-home/toolchains/beta-2021-08-01-x86_64-unknown-linux-gnu/lib/rustlib/x86_64-unknown-linux-gnu/lib/libobject-71377435a799394f.rlib" "/opt/rustwide/rustup-home/toolchains/beta-2021-08-01-x86_64-unknown-linux-gnu/lib/rustlib/x86_64-unknown-linux-gnu/lib/libaddr2line-658ee5924fde57cd.rlib" "/opt/rustwide/rustup-home/toolchains/beta-2021-08-01-x86_64-unknown-linux-gnu/lib/rustlib/x86_64-unknown-linux-gnu/lib/libgimli-9e8627da6bd1b94a.rlib" "/opt/rustwide/rustup-home/toolchains/beta-2021-08-01-x86_64-unknown-linux-gnu/lib/rustlib/x86_64-unknown-linux-gnu/lib/libstd_detect-19fdaac49f59be84.rlib" "/opt/rustwide/rustup-home/toolchains/beta-2021-08-01-x86_64-unknown-linux-gnu/lib/rustlib/x86_64-unknown-linux-gnu/lib/librustc_demangle-cb00e2691ea45905.rlib" "/opt/rustwide/rustup-home/toolchains/beta-2021-08-01-x86_64-unknown-linux-gnu/lib/rustlib/x86_64-unknown-linux-gnu/lib/libhashbrown-50f6726defae5ae1.rlib" "/opt/rustwide/rustup-home/toolchains/beta-2021-08-01-x86_64-unknown-linux-gnu/lib/rustlib/x86_64-unknown-linux-gnu/lib/librustc_std_workspace_alloc-2afc16311deea26e.rlib" "/opt/rustwide/rustup-home/toolchains/beta-2021-08-01-x86_64-unknown-linux-gnu/lib/rustlib/x86_64-unknown-linux-gnu/lib/libunwind-bb5cb0fe086ee8cf.rlib" "/opt/rustwide/rustup-home/toolchains/beta-2021-08-01-x86_64-unknown-linux-gnu/lib/rustlib/x86_64-unknown-linux-gnu/lib/libcfg_if-896053247b5dfd0b.rlib" "/opt/rustwide/rustup-home/toolchains/beta-2021-08-01-x86_64-unknown-linux-gnu/lib/rustlib/x86_64-unknown-linux-gnu/lib/liblibc-735e1f2ac3cf23be.rlib" "/opt/rustwide/rustup-home/toolchains/beta-2021-08-01-x86_64-unknown-linux-gnu/lib/rustlib/x86_64-unknown-linux-gnu/lib/liballoc-9dfb6622644c732c.rlib" "/opt/rustwide/rustup-home/toolchains/beta-2021-08-01-x86_64-unknown-linux-gnu/lib/rustlib/x86_64-unknown-linux-gnu/lib/librustc_std_workspace_core-beea7d9617fe25c5.rlib" "/opt/rustwide/rustup-home/toolchains/beta-2021-08-01-x86_64-unknown-linux-gnu/lib/rustlib/x86_64-unknown-linux-gnu/lib/libcore-8ef7dd43fc671f88.rlib" "-Wl,--end-group" "/opt/rustwide/rustup-home/toolchains/beta-2021-08-01-x86_64-unknown-linux-gnu/lib/rustlib/x86_64-unknown-linux-gnu/lib/libcompiler_builtins-a9a3b2ad67977f47.rlib" "-Wl,-Bdynamic" "-lgcc_s" "-lutil" "-lrt" "-lpthread" "-lm" "-ldl" "-lc" "-Wl,--eh-frame-hdr" "-Wl,-znoexecstack" "-L" "/opt/rustwide/rustup-home/toolchains/beta-2021-08-01-x86_64-unknown-linux-gnu/lib/rustlib/x86_64-unknown-linux-gnu/lib" "-o" "/tmp/rustdoctestuJnpgZ/rust_out" "-Wl,--gc-sections" "-pie" "-Wl,-zrelro" "-Wl,-znow" "-nodefaultlibs"
[INFO] [stdout]   = note: collect2: fatal error: ld terminated with signal 9 [Killed]
[INFO] [stdout]           compilation terminated.
[INFO] [stdout]           
[INFO] [stdout] 
[INFO] [stdout] error: aborting due to previous error
[INFO] [stdout] 
[INFO] [stdout] Couldn't compile the test.
[INFO] [stdout] ---- src/descriptor/dsl.rs - descriptor (line 327) stdout ----
[INFO] [stdout] Couldn't compile the test.
[INFO] [stdout] 
[INFO] [stdout] failures:
[INFO] [stdout]     src/blockchain/any.rs - blockchain::any::AnyBlockchainConfig (line 183)
[INFO] [stdout]     src/descriptor/dsl.rs - descriptor (line 327)
[INFO] [stdout]     src/descriptor/dsl.rs - descriptor (line 341)
[INFO] [stdout]     src/descriptor/dsl.rs - descriptor (line 373)
[INFO] [stdout]     src/descriptor/dsl.rs - descriptor (line 393)
[INFO] [stdout]     src/descriptor/template.rs - descriptor::template::Bip44 (line 180)
[INFO] [stdout]     src/descriptor/template.rs - descriptor::template::Bip44Public (line 219)
[INFO] [stdout]     src/descriptor/template.rs - descriptor::template::Bip49 (line 256)
[INFO] [stdout]     src/descriptor/template.rs - descriptor::template::Bip49Public (line 295)
[INFO] [stdout]     src/descriptor/template.rs - descriptor::template::Bip84 (line 332)
[INFO] [stdout]     src/descriptor/template.rs - descriptor::template::Bip84Public (line 371)
[INFO] [stdout]     src/descriptor/template.rs - descriptor::template::P2Pkh (line 73)
[INFO] [stdout]     src/descriptor/template.rs - descriptor::template::P2Wpkh (line 142)
[INFO] [stdout]     src/descriptor/template.rs - descriptor::template::P2Wpkh_P2Sh (line 107)
[INFO] [stdout]     src/lib.rs - (line 75)
[INFO] [stdout]     src/wallet/address_validator.rs - wallet::address_validator (line 29)
[INFO] [stdout]     src/wallet/coin_selection.rs - wallet::coin_selection (line 26)
[INFO] [stdout]     src/wallet/export.rs - wallet::export (line 43)
[INFO] [stdout]     src/wallet/mod.rs - wallet::Wallet<B, D>::build_tx (line 382)
[INFO] [stdout]     src/wallet/mod.rs - wallet::Wallet<B, D>::sign (line 884)
[INFO] [stdout]     src/wallet/signer.rs - wallet::signer (line 17)
[INFO] [stdout]     src/wallet/tx_builder.rs - wallet::tx_builder (line 16)
[INFO] [stdout]     src/wallet/tx_builder.rs - wallet::tx_builder::TxBuilder (line 78)
[INFO] [stdout]     src/wallet/tx_builder.rs - wallet::tx_builder::TxBuilder::policy_path (line 242)
[INFO] [stdout] 
[INFO] [stdout] test result: FAILED. 18 passed; 24 failed; 0 ignored; 0 measured; 0 filtered out; finished in 7.91s
[INFO] [stdout] 
[INFO] [stderr] error: test failed, to rerun pass '--doc'
[INFO] running `Command { std: "docker" "inspect" "4818c8acff29d121c5722937ecee780989f9216d26b64836e319738d8c285c6b", kill_on_drop: false }`
[INFO] running `Command { std: "docker" "rm" "-f" "4818c8acff29d121c5722937ecee780989f9216d26b64836e319738d8c285c6b", kill_on_drop: false }`
[INFO] [stdout] 4818c8acff29d121c5722937ecee780989f9216d26b64836e319738d8c285c6b
