[INFO] fetching crate bch_addr 0.1.0...
[INFO] testing bch_addr-0.1.0 against beta-2021-08-01 for beta-1.55-1
[INFO] extracting crate bch_addr 0.1.0 into /workspace/builds/worker-98/source
[INFO] validating manifest of crates.io crate bch_addr 0.1.0 on toolchain beta-2021-08-01
[INFO] running `Command { std: "/workspace/cargo-home/bin/cargo" "+beta-2021-08-01" "metadata" "--manifest-path" "Cargo.toml" "--no-deps", kill_on_drop: false }`
[INFO] started tweaking crates.io crate bch_addr 0.1.0
[INFO] finished tweaking crates.io crate bch_addr 0.1.0
[INFO] tweaked toml for crates.io crate bch_addr 0.1.0 written to /workspace/builds/worker-98/source/Cargo.toml
[INFO] running `Command { std: "/workspace/cargo-home/bin/cargo" "+beta-2021-08-01" "generate-lockfile" "--manifest-path" "Cargo.toml" "-Zno-index-update", kill_on_drop: false }`
[INFO] [stderr]     Blocking waiting for file lock on package cache
[INFO] running `Command { std: "/workspace/cargo-home/bin/cargo" "+beta-2021-08-01" "fetch" "--manifest-path" "Cargo.toml", kill_on_drop: false }`
[INFO] [stderr]     Blocking waiting for file lock on package cache
[INFO] [stderr]  Downloading crates ...
[INFO] [stderr]   Downloaded bs58 v0.2.5
[INFO] [stderr]   Downloaded bech32 v0.6.0
[INFO] [stderr]   Downloaded cash_addr v0.1.0
[INFO] running `Command { std: "docker" "create" "-v" "/var/lib/crater-agent-workspace/builds/worker-98/target:/opt/rustwide/target:rw,Z" "-v" "/var/lib/crater-agent-workspace/builds/worker-98/source:/opt/rustwide/workdir:ro,Z" "-v" "/var/lib/crater-agent-workspace/cargo-home:/opt/rustwide/cargo-home:ro,Z" "-v" "/var/lib/crater-agent-workspace/rustup-home:/opt/rustwide/rustup-home:ro,Z" "-e" "SOURCE_DIR=/opt/rustwide/workdir" "-e" "CARGO_TARGET_DIR=/opt/rustwide/target" "-e" "CARGO_HOME=/opt/rustwide/cargo-home" "-e" "RUSTUP_HOME=/opt/rustwide/rustup-home" "-w" "/opt/rustwide/workdir" "-m" "1610612736" "--user" "0:0" "--network" "none" "ghcr.io/rust-lang/crates-build-env/linux@sha256:34b6a614d2c27851fe6cbf88fbd1137609cefab8b10d0615aaeb6fd47975d74e" "/opt/rustwide/cargo-home/bin/cargo" "+beta-2021-08-01" "metadata" "--no-deps" "--format-version=1", kill_on_drop: false }`
[INFO] [stdout] efc4b6629e083439fab84a1e2b66f46c861387970638ee776b2f2cf7b31e8106
[INFO] running `Command { std: "docker" "start" "-a" "efc4b6629e083439fab84a1e2b66f46c861387970638ee776b2f2cf7b31e8106", kill_on_drop: false }`
[INFO] running `Command { std: "docker" "inspect" "efc4b6629e083439fab84a1e2b66f46c861387970638ee776b2f2cf7b31e8106", kill_on_drop: false }`
[INFO] running `Command { std: "docker" "rm" "-f" "efc4b6629e083439fab84a1e2b66f46c861387970638ee776b2f2cf7b31e8106", kill_on_drop: false }`
[INFO] [stdout] efc4b6629e083439fab84a1e2b66f46c861387970638ee776b2f2cf7b31e8106
[INFO] running `Command { std: "docker" "create" "-v" "/var/lib/crater-agent-workspace/builds/worker-98/target:/opt/rustwide/target:rw,Z" "-v" "/var/lib/crater-agent-workspace/builds/worker-98/source:/opt/rustwide/workdir:ro,Z" "-v" "/var/lib/crater-agent-workspace/cargo-home:/opt/rustwide/cargo-home:ro,Z" "-v" "/var/lib/crater-agent-workspace/rustup-home:/opt/rustwide/rustup-home:ro,Z" "-e" "SOURCE_DIR=/opt/rustwide/workdir" "-e" "CARGO_TARGET_DIR=/opt/rustwide/target" "-e" "CARGO_INCREMENTAL=0" "-e" "RUST_BACKTRACE=full" "-e" "RUSTFLAGS=--cap-lints=warn" "-e" "CARGO_HOME=/opt/rustwide/cargo-home" "-e" "RUSTUP_HOME=/opt/rustwide/rustup-home" "-w" "/opt/rustwide/workdir" "-m" "1610612736" "--user" "0:0" "--network" "none" "ghcr.io/rust-lang/crates-build-env/linux@sha256:34b6a614d2c27851fe6cbf88fbd1137609cefab8b10d0615aaeb6fd47975d74e" "/opt/rustwide/cargo-home/bin/cargo" "+beta-2021-08-01" "build" "--frozen" "--message-format=json", kill_on_drop: false }`
[INFO] [stdout] c9b19e215ed262eccb490610902e145201bf1f2be1d7e5e8c417d6c9196ac96f
[INFO] running `Command { std: "docker" "start" "-a" "c9b19e215ed262eccb490610902e145201bf1f2be1d7e5e8c417d6c9196ac96f", kill_on_drop: false }`
[INFO] [stderr]    Compiling typenum v1.13.0
[INFO] [stderr]    Compiling autocfg v1.0.1
[INFO] [stderr]    Compiling syn v1.0.74
[INFO] [stderr]    Compiling memchr v2.4.0
[INFO] [stderr]    Compiling libc v0.2.98
[INFO] [stderr]    Compiling cc v1.0.69
[INFO] [stderr]    Compiling gimli v0.25.0
[INFO] [stderr]    Compiling failure_derive v0.1.8
[INFO] [stderr]    Compiling adler v1.0.2
[INFO] [stderr]    Compiling byte-tools v0.3.1
[INFO] [stderr]    Compiling byteorder v1.4.3
[INFO] [stderr]    Compiling rustc-demangle v0.1.20
[INFO] [stderr]    Compiling opaque-debug v0.2.3
[INFO] [stderr]    Compiling fake-simd v0.1.2
[INFO] [stderr]    Compiling bech32 v0.6.0
[INFO] [stderr]    Compiling block-padding v0.1.5
[INFO] [stderr]    Compiling miniz_oxide v0.4.4
[INFO] [stderr]    Compiling object v0.26.0
[INFO] [stderr]    Compiling generic-array v0.12.4
[INFO] [stderr]    Compiling backtrace v0.3.61
[INFO] [stderr]    Compiling digest v0.8.1
[INFO] [stderr]    Compiling block-buffer v0.7.3
[INFO] [stderr]    Compiling sha2 v0.8.2
[INFO] [stderr]    Compiling bs58 v0.2.5
[INFO] [stderr]    Compiling addr2line v0.16.0
[INFO] [stderr]    Compiling synstructure v0.12.5
[INFO] [stderr]    Compiling failure v0.1.8
[INFO] [stderr]    Compiling cash_addr v0.1.0
[INFO] [stderr]    Compiling bch_addr v0.1.0 (/opt/rustwide/workdir)
[INFO] [stdout] warning: use of deprecated type alias `bs58::decode::DecodeError`: Use `bs58::decode::Error` instead
[INFO] [stdout]   --> src/error.rs:53:25
[INFO] [stdout]    |
[INFO] [stdout] 53 | impl From<bs58::decode::DecodeError> for Error {
[INFO] [stdout]    |                         ^^^^^^^^^^^
[INFO] [stdout]    |
[INFO] [stdout]    = note: `#[warn(deprecated)]` on by default
[INFO] [stdout] 
[INFO] [stdout] 
[INFO] [stdout] warning: use of deprecated type alias `bs58::decode::DecodeError`: Use `bs58::decode::Error` instead
[INFO] [stdout]   --> src/error.rs:44:24
[INFO] [stdout]    |
[INFO] [stdout] 44 |     Bs58(bs58::decode::DecodeError),
[INFO] [stdout]    |                        ^^^^^^^^^^^
[INFO] [stdout] 
[INFO] [stdout] 
[INFO] [stdout] warning: use of deprecated type alias `bs58::decode::DecodeError`: Use `bs58::decode::Error` instead
[INFO] [stdout]   --> src/error.rs:54:32
[INFO] [stdout]    |
[INFO] [stdout] 54 |     fn from(err: bs58::decode::DecodeError) -> Error {
[INFO] [stdout]    |                                ^^^^^^^^^^^
[INFO] [stdout] 
[INFO] [stdout] 
[INFO] [stdout] warning: 3 warnings emitted
[INFO] [stdout] 
[INFO] [stdout] 
[INFO] [stderr]     Finished dev [unoptimized + debuginfo] target(s) in 14.64s
[INFO] running `Command { std: "docker" "inspect" "c9b19e215ed262eccb490610902e145201bf1f2be1d7e5e8c417d6c9196ac96f", kill_on_drop: false }`
[INFO] running `Command { std: "docker" "rm" "-f" "c9b19e215ed262eccb490610902e145201bf1f2be1d7e5e8c417d6c9196ac96f", kill_on_drop: false }`
[INFO] [stdout] c9b19e215ed262eccb490610902e145201bf1f2be1d7e5e8c417d6c9196ac96f
[INFO] running `Command { std: "docker" "create" "-v" "/var/lib/crater-agent-workspace/builds/worker-98/target:/opt/rustwide/target:rw,Z" "-v" "/var/lib/crater-agent-workspace/builds/worker-98/source:/opt/rustwide/workdir:ro,Z" "-v" "/var/lib/crater-agent-workspace/cargo-home:/opt/rustwide/cargo-home:ro,Z" "-v" "/var/lib/crater-agent-workspace/rustup-home:/opt/rustwide/rustup-home:ro,Z" "-e" "SOURCE_DIR=/opt/rustwide/workdir" "-e" "CARGO_TARGET_DIR=/opt/rustwide/target" "-e" "CARGO_INCREMENTAL=0" "-e" "RUST_BACKTRACE=full" "-e" "RUSTFLAGS=--cap-lints=warn" "-e" "CARGO_HOME=/opt/rustwide/cargo-home" "-e" "RUSTUP_HOME=/opt/rustwide/rustup-home" "-w" "/opt/rustwide/workdir" "-m" "1610612736" "--user" "0:0" "--network" "none" "ghcr.io/rust-lang/crates-build-env/linux@sha256:34b6a614d2c27851fe6cbf88fbd1137609cefab8b10d0615aaeb6fd47975d74e" "/opt/rustwide/cargo-home/bin/cargo" "+beta-2021-08-01" "test" "--frozen" "--no-run" "--message-format=json", kill_on_drop: false }`
[INFO] [stdout] 63a74093e6e4f90979b5180c139293a4ae7e9aa20cf39d81ceec722bd2b80539
[INFO] running `Command { std: "docker" "start" "-a" "63a74093e6e4f90979b5180c139293a4ae7e9aa20cf39d81ceec722bd2b80539", kill_on_drop: false }`
[INFO] [stderr]     Blocking waiting for file lock on package cache
[INFO] [stderr]    Compiling bch_addr v0.1.0 (/opt/rustwide/workdir)
[INFO] [stdout] warning: use of deprecated type alias `bs58::decode::DecodeError`: Use `bs58::decode::Error` instead
[INFO] [stdout]   --> src/error.rs:53:25
[INFO] [stdout]    |
[INFO] [stdout] 53 | impl From<bs58::decode::DecodeError> for Error {
[INFO] [stdout]    |                         ^^^^^^^^^^^
[INFO] [stdout]    |
[INFO] [stdout]    = note: `#[warn(deprecated)]` on by default
[INFO] [stdout] 
[INFO] [stdout] 
[INFO] [stdout] warning: use of deprecated type alias `bs58::decode::DecodeError`: Use `bs58::decode::Error` instead
[INFO] [stdout]   --> src/error.rs:44:24
[INFO] [stdout]    |
[INFO] [stdout] 44 |     Bs58(bs58::decode::DecodeError),
[INFO] [stdout]    |                        ^^^^^^^^^^^
[INFO] [stdout] 
[INFO] [stdout] 
[INFO] [stdout] warning: use of deprecated type alias `bs58::decode::DecodeError`: Use `bs58::decode::Error` instead
[INFO] [stdout]   --> src/error.rs:54:32
[INFO] [stdout]    |
[INFO] [stdout] 54 |     fn from(err: bs58::decode::DecodeError) -> Error {
[INFO] [stdout]    |                                ^^^^^^^^^^^
[INFO] [stdout] 
[INFO] [stdout] 
[INFO] [stdout] warning: 3 warnings emitted
[INFO] [stdout] 
[INFO] [stdout] 
[INFO] [stdout] warning: use of deprecated type alias `bs58::decode::DecodeError`: Use `bs58::decode::Error` instead
[INFO] [stdout]   --> src/error.rs:53:25
[INFO] [stdout]    |
[INFO] [stdout] 53 | impl From<bs58::decode::DecodeError> for Error {
[INFO] [stdout]    |                         ^^^^^^^^^^^
[INFO] [stdout]    |
[INFO] [stdout]    = note: `#[warn(deprecated)]` on by default
[INFO] [stdout] 
[INFO] [stdout] 
[INFO] [stdout] warning: use of deprecated type alias `bs58::decode::DecodeError`: Use `bs58::decode::Error` instead
[INFO] [stdout]   --> src/error.rs:44:24
[INFO] [stdout]    |
[INFO] [stdout] 44 |     Bs58(bs58::decode::DecodeError),
[INFO] [stdout]    |                        ^^^^^^^^^^^
[INFO] [stdout] 
[INFO] [stdout] 
[INFO] [stdout] warning: use of deprecated type alias `bs58::decode::DecodeError`: Use `bs58::decode::Error` instead
[INFO] [stdout]   --> src/error.rs:54:32
[INFO] [stdout]    |
[INFO] [stdout] 54 |     fn from(err: bs58::decode::DecodeError) -> Error {
[INFO] [stdout]    |                                ^^^^^^^^^^^
[INFO] [stdout] 
[INFO] [stdout] 
[INFO] [stderr]     Finished test [unoptimized + debuginfo] target(s) in 2.15s
[INFO] [stdout] warning: 3 warnings emitted
[INFO] [stdout] 
[INFO] [stdout] 
[INFO] running `Command { std: "docker" "inspect" "63a74093e6e4f90979b5180c139293a4ae7e9aa20cf39d81ceec722bd2b80539", kill_on_drop: false }`
[INFO] running `Command { std: "docker" "rm" "-f" "63a74093e6e4f90979b5180c139293a4ae7e9aa20cf39d81ceec722bd2b80539", kill_on_drop: false }`
[INFO] [stdout] 63a74093e6e4f90979b5180c139293a4ae7e9aa20cf39d81ceec722bd2b80539
[INFO] running `Command { std: "docker" "create" "-v" "/var/lib/crater-agent-workspace/builds/worker-98/target:/opt/rustwide/target:rw,Z" "-v" "/var/lib/crater-agent-workspace/builds/worker-98/source:/opt/rustwide/workdir:ro,Z" "-v" "/var/lib/crater-agent-workspace/cargo-home:/opt/rustwide/cargo-home:ro,Z" "-v" "/var/lib/crater-agent-workspace/rustup-home:/opt/rustwide/rustup-home:ro,Z" "-e" "SOURCE_DIR=/opt/rustwide/workdir" "-e" "CARGO_TARGET_DIR=/opt/rustwide/target" "-e" "CARGO_INCREMENTAL=0" "-e" "RUST_BACKTRACE=full" "-e" "RUSTFLAGS=--cap-lints=warn" "-e" "CARGO_HOME=/opt/rustwide/cargo-home" "-e" "RUSTUP_HOME=/opt/rustwide/rustup-home" "-w" "/opt/rustwide/workdir" "-m" "1610612736" "--user" "0:0" "--network" "none" "ghcr.io/rust-lang/crates-build-env/linux@sha256:34b6a614d2c27851fe6cbf88fbd1137609cefab8b10d0615aaeb6fd47975d74e" "/opt/rustwide/cargo-home/bin/cargo" "+beta-2021-08-01" "test" "--frozen", kill_on_drop: false }`
[INFO] [stdout] 68f8cb30e5e274f89e3ac88280e720cacad2a1300cd83a9ba3906a9e5f235b11
[INFO] running `Command { std: "docker" "start" "-a" "68f8cb30e5e274f89e3ac88280e720cacad2a1300cd83a9ba3906a9e5f235b11", kill_on_drop: false }`
[INFO] [stderr]     Blocking waiting for file lock on package cache
[INFO] [stderr]     Blocking waiting for file lock on package cache
[INFO] [stderr] warning: use of deprecated type alias `bs58::decode::DecodeError`: Use `bs58::decode::Error` instead
[INFO] [stderr]   --> src/error.rs:53:25
[INFO] [stderr]    |
[INFO] [stderr] 53 | impl From<bs58::decode::DecodeError> for Error {
[INFO] [stderr]    |                         ^^^^^^^^^^^
[INFO] [stderr]    |
[INFO] [stderr]    = note: `#[warn(deprecated)]` on by default
[INFO] [stderr] 
[INFO] [stderr] warning: use of deprecated type alias `bs58::decode::DecodeError`: Use `bs58::decode::Error` instead
[INFO] [stderr]   --> src/error.rs:44:24
[INFO] [stderr]    |
[INFO] [stderr] 44 |     Bs58(bs58::decode::DecodeError),
[INFO] [stderr]    |                        ^^^^^^^^^^^
[INFO] [stderr] 
[INFO] [stderr] warning: use of deprecated type alias `bs58::decode::DecodeError`: Use `bs58::decode::Error` instead
[INFO] [stderr]   --> src/error.rs:54:32
[INFO] [stderr]    |
[INFO] [stderr] 54 |     fn from(err: bs58::decode::DecodeError) -> Error {
[INFO] [stderr]    |                                ^^^^^^^^^^^
[INFO] [stderr] 
[INFO] [stderr] warning: `bch_addr` (lib) generated 3 warnings
[INFO] [stderr] warning: `bch_addr` (lib test) generated 3 warnings (3 duplicates)
[INFO] [stderr]     Finished test [unoptimized + debuginfo] target(s) in 0.65s
[INFO] [stderr]      Running unittests (/opt/rustwide/target/debug/deps/bch_addr-7c4c1a59e78c313b)
[INFO] [stdout] 
[INFO] [stdout] running 3 tests
[INFO] [stdout] test tests::regtest_addr ... ok
[INFO] [stdout] test tests::convert_test ... ok
[INFO] [stdout] test tests::slp_convert ... ok
[INFO] [stdout] 
[INFO] [stdout] test result: ok. 3 passed; 0 failed; 0 ignored; 0 measured; 0 filtered out; finished in 0.19s
[INFO] [stdout] 
[INFO] [stderr]    Doc-tests bch_addr
[INFO] [stdout] 
[INFO] [stdout] running 18 tests
[INFO] [stdout] test src/lib.rs - Converter::is_p2sh_addr (line 378) ... FAILED
[INFO] [stdout] test src/lib.rs - Converter::is_p2pkh_addr (line 360) ... FAILED
[INFO] [stdout] test src/lib.rs - AddressFormat::Other (line 54) ... ok
[INFO] [stdout] test src/lib.rs - Converter::new (line 78) ... ok
[INFO] [stdout] test src/lib.rs - Converter::detect_addr_format (line 228) ... ok
[INFO] [stdout] test src/lib.rs - Converter::is_legacy_addr (line 259) ... ok
[INFO] [stdout] test src/lib.rs - Converter::to_cash_addr (line 164) ... ok
[INFO] [stdout] test src/lib.rs - Converter::is_cash_addr (line 244) ... ok
[INFO] [stdout] test src/lib.rs - Converter::detect_addr_type (line 344) ... ok
[INFO] [stdout] test src/lib.rs - Converter::parse (line 208) ... ok
[INFO] [stdout] test src/lib.rs - Converter::is_testnet_addr (line 308) ... ok
[INFO] [stdout] test src/lib.rs - Converter::to_legacy_addr (line 180) ... ok
[INFO] [stdout] test src/lib.rs - Converter::add_prefixes (line 96) ... ok
[INFO] [stdout] test src/lib.rs - Converter::detect_addr_network (line 274) ... ok
[INFO] [stdout] test src/lib.rs - (line 9) ... ok
[INFO] [stdout] test src/lib.rs - Converter::to_cash_addr_with_options (line 116) ... ok
[INFO] [stdout] test src/lib.rs - Converter::is_regtest_addr (line 326) ... ok
[INFO] [stdout] test src/lib.rs - Converter::is_mainnet_addr (line 290) ... ok
[INFO] [stdout] 
[INFO] [stdout] failures:
[INFO] [stdout] 
[INFO] [stdout] ---- src/lib.rs - Converter::is_p2sh_addr (line 378) stdout ----
[INFO] [stdout] Couldn't compile the test.
[INFO] [stdout] ---- src/lib.rs - Converter::is_p2pkh_addr (line 360) stdout ----
[INFO] [stdout] Couldn't compile the test.
[INFO] [stdout] 
[INFO] [stdout] failures:
[INFO] [stdout]     src/lib.rs - Converter::is_p2pkh_addr (line 360)
[INFO] [stdout]     src/lib.rs - Converter::is_p2sh_addr (line 378)
[INFO] [stdout] 
[INFO] [stdout] test result: FAILED. 16 passed; 2 failed; 0 ignored; 0 measured; 0 filtered out; finished in 3.68s
[INFO] [stdout] 
[INFO] [stderr] error: test failed, to rerun pass '--doc'
[INFO] running `Command { std: "docker" "inspect" "68f8cb30e5e274f89e3ac88280e720cacad2a1300cd83a9ba3906a9e5f235b11", kill_on_drop: false }`
[INFO] running `Command { std: "docker" "rm" "-f" "68f8cb30e5e274f89e3ac88280e720cacad2a1300cd83a9ba3906a9e5f235b11", kill_on_drop: false }`
[INFO] [stdout] 68f8cb30e5e274f89e3ac88280e720cacad2a1300cd83a9ba3906a9e5f235b11
