[INFO] fetching crate batch_oper 2.3.1...
[INFO] testing batch_oper-2.3.1 against beta-2021-08-01 for beta-1.55-1
[INFO] extracting crate batch_oper 2.3.1 into /workspace/builds/worker-87/source
[INFO] validating manifest of crates.io crate batch_oper 2.3.1 on toolchain beta-2021-08-01
[INFO] running `Command { std: "/workspace/cargo-home/bin/cargo" "+beta-2021-08-01" "metadata" "--manifest-path" "Cargo.toml" "--no-deps", kill_on_drop: false }`
[INFO] started tweaking crates.io crate batch_oper 2.3.1
[INFO] finished tweaking crates.io crate batch_oper 2.3.1
[INFO] tweaked toml for crates.io crate batch_oper 2.3.1 written to /workspace/builds/worker-87/source/Cargo.toml
[INFO] running `Command { std: "/workspace/cargo-home/bin/cargo" "+beta-2021-08-01" "generate-lockfile" "--manifest-path" "Cargo.toml" "-Zno-index-update", kill_on_drop: false }`
[INFO] running `Command { std: "/workspace/cargo-home/bin/cargo" "+beta-2021-08-01" "fetch" "--manifest-path" "Cargo.toml", kill_on_drop: false }`
[INFO] [stderr]  Downloading crates ...
[INFO] [stderr]   Downloaded tuples v1.4.1
[INFO] running `Command { std: "docker" "create" "-v" "/var/lib/crater-agent-workspace/builds/worker-87/target:/opt/rustwide/target:rw,Z" "-v" "/var/lib/crater-agent-workspace/builds/worker-87/source:/opt/rustwide/workdir:ro,Z" "-v" "/var/lib/crater-agent-workspace/cargo-home:/opt/rustwide/cargo-home:ro,Z" "-v" "/var/lib/crater-agent-workspace/rustup-home:/opt/rustwide/rustup-home:ro,Z" "-e" "SOURCE_DIR=/opt/rustwide/workdir" "-e" "CARGO_TARGET_DIR=/opt/rustwide/target" "-e" "CARGO_HOME=/opt/rustwide/cargo-home" "-e" "RUSTUP_HOME=/opt/rustwide/rustup-home" "-w" "/opt/rustwide/workdir" "-m" "1610612736" "--user" "0:0" "--network" "none" "ghcr.io/rust-lang/crates-build-env/linux@sha256:34b6a614d2c27851fe6cbf88fbd1137609cefab8b10d0615aaeb6fd47975d74e" "/opt/rustwide/cargo-home/bin/cargo" "+beta-2021-08-01" "metadata" "--no-deps" "--format-version=1", kill_on_drop: false }`
[INFO] [stdout] 1fd3ad31ff60e8e6eeaa33c36509d9c8c514b3df21cfbc7b786ec6881c96ea18
[INFO] running `Command { std: "docker" "start" "-a" "1fd3ad31ff60e8e6eeaa33c36509d9c8c514b3df21cfbc7b786ec6881c96ea18", kill_on_drop: false }`
[INFO] running `Command { std: "docker" "inspect" "1fd3ad31ff60e8e6eeaa33c36509d9c8c514b3df21cfbc7b786ec6881c96ea18", kill_on_drop: false }`
[INFO] running `Command { std: "docker" "rm" "-f" "1fd3ad31ff60e8e6eeaa33c36509d9c8c514b3df21cfbc7b786ec6881c96ea18", kill_on_drop: false }`
[INFO] [stdout] 1fd3ad31ff60e8e6eeaa33c36509d9c8c514b3df21cfbc7b786ec6881c96ea18
[INFO] running `Command { std: "docker" "create" "-v" "/var/lib/crater-agent-workspace/builds/worker-87/target:/opt/rustwide/target:rw,Z" "-v" "/var/lib/crater-agent-workspace/builds/worker-87/source:/opt/rustwide/workdir:ro,Z" "-v" "/var/lib/crater-agent-workspace/cargo-home:/opt/rustwide/cargo-home:ro,Z" "-v" "/var/lib/crater-agent-workspace/rustup-home:/opt/rustwide/rustup-home:ro,Z" "-e" "SOURCE_DIR=/opt/rustwide/workdir" "-e" "CARGO_TARGET_DIR=/opt/rustwide/target" "-e" "CARGO_INCREMENTAL=0" "-e" "RUST_BACKTRACE=full" "-e" "RUSTFLAGS=--cap-lints=warn" "-e" "CARGO_HOME=/opt/rustwide/cargo-home" "-e" "RUSTUP_HOME=/opt/rustwide/rustup-home" "-w" "/opt/rustwide/workdir" "-m" "1610612736" "--user" "0:0" "--network" "none" "ghcr.io/rust-lang/crates-build-env/linux@sha256:34b6a614d2c27851fe6cbf88fbd1137609cefab8b10d0615aaeb6fd47975d74e" "/opt/rustwide/cargo-home/bin/cargo" "+beta-2021-08-01" "build" "--frozen" "--message-format=json", kill_on_drop: false }`
[INFO] [stdout] edc1f4b91ef58c7ddb2269c22f27bcde8aa1f0830833b7b9349a912bc29454a3
[INFO] running `Command { std: "docker" "start" "-a" "edc1f4b91ef58c7ddb2269c22f27bcde8aa1f0830833b7b9349a912bc29454a3", kill_on_drop: false }`
[INFO] [stderr]     Blocking waiting for file lock on package cache
[INFO] [stderr]    Compiling tuples v1.4.1
[INFO] [stderr]    Compiling batch_oper v2.3.1 (/opt/rustwide/workdir)
[INFO] [stdout] warning: panic message is not a string literal
[INFO] [stdout]  --> src/chain_panic.rs:8:16
[INFO] [stdout]   |
[INFO] [stdout] 8 |         panic!(self)
[INFO] [stdout]   |                ^^^^
[INFO] [stdout]   |
[INFO] [stdout]   = note: `#[warn(non_fmt_panics)]` on by default
[INFO] [stdout]   = note: this usage of panic!() is deprecated; it will be a hard error in Rust 2021
[INFO] [stdout]   = note: for more information, see <https://doc.rust-lang.org/nightly/edition-guide/rust-2021/panic-macro-consistency.html>
[INFO] [stdout] help: add a "{}" format string to Display the message
[INFO] [stdout]   |
[INFO] [stdout] 8 |         panic!("{}", self)
[INFO] [stdout]   |                ^^^^^
[INFO] [stdout] help: or use std::panic::panic_any instead
[INFO] [stdout]   |
[INFO] [stdout] 8 |         std::panic::panic_any(self)
[INFO] [stdout]   |         ^^^^^^^^^^^^^^^^^^^^^
[INFO] [stdout] 
[INFO] [stdout] 
[INFO] [stdout] warning: 1 warning emitted
[INFO] [stdout] 
[INFO] [stdout] 
[INFO] [stderr]     Finished dev [unoptimized + debuginfo] target(s) in 8.33s
[INFO] running `Command { std: "docker" "inspect" "edc1f4b91ef58c7ddb2269c22f27bcde8aa1f0830833b7b9349a912bc29454a3", kill_on_drop: false }`
[INFO] running `Command { std: "docker" "rm" "-f" "edc1f4b91ef58c7ddb2269c22f27bcde8aa1f0830833b7b9349a912bc29454a3", kill_on_drop: false }`
[INFO] [stdout] edc1f4b91ef58c7ddb2269c22f27bcde8aa1f0830833b7b9349a912bc29454a3
[INFO] running `Command { std: "docker" "create" "-v" "/var/lib/crater-agent-workspace/builds/worker-87/target:/opt/rustwide/target:rw,Z" "-v" "/var/lib/crater-agent-workspace/builds/worker-87/source:/opt/rustwide/workdir:ro,Z" "-v" "/var/lib/crater-agent-workspace/cargo-home:/opt/rustwide/cargo-home:ro,Z" "-v" "/var/lib/crater-agent-workspace/rustup-home:/opt/rustwide/rustup-home:ro,Z" "-e" "SOURCE_DIR=/opt/rustwide/workdir" "-e" "CARGO_TARGET_DIR=/opt/rustwide/target" "-e" "CARGO_INCREMENTAL=0" "-e" "RUST_BACKTRACE=full" "-e" "RUSTFLAGS=--cap-lints=warn" "-e" "CARGO_HOME=/opt/rustwide/cargo-home" "-e" "RUSTUP_HOME=/opt/rustwide/rustup-home" "-w" "/opt/rustwide/workdir" "-m" "1610612736" "--user" "0:0" "--network" "none" "ghcr.io/rust-lang/crates-build-env/linux@sha256:34b6a614d2c27851fe6cbf88fbd1137609cefab8b10d0615aaeb6fd47975d74e" "/opt/rustwide/cargo-home/bin/cargo" "+beta-2021-08-01" "test" "--frozen" "--no-run" "--message-format=json", kill_on_drop: false }`
[INFO] [stdout] 779cb2fcd8ee8e0f202e3e97a78f7d3ec091119b8a621a4e7e3d355bb424f3dd
[INFO] running `Command { std: "docker" "start" "-a" "779cb2fcd8ee8e0f202e3e97a78f7d3ec091119b8a621a4e7e3d355bb424f3dd", kill_on_drop: false }`
[INFO] [stderr]    Compiling batch_oper v2.3.1 (/opt/rustwide/workdir)
[INFO] [stdout] warning: panic message is not a string literal
[INFO] [stdout]  --> src/chain_panic.rs:8:16
[INFO] [stdout]   |
[INFO] [stdout] 8 |         panic!(self)
[INFO] [stdout]   |                ^^^^
[INFO] [stdout]   |
[INFO] [stdout]   = note: `#[warn(non_fmt_panics)]` on by default
[INFO] [stdout]   = note: this usage of panic!() is deprecated; it will be a hard error in Rust 2021
[INFO] [stdout]   = note: for more information, see <https://doc.rust-lang.org/nightly/edition-guide/rust-2021/panic-macro-consistency.html>
[INFO] [stdout] help: add a "{}" format string to Display the message
[INFO] [stdout]   |
[INFO] [stdout] 8 |         panic!("{}", self)
[INFO] [stdout]   |                ^^^^^
[INFO] [stdout] help: or use std::panic::panic_any instead
[INFO] [stdout]   |
[INFO] [stdout] 8 |         std::panic::panic_any(self)
[INFO] [stdout]   |         ^^^^^^^^^^^^^^^^^^^^^
[INFO] [stdout] 
[INFO] [stdout] 
[INFO] [stdout] warning: 1 warning emitted
[INFO] [stdout] 
[INFO] [stdout] 
[INFO] [stdout] warning: panic message is not a string literal
[INFO] [stdout]  --> src/chain_panic.rs:8:16
[INFO] [stdout]   |
[INFO] [stdout] 8 |         panic!(self)
[INFO] [stdout]   |                ^^^^
[INFO] [stdout]   |
[INFO] [stdout]   = note: `#[warn(non_fmt_panics)]` on by default
[INFO] [stdout]   = note: this usage of panic!() is deprecated; it will be a hard error in Rust 2021
[INFO] [stdout]   = note: for more information, see <https://doc.rust-lang.org/nightly/edition-guide/rust-2021/panic-macro-consistency.html>
[INFO] [stdout] help: add a "{}" format string to Display the message
[INFO] [stdout]   |
[INFO] [stdout] 8 |         panic!("{}", self)
[INFO] [stdout]   |                ^^^^^
[INFO] [stdout] help: or use std::panic::panic_any instead
[INFO] [stdout]   |
[INFO] [stdout] 8 |         std::panic::panic_any(self)
[INFO] [stdout]   |         ^^^^^^^^^^^^^^^^^^^^^
[INFO] [stdout] 
[INFO] [stdout] 
[INFO] [stdout] warning: 1 warning emitted
[INFO] [stdout] 
[INFO] [stdout] 
[INFO] [stderr]     Finished test [unoptimized + debuginfo] target(s) in 1.31s
[INFO] running `Command { std: "docker" "inspect" "779cb2fcd8ee8e0f202e3e97a78f7d3ec091119b8a621a4e7e3d355bb424f3dd", kill_on_drop: false }`
[INFO] running `Command { std: "docker" "rm" "-f" "779cb2fcd8ee8e0f202e3e97a78f7d3ec091119b8a621a4e7e3d355bb424f3dd", kill_on_drop: false }`
[INFO] [stdout] 779cb2fcd8ee8e0f202e3e97a78f7d3ec091119b8a621a4e7e3d355bb424f3dd
[INFO] running `Command { std: "docker" "create" "-v" "/var/lib/crater-agent-workspace/builds/worker-87/target:/opt/rustwide/target:rw,Z" "-v" "/var/lib/crater-agent-workspace/builds/worker-87/source:/opt/rustwide/workdir:ro,Z" "-v" "/var/lib/crater-agent-workspace/cargo-home:/opt/rustwide/cargo-home:ro,Z" "-v" "/var/lib/crater-agent-workspace/rustup-home:/opt/rustwide/rustup-home:ro,Z" "-e" "SOURCE_DIR=/opt/rustwide/workdir" "-e" "CARGO_TARGET_DIR=/opt/rustwide/target" "-e" "CARGO_INCREMENTAL=0" "-e" "RUST_BACKTRACE=full" "-e" "RUSTFLAGS=--cap-lints=warn" "-e" "CARGO_HOME=/opt/rustwide/cargo-home" "-e" "RUSTUP_HOME=/opt/rustwide/rustup-home" "-w" "/opt/rustwide/workdir" "-m" "1610612736" "--user" "0:0" "--network" "none" "ghcr.io/rust-lang/crates-build-env/linux@sha256:34b6a614d2c27851fe6cbf88fbd1137609cefab8b10d0615aaeb6fd47975d74e" "/opt/rustwide/cargo-home/bin/cargo" "+beta-2021-08-01" "test" "--frozen", kill_on_drop: false }`
[INFO] [stdout] d37370d30dee4c916c3ceb791f0e7e5698a1b75aab2204c83e231d478083b46d
[INFO] running `Command { std: "docker" "start" "-a" "d37370d30dee4c916c3ceb791f0e7e5698a1b75aab2204c83e231d478083b46d", kill_on_drop: false }`
[INFO] [stderr] warning: panic message is not a string literal
[INFO] [stderr]  --> src/chain_panic.rs:8:16
[INFO] [stderr]   |
[INFO] [stderr] 8 |         panic!(self)
[INFO] [stderr]   |                ^^^^
[INFO] [stderr]   |
[INFO] [stderr]   = note: `#[warn(non_fmt_panics)]` on by default
[INFO] [stderr]   = note: this usage of panic!() is deprecated; it will be a hard error in Rust 2021
[INFO] [stderr]   = note: for more information, see <https://doc.rust-lang.org/nightly/edition-guide/rust-2021/panic-macro-consistency.html>
[INFO] [stderr] help: add a "{}" format string to Display the message
[INFO] [stderr]   |
[INFO] [stderr] 8 |         panic!("{}", self)
[INFO] [stderr]   |                ^^^^^
[INFO] [stderr] help: or use std::panic::panic_any instead
[INFO] [stderr]   |
[INFO] [stderr] 8 |         std::panic::panic_any(self)
[INFO] [stderr]   |         ^^^^^^^^^^^^^^^^^^^^^
[INFO] [stderr] 
[INFO] [stderr] warning: `batch_oper` (lib) generated 1 warning
[INFO] [stderr] warning: `batch_oper` (lib test) generated 1 warning (1 duplicate)
[INFO] [stderr]     Finished test [unoptimized + debuginfo] target(s) in 0.11s
[INFO] [stdout] 
[INFO] [stderr]      Running unittests (/opt/rustwide/target/debug/deps/batch_oper-154eb0308686bca9)
[INFO] [stdout] running 13 tests
[INFO] [stdout] test combin::tests::test_combin_tuple ... ok
[INFO] [stdout] test tests::test_macro_map_map_like ... ok
[INFO] [stdout] test tests::test_macro_set_set_like ... ok
[INFO] [stdout] test tests::test_match ... ok
[INFO] [stdout] test tests::test_using ... ok
[INFO] [stdout] test tests::it_works ... ok
[INFO] [stdout] test once_get::test ... ok
[INFO] [stdout] test tests::test_let ... ok
[INFO] [stdout] test tests::test_in ... ok
[INFO] [stdout] test tests::test_batch ... ok
[INFO] [stderr]    Doc-tests batch_oper
[INFO] [stdout] test chain_panic::tests::test_panic - should panic ... ok
[INFO] [stdout] test chain_todo::tests::test_todo_msg - should panic ... ok
[INFO] [stdout] test chain_todo::tests::test_todo - should panic ... ok
[INFO] [stdout] 
[INFO] [stdout] test result: ok. 13 passed; 0 failed; 0 ignored; 0 measured; 0 filtered out; finished in 0.05s
[INFO] [stdout] 
[INFO] [stdout] 
[INFO] [stdout] running 93 tests
[INFO] [stdout] test src/lib.rs - (line 257) ... ignored
[INFO] [stdout] test src/lib.rs - (line 262) ... ignored
[INFO] [stdout] test src/lib.rs - bop (line 524) ... ignored
[INFO] [stdout] test src/lib.rs - bop (line 529) ... ignored
[INFO] [stdout] test src/lib.rs - (line 282) - compile ... ok
[INFO] [stdout] test src/lib.rs - (line 110) - compile ... ok
[INFO] [stdout] test src/lib.rs - (line 147) ... ok
[INFO] [stdout] test src/lib.rs - (line 235) ... ok
[INFO] [stdout] test src/lib.rs - bop (line 377) - compile ... ok
[INFO] [stdout] test src/side_effect.rs - using (line 19) - compile ... ok
[INFO] [stdout] test src/macro_lit.rs - deque (line 43) ... FAILED
[INFO] [stdout] test src/macro_lit.rs - btset (line 351) ... FAILED
[INFO] [stdout] test src/macro_lit.rs - map (line 171) ... FAILED
[INFO] [stdout] test src/macro_lit.rs - map_append (line 273) ... FAILED
[INFO] [stdout] test src/macro_lit.rs - set (line 291) ... FAILED
[INFO] [stdout] test src/lib.rs - bop (line 352) ... FAILED
[INFO] [stdout] test src/once_get.rs - once_get (line 1) ... FAILED
[INFO] [stdout] test src/macro_lit.rs - heap (line 383) ... FAILED
[INFO] [stdout] test src/lib.rs - (line 267) ... FAILED
[INFO] [stdout] test src/macro_lit.rs - set (line 312) ... FAILED
[INFO] [stdout] test src/macro_lit.rs - btset (line 359) ... FAILED
[INFO] [stdout] test src/macro_lit.rs - map (line 184) ... FAILED
[INFO] [stdout] test src/macro_lit.rs - btmap (line 226) ... FAILED
[INFO] [stdout] test src/lib.rs - (line 93) ... FAILED
[INFO] [stdout] test src/combin.rs - combin (line 5) ... ok
[INFO] [stdout] test src/lib.rs - bop (line 444) ... FAILED
[INFO] [stdout] test src/macro_lit.rs - deque (line 51) ... FAILED
[INFO] [stdout] test src/macro_lit.rs - btmap (line 237) ... FAILED
[INFO] [stdout] test src/lib.rs - (line 227) ... ok
[INFO] [stdout] test src/side_effect.rs - side_effect::Used::used (line 47) ... FAILED
[INFO] [stdout] test src/side_effect.rs - side_effect::Also (line 62) ... FAILED
[INFO] [stderr] error: test failed, to rerun pass '--doc'
[INFO] [stderr] 
[INFO] [stderr] Caused by:
[INFO] [stderr]   process didn't exit successfully: `rustdoc --edition=2018 --crate-type lib --crate-name batch_oper --test /opt/rustwide/workdir/src/lib.rs -L dependency=/opt/rustwide/target/debug/deps -L dependency=/opt/rustwide/target/debug/deps --extern batch_oper=/opt/rustwide/target/debug/deps/libbatch_oper-ac4bbe448c612803.rlib --extern tuples=/opt/rustwide/target/debug/deps/libtuples-6f09c5a489717298.rlib -C embed-bitcode=no --cfg 'feature="chain_panic"' --cfg 'feature="chain_todo"' --cfg 'feature="combin"' --cfg 'feature="default"' --cfg 'feature="macro-lit"' --cfg 'feature="named-into"' --cfg 'feature="once_get"' --cfg 'feature="re-exports"' --cfg 'feature="side-effect"' --cfg 'feature="std"' --cfg 'feature="tuples"' --error-format human` (signal: 9, SIGKILL: kill)
[INFO] running `Command { std: "docker" "inspect" "d37370d30dee4c916c3ceb791f0e7e5698a1b75aab2204c83e231d478083b46d", kill_on_drop: false }`
[INFO] running `Command { std: "docker" "rm" "-f" "d37370d30dee4c916c3ceb791f0e7e5698a1b75aab2204c83e231d478083b46d", kill_on_drop: false }`
[INFO] [stdout] d37370d30dee4c916c3ceb791f0e7e5698a1b75aab2204c83e231d478083b46d
