[INFO] fetching crate bastardion 0.0.0...
[INFO] testing bastardion-0.0.0 against beta-2021-08-01 for beta-1.55-1
[INFO] extracting crate bastardion 0.0.0 into /workspace/builds/worker-6/source
[INFO] validating manifest of crates.io crate bastardion 0.0.0 on toolchain beta-2021-08-01
[INFO] running `Command { std: "/workspace/cargo-home/bin/cargo" "+beta-2021-08-01" "metadata" "--manifest-path" "Cargo.toml" "--no-deps", kill_on_drop: false }`
[INFO] started tweaking crates.io crate bastardion 0.0.0
[INFO] finished tweaking crates.io crate bastardion 0.0.0
[INFO] tweaked toml for crates.io crate bastardion 0.0.0 written to /workspace/builds/worker-6/source/Cargo.toml
[INFO] running `Command { std: "/workspace/cargo-home/bin/cargo" "+beta-2021-08-01" "generate-lockfile" "--manifest-path" "Cargo.toml" "-Zno-index-update", kill_on_drop: false }`
[INFO] [stderr]     Blocking waiting for file lock on package cache
[INFO] running `Command { std: "/workspace/cargo-home/bin/cargo" "+beta-2021-08-01" "fetch" "--manifest-path" "Cargo.toml", kill_on_drop: false }`
[INFO] running `Command { std: "docker" "create" "-v" "/var/lib/crater-agent-workspace/builds/worker-6/target:/opt/rustwide/target:rw,Z" "-v" "/var/lib/crater-agent-workspace/builds/worker-6/source:/opt/rustwide/workdir:ro,Z" "-v" "/var/lib/crater-agent-workspace/cargo-home:/opt/rustwide/cargo-home:ro,Z" "-v" "/var/lib/crater-agent-workspace/rustup-home:/opt/rustwide/rustup-home:ro,Z" "-e" "SOURCE_DIR=/opt/rustwide/workdir" "-e" "CARGO_TARGET_DIR=/opt/rustwide/target" "-e" "CARGO_HOME=/opt/rustwide/cargo-home" "-e" "RUSTUP_HOME=/opt/rustwide/rustup-home" "-w" "/opt/rustwide/workdir" "-m" "1610612736" "--user" "0:0" "--network" "none" "ghcr.io/rust-lang/crates-build-env/linux@sha256:34b6a614d2c27851fe6cbf88fbd1137609cefab8b10d0615aaeb6fd47975d74e" "/opt/rustwide/cargo-home/bin/cargo" "+beta-2021-08-01" "metadata" "--no-deps" "--format-version=1", kill_on_drop: false }`
[INFO] [stdout] 11196a479e7fb6bdd54a8f3d315387dd54fcfe3623cdae9a4df1c758aaad63ba
[INFO] running `Command { std: "docker" "start" "-a" "11196a479e7fb6bdd54a8f3d315387dd54fcfe3623cdae9a4df1c758aaad63ba", kill_on_drop: false }`
[INFO] running `Command { std: "docker" "inspect" "11196a479e7fb6bdd54a8f3d315387dd54fcfe3623cdae9a4df1c758aaad63ba", kill_on_drop: false }`
[INFO] running `Command { std: "docker" "rm" "-f" "11196a479e7fb6bdd54a8f3d315387dd54fcfe3623cdae9a4df1c758aaad63ba", kill_on_drop: false }`
[INFO] [stdout] 11196a479e7fb6bdd54a8f3d315387dd54fcfe3623cdae9a4df1c758aaad63ba
[INFO] running `Command { std: "docker" "create" "-v" "/var/lib/crater-agent-workspace/builds/worker-6/target:/opt/rustwide/target:rw,Z" "-v" "/var/lib/crater-agent-workspace/builds/worker-6/source:/opt/rustwide/workdir:ro,Z" "-v" "/var/lib/crater-agent-workspace/cargo-home:/opt/rustwide/cargo-home:ro,Z" "-v" "/var/lib/crater-agent-workspace/rustup-home:/opt/rustwide/rustup-home:ro,Z" "-e" "SOURCE_DIR=/opt/rustwide/workdir" "-e" "CARGO_TARGET_DIR=/opt/rustwide/target" "-e" "CARGO_INCREMENTAL=0" "-e" "RUST_BACKTRACE=full" "-e" "RUSTFLAGS=--cap-lints=warn" "-e" "CARGO_HOME=/opt/rustwide/cargo-home" "-e" "RUSTUP_HOME=/opt/rustwide/rustup-home" "-w" "/opt/rustwide/workdir" "-m" "1610612736" "--user" "0:0" "--network" "none" "ghcr.io/rust-lang/crates-build-env/linux@sha256:34b6a614d2c27851fe6cbf88fbd1137609cefab8b10d0615aaeb6fd47975d74e" "/opt/rustwide/cargo-home/bin/cargo" "+beta-2021-08-01" "build" "--frozen" "--message-format=json", kill_on_drop: false }`
[INFO] [stdout] b293fe6cf0fce107ed681b9ecb5126462c4d1388aac1ee2cf1457109ad1f3dc8
[INFO] running `Command { std: "docker" "start" "-a" "b293fe6cf0fce107ed681b9ecb5126462c4d1388aac1ee2cf1457109ad1f3dc8", kill_on_drop: false }`
[INFO] [stderr]    Compiling bastardion v0.0.0 (/opt/rustwide/workdir)
[INFO] [stderr]     Finished dev [unoptimized + debuginfo] target(s) in 1.02s
[INFO] running `Command { std: "docker" "inspect" "b293fe6cf0fce107ed681b9ecb5126462c4d1388aac1ee2cf1457109ad1f3dc8", kill_on_drop: false }`
[INFO] running `Command { std: "docker" "rm" "-f" "b293fe6cf0fce107ed681b9ecb5126462c4d1388aac1ee2cf1457109ad1f3dc8", kill_on_drop: false }`
[INFO] [stdout] b293fe6cf0fce107ed681b9ecb5126462c4d1388aac1ee2cf1457109ad1f3dc8
[INFO] running `Command { std: "docker" "create" "-v" "/var/lib/crater-agent-workspace/builds/worker-6/target:/opt/rustwide/target:rw,Z" "-v" "/var/lib/crater-agent-workspace/builds/worker-6/source:/opt/rustwide/workdir:ro,Z" "-v" "/var/lib/crater-agent-workspace/cargo-home:/opt/rustwide/cargo-home:ro,Z" "-v" "/var/lib/crater-agent-workspace/rustup-home:/opt/rustwide/rustup-home:ro,Z" "-e" "SOURCE_DIR=/opt/rustwide/workdir" "-e" "CARGO_TARGET_DIR=/opt/rustwide/target" "-e" "CARGO_INCREMENTAL=0" "-e" "RUST_BACKTRACE=full" "-e" "RUSTFLAGS=--cap-lints=warn" "-e" "CARGO_HOME=/opt/rustwide/cargo-home" "-e" "RUSTUP_HOME=/opt/rustwide/rustup-home" "-w" "/opt/rustwide/workdir" "-m" "1610612736" "--user" "0:0" "--network" "none" "ghcr.io/rust-lang/crates-build-env/linux@sha256:34b6a614d2c27851fe6cbf88fbd1137609cefab8b10d0615aaeb6fd47975d74e" "/opt/rustwide/cargo-home/bin/cargo" "+beta-2021-08-01" "test" "--frozen" "--no-run" "--message-format=json", kill_on_drop: false }`
[INFO] [stdout] 30de04d77af2fb961090660acd084318b04296cdfe63a1bff7d1d677875bad8a
[INFO] running `Command { std: "docker" "start" "-a" "30de04d77af2fb961090660acd084318b04296cdfe63a1bff7d1d677875bad8a", kill_on_drop: false }`
[INFO] [stderr]    Compiling bastardion v0.0.0 (/opt/rustwide/workdir)
[INFO] [stderr]     Finished test [unoptimized + debuginfo] target(s) in 0.80s
[INFO] running `Command { std: "docker" "inspect" "30de04d77af2fb961090660acd084318b04296cdfe63a1bff7d1d677875bad8a", kill_on_drop: false }`
[INFO] running `Command { std: "docker" "rm" "-f" "30de04d77af2fb961090660acd084318b04296cdfe63a1bff7d1d677875bad8a", kill_on_drop: false }`
[INFO] [stdout] 30de04d77af2fb961090660acd084318b04296cdfe63a1bff7d1d677875bad8a
[INFO] running `Command { std: "docker" "create" "-v" "/var/lib/crater-agent-workspace/builds/worker-6/target:/opt/rustwide/target:rw,Z" "-v" "/var/lib/crater-agent-workspace/builds/worker-6/source:/opt/rustwide/workdir:ro,Z" "-v" "/var/lib/crater-agent-workspace/cargo-home:/opt/rustwide/cargo-home:ro,Z" "-v" "/var/lib/crater-agent-workspace/rustup-home:/opt/rustwide/rustup-home:ro,Z" "-e" "SOURCE_DIR=/opt/rustwide/workdir" "-e" "CARGO_TARGET_DIR=/opt/rustwide/target" "-e" "CARGO_INCREMENTAL=0" "-e" "RUST_BACKTRACE=full" "-e" "RUSTFLAGS=--cap-lints=warn" "-e" "CARGO_HOME=/opt/rustwide/cargo-home" "-e" "RUSTUP_HOME=/opt/rustwide/rustup-home" "-w" "/opt/rustwide/workdir" "-m" "1610612736" "--user" "0:0" "--network" "none" "ghcr.io/rust-lang/crates-build-env/linux@sha256:34b6a614d2c27851fe6cbf88fbd1137609cefab8b10d0615aaeb6fd47975d74e" "/opt/rustwide/cargo-home/bin/cargo" "+beta-2021-08-01" "test" "--frozen", kill_on_drop: false }`
[INFO] [stdout] bb7beb9500ab5a3523ba4497fea7fe04562fd2c84d658e7df39880cefc9f6e70
[INFO] running `Command { std: "docker" "start" "-a" "bb7beb9500ab5a3523ba4497fea7fe04562fd2c84d658e7df39880cefc9f6e70", kill_on_drop: false }`
[INFO] [stderr]     Finished test [unoptimized + debuginfo] target(s) in 0.09s
[INFO] [stderr]      Running unittests (/opt/rustwide/target/debug/deps/bastardion-1ee458729126c098)
[INFO] [stdout] 
[INFO] [stdout] running 0 tests
[INFO] [stdout] 
[INFO] [stdout] test result: ok. 0 passed; 0 failed; 0 ignored; 0 measured; 0 filtered out; finished in 0.00s
[INFO] [stdout] 
[INFO] [stderr]    Doc-tests bastardion
[INFO] [stdout] 
[INFO] [stdout] running 1 test
[INFO] [stdout] test src/lib.rs - (line 7) ... FAILED
[INFO] [stdout] 
[INFO] [stdout] failures:
[INFO] [stdout] 
[INFO] [stdout] ---- src/lib.rs - (line 7) stdout ----
[INFO] [stdout] error[E0762]: unterminated character literal
[INFO] [stdout]    --> src/lib.rs:174:44
[INFO] [stdout]     |
[INFO] [stdout] 167 | attempt to alter or restrict the recipients' rights in the Source Code
[INFO] [stdout]     |                                            ^^^^^^^^^^^^^^^^^^^^^^^^^^^
[INFO] [stdout] 
[INFO] [stdout] error: aborting due to previous error
[INFO] [stdout] 
[INFO] [stdout] For more information about this error, try `rustc --explain E0762`.
[INFO] [stdout] Couldn't compile the test.
[INFO] [stdout] 
[INFO] [stdout] failures:
[INFO] [stdout]     src/lib.rs - (line 7)
[INFO] [stdout] 
[INFO] [stdout] test result: FAILED. 0 passed; 1 failed; 0 ignored; 0 measured; 0 filtered out; finished in 0.06s
[INFO] [stdout] 
[INFO] [stderr] error: test failed, to rerun pass '--doc'
[INFO] running `Command { std: "docker" "inspect" "bb7beb9500ab5a3523ba4497fea7fe04562fd2c84d658e7df39880cefc9f6e70", kill_on_drop: false }`
[INFO] running `Command { std: "docker" "rm" "-f" "bb7beb9500ab5a3523ba4497fea7fe04562fd2c84d658e7df39880cefc9f6e70", kill_on_drop: false }`
[INFO] [stdout] bb7beb9500ab5a3523ba4497fea7fe04562fd2c84d658e7df39880cefc9f6e70
