[INFO] fetching crate basic_tree 0.2.5...
[INFO] testing basic_tree-0.2.5 against beta-2021-08-01 for beta-1.55-1
[INFO] extracting crate basic_tree 0.2.5 into /workspace/builds/worker-28/source
[INFO] validating manifest of crates.io crate basic_tree 0.2.5 on toolchain beta-2021-08-01
[INFO] running `Command { std: "/workspace/cargo-home/bin/cargo" "+beta-2021-08-01" "metadata" "--manifest-path" "Cargo.toml" "--no-deps", kill_on_drop: false }`
[INFO] started tweaking crates.io crate basic_tree 0.2.5
[INFO] finished tweaking crates.io crate basic_tree 0.2.5
[INFO] tweaked toml for crates.io crate basic_tree 0.2.5 written to /workspace/builds/worker-28/source/Cargo.toml
[INFO] running `Command { std: "/workspace/cargo-home/bin/cargo" "+beta-2021-08-01" "generate-lockfile" "--manifest-path" "Cargo.toml" "-Zno-index-update", kill_on_drop: false }`
[INFO] [stderr]     Blocking waiting for file lock on package cache
[INFO] running `Command { std: "/workspace/cargo-home/bin/cargo" "+beta-2021-08-01" "fetch" "--manifest-path" "Cargo.toml", kill_on_drop: false }`
[INFO] [stderr]     Blocking waiting for file lock on package cache
[INFO] running `Command { std: "docker" "create" "-v" "/var/lib/crater-agent-workspace/builds/worker-28/target:/opt/rustwide/target:rw,Z" "-v" "/var/lib/crater-agent-workspace/builds/worker-28/source:/opt/rustwide/workdir:ro,Z" "-v" "/var/lib/crater-agent-workspace/cargo-home:/opt/rustwide/cargo-home:ro,Z" "-v" "/var/lib/crater-agent-workspace/rustup-home:/opt/rustwide/rustup-home:ro,Z" "-e" "SOURCE_DIR=/opt/rustwide/workdir" "-e" "CARGO_TARGET_DIR=/opt/rustwide/target" "-e" "CARGO_HOME=/opt/rustwide/cargo-home" "-e" "RUSTUP_HOME=/opt/rustwide/rustup-home" "-w" "/opt/rustwide/workdir" "-m" "1610612736" "--user" "0:0" "--network" "none" "ghcr.io/rust-lang/crates-build-env/linux@sha256:34b6a614d2c27851fe6cbf88fbd1137609cefab8b10d0615aaeb6fd47975d74e" "/opt/rustwide/cargo-home/bin/cargo" "+beta-2021-08-01" "metadata" "--no-deps" "--format-version=1", kill_on_drop: false }`
[INFO] [stdout] 26efe4208b11f2788184c16b19f5c7c44105e5010c9ef0c7a43a7d316bb98b35
[INFO] running `Command { std: "docker" "start" "-a" "26efe4208b11f2788184c16b19f5c7c44105e5010c9ef0c7a43a7d316bb98b35", kill_on_drop: false }`
[INFO] running `Command { std: "docker" "inspect" "26efe4208b11f2788184c16b19f5c7c44105e5010c9ef0c7a43a7d316bb98b35", kill_on_drop: false }`
[INFO] running `Command { std: "docker" "rm" "-f" "26efe4208b11f2788184c16b19f5c7c44105e5010c9ef0c7a43a7d316bb98b35", kill_on_drop: false }`
[INFO] [stdout] 26efe4208b11f2788184c16b19f5c7c44105e5010c9ef0c7a43a7d316bb98b35
[INFO] running `Command { std: "docker" "create" "-v" "/var/lib/crater-agent-workspace/builds/worker-28/target:/opt/rustwide/target:rw,Z" "-v" "/var/lib/crater-agent-workspace/builds/worker-28/source:/opt/rustwide/workdir:ro,Z" "-v" "/var/lib/crater-agent-workspace/cargo-home:/opt/rustwide/cargo-home:ro,Z" "-v" "/var/lib/crater-agent-workspace/rustup-home:/opt/rustwide/rustup-home:ro,Z" "-e" "SOURCE_DIR=/opt/rustwide/workdir" "-e" "CARGO_TARGET_DIR=/opt/rustwide/target" "-e" "CARGO_INCREMENTAL=0" "-e" "RUST_BACKTRACE=full" "-e" "RUSTFLAGS=--cap-lints=warn" "-e" "CARGO_HOME=/opt/rustwide/cargo-home" "-e" "RUSTUP_HOME=/opt/rustwide/rustup-home" "-w" "/opt/rustwide/workdir" "-m" "1610612736" "--user" "0:0" "--network" "none" "ghcr.io/rust-lang/crates-build-env/linux@sha256:34b6a614d2c27851fe6cbf88fbd1137609cefab8b10d0615aaeb6fd47975d74e" "/opt/rustwide/cargo-home/bin/cargo" "+beta-2021-08-01" "build" "--frozen" "--message-format=json", kill_on_drop: false }`
[INFO] [stdout] 5bc0c1cb3e5f74a056f022148f74ad9715fdc827e9be515a2178049e41198842
[INFO] running `Command { std: "docker" "start" "-a" "5bc0c1cb3e5f74a056f022148f74ad9715fdc827e9be515a2178049e41198842", kill_on_drop: false }`
[INFO] [stderr]     Blocking waiting for file lock on package cache
[INFO] [stderr]    Compiling basic_tree v0.2.5 (/opt/rustwide/workdir)
[INFO] [stdout] warning: unused import: `std::cmp::Eq`
[INFO] [stdout]  --> src/trie/word.rs:3:5
[INFO] [stdout]   |
[INFO] [stdout] 3 | use std::cmp::Eq;
[INFO] [stdout]   |     ^^^^^^^^^^^^
[INFO] [stdout]   |
[INFO] [stdout]   = note: `#[warn(unused_imports)]` on by default
[INFO] [stdout] 
[INFO] [stdout] 
[INFO] [stdout] warning: unused import: `std::hash::Hash`
[INFO] [stdout]  --> src/trie/word.rs:4:5
[INFO] [stdout]   |
[INFO] [stdout] 4 | use std::hash::Hash;
[INFO] [stdout]   |     ^^^^^^^^^^^^^^^
[INFO] [stdout] 
[INFO] [stdout] 
[INFO] [stdout] warning: associated function is never used: `new`
[INFO] [stdout]   --> src/trie/word.rs:29:8
[INFO] [stdout]    |
[INFO] [stdout] 29 |     fn new() -> WordTrie {
[INFO] [stdout]    |        ^^^
[INFO] [stdout]    |
[INFO] [stdout]    = note: `#[warn(dead_code)]` on by default
[INFO] [stdout] 
[INFO] [stdout] 
[INFO] [stdout] warning: associated function is never used: `insert_words`
[INFO] [stdout]   --> src/trie/word.rs:33:8
[INFO] [stdout]    |
[INFO] [stdout] 33 |     fn insert_words(&self, words: &str, target: &str) {
[INFO] [stdout]    |        ^^^^^^^^^^^^
[INFO] [stdout] 
[INFO] [stdout] 
[INFO] [stdout] warning: associated function is never used: `split_words`
[INFO] [stdout]   --> src/trie/word.rs:39:8
[INFO] [stdout]    |
[INFO] [stdout] 39 |     fn split_words(words: &str) -> Vec<String> {
[INFO] [stdout]    |        ^^^^^^^^^^^
[INFO] [stdout] 
[INFO] [stdout] 
[INFO] [stdout] warning: associated function is never used: `insert`
[INFO] [stdout]   --> src/trie/word.rs:44:8
[INFO] [stdout]    |
[INFO] [stdout] 44 |     fn insert(&self, words: &[String], target: String) {
[INFO] [stdout]    |        ^^^^^^
[INFO] [stdout] 
[INFO] [stdout] 
[INFO] [stdout] warning: associated function is never used: `get_leaf`
[INFO] [stdout]   --> src/trie/word.rs:52:8
[INFO] [stdout]    |
[INFO] [stdout] 52 |     fn get_leaf(&self, words: &[String]) -> Leaf<String> {
[INFO] [stdout]    |        ^^^^^^^^
[INFO] [stdout] 
[INFO] [stdout] 
[INFO] [stdout] warning: 7 warnings emitted
[INFO] [stdout] 
[INFO] [stdout] 
[INFO] [stderr]     Finished dev [unoptimized + debuginfo] target(s) in 1.38s
[INFO] running `Command { std: "docker" "inspect" "5bc0c1cb3e5f74a056f022148f74ad9715fdc827e9be515a2178049e41198842", kill_on_drop: false }`
[INFO] running `Command { std: "docker" "rm" "-f" "5bc0c1cb3e5f74a056f022148f74ad9715fdc827e9be515a2178049e41198842", kill_on_drop: false }`
[INFO] [stdout] 5bc0c1cb3e5f74a056f022148f74ad9715fdc827e9be515a2178049e41198842
[INFO] running `Command { std: "docker" "create" "-v" "/var/lib/crater-agent-workspace/builds/worker-28/target:/opt/rustwide/target:rw,Z" "-v" "/var/lib/crater-agent-workspace/builds/worker-28/source:/opt/rustwide/workdir:ro,Z" "-v" "/var/lib/crater-agent-workspace/cargo-home:/opt/rustwide/cargo-home:ro,Z" "-v" "/var/lib/crater-agent-workspace/rustup-home:/opt/rustwide/rustup-home:ro,Z" "-e" "SOURCE_DIR=/opt/rustwide/workdir" "-e" "CARGO_TARGET_DIR=/opt/rustwide/target" "-e" "CARGO_INCREMENTAL=0" "-e" "RUST_BACKTRACE=full" "-e" "RUSTFLAGS=--cap-lints=warn" "-e" "CARGO_HOME=/opt/rustwide/cargo-home" "-e" "RUSTUP_HOME=/opt/rustwide/rustup-home" "-w" "/opt/rustwide/workdir" "-m" "1610612736" "--user" "0:0" "--network" "none" "ghcr.io/rust-lang/crates-build-env/linux@sha256:34b6a614d2c27851fe6cbf88fbd1137609cefab8b10d0615aaeb6fd47975d74e" "/opt/rustwide/cargo-home/bin/cargo" "+beta-2021-08-01" "test" "--frozen" "--no-run" "--message-format=json", kill_on_drop: false }`
[INFO] [stdout] 832ae310b397356b7c7869f3193d9dca8fa02cfb3b3d76da231fc3ff5f9bd3f8
[INFO] running `Command { std: "docker" "start" "-a" "832ae310b397356b7c7869f3193d9dca8fa02cfb3b3d76da231fc3ff5f9bd3f8", kill_on_drop: false }`
[INFO] [stdout] warning: unused import: `std::cmp::Eq`
[INFO] [stdout]  --> src/trie/word.rs:3:5
[INFO] [stdout]   |
[INFO] [stdout] 3 | use std::cmp::Eq;
[INFO] [stdout]   |     ^^^^^^^^^^^^
[INFO] [stdout]   |
[INFO] [stdout]   = note: `#[warn(unused_imports)]` on by default
[INFO] [stdout] 
[INFO] [stdout] 
[INFO] [stderr]    Compiling basic_tree v0.2.5 (/opt/rustwide/workdir)
[INFO] [stdout] warning: unused import: `std::hash::Hash`
[INFO] [stdout]  --> src/trie/word.rs:4:5
[INFO] [stdout]   |
[INFO] [stdout] 4 | use std::hash::Hash;
[INFO] [stdout]   |     ^^^^^^^^^^^^^^^
[INFO] [stdout] 
[INFO] [stdout] 
[INFO] [stdout] warning: associated function is never used: `new`
[INFO] [stdout]   --> src/trie/word.rs:29:8
[INFO] [stdout]    |
[INFO] [stdout] 29 |     fn new() -> WordTrie {
[INFO] [stdout]    |        ^^^
[INFO] [stdout]    |
[INFO] [stdout]    = note: `#[warn(dead_code)]` on by default
[INFO] [stdout] 
[INFO] [stdout] 
[INFO] [stdout] warning: associated function is never used: `insert_words`
[INFO] [stdout]   --> src/trie/word.rs:33:8
[INFO] [stdout]    |
[INFO] [stdout] 33 |     fn insert_words(&self, words: &str, target: &str) {
[INFO] [stdout]    |        ^^^^^^^^^^^^
[INFO] [stdout] 
[INFO] [stdout] 
[INFO] [stdout] warning: associated function is never used: `split_words`
[INFO] [stdout]   --> src/trie/word.rs:39:8
[INFO] [stdout]    |
[INFO] [stdout] 39 |     fn split_words(words: &str) -> Vec<String> {
[INFO] [stdout]    |        ^^^^^^^^^^^
[INFO] [stdout] 
[INFO] [stdout] 
[INFO] [stdout] warning: associated function is never used: `insert`
[INFO] [stdout]   --> src/trie/word.rs:44:8
[INFO] [stdout]    |
[INFO] [stdout] 44 |     fn insert(&self, words: &[String], target: String) {
[INFO] [stdout]    |        ^^^^^^
[INFO] [stdout] 
[INFO] [stdout] 
[INFO] [stdout] warning: associated function is never used: `get_leaf`
[INFO] [stdout]   --> src/trie/word.rs:52:8
[INFO] [stdout]    |
[INFO] [stdout] 52 |     fn get_leaf(&self, words: &[String]) -> Leaf<String> {
[INFO] [stdout]    |        ^^^^^^^^
[INFO] [stdout] 
[INFO] [stdout] 
[INFO] [stdout] warning: 7 warnings emitted
[INFO] [stdout] 
[INFO] [stdout] 
[INFO] [stdout] warning: unused import: `std::cmp::Eq`
[INFO] [stdout]  --> src/trie/word.rs:3:5
[INFO] [stdout]   |
[INFO] [stdout] 3 | use std::cmp::Eq;
[INFO] [stdout]   |     ^^^^^^^^^^^^
[INFO] [stdout]   |
[INFO] [stdout]   = note: `#[warn(unused_imports)]` on by default
[INFO] [stdout] 
[INFO] [stdout] 
[INFO] [stdout] warning: unused import: `std::hash::Hash`
[INFO] [stdout]  --> src/trie/word.rs:4:5
[INFO] [stdout]   |
[INFO] [stdout] 4 | use std::hash::Hash;
[INFO] [stdout]   |     ^^^^^^^^^^^^^^^
[INFO] [stdout] 
[INFO] [stdout] 
[INFO] [stdout] warning: associated function is never used: `get_leaf`
[INFO] [stdout]   --> src/trie/word.rs:52:8
[INFO] [stdout]    |
[INFO] [stdout] 52 |     fn get_leaf(&self, words: &[String]) -> Leaf<String> {
[INFO] [stdout]    |        ^^^^^^^^
[INFO] [stdout]    |
[INFO] [stdout]    = note: `#[warn(dead_code)]` on by default
[INFO] [stdout] 
[INFO] [stdout] 
[INFO] [stdout] warning: 3 warnings emitted
[INFO] [stdout] 
[INFO] [stdout] 
[INFO] [stderr]     Finished test [unoptimized + debuginfo] target(s) in 0.74s
[INFO] running `Command { std: "docker" "inspect" "832ae310b397356b7c7869f3193d9dca8fa02cfb3b3d76da231fc3ff5f9bd3f8", kill_on_drop: false }`
[INFO] running `Command { std: "docker" "rm" "-f" "832ae310b397356b7c7869f3193d9dca8fa02cfb3b3d76da231fc3ff5f9bd3f8", kill_on_drop: false }`
[INFO] [stdout] 832ae310b397356b7c7869f3193d9dca8fa02cfb3b3d76da231fc3ff5f9bd3f8
[INFO] running `Command { std: "docker" "create" "-v" "/var/lib/crater-agent-workspace/builds/worker-28/target:/opt/rustwide/target:rw,Z" "-v" "/var/lib/crater-agent-workspace/builds/worker-28/source:/opt/rustwide/workdir:ro,Z" "-v" "/var/lib/crater-agent-workspace/cargo-home:/opt/rustwide/cargo-home:ro,Z" "-v" "/var/lib/crater-agent-workspace/rustup-home:/opt/rustwide/rustup-home:ro,Z" "-e" "SOURCE_DIR=/opt/rustwide/workdir" "-e" "CARGO_TARGET_DIR=/opt/rustwide/target" "-e" "CARGO_INCREMENTAL=0" "-e" "RUST_BACKTRACE=full" "-e" "RUSTFLAGS=--cap-lints=warn" "-e" "CARGO_HOME=/opt/rustwide/cargo-home" "-e" "RUSTUP_HOME=/opt/rustwide/rustup-home" "-w" "/opt/rustwide/workdir" "-m" "1610612736" "--user" "0:0" "--network" "none" "ghcr.io/rust-lang/crates-build-env/linux@sha256:34b6a614d2c27851fe6cbf88fbd1137609cefab8b10d0615aaeb6fd47975d74e" "/opt/rustwide/cargo-home/bin/cargo" "+beta-2021-08-01" "test" "--frozen", kill_on_drop: false }`
[INFO] [stdout] 60d093396649b3e5b6aead601eec91faefbdfabbb18fe51d8d32cb610b9d9c9b
[INFO] running `Command { std: "docker" "start" "-a" "60d093396649b3e5b6aead601eec91faefbdfabbb18fe51d8d32cb610b9d9c9b", kill_on_drop: false }`
[INFO] [stderr] warning: unused import: `std::cmp::Eq`
[INFO] [stderr]  --> src/trie/word.rs:3:5
[INFO] [stderr]   |
[INFO] [stderr] 3 | use std::cmp::Eq;
[INFO] [stderr]   |     ^^^^^^^^^^^^
[INFO] [stderr]   |
[INFO] [stderr]   = note: `#[warn(unused_imports)]` on by default
[INFO] [stderr] 
[INFO] [stderr] warning: unused import: `std::hash::Hash`
[INFO] [stderr]  --> src/trie/word.rs:4:5
[INFO] [stderr]   |
[INFO] [stderr] 4 | use std::hash::Hash;
[INFO] [stderr]   |     ^^^^^^^^^^^^^^^
[INFO] [stderr] 
[INFO] [stderr] warning: associated function is never used: `new`
[INFO] [stderr]   --> src/trie/word.rs:29:8
[INFO] [stderr]    |
[INFO] [stderr] 29 |     fn new() -> WordTrie {
[INFO] [stderr]    |        ^^^
[INFO] [stderr]    |
[INFO] [stderr]    = note: `#[warn(dead_code)]` on by default
[INFO] [stderr] 
[INFO] [stderr] warning: associated function is never used: `insert_words`
[INFO] [stderr]   --> src/trie/word.rs:33:8
[INFO] [stderr]    |
[INFO] [stderr] 33 |     fn insert_words(&self, words: &str, target: &str) {
[INFO] [stderr]    |        ^^^^^^^^^^^^
[INFO] [stderr] 
[INFO] [stderr] warning: associated function is never used: `split_words`
[INFO] [stderr]   --> src/trie/word.rs:39:8
[INFO] [stderr]    |
[INFO] [stderr] 39 |     fn split_words(words: &str) -> Vec<String> {
[INFO] [stderr]    |        ^^^^^^^^^^^
[INFO] [stderr] 
[INFO] [stderr] warning: associated function is never used: `insert`
[INFO] [stderr]   --> src/trie/word.rs:44:8
[INFO] [stderr]    |
[INFO] [stderr] 44 |     fn insert(&self, words: &[String], target: String) {
[INFO] [stderr]    |        ^^^^^^
[INFO] [stderr] 
[INFO] [stderr] warning: associated function is never used: `get_leaf`
[INFO] [stderr]   --> src/trie/word.rs:52:8
[INFO] [stderr]    |
[INFO] [stderr] 52 |     fn get_leaf(&self, words: &[String]) -> Leaf<String> {
[INFO] [stderr]    |        ^^^^^^^^
[INFO] [stderr] 
[INFO] [stderr] warning: `basic_tree` (lib) generated 7 warnings
[INFO] [stderr] warning: associated function is never used: `get_leaf`
[INFO] [stderr]   --> src/trie/word.rs:52:8
[INFO] [stderr]    |
[INFO] [stderr] 52 |     fn get_leaf(&self, words: &[String]) -> Leaf<String> {
[INFO] [stderr]    |        ^^^^^^^^
[INFO] [stderr]    |
[INFO] [stderr]    = note: `#[warn(dead_code)]` on by default
[INFO] [stderr] 
[INFO] [stderr] warning: `basic_tree` (lib test) generated 3 warnings (2 duplicates)
[INFO] [stderr]     Finished test [unoptimized + debuginfo] target(s) in 0.10s
[INFO] [stderr]      Running unittests (/opt/rustwide/target/debug/deps/basic_tree-629d016e04441115)
[INFO] [stdout] 
[INFO] [stdout] running 3 tests
[INFO] [stdout] test tests::it_works ... ok
[INFO] [stdout] test trie::word::test_word ... ok
[INFO] [stdout] test trie::basic::name ... ok
[INFO] [stdout] 
[INFO] [stdout] test result: ok. 3 passed; 0 failed; 0 ignored; 0 measured; 0 filtered out; finished in 0.00s
[INFO] [stdout] 
[INFO] [stderr]    Doc-tests basic_tree
[INFO] [stdout] 
[INFO] [stdout] running 4 tests
[INFO] [stdout] test src/trie/word.rs - trie::word::WordTrie (line 12) ... FAILED
[INFO] [stdout] test src/trie/basic.rs - trie::basic::Node (line 34) ... FAILED
[INFO] [stdout] test src/lib.rs - (line 25) ... FAILED
[INFO] [stdout] test src/lib.rs - (line 12) ... FAILED
[INFO] [stdout] 
[INFO] [stdout] failures:
[INFO] [stdout] 
[INFO] [stdout] ---- src/trie/word.rs - trie::word::WordTrie (line 12) stdout ----
[INFO] [stdout] error[E0433]: failed to resolve: use of undeclared type `WordTrie`
[INFO] [stdout]  --> src/trie/word.rs:13:17
[INFO] [stdout]   |
[INFO] [stdout] 3 | let word_trie = WordTrie::new();
[INFO] [stdout]   |                 ^^^^^^^^ not found in this scope
[INFO] [stdout]   |
[INFO] [stdout] help: consider importing this struct
[INFO] [stdout]   |
[INFO] [stdout] 2 | use basic_tree::trie::word::WordTrie;
[INFO] [stdout]   |
[INFO] [stdout] 
[INFO] [stdout] error: aborting due to previous error
[INFO] [stdout] 
[INFO] [stdout] For more information about this error, try `rustc --explain E0433`.
[INFO] [stdout] Couldn't compile the test.
[INFO] [stdout] ---- src/trie/basic.rs - trie::basic::Node (line 34) stdout ----
[INFO] [stdout] error[E0433]: failed to resolve: use of undeclared type `Node`
[INFO] [stdout]  --> src/trie/basic.rs:35:12
[INFO] [stdout]   |
[INFO] [stdout] 3 | let node = Node::new();
[INFO] [stdout]   |            ^^^^ not found in this scope
[INFO] [stdout]   |
[INFO] [stdout] help: consider importing this struct
[INFO] [stdout]   |
[INFO] [stdout] 2 | use basic_tree::trie::basic::Node;
[INFO] [stdout]   |
[INFO] [stdout] 
[INFO] [stdout] error[E0433]: failed to resolve: use of undeclared type `Node`
[INFO] [stdout]  --> src/trie/basic.rs:38:1
[INFO] [stdout]   |
[INFO] [stdout] 6 | Node::insert_seq(node.clone(), &seq, Leaf::End("intention".to_string()));
[INFO] [stdout]   | ^^^^ not found in this scope
[INFO] [stdout]   |
[INFO] [stdout] help: consider importing this struct
[INFO] [stdout]   |
[INFO] [stdout] 2 | use basic_tree::trie::basic::Node;
[INFO] [stdout]   |
[INFO] [stdout] 
[INFO] [stdout] error[E0433]: failed to resolve: use of undeclared type `Leaf`
[INFO] [stdout]  --> src/trie/basic.rs:38:38
[INFO] [stdout]   |
[INFO] [stdout] 6 | Node::insert_seq(node.clone(), &seq, Leaf::End("intention".to_string()));
[INFO] [stdout]   |                                      ^^^^ not found in this scope
[INFO] [stdout]   |
[INFO] [stdout] help: consider importing this enum
[INFO] [stdout]   |
[INFO] [stdout] 2 | use basic_tree::trie::basic::Leaf;
[INFO] [stdout]   |
[INFO] [stdout] 
[INFO] [stdout] error[E0433]: failed to resolve: use of undeclared type `Node`
[INFO] [stdout]  --> src/trie/basic.rs:39:12
[INFO] [stdout]   |
[INFO] [stdout] 7 | let leaf = Node::get_leaf(node.clone(), &seq1);
[INFO] [stdout]   |            ^^^^ not found in this scope
[INFO] [stdout]   |
[INFO] [stdout] help: consider importing this struct
[INFO] [stdout]   |
[INFO] [stdout] 2 | use basic_tree::trie::basic::Node;
[INFO] [stdout]   |
[INFO] [stdout] 
[INFO] [stdout] error[E0433]: failed to resolve: use of undeclared type `Leaf`
[INFO] [stdout]  --> src/trie/basic.rs:40:18
[INFO] [stdout]   |
[INFO] [stdout] 8 | assert_ne!(leaf, Leaf::End("intention".to_string()));
[INFO] [stdout]   |                  ^^^^ not found in this scope
[INFO] [stdout]   |
[INFO] [stdout] help: consider importing this enum
[INFO] [stdout]   |
[INFO] [stdout] 2 | use basic_tree::trie::basic::Leaf;
[INFO] [stdout]   |
[INFO] [stdout] 
[INFO] [stdout] error: aborting due to 5 previous errors
[INFO] [stdout] 
[INFO] [stdout] For more information about this error, try `rustc --explain E0433`.
[INFO] [stdout] Couldn't compile the test.
[INFO] [stdout] ---- src/lib.rs - (line 25) stdout ----
[INFO] [stdout] error[E0433]: failed to resolve: use of undeclared type `Node`
[INFO] [stdout]  --> src/lib.rs:29:1
[INFO] [stdout]   |
[INFO] [stdout] 7 | Node::insert_seq(node.clone(), &seq, Leaf::End("intention".to_string()));
[INFO] [stdout]   | ^^^^ not found in this scope
[INFO] [stdout]   |
[INFO] [stdout] help: consider importing this struct
[INFO] [stdout]   |
[INFO] [stdout] 3 | use basic_tree::trie::basic::Node;
[INFO] [stdout]   |
[INFO] [stdout] 
[INFO] [stdout] error[E0433]: failed to resolve: use of undeclared type `Leaf`
[INFO] [stdout]  --> src/lib.rs:29:38
[INFO] [stdout]   |
[INFO] [stdout] 7 | Node::insert_seq(node.clone(), &seq, Leaf::End("intention".to_string()));
[INFO] [stdout]   |                                      ^^^^ not found in this scope
[INFO] [stdout]   |
[INFO] [stdout] help: consider importing this enum
[INFO] [stdout]   |
[INFO] [stdout] 3 | use basic_tree::trie::basic::Leaf;
[INFO] [stdout]   |
[INFO] [stdout] 
[INFO] [stdout] error[E0433]: failed to resolve: use of undeclared type `Node`
[INFO] [stdout]  --> src/lib.rs:30:12
[INFO] [stdout]   |
[INFO] [stdout] 8 | let leaf = Node::get_leaf(node.clone(), &seq1);
[INFO] [stdout]   |            ^^^^ not found in this scope
[INFO] [stdout]   |
[INFO] [stdout] help: consider importing this struct
[INFO] [stdout]   |
[INFO] [stdout] 3 | use basic_tree::trie::basic::Node;
[INFO] [stdout]   |
[INFO] [stdout] 
[INFO] [stdout] error[E0433]: failed to resolve: use of undeclared type `Leaf`
[INFO] [stdout]  --> src/lib.rs:31:18
[INFO] [stdout]   |
[INFO] [stdout] 9 | assert_ne!(leaf, Leaf::End("intention".to_string()));
[INFO] [stdout]   |                  ^^^^ not found in this scope
[INFO] [stdout]   |
[INFO] [stdout] help: consider importing this enum
[INFO] [stdout]   |
[INFO] [stdout] 3 | use basic_tree::trie::basic::Leaf;
[INFO] [stdout]   |
[INFO] [stdout] 
[INFO] [stdout] error: aborting due to 4 previous errors
[INFO] [stdout] 
[INFO] [stdout] For more information about this error, try `rustc --explain E0433`.
[INFO] [stdout] Couldn't compile the test.
[INFO] [stdout] ---- src/lib.rs - (line 12) stdout ----
[INFO] [stdout] error[E0624]: associated function `new` is private
[INFO] [stdout]   --> src/lib.rs:13:51
[INFO] [stdout]    |
[INFO] [stdout] 4  | let word_trie = basic_tree::trie::word::WordTrie::new();
[INFO] [stdout]    |                                                   ^^^ private associated function
[INFO] [stdout]    | 
[INFO] [stdout]   ::: /opt/rustwide/workdir/src/trie/word.rs:29:5
[INFO] [stdout]    |
[INFO] [stdout] 29 |     fn new() -> WordTrie {
[INFO] [stdout]    |     -------------------- private associated function defined here
[INFO] [stdout] 
[INFO] [stdout] error[E0624]: associated function `insert_words` is private
[INFO] [stdout]   --> src/lib.rs:16:11
[INFO] [stdout]    |
[INFO] [stdout] 7  | word_trie.insert_words(seq, "没干嘛");
[INFO] [stdout]    |           ^^^^^^^^^^^^ private associated function
[INFO] [stdout]    | 
[INFO] [stdout]   ::: /opt/rustwide/workdir/src/trie/word.rs:33:5
[INFO] [stdout]    |
[INFO] [stdout] 33 |     fn insert_words(&self, words: &str, target: &str) {
[INFO] [stdout]    |     ------------------------------------------------- private associated function defined here
[INFO] [stdout] 
[INFO] [stdout] error[E0624]: associated function `insert_words` is private
[INFO] [stdout]   --> src/lib.rs:17:11
[INFO] [stdout]    |
[INFO] [stdout] 8  | word_trie.insert_words(seq1, "是吗");
[INFO] [stdout]    |           ^^^^^^^^^^^^ private associated function
[INFO] [stdout]    | 
[INFO] [stdout]   ::: /opt/rustwide/workdir/src/trie/word.rs:33:5
[INFO] [stdout]    |
[INFO] [stdout] 33 |     fn insert_words(&self, words: &str, target: &str) {
[INFO] [stdout]    |     ------------------------------------------------- private associated function defined here
[INFO] [stdout] 
[INFO] [stdout] error: aborting due to 3 previous errors
[INFO] [stdout] 
[INFO] [stdout] For more information about this error, try `rustc --explain E0624`.
[INFO] [stdout] Couldn't compile the test.
[INFO] [stdout] 
[INFO] [stdout] failures:
[INFO] [stdout]     src/lib.rs - (line 12)
[INFO] [stdout]     src/lib.rs - (line 25)
[INFO] [stdout]     src/trie/basic.rs - trie::basic::Node (line 34)
[INFO] [stdout]     src/trie/word.rs - trie::word::WordTrie (line 12)
[INFO] [stdout] 
[INFO] [stdout] test result: FAILED. 0 passed; 4 failed; 0 ignored; 0 measured; 0 filtered out; finished in 0.16s
[INFO] [stdout] 
[INFO] [stderr] error: test failed, to rerun pass '--doc'
[INFO] running `Command { std: "docker" "inspect" "60d093396649b3e5b6aead601eec91faefbdfabbb18fe51d8d32cb610b9d9c9b", kill_on_drop: false }`
[INFO] running `Command { std: "docker" "rm" "-f" "60d093396649b3e5b6aead601eec91faefbdfabbb18fe51d8d32cb610b9d9c9b", kill_on_drop: false }`
[INFO] [stdout] 60d093396649b3e5b6aead601eec91faefbdfabbb18fe51d8d32cb610b9d9c9b
