[INFO] fetching crate basic_dsp_vector 0.9.4...
[INFO] testing basic_dsp_vector-0.9.4 against beta-2021-08-01 for beta-1.55-1
[INFO] extracting crate basic_dsp_vector 0.9.4 into /workspace/builds/worker-36/source
[INFO] validating manifest of crates.io crate basic_dsp_vector 0.9.4 on toolchain beta-2021-08-01
[INFO] running `Command { std: "/workspace/cargo-home/bin/cargo" "+beta-2021-08-01" "metadata" "--manifest-path" "Cargo.toml" "--no-deps", kill_on_drop: false }`
[INFO] started tweaking crates.io crate basic_dsp_vector 0.9.4
[INFO] finished tweaking crates.io crate basic_dsp_vector 0.9.4
[INFO] tweaked toml for crates.io crate basic_dsp_vector 0.9.4 written to /workspace/builds/worker-36/source/Cargo.toml
[INFO] running `Command { std: "/workspace/cargo-home/bin/cargo" "+beta-2021-08-01" "generate-lockfile" "--manifest-path" "Cargo.toml" "-Zno-index-update", kill_on_drop: false }`
[INFO] running `Command { std: "/workspace/cargo-home/bin/cargo" "+beta-2021-08-01" "fetch" "--manifest-path" "Cargo.toml", kill_on_drop: false }`
[INFO] [stderr]  Downloading crates ...
[INFO] [stderr]   Downloaded ocl-core-vector v0.1.0
[INFO] [stderr]   Downloaded ocl v0.19.3
[INFO] [stderr]   Downloaded linreg v0.2.0
[INFO] [stderr]   Downloaded qutex v0.2.3
[INFO] [stderr]   Downloaded strength_reduce v0.2.3
[INFO] [stderr]   Downloaded transpose v0.2.1
[INFO] [stderr]   Downloaded rustfft v6.0.1
[INFO] [stderr]   Downloaded ocl-core v0.11.2
[INFO] [stderr]   Downloaded ocl-core v0.10.0
[INFO] [stderr]   Downloaded clfft v0.3.3
[INFO] running `Command { std: "docker" "create" "-v" "/var/lib/crater-agent-workspace/builds/worker-36/target:/opt/rustwide/target:rw,Z" "-v" "/var/lib/crater-agent-workspace/builds/worker-36/source:/opt/rustwide/workdir:ro,Z" "-v" "/var/lib/crater-agent-workspace/cargo-home:/opt/rustwide/cargo-home:ro,Z" "-v" "/var/lib/crater-agent-workspace/rustup-home:/opt/rustwide/rustup-home:ro,Z" "-e" "SOURCE_DIR=/opt/rustwide/workdir" "-e" "CARGO_TARGET_DIR=/opt/rustwide/target" "-e" "CARGO_HOME=/opt/rustwide/cargo-home" "-e" "RUSTUP_HOME=/opt/rustwide/rustup-home" "-w" "/opt/rustwide/workdir" "-m" "1610612736" "--user" "0:0" "--network" "none" "ghcr.io/rust-lang/crates-build-env/linux@sha256:34b6a614d2c27851fe6cbf88fbd1137609cefab8b10d0615aaeb6fd47975d74e" "/opt/rustwide/cargo-home/bin/cargo" "+beta-2021-08-01" "metadata" "--no-deps" "--format-version=1", kill_on_drop: false }`
[INFO] [stdout] 3f847421c974e23a7062b5eba0576c05a590e1e5e1b3dae7ae4b0d3589c8601b
[INFO] running `Command { std: "docker" "start" "-a" "3f847421c974e23a7062b5eba0576c05a590e1e5e1b3dae7ae4b0d3589c8601b", kill_on_drop: false }`
[INFO] running `Command { std: "docker" "inspect" "3f847421c974e23a7062b5eba0576c05a590e1e5e1b3dae7ae4b0d3589c8601b", kill_on_drop: false }`
[INFO] running `Command { std: "docker" "rm" "-f" "3f847421c974e23a7062b5eba0576c05a590e1e5e1b3dae7ae4b0d3589c8601b", kill_on_drop: false }`
[INFO] [stdout] 3f847421c974e23a7062b5eba0576c05a590e1e5e1b3dae7ae4b0d3589c8601b
[INFO] running `Command { std: "docker" "create" "-v" "/var/lib/crater-agent-workspace/builds/worker-36/target:/opt/rustwide/target:rw,Z" "-v" "/var/lib/crater-agent-workspace/builds/worker-36/source:/opt/rustwide/workdir:ro,Z" "-v" "/var/lib/crater-agent-workspace/cargo-home:/opt/rustwide/cargo-home:ro,Z" "-v" "/var/lib/crater-agent-workspace/rustup-home:/opt/rustwide/rustup-home:ro,Z" "-e" "SOURCE_DIR=/opt/rustwide/workdir" "-e" "CARGO_TARGET_DIR=/opt/rustwide/target" "-e" "CARGO_INCREMENTAL=0" "-e" "RUST_BACKTRACE=full" "-e" "RUSTFLAGS=--cap-lints=warn" "-e" "CARGO_HOME=/opt/rustwide/cargo-home" "-e" "RUSTUP_HOME=/opt/rustwide/rustup-home" "-w" "/opt/rustwide/workdir" "-m" "1610612736" "--user" "0:0" "--network" "none" "ghcr.io/rust-lang/crates-build-env/linux@sha256:34b6a614d2c27851fe6cbf88fbd1137609cefab8b10d0615aaeb6fd47975d74e" "/opt/rustwide/cargo-home/bin/cargo" "+beta-2021-08-01" "build" "--frozen" "--message-format=json", kill_on_drop: false }`
[INFO] [stdout] c0616f3fce0f56974d769ac40da5867d6fdba44b54b4d9318a029294278df3ab
[INFO] running `Command { std: "docker" "start" "-a" "c0616f3fce0f56974d769ac40da5867d6fdba44b54b4d9318a029294278df3ab", kill_on_drop: false }`
[INFO] [stderr]    Compiling crossbeam-utils v0.8.5
[INFO] [stderr]    Compiling syn v1.0.74
[INFO] [stderr]    Compiling cfg-if v1.0.0
[INFO] [stderr]    Compiling lazy_static v1.4.0
[INFO] [stderr]    Compiling crossbeam-epoch v0.9.5
[INFO] [stderr]    Compiling const_fn v0.4.8
[INFO] [stderr]    Compiling scopeguard v1.1.0
[INFO] [stderr]    Compiling crossbeam-queue v0.3.2
[INFO] [stderr]    Compiling strength_reduce v0.2.3
[INFO] [stderr]    Compiling arrayvec v0.7.1
[INFO] [stderr]    Compiling num-traits v0.2.14
[INFO] [stderr]    Compiling memoffset v0.6.4
[INFO] [stderr]    Compiling num-integer v0.1.44
[INFO] [stderr]    Compiling standback v0.2.17
[INFO] [stderr]    Compiling time v0.2.27
[INFO] [stderr]    Compiling libc v0.2.98
[INFO] [stderr]    Compiling num_cpus v1.13.0
[INFO] [stderr]    Compiling crossbeam-channel v0.5.1
[INFO] [stderr]    Compiling crossbeam-deque v0.8.1
[INFO] [stderr]    Compiling crossbeam v0.8.1
[INFO] [stderr]    Compiling num-complex v0.4.0
[INFO] [stderr]    Compiling primal-check v0.3.1
[INFO] [stderr]    Compiling transpose v0.2.1
[INFO] [stderr]    Compiling rustfft v6.0.1
[INFO] [stderr]    Compiling time-macros-impl v0.1.2
[INFO] [stderr]    Compiling displaydoc v0.1.7
[INFO] [stderr]    Compiling linreg v0.2.0
[INFO] [stderr]    Compiling time-macros v0.1.1
[INFO] [stderr]    Compiling basic_dsp_vector v0.9.4 (/opt/rustwide/workdir)
[INFO] [stderr]     Finished dev [unoptimized + debuginfo] target(s) in 36.23s
[INFO] running `Command { std: "docker" "inspect" "c0616f3fce0f56974d769ac40da5867d6fdba44b54b4d9318a029294278df3ab", kill_on_drop: false }`
[INFO] running `Command { std: "docker" "rm" "-f" "c0616f3fce0f56974d769ac40da5867d6fdba44b54b4d9318a029294278df3ab", kill_on_drop: false }`
[INFO] [stdout] c0616f3fce0f56974d769ac40da5867d6fdba44b54b4d9318a029294278df3ab
[INFO] running `Command { std: "docker" "create" "-v" "/var/lib/crater-agent-workspace/builds/worker-36/target:/opt/rustwide/target:rw,Z" "-v" "/var/lib/crater-agent-workspace/builds/worker-36/source:/opt/rustwide/workdir:ro,Z" "-v" "/var/lib/crater-agent-workspace/cargo-home:/opt/rustwide/cargo-home:ro,Z" "-v" "/var/lib/crater-agent-workspace/rustup-home:/opt/rustwide/rustup-home:ro,Z" "-e" "SOURCE_DIR=/opt/rustwide/workdir" "-e" "CARGO_TARGET_DIR=/opt/rustwide/target" "-e" "CARGO_INCREMENTAL=0" "-e" "RUST_BACKTRACE=full" "-e" "RUSTFLAGS=--cap-lints=warn" "-e" "CARGO_HOME=/opt/rustwide/cargo-home" "-e" "RUSTUP_HOME=/opt/rustwide/rustup-home" "-w" "/opt/rustwide/workdir" "-m" "1610612736" "--user" "0:0" "--network" "none" "ghcr.io/rust-lang/crates-build-env/linux@sha256:34b6a614d2c27851fe6cbf88fbd1137609cefab8b10d0615aaeb6fd47975d74e" "/opt/rustwide/cargo-home/bin/cargo" "+beta-2021-08-01" "test" "--frozen" "--no-run" "--message-format=json", kill_on_drop: false }`
[INFO] [stdout] ceecccecf409e7424e95c1b3206b9b7f63e5aa96f25601c4d763af81d28f5b99
[INFO] running `Command { std: "docker" "start" "-a" "ceecccecf409e7424e95c1b3206b9b7f63e5aa96f25601c4d763af81d28f5b99", kill_on_drop: false }`
[INFO] [stderr]    Compiling basic_dsp_vector v0.9.4 (/opt/rustwide/workdir)
[INFO] [stderr]     Finished test [unoptimized + debuginfo] target(s) in 31.62s
[INFO] running `Command { std: "docker" "inspect" "ceecccecf409e7424e95c1b3206b9b7f63e5aa96f25601c4d763af81d28f5b99", kill_on_drop: false }`
[INFO] running `Command { std: "docker" "rm" "-f" "ceecccecf409e7424e95c1b3206b9b7f63e5aa96f25601c4d763af81d28f5b99", kill_on_drop: false }`
[INFO] [stdout] ceecccecf409e7424e95c1b3206b9b7f63e5aa96f25601c4d763af81d28f5b99
[INFO] running `Command { std: "docker" "create" "-v" "/var/lib/crater-agent-workspace/builds/worker-36/target:/opt/rustwide/target:rw,Z" "-v" "/var/lib/crater-agent-workspace/builds/worker-36/source:/opt/rustwide/workdir:ro,Z" "-v" "/var/lib/crater-agent-workspace/cargo-home:/opt/rustwide/cargo-home:ro,Z" "-v" "/var/lib/crater-agent-workspace/rustup-home:/opt/rustwide/rustup-home:ro,Z" "-e" "SOURCE_DIR=/opt/rustwide/workdir" "-e" "CARGO_TARGET_DIR=/opt/rustwide/target" "-e" "CARGO_INCREMENTAL=0" "-e" "RUST_BACKTRACE=full" "-e" "RUSTFLAGS=--cap-lints=warn" "-e" "CARGO_HOME=/opt/rustwide/cargo-home" "-e" "RUSTUP_HOME=/opt/rustwide/rustup-home" "-w" "/opt/rustwide/workdir" "-m" "1610612736" "--user" "0:0" "--network" "none" "ghcr.io/rust-lang/crates-build-env/linux@sha256:34b6a614d2c27851fe6cbf88fbd1137609cefab8b10d0615aaeb6fd47975d74e" "/opt/rustwide/cargo-home/bin/cargo" "+beta-2021-08-01" "test" "--frozen", kill_on_drop: false }`
[INFO] [stdout] 480227117ad235a98a8438bd7e5c2eff35006affd34b0016e1bd0bfa0a1fd681
[INFO] running `Command { std: "docker" "start" "-a" "480227117ad235a98a8438bd7e5c2eff35006affd34b0016e1bd0bfa0a1fd681", kill_on_drop: false }`
[INFO] [stdout] 
[INFO] [stderr]     Finished test [unoptimized + debuginfo] target(s) in 0.06s
[INFO] [stdout] running 97 tests
[INFO] [stderr]      Running unittests (/opt/rustwide/target/debug/deps/basic_dsp_vector-78ac453f951a4665)
[INFO] [stdout] test conv_types::tests::freq_test ... ok
[INFO] [stdout] test conv_types::tests::raised_cosine_test ... ok
[INFO] [stdout] test conv_types::tests::linear_interpolation_lookup_table_test ... ok
[INFO] [stdout] test conv_types::tests::to_complex_test ... ok
[INFO] [stdout] test multicore_support::threading::tests::partition_array ... ok
[INFO] [stdout] test multicore_support::threading::tests::partitionin_ranges ... ok
[INFO] [stdout] test simd_extensions::simd_partition::tests::edge_iter_test ... ok
[INFO] [stdout] test simd_extensions::simd_partition::tests::indexed_edge_iter_test ... ok
[INFO] [stdout] test simd_extensions::tests::get_alignment_offset_test ... ok
[INFO] [stdout] test tests::to_simd_test ... ok
[INFO] [stdout] test vector_types::general::data_reorganization::tests::swap_halves_complex_even_test ... ok
[INFO] [stdout] test vector_types::general::data_reorganization::tests::swap_halves_complex_odd_test ... ok
[INFO] [stdout] test vector_types::general::data_reorganization::tests::swap_halves_real_even_test ... ok
[INFO] [stdout] test vector_types::general::data_reorganization::tests::swap_halves_real_odd_test ... ok
[INFO] [stdout] test vector_types::general::data_reorganization::tests::zero_interleave_b_complex_test ... ok
[INFO] [stdout] test conv_types::tests::lookup_table_test ... ok
[INFO] [stdout] test vector_types::general::data_reorganization::tests::zero_interleave_b_test ... ok
[INFO] [stdout] test vector_types::general::data_reorganization::tests::zero_interleave_complex_test ... ok
[INFO] [stdout] test conv_types::tests::sinc_freq_test ... ok
[INFO] [stdout] test multicore_support::threading::tests::partition_array_8_cores ... ok
[INFO] [stdout] test vector_types::general::data_reorganization::tests::zero_interleave_even_test ... ok
[INFO] [stdout] test vector_types::general::data_reorganization::tests::zero_pad_b_center_test ... ok
[INFO] [stdout] test vector_types::general::data_reorganization::tests::zero_pad_b_end_test ... ok
[INFO] [stdout] test vector_types::general::data_reorganization::tests::zero_pad_b_surround_test ... ok
[INFO] [stdout] test vector_types::general::data_reorganization::tests::zero_pad_center_overlap_test ... ok
[INFO] [stdout] test vector_types::general::data_reorganization::tests::zero_pad_end_test ... ok
[INFO] [stdout] test vector_types::general::data_reorganization::tests::zero_pad_b_surround_odd_signal_test ... ok
[INFO] [stdout] test vector_types::general::data_reorganization::tests::zero_interleave_test ... ok
[INFO] [stdout] test vector_types::general::data_reorganization::tests::zero_pad_center_test ... ok
[INFO] [stdout] test vector_types::general::data_reorganization::tests::zero_pad_on_slice_fail_test ... ok
[INFO] [stdout] test vector_types::general::data_reorganization::tests::zero_pad_on_slice_shrinked_test ... ok
[INFO] [stdout] test vector_types::general::data_reorganization::tests::zero_pad_surround_odd_signal_test ... ok
[INFO] [stdout] test vector_types::general::data_reorganization::tests::zero_pad_surround_test ... ok
[INFO] [stdout] test vector_types::general::data_reorganization::tests::zero_padding_fractional_test ... ok
[INFO] [stdout] test vector_types::general::dot_products::tests::complex_and_complex ... ok
[INFO] [stdout] test vector_types::general::dot_products::tests::complex_and_gen ... ok
[INFO] [stdout] test vector_types::general::dot_products::tests::freq_and_freq ... ok
[INFO] [stdout] test vector_types::general::dot_products::tests::real_and_gen ... ok
[INFO] [stdout] test vector_types::general::dot_products::tests::real_and_real ... ok
[INFO] [stdout] test vector_types::support_std::tests::complex_vec_to_interleaved_vec_test ... ok
[INFO] [stdout] test conv_types::tests::sinc_test ... ok
[INFO] [stdout] test vector_types::tests::swap_halves_odd_inverse_test ... ok
[INFO] [stdout] test vector_types::time_freq::convolution::tests::convolve_complex_freq_and_freq32 ... ok
[INFO] [stdout] test vector_types::tests::swap_halves_odd_foward_test ... ok
[INFO] [stdout] test vector_types::tests::swap_halves_even_test ... ok
[INFO] [stdout] test vector_types::support_std_par::tests::single_threaded_vector ... ok
[INFO] [stdout] test vector_types::general::data_reorganization::tests::zero_pad_surround_overlap_test ... ok
[INFO] [stdout] test vector_types::time_freq::convolution::tests::convolve_complex_time_and_time32 ... ok
[INFO] [stdout] test vector_types::time_freq::convolution::tests::convolve_complex_vectors32 ... ok
[INFO] [stdout] test vector_types::time_freq::convolution::tests::convolve_complex_freq_and_freq_even32 ... ok
[INFO] [stdout] test vector_types::time_freq::convolution::tests::convolve_real_time_and_time32 ... ok
[INFO] [stdout] test vector_types::time_freq::convolution::tests::invalid_length_parameter ... ok
[INFO] [stdout] test vector_types::support_std::tests::vec_into_test_real ... ok
[INFO] [stdout] test vector_types::time_freq::convolution::tests::compare_conv_freq_mul ... ok
[INFO] [stdout] test vector_types::support_std::tests::vec_into_test_complex ... ok
[INFO] [stdout] test conv_types::tests::fft_test ... ok
[INFO] [stdout] test vector_types::time_freq::convolution::tests::shift_left_by_1_as_conv ... ok
[INFO] [stdout] test vector_types::time_freq::convolution::tests::shift_left_by_1_as_conv_shorter ... ok
[INFO] [stdout] test vector_types::time_freq::convolution::tests::wrapping_iterator ... ok
[INFO] [stdout] test vector_types::time_freq::convolution::tests::vector_conv_vs_freq_multiplication ... ok
[INFO] [stdout] test vector_types::time_freq::convolution::tests::index_out_of_range_error_test ... ok
[INFO] [stdout] test vector_types::time_freq::convolution::tests::vector_conv_vs_freq_multiplication_pure_real_data_even ... ok
[INFO] [stdout] test vector_types::time_freq::convolution::tests::vector_conv_vs_freq_multiplication_pure_real_data_odd ... ok
[INFO] [stdout] test vector_types::time_freq::correlation::tests::time_correlation_test2 ... ok
[INFO] [stdout] test vector_types::time_freq::interpolation::tests::decimate_with_interpolate_test ... ok
[INFO] [stdout] test vector_types::time_freq::convolution::tests::wrapping_rev_iterator ... ok
[INFO] [stdout] test vector_types::time_freq::correlation::tests::time_correlation_test ... ok
[INFO] [stdout] test vector_types::time_freq::interpolation::tests::decimatei_test ... ok
[INFO] [stdout] test vector_types::time_freq::interpolation::tests::interpolate_by_fractional_sinc_test ... ok
[INFO] [stdout] test vector_types::time_freq::interpolation::tests::interpolate_delayed_sinc_test ... ok
[INFO] [stdout] test vector_types::time_freq::convolution::tests::overlap_discard_test ... ok
[INFO] [stdout] test vector_types::time_freq::interpolation::tests::interpolate_sinc_odd_test ... ok
[INFO] [stdout] test vector_types::time_freq::interpolation::tests::interpolate_by_fractional_sinc_real_data_test ... ok
[INFO] [stdout] test vector_types::time_freq::interpolation::tests::interpolatef_by_fractional_sinc_test ... ok
[INFO] [stdout] test vector_types::time_freq::interpolation::tests::interpolatef_by_integer_sinc_even_test ... ok
[INFO] [stdout] test vector_types::time_freq::interpolation::tests::interpolatef_delayed_sinc_test ... ok
[INFO] [stdout] test vector_types::time_freq::real_interpolation::tests::hermit_spline_test ... ok
[INFO] [stdout] test vector_types::time_freq::interpolation::tests::interpolatef_by_integer_sinc_odd_test ... ok
[INFO] [stdout] test vector_types::time_freq::interpolation::tests::interpolatei_sinc_test ... ok
[INFO] [stdout] test vector_types::vec_impl_and_indexers::tests::index_of_slice ... ok
[INFO] [stdout] test vector_types::time_freq::interpolation::tests::interpolatei_rc_test ... ok
[INFO] [stdout] test vector_types::time_freq::tests::fft_swap_x_test ... ok
[INFO] [stdout] test vector_types::vec_impl_and_indexers::tests::index_of_vec ... ok
[INFO] [stdout] test vector_types::vec_impl_and_indexers::tests::len_of_invalid_storage ... ok
[INFO] [stdout] test vector_types::vec_impl_and_indexers::tests::len_of_slice ... ok
[INFO] [stdout] test vector_types::vec_impl_and_indexers::tests::len_of_slice_mut ... ok
[INFO] [stdout] test vector_types::vec_impl_and_indexers::tests::len_of_vec ... ok
[INFO] [stdout] test window_functions::tests::blackmanharris_window32_test ... ok
[INFO] [stdout] test window_functions::tests::hamming_window32_test ... ok
[INFO] [stdout] test window_functions::tests::rectangular_window32_test ... ok
[INFO] [stdout] test window_functions::tests::triangular_window32_test ... ok
[INFO] [stdout] test vector_types::time_freq::real_interpolation::tests::linear_test ... ok
[INFO] [stdout] test vector_types::time_freq::interpolation::tests::interpolate_identity ... ok
[INFO] [stdout] test vector_types::time_freq::interpolation::tests::interpolate_sinc_even_test ... ok
[INFO] [stdout] test vector_types::time_freq::real_interpolation::tests::hermit_spline_test_linear_increment ... ok
[INFO] [stdout] test multicore_support::threading::tests::calibration_test ... ok
[INFO] [stdout] test vector_types::support_std_par::tests::parallel_vector ... ok
[INFO] [stdout] 
[INFO] [stdout] test result: ok. 97 passed; 0 failed; 0 ignored; 0 measured; 0 filtered out; finished in 0.66s
[INFO] [stdout] 
[INFO] [stderr]    Doc-tests basic_dsp_vector
[INFO] [stdout] 
[INFO] [stdout] running 83 tests
[INFO] [stdout] test src/vector_types/real/real_ops.rs - vector_types::real::real_ops::ApproximatedOps::exp_approx (line 119) - compile ... ok
[INFO] [stdout] test src/vector_types/time_freq/correlation.rs - vector_types::time_freq::correlation::CrossCorrelationOps (line 49) - compile ... ok
[INFO] [stdout] test src/vector_types/real/real_ops.rs - vector_types::real::real_ops::ApproximatedOps::ln_approx (line 97) - compile ... ok
[INFO] [stdout] test src/vector_types/real/real_ops.rs - vector_types::real::real_ops::ApproximatedOps::expf_approx (line 194) - compile ... ok
[INFO] [stdout] test src/vector_types/time_freq/freq_to_time.rs - vector_types::time_freq::freq_to_time::FrequencyToTimeDomainOperations::plain_ifft (line 28) ... FAILED
[INFO] [stdout] test src/vector_types/complex/complex_to_real.rs - vector_types::complex::complex_to_real::ComplexToRealTransformsOpsBuffered::phase_b (line 192) ... FAILED
[INFO] [stdout] test src/vector_types/time_freq/time_to_freq.rs - vector_types::time_freq::time_to_freq::TimeToFrequencyDomainOperations::fft (line 48) ... FAILED
[INFO] [stdout] test src/vector_types/complex/complex_to_real.rs - vector_types::complex::complex_to_real::ComplexToRealGetterOps::get_magnitude (line 259) ... FAILED
[INFO] [stdout] test src/vector_types/time_freq/freq_to_time.rs - vector_types::time_freq::freq_to_time::FrequencyToTimeDomainOperations::ifft (line 50) ... FAILED
[INFO] [stdout] test src/vector_types/complex/complex_to_real.rs - vector_types::complex::complex_to_real::ComplexToRealTransformsOpsBuffered::magnitude_b (line 116) ... FAILED
[INFO] [stdout] test src/vector_types/general/elementary.rs - vector_types::general::elementary::ElementaryOps::div (line 150) ... FAILED
[INFO] [stdout] test src/vector_types/general/elementary.rs - vector_types::general::elementary::ScaleOps::scale (line 26) ... FAILED
[INFO] [stdout] test src/vector_types/general/trigonometry_and_powers.rs - vector_types::general::trigonometry_and_powers::PowerOps::expf (line 185) ... FAILED
[INFO] [stdout] test src/vector_types/real/real_ops.rs - vector_types::real::real_ops::ApproximatedOps::cos_approx (line 156) ... FAILED
[INFO] [stdout] test src/vector_types/complex/complex_to_real.rs - vector_types::complex::complex_to_real::ComplexToRealGetterOps::get_imag (line 242) ... FAILED
[INFO] [stdout] test src/vector_types/general/precise_stats.rs - vector_types::general::precise_stats::PreciseSumOps::sum_prec (line 85) ... FAILED
[INFO] [stdout] test src/vector_types/general/trigonometry_and_powers.rs - vector_types::general::trigonometry_and_powers::TrigOps::cos (line 24) ... FAILED
[INFO] [stdout] test src/vector_types/general/trigonometry_and_powers.rs - vector_types::general::trigonometry_and_powers::PowerOps::powf (line 119) ... FAILED
[INFO] [stdout] test src/vector_types/complex/complex_to_real.rs - vector_types::complex::complex_to_real::ComplexToRealTransformsOps::magnitude_squared (line 40) ... FAILED
[INFO] [stdout] test src/vector_types/real/real_ops.rs - vector_types::real::real_ops::ModuloOps::unwrap (line 61) ... FAILED
[INFO] [stdout] test src/vector_types/general/diff_sum.rs - vector_types::general::diff_sum::DiffSumOps::cum_sum (line 49) ... FAILED
[INFO] [stdout] test src/vector_types/general/elementary.rs - vector_types::general::elementary::OffsetOps::offset (line 53) ... FAILED
[INFO] [stdout] test src/vector_types/general/dot_products.rs - vector_types::general::dot_products::DotProductOps::dot_product (line 25) ... FAILED
[INFO] [stdout] test src/vector_types/general/data_reorganization.rs - vector_types::general::data_reorganization::ReorganizeDataOps::swap_halves (line 35) ... FAILED
[INFO] [stdout] test src/vector_types/complex/complex_ops.rs - vector_types::complex::complex_ops::ComplexOps::conj (line 51) ... FAILED
[INFO] [stdout] test src/vector_types/general/elementary.rs - vector_types::general::elementary::ElementaryWrapAroundOps::sub_smaller (line 208) ... FAILED
[INFO] [stdout] test src/vector_types/real/real_ops.rs - vector_types::real::real_ops::ModuloOps::wrap (line 47) ... FAILED
[INFO] [stdout] test src/vector_types/complex/complex_to_real.rs - vector_types::complex::complex_to_real::ComplexToRealTransformsOpsBuffered::to_imag_b (line 173) ... FAILED
[INFO] [stdout] test src/vector_types/general/data_reorganization.rs - vector_types::general::data_reorganization::InsertZerosOpsBuffered::zero_interleave_b (line 153) ... FAILED
[INFO] [stdout] test src/vector_types/general/elementary.rs - vector_types::general::elementary::ElementaryWrapAroundOps::div_smaller (line 260) ... FAILED
[INFO] [stdout] test src/vector_types/general/elementary.rs - vector_types::general::elementary::ElementaryWrapAroundOps::mul_smaller (line 234) ... FAILED
[INFO] [stdout] test src/vector_types/real/real_ops.rs - vector_types::real::real_ops::ApproximatedOps::log_approx (line 172) - compile ... ok
[INFO] [stdout] test src/vector_types/general/trigonometry_and_powers.rs - vector_types::general::trigonometry_and_powers::PowerOps::sqrt (line 75) ... FAILED
[INFO] [stdout] test src/vector_types/complex/complex_to_real.rs - vector_types::complex::complex_to_real::ComplexToRealTransformsOps::to_imag (line 72) ... FAILED
[INFO] [stdout] test src/vector_types/complex/complex_to_real.rs - vector_types::complex::complex_to_real::ComplexToRealTransformsOpsBuffered::magnitude_squared_b (line 135) ... FAILED
[INFO] [stdout] test src/vector_types/general/statistics.rs - vector_types::general::statistics::SumOps::sum (line 104) ... FAILED
[INFO] [stdout] test src/vector_types/general/precise_stats.rs - vector_types::general::precise_stats::PreciseStatisticsOps::statistics_prec (line 21) ... FAILED
[INFO] [stdout] test src/lib.rs - (line 45) ... FAILED
[INFO] [stdout] test src/vector_types/general/data_reorganization.rs - vector_types::general::data_reorganization::InsertZerosOpsBuffered::zero_pad_b (line 129) ... FAILED
[INFO] [stdout] test src/vector_types/general/elementary.rs - vector_types::general::elementary::ElementaryWrapAroundOps::add_smaller (line 182) ... FAILED
[INFO] [stdout] test src/vector_types/complex/complex_to_real.rs - vector_types::complex::complex_to_real::ComplexToRealGetterOps::get_phase (line 298) ... FAILED
[INFO] [stdout] test src/vector_types/time_freq/time_to_freq.rs - vector_types::time_freq::time_to_freq::TimeToFrequencyDomainOperations::plain_fft (line 26) ... FAILED
[INFO] [stdout] test src/vector_types/general/trigonometry_and_powers.rs - vector_types::general::trigonometry_and_powers::PowerOps::root (line 107) ... FAILED
[INFO] [stdout] test src/vector_types/general/statistics.rs - vector_types::general::statistics::StatisticsSplitOps::statistics_split (line 81) ... FAILED
[INFO] [stdout] test src/vector_types/to_from_vec_conversions.rs - vector_types::to_from_vec_conversions::FromVector::get (line 118) ... FAILED
[INFO] [stdout] test src/vector_types/time_freq/freq.rs - vector_types::time_freq::freq::FrequencyDomainOperations::mirror (line 24) ... FAILED
[INFO] [stdout] test src/vector_types/general/diff_sum.rs - vector_types::general::diff_sum::DiffSumOps::diff_with_start (line 32) ... FAILED
[INFO] [stdout] test src/vector_types/complex/complex_to_real.rs - vector_types::complex::complex_to_real::ComplexToRealTransformsOps::magnitude (line 24) ... FAILED
[INFO] [stdout] test src/vector_types/vec_impl_and_indexers.rs - vector_types::vec_impl_and_indexers::GetMetaData (line 151) ... FAILED
[INFO] [stdout] test src/vector_types/general/statistics.rs - vector_types::general::statistics::SumOps::sum_sq (line 120) ... FAILED
[INFO] [stdout] test src/vector_types/real/real_to_complex.rs - vector_types::real::real_to_complex::RealToComplexTransformsOpsBuffered::to_complex_b (line 45) ... FAILED
[INFO] [stdout] test src/vector_types/complex/complex_to_real.rs - vector_types::complex::complex_to_real::ComplexToRealTransformsOpsBuffered::to_real_b (line 154) ... FAILED
[INFO] [stdout] test src/vector_types/real/real_ops.rs - vector_types::real::real_ops::ApproximatedOps::powf_approx (line 214) - compile ... ok
[INFO] [stdout] test src/vector_types/general/precise_stats.rs - vector_types::general::precise_stats::PreciseSumOps::sum_sq_prec (line 103) ... FAILED
[INFO] [stdout] test src/lib.rs - (line 27) ... FAILED
[INFO] [stdout] test src/vector_types/general/statistics.rs - vector_types::general::statistics::StatisticsOps::statistics (line 47) ... FAILED
[INFO] [stdout] test src/vector_types/general/trigonometry_and_powers.rs - vector_types::general::trigonometry_and_powers::PowerOps::exp (line 149) ... FAILED
[INFO] [stdout] test src/vector_types/general/elementary.rs - vector_types::general::elementary::ElementaryOps::mul (line 127) ... FAILED
[INFO] [stdout] test src/vector_types/real/real_to_complex.rs - vector_types::real::real_to_complex::RealToComplexTransformsOps::to_complex (line 20) ... FAILED
[INFO] [stdout] test src/vector_types/general/dot_products.rs - vector_types::general::dot_products::PreciseDotProductOps::dot_product_prec (line 50) ... FAILED
[INFO] [stdout] test src/vector_types/general/data_reorganization.rs - vector_types::general::data_reorganization::SplitOps::split_into (line 181) ... FAILED
[INFO] [stdout] test src/vector_types/general/data_reorganization.rs - vector_types::general::data_reorganization::ReorganizeDataOps::reverse (line 20) ... FAILED
[INFO] [stdout] test src/vector_types/real/real_ops.rs - vector_types::real::real_ops::ApproximatedOps::sin_approx (line 140) ... FAILED
[INFO] [stderr] error: test failed, to rerun pass '--doc'
[INFO] [stderr] 
[INFO] [stderr] Caused by:
[INFO] [stderr]   process didn't exit successfully: `rustdoc --edition=2018 --crate-type lib --crate-name basic_dsp_vector --test /opt/rustwide/workdir/src/lib.rs -L dependency=/opt/rustwide/target/debug/deps -L dependency=/opt/rustwide/target/debug/deps --extern arrayvec=/opt/rustwide/target/debug/deps/libarrayvec-0663be064a359e6a.rlib --extern basic_dsp_vector=/opt/rustwide/target/debug/deps/libbasic_dsp_vector-860ee045f28b001e.rlib --extern crossbeam=/opt/rustwide/target/debug/deps/libcrossbeam-a9bb4e907ddad9a2.rlib --extern lazy_static=/opt/rustwide/target/debug/deps/liblazy_static-e848f9a02b325fb5.rlib --extern linreg=/opt/rustwide/target/debug/deps/liblinreg-0c742ca7e4e9775b.rlib --extern num_complex=/opt/rustwide/target/debug/deps/libnum_complex-fe37728d637d1b7f.rlib --extern num_traits=/opt/rustwide/target/debug/deps/libnum_traits-5321f461da816681.rlib --extern num_cpus=/opt/rustwide/target/debug/deps/libnum_cpus-f03b2a3a60d7f54a.rlib --extern rustfft=/opt/rustwide/target/debug/deps/librustfft-b32fcd4535dc0efb.rlib --extern time=/opt/rustwide/target/debug/deps/libtime-db1d7a82a62d637e.rlib -C embed-bitcode=no --cfg 'feature="crossbeam"' --cfg 'feature="default"' --cfg 'feature="lazy_static"' --cfg 'feature="linreg"' --cfg 'feature="num_cpus"' --cfg 'feature="std"' --cfg 'feature="time"' --error-format human` (signal: 9, SIGKILL: kill)
[INFO] running `Command { std: "docker" "inspect" "480227117ad235a98a8438bd7e5c2eff35006affd34b0016e1bd0bfa0a1fd681", kill_on_drop: false }`
[INFO] running `Command { std: "docker" "rm" "-f" "480227117ad235a98a8438bd7e5c2eff35006affd34b0016e1bd0bfa0a1fd681", kill_on_drop: false }`
[INFO] [stdout] 480227117ad235a98a8438bd7e5c2eff35006affd34b0016e1bd0bfa0a1fd681
