[INFO] fetching crate ball_dont_lie 0.2.0...
[INFO] testing ball_dont_lie-0.2.0 against 1.54.0 for beta-1.55-1
[INFO] extracting crate ball_dont_lie 0.2.0 into /workspace/builds/worker-113/source
[INFO] validating manifest of crates.io crate ball_dont_lie 0.2.0 on toolchain 1.54.0
[INFO] running `Command { std: "/workspace/cargo-home/bin/cargo" "+1.54.0" "metadata" "--manifest-path" "Cargo.toml" "--no-deps", kill_on_drop: false }`
[INFO] started tweaking crates.io crate ball_dont_lie 0.2.0
[INFO] finished tweaking crates.io crate ball_dont_lie 0.2.0
[INFO] tweaked toml for crates.io crate ball_dont_lie 0.2.0 written to /workspace/builds/worker-113/source/Cargo.toml
[INFO] running `Command { std: "/workspace/cargo-home/bin/cargo" "+1.54.0" "generate-lockfile" "--manifest-path" "Cargo.toml" "-Zno-index-update", kill_on_drop: false }`
[INFO] [stderr]     Blocking waiting for file lock on package cache
[INFO] running `Command { std: "/workspace/cargo-home/bin/cargo" "+1.54.0" "fetch" "--manifest-path" "Cargo.toml", kill_on_drop: false }`
[INFO] [stderr]     Blocking waiting for file lock on package cache
[INFO] [stderr]     Blocking waiting for file lock on package cache
[INFO] running `Command { std: "docker" "create" "-v" "/var/lib/crater-agent-workspace/builds/worker-113/target:/opt/rustwide/target:rw,Z" "-v" "/var/lib/crater-agent-workspace/builds/worker-113/source:/opt/rustwide/workdir:ro,Z" "-v" "/var/lib/crater-agent-workspace/cargo-home:/opt/rustwide/cargo-home:ro,Z" "-v" "/var/lib/crater-agent-workspace/rustup-home:/opt/rustwide/rustup-home:ro,Z" "-e" "SOURCE_DIR=/opt/rustwide/workdir" "-e" "CARGO_TARGET_DIR=/opt/rustwide/target" "-e" "CARGO_HOME=/opt/rustwide/cargo-home" "-e" "RUSTUP_HOME=/opt/rustwide/rustup-home" "-w" "/opt/rustwide/workdir" "-m" "1610612736" "--user" "0:0" "--network" "none" "ghcr.io/rust-lang/crates-build-env/linux@sha256:34b6a614d2c27851fe6cbf88fbd1137609cefab8b10d0615aaeb6fd47975d74e" "/opt/rustwide/cargo-home/bin/cargo" "+1.54.0" "metadata" "--no-deps" "--format-version=1", kill_on_drop: false }`
[INFO] [stdout] d6b100501d3365ba2e4a6ef11ac4e0cec4c5f822ad6c6fae4a7b52b763ae5db2
[INFO] running `Command { std: "docker" "start" "-a" "d6b100501d3365ba2e4a6ef11ac4e0cec4c5f822ad6c6fae4a7b52b763ae5db2", kill_on_drop: false }`
[INFO] running `Command { std: "docker" "inspect" "d6b100501d3365ba2e4a6ef11ac4e0cec4c5f822ad6c6fae4a7b52b763ae5db2", kill_on_drop: false }`
[INFO] running `Command { std: "docker" "rm" "-f" "d6b100501d3365ba2e4a6ef11ac4e0cec4c5f822ad6c6fae4a7b52b763ae5db2", kill_on_drop: false }`
[INFO] [stdout] d6b100501d3365ba2e4a6ef11ac4e0cec4c5f822ad6c6fae4a7b52b763ae5db2
[INFO] running `Command { std: "docker" "create" "-v" "/var/lib/crater-agent-workspace/builds/worker-113/target:/opt/rustwide/target:rw,Z" "-v" "/var/lib/crater-agent-workspace/builds/worker-113/source:/opt/rustwide/workdir:ro,Z" "-v" "/var/lib/crater-agent-workspace/cargo-home:/opt/rustwide/cargo-home:ro,Z" "-v" "/var/lib/crater-agent-workspace/rustup-home:/opt/rustwide/rustup-home:ro,Z" "-e" "SOURCE_DIR=/opt/rustwide/workdir" "-e" "CARGO_TARGET_DIR=/opt/rustwide/target" "-e" "CARGO_INCREMENTAL=0" "-e" "RUST_BACKTRACE=full" "-e" "RUSTFLAGS=--cap-lints=warn" "-e" "CARGO_HOME=/opt/rustwide/cargo-home" "-e" "RUSTUP_HOME=/opt/rustwide/rustup-home" "-w" "/opt/rustwide/workdir" "-m" "1610612736" "--user" "0:0" "--network" "none" "ghcr.io/rust-lang/crates-build-env/linux@sha256:34b6a614d2c27851fe6cbf88fbd1137609cefab8b10d0615aaeb6fd47975d74e" "/opt/rustwide/cargo-home/bin/cargo" "+1.54.0" "build" "--frozen" "--message-format=json", kill_on_drop: false }`
[INFO] [stdout] 7b2b6790b4357ec0d0e08f3dd5e153c9e10c7b89791e199146ee85fe7d0d3c6f
[INFO] running `Command { std: "docker" "start" "-a" "7b2b6790b4357ec0d0e08f3dd5e153c9e10c7b89791e199146ee85fe7d0d3c6f", kill_on_drop: false }`
[INFO] [stderr]    Compiling syn v1.0.74
[INFO] [stderr]    Compiling log v0.4.14
[INFO] [stderr]    Compiling scopeguard v1.1.0
[INFO] [stderr]    Compiling smallvec v1.6.1
[INFO] [stderr]    Compiling futures-task v0.3.16
[INFO] [stderr]    Compiling serde_derive v1.0.127
[INFO] [stderr]    Compiling serde v1.0.127
[INFO] [stderr]    Compiling httpdate v1.0.1
[INFO] [stderr]    Compiling serde_json v1.0.66
[INFO] [stderr]    Compiling tokio v1.9.0
[INFO] [stderr]    Compiling indexmap v1.7.0
[INFO] [stderr]    Compiling futures-util v0.3.16
[INFO] [stderr]    Compiling instant v0.1.10
[INFO] [stderr]    Compiling tracing v0.1.26
[INFO] [stderr]    Compiling http-body v0.4.2
[INFO] [stderr]    Compiling num_cpus v1.13.0
[INFO] [stderr]    Compiling signal-hook-registry v1.4.0
[INFO] [stderr]    Compiling openssl-sys v0.9.65
[INFO] [stderr]    Compiling socket2 v0.4.1
[INFO] [stderr]    Compiling lock_api v0.4.4
[INFO] [stderr]    Compiling parking_lot_core v0.8.3
[INFO] [stderr]    Compiling parking_lot v0.11.1
[INFO] [stderr]    Compiling mio v0.7.13
[INFO] [stderr]    Compiling want v0.3.0
[INFO] [stderr]    Compiling openssl v0.10.35
[INFO] [stderr]    Compiling native-tls v0.2.7
[INFO] [stderr]    Compiling tokio-macros v1.3.0
[INFO] [stderr]    Compiling tokio-util v0.6.7
[INFO] [stderr]    Compiling tokio-native-tls v0.3.0
[INFO] [stderr]    Compiling h2 v0.3.3
[INFO] [stderr]    Compiling serde_urlencoded v0.7.0
[INFO] [stderr]    Compiling hyper v0.14.11
[INFO] [stderr]    Compiling hyper-tls v0.5.0
[INFO] [stderr]    Compiling reqwest v0.11.4
[INFO] [stderr]    Compiling ball_dont_lie v0.2.0 (/opt/rustwide/workdir)
[INFO] [stderr]     Finished dev [unoptimized + debuginfo] target(s) in 36.23s
[INFO] running `Command { std: "docker" "inspect" "7b2b6790b4357ec0d0e08f3dd5e153c9e10c7b89791e199146ee85fe7d0d3c6f", kill_on_drop: false }`
[INFO] running `Command { std: "docker" "rm" "-f" "7b2b6790b4357ec0d0e08f3dd5e153c9e10c7b89791e199146ee85fe7d0d3c6f", kill_on_drop: false }`
[INFO] [stdout] 7b2b6790b4357ec0d0e08f3dd5e153c9e10c7b89791e199146ee85fe7d0d3c6f
[INFO] running `Command { std: "docker" "create" "-v" "/var/lib/crater-agent-workspace/builds/worker-113/target:/opt/rustwide/target:rw,Z" "-v" "/var/lib/crater-agent-workspace/builds/worker-113/source:/opt/rustwide/workdir:ro,Z" "-v" "/var/lib/crater-agent-workspace/cargo-home:/opt/rustwide/cargo-home:ro,Z" "-v" "/var/lib/crater-agent-workspace/rustup-home:/opt/rustwide/rustup-home:ro,Z" "-e" "SOURCE_DIR=/opt/rustwide/workdir" "-e" "CARGO_TARGET_DIR=/opt/rustwide/target" "-e" "CARGO_INCREMENTAL=0" "-e" "RUST_BACKTRACE=full" "-e" "RUSTFLAGS=--cap-lints=warn" "-e" "CARGO_HOME=/opt/rustwide/cargo-home" "-e" "RUSTUP_HOME=/opt/rustwide/rustup-home" "-w" "/opt/rustwide/workdir" "-m" "1610612736" "--user" "0:0" "--network" "none" "ghcr.io/rust-lang/crates-build-env/linux@sha256:34b6a614d2c27851fe6cbf88fbd1137609cefab8b10d0615aaeb6fd47975d74e" "/opt/rustwide/cargo-home/bin/cargo" "+1.54.0" "test" "--frozen" "--no-run" "--message-format=json", kill_on_drop: false }`
[INFO] [stdout] 1257256b05466bee5f1335fced2eb4017fa6b7ce49e0c32d91cbfce4fafd920e
[INFO] running `Command { std: "docker" "start" "-a" "1257256b05466bee5f1335fced2eb4017fa6b7ce49e0c32d91cbfce4fafd920e", kill_on_drop: false }`
[INFO] [stderr]    Compiling ball_dont_lie v0.2.0 (/opt/rustwide/workdir)
[INFO] [stderr]     Finished test [unoptimized + debuginfo] target(s) in 2.20s
[INFO] running `Command { std: "docker" "inspect" "1257256b05466bee5f1335fced2eb4017fa6b7ce49e0c32d91cbfce4fafd920e", kill_on_drop: false }`
[INFO] running `Command { std: "docker" "rm" "-f" "1257256b05466bee5f1335fced2eb4017fa6b7ce49e0c32d91cbfce4fafd920e", kill_on_drop: false }`
[INFO] [stdout] 1257256b05466bee5f1335fced2eb4017fa6b7ce49e0c32d91cbfce4fafd920e
[INFO] running `Command { std: "docker" "create" "-v" "/var/lib/crater-agent-workspace/builds/worker-113/target:/opt/rustwide/target:rw,Z" "-v" "/var/lib/crater-agent-workspace/builds/worker-113/source:/opt/rustwide/workdir:ro,Z" "-v" "/var/lib/crater-agent-workspace/cargo-home:/opt/rustwide/cargo-home:ro,Z" "-v" "/var/lib/crater-agent-workspace/rustup-home:/opt/rustwide/rustup-home:ro,Z" "-e" "SOURCE_DIR=/opt/rustwide/workdir" "-e" "CARGO_TARGET_DIR=/opt/rustwide/target" "-e" "CARGO_INCREMENTAL=0" "-e" "RUST_BACKTRACE=full" "-e" "RUSTFLAGS=--cap-lints=warn" "-e" "CARGO_HOME=/opt/rustwide/cargo-home" "-e" "RUSTUP_HOME=/opt/rustwide/rustup-home" "-w" "/opt/rustwide/workdir" "-m" "1610612736" "--user" "0:0" "--network" "none" "ghcr.io/rust-lang/crates-build-env/linux@sha256:34b6a614d2c27851fe6cbf88fbd1137609cefab8b10d0615aaeb6fd47975d74e" "/opt/rustwide/cargo-home/bin/cargo" "+1.54.0" "test" "--frozen", kill_on_drop: false }`
[INFO] [stdout] 148c98e3a4d414da2a1b44a8709015e573656f5114db150f598127d0bb97ff48
[INFO] running `Command { std: "docker" "start" "-a" "148c98e3a4d414da2a1b44a8709015e573656f5114db150f598127d0bb97ff48", kill_on_drop: false }`
[INFO] [stderr]     Blocking waiting for file lock on package cache
[INFO] [stderr]     Finished test [unoptimized + debuginfo] target(s) in 0.12s
[INFO] [stderr]      Running unittests (/opt/rustwide/target/debug/deps/ball_dont_lie-ea91f8464703f882)
[INFO] [stdout] 
[INFO] [stdout] running 0 tests
[INFO] [stdout] 
[INFO] [stdout] test result: ok. 0 passed; 0 failed; 0 ignored; 0 measured; 0 filtered out; finished in 0.00s
[INFO] [stdout] 
[INFO] [stderr]    Doc-tests ball_dont_lie
[INFO] [stdout] 
[INFO] [stdout] running 8 tests
[INFO] [stdout] test src/players.rs - players::get_player (line 63) ... FAILED
[INFO] [stdout] test src/games.rs - games::get_game (line 109) ... FAILED
[INFO] [stdout] test src/teams.rs - teams::get_teams (line 26) ... FAILED
[INFO] [stdout] test src/players.rs - players::get_players (line 28) ... FAILED
[INFO] [stdout] test src/teams.rs - teams::get_team (line 53) ... FAILED
[INFO] [stdout] test src/season_averages.rs - season_averages::get_season_averages (line 27) ... FAILED
[INFO] [stdout] test src/games.rs - games::get_games (line 44) ... FAILED
[INFO] [stdout] test src/stats.rs - stats::get_stats (line 48) ... FAILED
[INFO] [stdout] 
[INFO] [stdout] failures:
[INFO] [stdout] 
[INFO] [stdout] ---- src/players.rs - players::get_player (line 63) stdout ----
[INFO] [stdout] error[E0425]: cannot find function `get_player` in this scope
[INFO] [stdout]  --> src/players.rs:64:1
[INFO] [stdout]   |
[INFO] [stdout] 3 | get_player(1)
[INFO] [stdout]   | ^^^^^^^^^^ not found in this scope
[INFO] [stdout]   |
[INFO] [stdout] help: consider importing this function
[INFO] [stdout]   |
[INFO] [stdout] 2 | use ball_dont_lie::players::get_player;
[INFO] [stdout]   |
[INFO] [stdout] 
[INFO] [stdout] error: aborting due to previous error
[INFO] [stdout] 
[INFO] [stdout] For more information about this error, try `rustc --explain E0425`.
[INFO] [stdout] Couldn't compile the test.
[INFO] [stdout] ---- src/games.rs - games::get_game (line 109) stdout ----
[INFO] [stdout] error[E0425]: cannot find function `get_game` in this scope
[INFO] [stdout]  --> src/games.rs:110:1
[INFO] [stdout]   |
[INFO] [stdout] 3 | get_game(1533)
[INFO] [stdout]   | ^^^^^^^^ not found in this scope
[INFO] [stdout]   |
[INFO] [stdout] help: consider importing this function
[INFO] [stdout]   |
[INFO] [stdout] 2 | use ball_dont_lie::games::get_game;
[INFO] [stdout]   |
[INFO] [stdout] 
[INFO] [stdout] error: aborting due to previous error
[INFO] [stdout] 
[INFO] [stdout] For more information about this error, try `rustc --explain E0425`.
[INFO] [stdout] Couldn't compile the test.
[INFO] [stdout] ---- src/teams.rs - teams::get_teams (line 26) stdout ----
[INFO] [stdout] error[E0425]: cannot find function `get_stats` in this scope
[INFO] [stdout]  --> src/teams.rs:27:1
[INFO] [stdout]   |
[INFO] [stdout] 3 | get_stats(Default::default())
[INFO] [stdout]   | ^^^^^^^^^ not found in this scope
[INFO] [stdout]   |
[INFO] [stdout] help: consider importing this function
[INFO] [stdout]   |
[INFO] [stdout] 2 | use ball_dont_lie::stats::get_stats;
[INFO] [stdout]   |
[INFO] [stdout] 
[INFO] [stdout] error: aborting due to previous error
[INFO] [stdout] 
[INFO] [stdout] For more information about this error, try `rustc --explain E0425`.
[INFO] [stdout] Couldn't compile the test.
[INFO] [stdout] ---- src/players.rs - players::get_players (line 28) stdout ----
[INFO] [stdout] error[E0425]: cannot find function `get_players` in this scope
[INFO] [stdout]  --> src/players.rs:29:1
[INFO] [stdout]   |
[INFO] [stdout] 3 | get_players(Default::default())
[INFO] [stdout]   | ^^^^^^^^^^^ not found in this scope
[INFO] [stdout]   |
[INFO] [stdout] help: consider importing this function
[INFO] [stdout]   |
[INFO] [stdout] 2 | use ball_dont_lie::players::get_players;
[INFO] [stdout]   |
[INFO] [stdout] 
[INFO] [stdout] error: aborting due to previous error
[INFO] [stdout] 
[INFO] [stdout] For more information about this error, try `rustc --explain E0425`.
[INFO] [stdout] Couldn't compile the test.
[INFO] [stdout] ---- src/teams.rs - teams::get_team (line 53) stdout ----
[INFO] [stdout] error[E0425]: cannot find function `get_stats` in this scope
[INFO] [stdout]  --> src/teams.rs:54:1
[INFO] [stdout]   |
[INFO] [stdout] 3 | get_stats(1)
[INFO] [stdout]   | ^^^^^^^^^ not found in this scope
[INFO] [stdout]   |
[INFO] [stdout] help: consider importing this function
[INFO] [stdout]   |
[INFO] [stdout] 2 | use ball_dont_lie::stats::get_stats;
[INFO] [stdout]   |
[INFO] [stdout] 
[INFO] [stdout] error: aborting due to previous error
[INFO] [stdout] 
[INFO] [stdout] For more information about this error, try `rustc --explain E0425`.
[INFO] [stdout] Couldn't compile the test.
[INFO] [stdout] ---- src/season_averages.rs - season_averages::get_season_averages (line 27) stdout ----
[INFO] [stdout] error[E0425]: cannot find function `get_season_averages` in this scope
[INFO] [stdout]  --> src/season_averages.rs:28:1
[INFO] [stdout]   |
[INFO] [stdout] 3 | get_season_averages(Default::default())
[INFO] [stdout]   | ^^^^^^^^^^^^^^^^^^^ not found in this scope
[INFO] [stdout]   |
[INFO] [stdout] help: consider importing this function
[INFO] [stdout]   |
[INFO] [stdout] 2 | use ball_dont_lie::season_averages::get_season_averages;
[INFO] [stdout]   |
[INFO] [stdout] 
[INFO] [stdout] error: aborting due to previous error
[INFO] [stdout] 
[INFO] [stdout] For more information about this error, try `rustc --explain E0425`.
[INFO] [stdout] Couldn't compile the test.
[INFO] [stdout] ---- src/games.rs - games::get_games (line 44) stdout ----
[INFO] [stdout] error[E0422]: cannot find struct, variant or union type `GamesQueryParams` in this scope
[INFO] [stdout]  --> src/games.rs:45:22
[INFO] [stdout]   |
[INFO] [stdout] 3 | let example_params = GamesQueryParams {
[INFO] [stdout]   |                      ^^^^^^^^^^^^^^^^ not found in this scope
[INFO] [stdout]   |
[INFO] [stdout] help: consider importing this struct
[INFO] [stdout]   |
[INFO] [stdout] 2 | use ball_dont_lie::games::GamesQueryParams;
[INFO] [stdout]   |
[INFO] [stdout] 
[INFO] [stdout] error[E0425]: cannot find function `get_games` in this scope
[INFO] [stdout]  --> src/games.rs:50:1
[INFO] [stdout]   |
[INFO] [stdout] 8 | get_games(example_params)
[INFO] [stdout]   | ^^^^^^^^^ not found in this scope
[INFO] [stdout]   |
[INFO] [stdout] help: consider importing this function
[INFO] [stdout]   |
[INFO] [stdout] 2 | use ball_dont_lie::games::get_games;
[INFO] [stdout]   |
[INFO] [stdout] 
[INFO] [stdout] error: aborting due to 2 previous errors
[INFO] [stdout] 
[INFO] [stdout] Some errors have detailed explanations: E0422, E0425.
[INFO] [stdout] For more information about an error, try `rustc --explain E0422`.
[INFO] [stdout] Couldn't compile the test.
[INFO] [stdout] ---- src/stats.rs - stats::get_stats (line 48) stdout ----
[INFO] [stdout] error[E0425]: cannot find function `get_stats` in this scope
[INFO] [stdout]  --> src/stats.rs:49:1
[INFO] [stdout]   |
[INFO] [stdout] 3 | get_stats(Default::default())
[INFO] [stdout]   | ^^^^^^^^^ not found in this scope
[INFO] [stdout]   |
[INFO] [stdout] help: consider importing this function
[INFO] [stdout]   |
[INFO] [stdout] 2 | use ball_dont_lie::stats::get_stats;
[INFO] [stdout]   |
[INFO] [stdout] 
[INFO] [stdout] error: aborting due to previous error
[INFO] [stdout] 
[INFO] [stdout] For more information about this error, try `rustc --explain E0425`.
[INFO] [stdout] Couldn't compile the test.
[INFO] [stdout] 
[INFO] [stdout] failures:
[INFO] [stdout]     src/games.rs - games::get_game (line 109)
[INFO] [stdout]     src/games.rs - games::get_games (line 44)
[INFO] [stdout]     src/players.rs - players::get_player (line 63)
[INFO] [stdout]     src/players.rs - players::get_players (line 28)
[INFO] [stdout]     src/season_averages.rs - season_averages::get_season_averages (line 27)
[INFO] [stdout]     src/stats.rs - stats::get_stats (line 48)
[INFO] [stdout]     src/teams.rs - teams::get_team (line 53)
[INFO] [stdout]     src/teams.rs - teams::get_teams (line 26)
[INFO] [stdout] 
[INFO] [stdout] test result: FAILED. 0 passed; 8 failed; 0 ignored; 0 measured; 0 filtered out; finished in 0.14s
[INFO] [stdout] 
[INFO] [stderr] error: test failed, to rerun pass '--doc'
[INFO] running `Command { std: "docker" "inspect" "148c98e3a4d414da2a1b44a8709015e573656f5114db150f598127d0bb97ff48", kill_on_drop: false }`
[INFO] running `Command { std: "docker" "rm" "-f" "148c98e3a4d414da2a1b44a8709015e573656f5114db150f598127d0bb97ff48", kill_on_drop: false }`
[INFO] [stdout] 148c98e3a4d414da2a1b44a8709015e573656f5114db150f598127d0bb97ff48
