[INFO] fetching crate balena-temen 0.5.7...
[INFO] testing balena-temen-0.5.7 against 1.54.0 for beta-1.55-1
[INFO] extracting crate balena-temen 0.5.7 into /workspace/builds/worker-31/source
[INFO] validating manifest of crates.io crate balena-temen 0.5.7 on toolchain 1.54.0
[INFO] running `Command { std: "/workspace/cargo-home/bin/cargo" "+1.54.0" "metadata" "--manifest-path" "Cargo.toml" "--no-deps", kill_on_drop: false }`
[INFO] started tweaking crates.io crate balena-temen 0.5.7
[INFO] finished tweaking crates.io crate balena-temen 0.5.7
[INFO] tweaked toml for crates.io crate balena-temen 0.5.7 written to /workspace/builds/worker-31/source/Cargo.toml
[INFO] running `Command { std: "/workspace/cargo-home/bin/cargo" "+1.54.0" "generate-lockfile" "--manifest-path" "Cargo.toml" "-Zno-index-update", kill_on_drop: false }`
[INFO] [stderr]     Blocking waiting for file lock on package cache
[INFO] running `Command { std: "/workspace/cargo-home/bin/cargo" "+1.54.0" "fetch" "--manifest-path" "Cargo.toml", kill_on_drop: false }`
[INFO] [stderr]     Blocking waiting for file lock on package cache
[INFO] [stderr]     Blocking waiting for file lock on package cache
[INFO] [stderr]  Downloading crates ...
[INFO] [stderr]   Downloaded rand v0.6.1
[INFO] running `Command { std: "docker" "create" "-v" "/var/lib/crater-agent-workspace/builds/worker-31/target:/opt/rustwide/target:rw,Z" "-v" "/var/lib/crater-agent-workspace/builds/worker-31/source:/opt/rustwide/workdir:ro,Z" "-v" "/var/lib/crater-agent-workspace/cargo-home:/opt/rustwide/cargo-home:ro,Z" "-v" "/var/lib/crater-agent-workspace/rustup-home:/opt/rustwide/rustup-home:ro,Z" "-e" "SOURCE_DIR=/opt/rustwide/workdir" "-e" "CARGO_TARGET_DIR=/opt/rustwide/target" "-e" "CARGO_HOME=/opt/rustwide/cargo-home" "-e" "RUSTUP_HOME=/opt/rustwide/rustup-home" "-w" "/opt/rustwide/workdir" "-m" "1610612736" "--user" "0:0" "--network" "none" "ghcr.io/rust-lang/crates-build-env/linux@sha256:34b6a614d2c27851fe6cbf88fbd1137609cefab8b10d0615aaeb6fd47975d74e" "/opt/rustwide/cargo-home/bin/cargo" "+1.54.0" "metadata" "--no-deps" "--format-version=1", kill_on_drop: false }`
[INFO] [stdout] c3fe9a8bb5ba470bb67cc0695d724d063b64c0b45bfead56c50ae17d91547649
[INFO] running `Command { std: "docker" "start" "-a" "c3fe9a8bb5ba470bb67cc0695d724d063b64c0b45bfead56c50ae17d91547649", kill_on_drop: false }`
[INFO] running `Command { std: "docker" "inspect" "c3fe9a8bb5ba470bb67cc0695d724d063b64c0b45bfead56c50ae17d91547649", kill_on_drop: false }`
[INFO] running `Command { std: "docker" "rm" "-f" "c3fe9a8bb5ba470bb67cc0695d724d063b64c0b45bfead56c50ae17d91547649", kill_on_drop: false }`
[INFO] [stdout] c3fe9a8bb5ba470bb67cc0695d724d063b64c0b45bfead56c50ae17d91547649
[INFO] running `Command { std: "docker" "create" "-v" "/var/lib/crater-agent-workspace/builds/worker-31/target:/opt/rustwide/target:rw,Z" "-v" "/var/lib/crater-agent-workspace/builds/worker-31/source:/opt/rustwide/workdir:ro,Z" "-v" "/var/lib/crater-agent-workspace/cargo-home:/opt/rustwide/cargo-home:ro,Z" "-v" "/var/lib/crater-agent-workspace/rustup-home:/opt/rustwide/rustup-home:ro,Z" "-e" "SOURCE_DIR=/opt/rustwide/workdir" "-e" "CARGO_TARGET_DIR=/opt/rustwide/target" "-e" "CARGO_INCREMENTAL=0" "-e" "RUST_BACKTRACE=full" "-e" "RUSTFLAGS=--cap-lints=warn" "-e" "CARGO_HOME=/opt/rustwide/cargo-home" "-e" "RUSTUP_HOME=/opt/rustwide/rustup-home" "-w" "/opt/rustwide/workdir" "-m" "1610612736" "--user" "0:0" "--network" "none" "ghcr.io/rust-lang/crates-build-env/linux@sha256:34b6a614d2c27851fe6cbf88fbd1137609cefab8b10d0615aaeb6fd47975d74e" "/opt/rustwide/cargo-home/bin/cargo" "+1.54.0" "build" "--frozen" "--message-format=json", kill_on_drop: false }`
[INFO] [stdout] e9ee545b039a3560c7663027422e95b189abc6178c9172420bd325d53cb72d05
[INFO] running `Command { std: "docker" "start" "-a" "e9ee545b039a3560c7663027422e95b189abc6178c9172420bd325d53cb72d05", kill_on_drop: false }`
[INFO] [stderr]    Compiling autocfg v0.1.7
[INFO] [stderr]    Compiling rand_core v0.4.2
[INFO] [stderr]    Compiling ucd-trie v0.1.3
[INFO] [stderr]    Compiling maplit v1.0.2
[INFO] [stderr]    Compiling serde_derive v1.0.127
[INFO] [stderr]    Compiling deunicode v0.4.3
[INFO] [stderr]    Compiling uuid v0.7.4
[INFO] [stderr]    Compiling num-traits v0.2.14
[INFO] [stderr]    Compiling num-integer v0.1.44
[INFO] [stderr]    Compiling rand v0.6.1
[INFO] [stderr]    Compiling serde_json v1.0.66
[INFO] [stderr]    Compiling slug v0.1.4
[INFO] [stderr]    Compiling rand_core v0.3.1
[INFO] [stderr]    Compiling pest v2.1.3
[INFO] [stderr]    Compiling rand_hc v0.1.0
[INFO] [stderr]    Compiling rand_xorshift v0.1.1
[INFO] [stderr]    Compiling rand_isaac v0.1.1
[INFO] [stderr]    Compiling rand_pcg v0.1.2
[INFO] [stderr]    Compiling rand_chacha v0.1.1
[INFO] [stderr]    Compiling pest_meta v2.1.3
[INFO] [stderr]    Compiling approx v0.3.2
[INFO] [stderr]    Compiling chrono v0.4.19
[INFO] [stderr]    Compiling pest_generator v2.1.3
[INFO] [stderr]    Compiling pest_derive v2.1.0
[INFO] [stderr]    Compiling balena-temen v0.5.7 (/opt/rustwide/workdir)
[INFO] [stdout] warning: trait objects without an explicit `dyn` are deprecated
[INFO] [stdout]    --> src/error.rs:256:34
[INFO] [stdout]     |
[INFO] [stdout] 256 |     fn source(&self) -> Option<&(error::Error + 'static)> {
[INFO] [stdout]     |                                  ^^^^^^^^^^^^^^^^^^^^^^ help: use `dyn`: `dyn error::Error + 'static`
[INFO] [stdout]     |
[INFO] [stdout]     = note: `#[warn(bare_trait_objects)]` on by default
[INFO] [stdout]     = warning: this was previously accepted by the compiler but is being phased out; it will become a hard error in the 2021 edition!
[INFO] [stdout]     = note: for more information, see issue #80165 <https://github.com/rust-lang/rust/issues/80165>
[INFO] [stdout] 
[INFO] [stdout] 
[INFO] [stdout] warning: 1 warning emitted
[INFO] [stdout] 
[INFO] [stdout] 
[INFO] [stderr]     Finished dev [unoptimized + debuginfo] target(s) in 14.68s
[INFO] running `Command { std: "docker" "inspect" "e9ee545b039a3560c7663027422e95b189abc6178c9172420bd325d53cb72d05", kill_on_drop: false }`
[INFO] running `Command { std: "docker" "rm" "-f" "e9ee545b039a3560c7663027422e95b189abc6178c9172420bd325d53cb72d05", kill_on_drop: false }`
[INFO] [stdout] e9ee545b039a3560c7663027422e95b189abc6178c9172420bd325d53cb72d05
[INFO] running `Command { std: "docker" "create" "-v" "/var/lib/crater-agent-workspace/builds/worker-31/target:/opt/rustwide/target:rw,Z" "-v" "/var/lib/crater-agent-workspace/builds/worker-31/source:/opt/rustwide/workdir:ro,Z" "-v" "/var/lib/crater-agent-workspace/cargo-home:/opt/rustwide/cargo-home:ro,Z" "-v" "/var/lib/crater-agent-workspace/rustup-home:/opt/rustwide/rustup-home:ro,Z" "-e" "SOURCE_DIR=/opt/rustwide/workdir" "-e" "CARGO_TARGET_DIR=/opt/rustwide/target" "-e" "CARGO_INCREMENTAL=0" "-e" "RUST_BACKTRACE=full" "-e" "RUSTFLAGS=--cap-lints=warn" "-e" "CARGO_HOME=/opt/rustwide/cargo-home" "-e" "RUSTUP_HOME=/opt/rustwide/rustup-home" "-w" "/opt/rustwide/workdir" "-m" "1610612736" "--user" "0:0" "--network" "none" "ghcr.io/rust-lang/crates-build-env/linux@sha256:34b6a614d2c27851fe6cbf88fbd1137609cefab8b10d0615aaeb6fd47975d74e" "/opt/rustwide/cargo-home/bin/cargo" "+1.54.0" "test" "--frozen" "--no-run" "--message-format=json", kill_on_drop: false }`
[INFO] [stdout] edab6f7d402540b3200e43dc15382e647a7f4976d44e21182ed8daf3eb6b49a3
[INFO] running `Command { std: "docker" "start" "-a" "edab6f7d402540b3200e43dc15382e647a7f4976d44e21182ed8daf3eb6b49a3", kill_on_drop: false }`
[INFO] [stderr]    Compiling balena-temen v0.5.7 (/opt/rustwide/workdir)
[INFO] [stdout] warning: trait objects without an explicit `dyn` are deprecated
[INFO] [stdout]    --> src/error.rs:256:34
[INFO] [stdout]     |
[INFO] [stdout] 256 |     fn source(&self) -> Option<&(error::Error + 'static)> {
[INFO] [stdout]     |                                  ^^^^^^^^^^^^^^^^^^^^^^ help: use `dyn`: `dyn error::Error + 'static`
[INFO] [stdout]     |
[INFO] [stdout]     = note: `#[warn(bare_trait_objects)]` on by default
[INFO] [stdout]     = warning: this was previously accepted by the compiler but is being phased out; it will become a hard error in the 2021 edition!
[INFO] [stdout]     = note: for more information, see issue #80165 <https://github.com/rust-lang/rust/issues/80165>
[INFO] [stdout] 
[INFO] [stdout] 
[INFO] [stdout] warning: 1 warning emitted
[INFO] [stdout] 
[INFO] [stdout] 
[INFO] [stdout] warning: trait objects without an explicit `dyn` are deprecated
[INFO] [stdout]    --> src/error.rs:256:34
[INFO] [stdout]     |
[INFO] [stdout] 256 |     fn source(&self) -> Option<&(error::Error + 'static)> {
[INFO] [stdout]     |                                  ^^^^^^^^^^^^^^^^^^^^^^ help: use `dyn`: `dyn error::Error + 'static`
[INFO] [stdout]     |
[INFO] [stdout]     = note: `#[warn(bare_trait_objects)]` on by default
[INFO] [stdout]     = warning: this was previously accepted by the compiler but is being phased out; it will become a hard error in the 2021 edition!
[INFO] [stdout]     = note: for more information, see issue #80165 <https://github.com/rust-lang/rust/issues/80165>
[INFO] [stdout] 
[INFO] [stdout] 
[INFO] [stdout] warning: 1 warning emitted
[INFO] [stdout] 
[INFO] [stdout] 
[INFO] [stderr]     Finished test [unoptimized + debuginfo] target(s) in 2.96s
[INFO] running `Command { std: "docker" "inspect" "edab6f7d402540b3200e43dc15382e647a7f4976d44e21182ed8daf3eb6b49a3", kill_on_drop: false }`
[INFO] running `Command { std: "docker" "rm" "-f" "edab6f7d402540b3200e43dc15382e647a7f4976d44e21182ed8daf3eb6b49a3", kill_on_drop: false }`
[INFO] [stdout] edab6f7d402540b3200e43dc15382e647a7f4976d44e21182ed8daf3eb6b49a3
[INFO] running `Command { std: "docker" "create" "-v" "/var/lib/crater-agent-workspace/builds/worker-31/target:/opt/rustwide/target:rw,Z" "-v" "/var/lib/crater-agent-workspace/builds/worker-31/source:/opt/rustwide/workdir:ro,Z" "-v" "/var/lib/crater-agent-workspace/cargo-home:/opt/rustwide/cargo-home:ro,Z" "-v" "/var/lib/crater-agent-workspace/rustup-home:/opt/rustwide/rustup-home:ro,Z" "-e" "SOURCE_DIR=/opt/rustwide/workdir" "-e" "CARGO_TARGET_DIR=/opt/rustwide/target" "-e" "CARGO_INCREMENTAL=0" "-e" "RUST_BACKTRACE=full" "-e" "RUSTFLAGS=--cap-lints=warn" "-e" "CARGO_HOME=/opt/rustwide/cargo-home" "-e" "RUSTUP_HOME=/opt/rustwide/rustup-home" "-w" "/opt/rustwide/workdir" "-m" "1610612736" "--user" "0:0" "--network" "none" "ghcr.io/rust-lang/crates-build-env/linux@sha256:34b6a614d2c27851fe6cbf88fbd1137609cefab8b10d0615aaeb6fd47975d74e" "/opt/rustwide/cargo-home/bin/cargo" "+1.54.0" "test" "--frozen", kill_on_drop: false }`
[INFO] [stdout] 143e691dda9f03502b343bf791a283970362cd72ba2edaaff4e99843e5ea3053
[INFO] running `Command { std: "docker" "start" "-a" "143e691dda9f03502b343bf791a283970362cd72ba2edaaff4e99843e5ea3053", kill_on_drop: false }`
[INFO] [stderr] warning: trait objects without an explicit `dyn` are deprecated
[INFO] [stderr]    --> src/error.rs:256:34
[INFO] [stderr]     |
[INFO] [stderr] 256 |     fn source(&self) -> Option<&(error::Error + 'static)> {
[INFO] [stderr]     |                                  ^^^^^^^^^^^^^^^^^^^^^^ help: use `dyn`: `dyn error::Error + 'static`
[INFO] [stderr]     |
[INFO] [stderr]     = note: `#[warn(bare_trait_objects)]` on by default
[INFO] [stderr]     = warning: this was previously accepted by the compiler but is being phased out; it will become a hard error in the 2021 edition!
[INFO] [stderr]     = note: for more information, see issue #80165 <https://github.com/rust-lang/rust/issues/80165>
[INFO] [stderr] 
[INFO] [stderr] warning: 1 warning emitted
[INFO] [stderr] 
[INFO] [stderr] warning: trait objects without an explicit `dyn` are deprecated
[INFO] [stderr]    --> src/error.rs:256:34
[INFO] [stderr]     |
[INFO] [stderr] 256 |     fn source(&self) -> Option<&(error::Error + 'static)> {
[INFO] [stderr]     |                                  ^^^^^^^^^^^^^^^^^^^^^^ help: use `dyn`: `dyn error::Error + 'static`
[INFO] [stderr]     |
[INFO] [stderr]     = note: `#[warn(bare_trait_objects)]` on by default
[INFO] [stderr]     = warning: this was previously accepted by the compiler but is being phased out; it will become a hard error in the 2021 edition!
[INFO] [stderr]     = note: for more information, see issue #80165 <https://github.com/rust-lang/rust/issues/80165>
[INFO] [stderr] 
[INFO] [stderr] warning: 1 warning emitted
[INFO] [stderr] 
[INFO] [stderr]     Finished test [unoptimized + debuginfo] target(s) in 0.06s
[INFO] [stderr]      Running unittests (/opt/rustwide/target/debug/deps/balena_temen-64b40067ae5af83a)
[INFO] [stdout] 
[INFO] [stdout] running 38 tests
[INFO] [stderr]      Running tests/tests.rs (/opt/rustwide/target/debug/deps/tests-66c3e775722fdab0)
[INFO] [stdout] test builtin::filter::datetime::tests::date_default_format ... ok
[INFO] [stdout] test builtin::filter::datetime::tests::datetime_default_format ... ok
[INFO] [stdout] test builtin::filter::datetime::tests::fail_on_invalid_format_argument_type ... ok
[INFO] [stdout] test builtin::filter::datetime::tests::format_argument ... ok
[INFO] [stdout] test builtin::filter::datetime::tests::time_default_format ... ok
[INFO] [stdout] test builtin::filter::lower::tests::fail_on_invalid_input_type ... ok
[INFO] [stdout] test builtin::filter::lower::tests::result_is_lower_cased ... ok
[INFO] [stdout] test builtin::filter::slugify::tests::fail_on_invalid_input ... ok
[INFO] [stdout] test builtin::filter::slugify::tests::fail_on_invalid_input_type ... ok
[INFO] [stdout] test builtin::filter::slugify::tests::result_is_trimmed ... ok
[INFO] [stdout] test builtin::filter::trim::tests::fail_on_invalid_input_type ... ok
[INFO] [stdout] test builtin::filter::trim::tests::result_is_trimmed ... ok
[INFO] [stdout] test builtin::filter::upper::tests::fail_on_invalid_input_type ... ok
[INFO] [stdout] test builtin::function::math::tests::log10_0 ... ok
[INFO] [stdout] test builtin::function::math::tests::log10_1 ... ok
[INFO] [stdout] test builtin::function::math::tests::log10_100000 ... ok
[INFO] [stdout] test builtin::function::math::tests::max_fails_with_strings ... ok
[INFO] [stdout] test builtin::function::math::tests::max_multiple_values ... ok
[INFO] [stdout] test builtin::function::math::tests::max_fails_without_arguments ... ok
[INFO] [stdout] test builtin::function::math::tests::min_multiple_values ... ok
[INFO] [stdout] test builtin::filter::upper::tests::result_is_upper_cased ... ok
[INFO] [stdout] test builtin::function::math::tests::log10_2 ... ok
[INFO] [stdout] test builtin::function::math::tests::min_two_values ... ok
[INFO] [stdout] test builtin::function::math::tests::min_fails_without_arguments ... ok
[INFO] [stdout] test builtin::function::math::tests::max_two_values ... ok
[INFO] [stdout] test builtin::function::math::tests::min_fails_with_strings ... ok
[INFO] [stdout] test builtin::function::math::tests::pow_10_2 ... ok
[INFO] [stdout] test builtin::function::math::tests::pow_4_0_5 ... ok
[INFO] [stdout] test builtin::function::math::tests::pow_7_3 ... ok
[INFO] [stdout] test builtin::function::math::tests::pow_7_minus_2 ... ok
[INFO] [stdout] test builtin::function::math::tests::pow_minus_7_0_5 ... ok
[INFO] [stdout] test builtin::function::now::tests::default_argument_values ... ok
[INFO] [stdout] test builtin::function::now::tests::fail_on_invalid_timestamp_argument_type ... ok
[INFO] [stdout] test builtin::function::now::tests::timestamp_argument ... ok
[INFO] [stdout] test builtin::function::now::tests::utc_rfc3339_as_default ... ok
[INFO] [stdout] test builtin::function::uuidv4::tests::result_is_valid_uuid_v4 ... ok
[INFO] [stdout] test builtin::function::math::tests::min_with_floats_and_integers ... ok
[INFO] [stdout] test builtin::function::now::tests::subsequent_call_must_return_same_value ... ok
[INFO] [stdout] 
[INFO] [stdout] test result: ok. 38 passed; 0 failed; 0 ignored; 0 measured; 0 filtered out; finished in 0.02s
[INFO] [stdout] 
[INFO] [stdout] 
[INFO] [stdout] running 119 tests
[INFO] [stdout] test engine::eval::concat::string_with_float ... ok
[INFO] [stdout] test engine::eval::concat::string_with_integer ... ok
[INFO] [stdout] test engine::eval::concat::multiple_strings ... ok
[INFO] [stdout] test engine::eval::filter::custom_filter ... ok
[INFO] [stdout] test engine::eval::filter::fail_on_unknown_filter ... ok
[INFO] [stdout] test engine::eval::function::custom_function ... ok
[INFO] [stdout] test engine::eval::filter::filter_chain ... ok
[INFO] [stdout] test engine::eval::filter::default_filters_are_registered ... ok
[INFO] [stdout] test engine::eval::logical::equal ... ok
[INFO] [stdout] test engine::eval::logical::equal_with_filter ... ok
[INFO] [stdout] test engine::eval::function::fail_on_unknown_function ... ok
[INFO] [stdout] test engine::eval::logical::not ... ok
[INFO] [stdout] test engine::eval::logical::lower_or_equal ... ok
[INFO] [stdout] test engine::eval::logical::or ... ok
[INFO] [stdout] test engine::eval::lookup::fail_on_dotted_identifier_integer_index_out_of_bounds ... ok
[INFO] [stdout] test engine::eval::logical::lower ... ok
[INFO] [stdout] test engine::eval::lookup::dotted_identifier_integer_index ... ok
[INFO] [stdout] test engine::eval::logical::not_equal ... ok
[INFO] [stdout] test engine::eval::lookup::fail_on_square_bracket_negative_integer_out_of_bounds ... ok
[INFO] [stdout] test engine::eval::lookup::dotted_identifier_integer_index_mixed ... ok
[INFO] [stdout] test engine::eval::lookup::fail_on_square_bracket_integer_out_of_bounds ... ok
[INFO] [stdout] test engine::eval::lookup::fail_on_square_bracket_indirect_invalid_type ... ok
[INFO] [stdout] test engine::eval::logical::and ... ok
[INFO] [stdout] test engine::eval::lookup::dotted_identifier ... ok
[INFO] [stdout] test engine::eval::logical::greater_than_or_equal ... ok
[INFO] [stdout] test engine::eval::lookup::fail_on_unknown_identifier ... ok
[INFO] [stdout] test engine::eval::lookup::fail_on_unknown_dotted_identifier ... ok
[INFO] [stdout] test engine::eval::logical::greater_than ... ok
[INFO] [stdout] test engine::eval::function::default_functions_are_registered ... ok
[INFO] [stdout] test engine::eval::lookup::fail_on_square_bracket_string_invalid_index ... ok
[INFO] [stdout] test engine::eval::lookup::square_bracket_multiple_indirect ... ok
[INFO] [stdout] test engine::eval::lookup::square_bracket_mixed ... ok
[INFO] [stdout] test engine::eval::lookup::square_bracket_nested_indirect ... ok
[INFO] [stdout] test engine::eval::lookup::square_bracket_negative_integer ... ok
[INFO] [stdout] test engine::eval::lookup::square_bracket_string ... ok
[INFO] [stdout] test engine::eval::math::division_result_as_float ... ok
[INFO] [stdout] test engine::eval::lookup::square_bracket_indirect ... ok
[INFO] [stdout] test engine::eval::lookup::relative_lookup ... ok
[INFO] [stdout] test engine::eval::math::float_math_operation ... ok
[INFO] [stdout] test engine::eval::math::integer_math_operations ... ok
[INFO] [stdout] test engine::eval::lookup::square_bracket_integer ... ok
[INFO] [stdout] test engine::eval::math::fail_on_float_underflow_overflow_infinity ... ok
[INFO] [stdout] test engine::eval::lookup::simple_identifier ... ok
[INFO] [stdout] test engine::eval::math::division_result_as_integer ... ok
[INFO] [stdout] test engine::eval::ternary::bool_value_as_condition ... ok
[INFO] [stdout] test engine::eval::math::math_operator_precedence ... ok
[INFO] [stdout] test engine::eval::ternary::math_expression_as_falsy ... ok
[INFO] [stdout] test engine::eval_as_bool::logical::logical_not ... ok
[INFO] [stdout] test engine::eval_as_bool::logical::logical_and ... ok
[INFO] [stdout] test engine::eval_as_bool::math::fail_on_math_result ... ok
[INFO] [stdout] test engine::eval_as_bool::logical::logical_or ... ok
[INFO] [stdout] test engine::eval::math::zero_division ... ok
[INFO] [stdout] test engine::eval_as_bool::primitive::fail_on_float ... ok
[INFO] [stdout] test engine::eval_as_bool::filter::fail_on_invalid_output_type ... ok
[INFO] [stdout] test engine::eval_as_bool::primitive::fail_on_integer ... ok
[INFO] [stdout] test engine::eval::ternary::string_concat_in_condition ... ok
[INFO] [stdout] test engine::eval_as_bool::math::math ... ok
[INFO] [stdout] test engine::eval_as_bool::math::float_relative_eq ... ok
[INFO] [stdout] test engine::eval_as_bool::relational::equal ... ok
[INFO] [stdout] test engine::helper::array ... ok
[INFO] [stdout] test engine::eval_as_bool::relational::greater_than ... ok
[INFO] [stdout] test engine::eval_as_bool::primitive::boolean ... ok
[INFO] [stdout] test engine::eval_as_bool::relational::greater_than_or_equal ... ok
[INFO] [stdout] test engine::eval_as_bool::relational::not_equal ... ok
[INFO] [stdout] test engine::eval::ternary::nested ... ok
[INFO] [stdout] test engine::eval_as_bool::primitive::fail_on_string ... ok
[INFO] [stdout] test engine::eval_as_bool::relational::lower_than_or_equal ... ok
[INFO] [stdout] test engine::eval::math::integer_operation_boundaries ... ok
[INFO] [stdout] test engine::eval_as_bool::logical::fail_on_invalid_syntax ... ok
[INFO] [stdout] test engine::eval_as_bool::logical::fail_on_invalid_type ... ok
[INFO] [stdout] test engine::eval::ternary::fn_in_condition ... ok
[INFO] [stdout] test engine::eval::ternary::math_expression_as_truthy ... ok
[INFO] [stdout] test engine::eval_as_bool::relational::lower_than ... ok
[INFO] [stdout] test engine::helper::primitive_types_pass_through ... ok
[INFO] [stdout] test engine::helper::root_object ... ok
[INFO] [stdout] test engine::eval_as_bool::function::fail_on_invalid_output_type ... ok
[INFO] [stdout] test engine::helper::custom_keyword ... ok
[INFO] [stdout] test engine::helper::fail_on_circular_dependencies ... ok
[INFO] [stdout] test engine::regressions::fuzzer_invalid_overflow ... ok
[INFO] [stdout] test parser::filter::single_filter ... ok
[INFO] [stdout] test parser::filter::chained_filter ... ok
[INFO] [stdout] test engine::helper::nested_object ... ok
[INFO] [stdout] test engine::helper::chained_references ... ok
[INFO] [stdout] test parser::function::without_arguments ... ok
[INFO] [stdout] test parser::identifier::fail_on_bool_index ... ok
[INFO] [stdout] test parser::function::with_positional_arguments ... ok
[INFO] [stdout] test parser::identifier::allowed_characters ... ok
[INFO] [stdout] test parser::identifier::fail_on_exceeded_max_length ... ok
[INFO] [stdout] test parser::identifier::dotted ... ok
[INFO] [stdout] test parser::function::with_arguments ... ok
[INFO] [stdout] test parser::identifier::fail_on_float_index ... ok
[INFO] [stdout] test parser::identifier::integer_index ... ok
[INFO] [stdout] test parser::identifier::max_length ... ok
[INFO] [stdout] test parser::identifier::min_length ... ok
[INFO] [stdout] test parser::identifier::simple ... ok
[INFO] [stdout] test parser::identifier::indirect_index ... ok
[INFO] [stdout] test parser::identifier::super_reserved_keyword ... ok
[INFO] [stdout] test parser::identifier::string_index ... ok
[INFO] [stdout] test parser::identifier::fail_on_number_prefix ... ok
[INFO] [stdout] test parser::identifier::this_reserved_keyword ... ok
[INFO] [stdout] test parser::primitive::boolean ... ok
[INFO] [stdout] test parser::logical::operator ... ok
[INFO] [stdout] test parser::primitive::fail_on_float_without_leading_digit ... ok
[INFO] [stdout] test parser::logical::fail_on_invalid_syntax ... ok
[INFO] [stdout] test parser::primitive::fail_on_float_infinity ... ok
[INFO] [stdout] test parser::math::operator ... ok
[INFO] [stdout] test parser::primitive::float ... ok
[INFO] [stdout] test parser::primitive::integer ... ok
[INFO] [stdout] test parser::primitive::fail_on_invalid_string_syntax ... ok
[INFO] [stdout] test parser::math::fail_on_invalid_syntax ... ok
[INFO] [stdout] test parser::primitive::string ... ok
[INFO] [stdout] test parser::primitive::fail_on_integer_out_of_bounds ... ok
[INFO] [stdout] test parser::primitive::float_boundaries ... ok
[INFO] [stdout] test parser::primitive::integer_with_leading_zeroes ... ok
[INFO] [stdout] test parser::relational::fail_on_invalid_syntax ... ok
[INFO] [stdout] test parser::primitive::integer_boundaries ... ok
[INFO] [stdout] test parser::primitive::float_leading_and_trailing_zeroes ... ok
[INFO] [stdout] test engine::regressions::one_formula_fail_second_formula_success ... ok
[INFO] [stdout] test parser::relational::operator ... ok
[INFO] [stdout] 
[INFO] [stdout] test result: ok. 119 passed; 0 failed; 0 ignored; 0 measured; 0 filtered out; finished in 0.13s
[INFO] [stdout] 
[INFO] [stderr]    Doc-tests balena-temen
[INFO] [stdout] 
[INFO] [stdout] running 21 tests
[INFO] [stdout] test src/engine/builder.rs - engine::builder::EngineBuilder::filter (line 71) ... FAILED
[INFO] [stdout] test src/engine/mod.rs - engine::Engine::eval (line 60) ... FAILED
[INFO] [stdout] test src/engine/builder.rs - engine::builder::EngineBuilder::function (line 168) ... FAILED
[INFO] [stdout] test src/lib.rs - (line 132) ... FAILED
[INFO] [stdout] test src/lib.rs - (line 26) ... FAILED
[INFO] [stdout] test src/engine/helper.rs - engine::helper::evaluate (line 217) ... FAILED
[INFO] [stdout] test src/ast.rs - ast (line 7) ... FAILED
[INFO] [stdout] test src/engine/helper.rs - engine::helper::evaluate_with_engine (line 258) ... FAILED
[INFO] [stdout] test src/engine/mod.rs - engine::Engine::eval_as_bool (line 137) ... FAILED
[INFO] [stdout] test src/lib.rs - (line 70) ... FAILED
[INFO] [stdout] test src/lib.rs - (line 49) ... FAILED
[INFO] [stdout] test src/ast.rs - ast::Identifier::canonicalize (line 334) ... FAILED
[INFO] [stdout] test src/lib.rs - (line 167) ... FAILED
[INFO] [stdout] test src/engine/helper.rs - engine::helper::evaluate (line 204) ... FAILED
[INFO] [stdout] test src/ast.rs - ast::Identifier::index (line 418) ... FAILED
[INFO] [stdout] test src/ast.rs - ast::Identifier::name (line 392) ... FAILED
[INFO] [stdout] test src/lib.rs - (line 95) ... FAILED
[INFO] [stdout] test src/ast.rs - ast::Identifier::identifier (line 441) ... FAILED
[INFO] [stdout] test src/ast.rs - ast::Identifier::is_canonical (line 258) ... FAILED
[INFO] [stdout] test src/ast.rs - ast::Identifier::is_canonical (line 246) ... FAILED
[INFO] [stdout] test src/error.rs - error (line 9) ... FAILED
[INFO] [stdout] 
[INFO] [stdout] failures:
[INFO] [stdout] 
[INFO] [stdout] ---- src/engine/builder.rs - engine::builder::EngineBuilder::filter (line 71) stdout ----
[INFO] [stdout] Couldn't compile the test.
[INFO] [stdout] ---- src/engine/mod.rs - engine::Engine::eval (line 60) stdout ----
[INFO] [stdout] Couldn't compile the test.
[INFO] [stdout] ---- src/engine/builder.rs - engine::builder::EngineBuilder::function (line 168) stdout ----
[INFO] [stdout] Couldn't compile the test.
[INFO] [stdout] ---- src/lib.rs - (line 132) stdout ----
[INFO] [stdout] Couldn't compile the test.
[INFO] [stdout] ---- src/lib.rs - (line 26) stdout ----
[INFO] [stdout] Couldn't compile the test.
[INFO] [stdout] ---- src/engine/helper.rs - engine::helper::evaluate (line 217) stdout ----
[INFO] [stdout] Couldn't compile the test.
[INFO] [stdout] ---- src/ast.rs - ast (line 7) stdout ----
[INFO] [stdout] Couldn't compile the test.
[INFO] [stdout] ---- src/engine/helper.rs - engine::helper::evaluate_with_engine (line 258) stdout ----
[INFO] [stdout] Couldn't compile the test.
[INFO] [stdout] ---- src/engine/mod.rs - engine::Engine::eval_as_bool (line 137) stdout ----
[INFO] [stdout] Couldn't compile the test.
[INFO] [stdout] ---- src/lib.rs - (line 70) stdout ----
[INFO] [stdout] Couldn't compile the test.
[INFO] [stdout] ---- src/lib.rs - (line 49) stdout ----
[INFO] [stdout] Couldn't compile the test.
[INFO] [stdout] ---- src/ast.rs - ast::Identifier::canonicalize (line 334) stdout ----
[INFO] [stdout] Couldn't compile the test.
[INFO] [stdout] ---- src/lib.rs - (line 167) stdout ----
[INFO] [stdout] Couldn't compile the test.
[INFO] [stdout] ---- src/engine/helper.rs - engine::helper::evaluate (line 204) stdout ----
[INFO] [stdout] Couldn't compile the test.
[INFO] [stdout] ---- src/ast.rs - ast::Identifier::index (line 418) stdout ----
[INFO] [stdout] Couldn't compile the test.
[INFO] [stdout] ---- src/ast.rs - ast::Identifier::name (line 392) stdout ----
[INFO] [stdout] Couldn't compile the test.
[INFO] [stdout] ---- src/lib.rs - (line 95) stdout ----
[INFO] [stdout] Couldn't compile the test.
[INFO] [stdout] ---- src/ast.rs - ast::Identifier::identifier (line 441) stdout ----
[INFO] [stdout] Couldn't compile the test.
[INFO] [stdout] ---- src/ast.rs - ast::Identifier::is_canonical (line 258) stdout ----
[INFO] [stdout] Couldn't compile the test.
[INFO] [stdout] ---- src/ast.rs - ast::Identifier::is_canonical (line 246) stdout ----
[INFO] [stdout] Couldn't compile the test.
[INFO] [stdout] ---- src/error.rs - error (line 9) stdout ----
[INFO] [stdout] Couldn't compile the test.
[INFO] [stdout] 
[INFO] [stdout] failures:
[INFO] [stdout]     src/ast.rs - ast (line 7)
[INFO] [stdout]     src/ast.rs - ast::Identifier::canonicalize (line 334)
[INFO] [stdout]     src/ast.rs - ast::Identifier::identifier (line 441)
[INFO] [stdout]     src/ast.rs - ast::Identifier::index (line 418)
[INFO] [stdout]     src/ast.rs - ast::Identifier::is_canonical (line 246)
[INFO] [stdout]     src/ast.rs - ast::Identifier::is_canonical (line 258)
[INFO] [stdout]     src/ast.rs - ast::Identifier::name (line 392)
[INFO] [stdout]     src/engine/builder.rs - engine::builder::EngineBuilder::filter (line 71)
[INFO] [stdout]     src/engine/builder.rs - engine::builder::EngineBuilder::function (line 168)
[INFO] [stdout]     src/engine/helper.rs - engine::helper::evaluate (line 204)
[INFO] [stdout]     src/engine/helper.rs - engine::helper::evaluate (line 217)
[INFO] [stdout]     src/engine/helper.rs - engine::helper::evaluate_with_engine (line 258)
[INFO] [stdout]     src/engine/mod.rs - engine::Engine::eval (line 60)
[INFO] [stdout]     src/engine/mod.rs - engine::Engine::eval_as_bool (line 137)
[INFO] [stdout]     src/error.rs - error (line 9)
[INFO] [stdout]     src/lib.rs - (line 132)
[INFO] [stdout]     src/lib.rs - (line 167)
[INFO] [stdout]     src/lib.rs - (line 26)
[INFO] [stdout]     src/lib.rs - (line 49)
[INFO] [stdout]     src/lib.rs - (line 70)
[INFO] [stdout]     src/lib.rs - (line 95)
[INFO] [stdout] 
[INFO] [stdout] test result: FAILED. 0 passed; 21 failed; 0 ignored; 0 measured; 0 filtered out; finished in 4.21s
[INFO] [stdout] 
[INFO] [stderr] error: test failed, to rerun pass '--doc'
[INFO] running `Command { std: "docker" "inspect" "143e691dda9f03502b343bf791a283970362cd72ba2edaaff4e99843e5ea3053", kill_on_drop: false }`
[INFO] running `Command { std: "docker" "rm" "-f" "143e691dda9f03502b343bf791a283970362cd72ba2edaaff4e99843e5ea3053", kill_on_drop: false }`
[INFO] [stdout] 143e691dda9f03502b343bf791a283970362cd72ba2edaaff4e99843e5ea3053
