[INFO] fetching crate azure-functions 0.11.0...
[INFO] testing azure-functions-0.11.0 against 1.54.0 for beta-1.55-1
[INFO] extracting crate azure-functions 0.11.0 into /workspace/builds/worker-87/source
[INFO] validating manifest of crates.io crate azure-functions 0.11.0 on toolchain 1.54.0
[INFO] running `Command { std: "/workspace/cargo-home/bin/cargo" "+1.54.0" "metadata" "--manifest-path" "Cargo.toml" "--no-deps", kill_on_drop: false }`
[INFO] started tweaking crates.io crate azure-functions 0.11.0
[INFO] finished tweaking crates.io crate azure-functions 0.11.0
[INFO] tweaked toml for crates.io crate azure-functions 0.11.0 written to /workspace/builds/worker-87/source/Cargo.toml
[INFO] running `Command { std: "/workspace/cargo-home/bin/cargo" "+1.54.0" "generate-lockfile" "--manifest-path" "Cargo.toml" "-Zno-index-update", kill_on_drop: false }`
[INFO] [stderr]     Blocking waiting for file lock on package cache
[INFO] running `Command { std: "/workspace/cargo-home/bin/cargo" "+1.54.0" "fetch" "--manifest-path" "Cargo.toml", kill_on_drop: false }`
[INFO] [stderr]     Blocking waiting for file lock on package cache
[INFO] [stderr]     Blocking waiting for file lock on package cache
[INFO] running `Command { std: "docker" "create" "-v" "/var/lib/crater-agent-workspace/builds/worker-87/target:/opt/rustwide/target:rw,Z" "-v" "/var/lib/crater-agent-workspace/builds/worker-87/source:/opt/rustwide/workdir:ro,Z" "-v" "/var/lib/crater-agent-workspace/cargo-home:/opt/rustwide/cargo-home:ro,Z" "-v" "/var/lib/crater-agent-workspace/rustup-home:/opt/rustwide/rustup-home:ro,Z" "-e" "SOURCE_DIR=/opt/rustwide/workdir" "-e" "CARGO_TARGET_DIR=/opt/rustwide/target" "-e" "CARGO_HOME=/opt/rustwide/cargo-home" "-e" "RUSTUP_HOME=/opt/rustwide/rustup-home" "-w" "/opt/rustwide/workdir" "-m" "1610612736" "--user" "0:0" "--network" "none" "ghcr.io/rust-lang/crates-build-env/linux@sha256:34b6a614d2c27851fe6cbf88fbd1137609cefab8b10d0615aaeb6fd47975d74e" "/opt/rustwide/cargo-home/bin/cargo" "+1.54.0" "metadata" "--no-deps" "--format-version=1", kill_on_drop: false }`
[INFO] [stdout] 6104f5f7f0ad43fe21fdd27c92328a4af1a2548208d4db62493cd2342a8b056d
[INFO] running `Command { std: "docker" "start" "-a" "6104f5f7f0ad43fe21fdd27c92328a4af1a2548208d4db62493cd2342a8b056d", kill_on_drop: false }`
[INFO] running `Command { std: "docker" "inspect" "6104f5f7f0ad43fe21fdd27c92328a4af1a2548208d4db62493cd2342a8b056d", kill_on_drop: false }`
[INFO] running `Command { std: "docker" "rm" "-f" "6104f5f7f0ad43fe21fdd27c92328a4af1a2548208d4db62493cd2342a8b056d", kill_on_drop: false }`
[INFO] [stdout] 6104f5f7f0ad43fe21fdd27c92328a4af1a2548208d4db62493cd2342a8b056d
[INFO] running `Command { std: "docker" "create" "-v" "/var/lib/crater-agent-workspace/builds/worker-87/target:/opt/rustwide/target:rw,Z" "-v" "/var/lib/crater-agent-workspace/builds/worker-87/source:/opt/rustwide/workdir:ro,Z" "-v" "/var/lib/crater-agent-workspace/cargo-home:/opt/rustwide/cargo-home:ro,Z" "-v" "/var/lib/crater-agent-workspace/rustup-home:/opt/rustwide/rustup-home:ro,Z" "-e" "SOURCE_DIR=/opt/rustwide/workdir" "-e" "CARGO_TARGET_DIR=/opt/rustwide/target" "-e" "CARGO_INCREMENTAL=0" "-e" "RUST_BACKTRACE=full" "-e" "RUSTFLAGS=--cap-lints=warn" "-e" "CARGO_HOME=/opt/rustwide/cargo-home" "-e" "RUSTUP_HOME=/opt/rustwide/rustup-home" "-w" "/opt/rustwide/workdir" "-m" "1610612736" "--user" "0:0" "--network" "none" "ghcr.io/rust-lang/crates-build-env/linux@sha256:34b6a614d2c27851fe6cbf88fbd1137609cefab8b10d0615aaeb6fd47975d74e" "/opt/rustwide/cargo-home/bin/cargo" "+1.54.0" "build" "--frozen" "--message-format=json", kill_on_drop: false }`
[INFO] [stdout] c54b0b6dd2e1b9809dc7d8f506eb23ccfa93312c77bee3f7378dea6ccd118d79
[INFO] running `Command { std: "docker" "start" "-a" "c54b0b6dd2e1b9809dc7d8f506eb23ccfa93312c77bee3f7378dea6ccd118d79", kill_on_drop: false }`
[INFO] [stderr]    Compiling libc v0.2.98
[INFO] [stderr]    Compiling futures-core-preview v0.3.0-alpha.19
[INFO] [stderr]    Compiling pin-project-internal v0.4.28
[INFO] [stderr]    Compiling futures-sink-preview v0.3.0-alpha.19
[INFO] [stderr]    Compiling maybe-uninit v2.0.0
[INFO] [stderr]    Compiling futures-io-preview v0.3.0-alpha.19
[INFO] [stderr]    Compiling pin-utils v0.1.0
[INFO] [stderr]    Compiling tower-service v0.3.0-alpha.2
[INFO] [stderr]    Compiling hashbrown v0.11.2
[INFO] [stderr]    Compiling autocfg v0.1.7
[INFO] [stderr]    Compiling rand_core v0.4.2
[INFO] [stderr]    Compiling tower-layer v0.3.0-alpha.2
[INFO] [stderr]    Compiling itoa v0.4.7
[INFO] [stderr]    Compiling syn v0.15.44
[INFO] [stderr]    Compiling bytes v0.5.6
[INFO] [stderr]    Compiling fixedbitset v0.2.0
[INFO] [stderr]    Compiling httparse v1.4.1
[INFO] [stderr]    Compiling try-lock v0.2.3
[INFO] [stderr]    Compiling multimap v0.8.3
[INFO] [stderr]    Compiling async-trait v0.1.51
[INFO] [stderr]    Compiling tinyvec_macros v0.1.0
[INFO] [stderr]    Compiling percent-encoding v1.0.1
[INFO] [stderr]    Compiling matches v0.1.8
[INFO] [stderr]    Compiling sha1 v0.6.0
[INFO] [stderr]    Compiling xml-rs v0.8.4
[INFO] [stderr]    Compiling fs_extra v1.2.0
[INFO] [stderr]    Compiling crossbeam-utils v0.7.2
[INFO] [stderr]    Compiling memoffset v0.5.6
[INFO] [stderr]    Compiling crossbeam-epoch v0.8.2
[INFO] [stderr]    Compiling crossbeam-utils v0.6.6
[INFO] [stderr]    Compiling indexmap v1.7.0
[INFO] [stderr]    Compiling semver v0.9.0
[INFO] [stderr]    Compiling itertools v0.8.2
[INFO] [stderr]    Compiling lock_api v0.3.4
[INFO] [stderr]    Compiling base64 v0.10.1
[INFO] [stderr]    Compiling object v0.26.0
[INFO] [stderr]    Compiling tokio-macros v0.2.0-alpha.6
[INFO] [stderr]    Compiling async-stream-impl v0.1.1
[INFO] [stderr]    Compiling azure-functions-shared-codegen v0.11.0
[INFO] [stderr]    Compiling serde_repr v0.1.7
[INFO] [stderr]    Compiling tracing v0.1.26
[INFO] [stderr]    Compiling futures-channel-preview v0.3.0-alpha.19
[INFO] [stderr]    Compiling rand_core v0.3.1
[INFO] [stderr]    Compiling rand_jitter v0.1.4
[INFO] [stderr]    Compiling serde_json v1.0.66
[INFO] [stderr]    Compiling crossbeam-channel v0.3.9
[INFO] [stderr]    Compiling crossbeam-queue v0.1.2
[INFO] [stderr]    Compiling want v0.3.0
[INFO] [stderr]    Compiling unicode-bidi v0.3.5
[INFO] [stderr]    Compiling tinyvec v1.3.1
[INFO] [stderr]    Compiling rand_chacha v0.1.1
[INFO] [stderr]    Compiling rand_pcg v0.1.2
[INFO] [stderr]    Compiling rand v0.6.5
[INFO] [stderr]    Compiling rand_isaac v0.1.1
[INFO] [stderr]    Compiling rand_xorshift v0.1.1
[INFO] [stderr]    Compiling rand_hc v0.1.0
[INFO] [stderr]    Compiling rustc_version v0.2.3
[INFO] [stderr]    Compiling uuid v0.8.2
[INFO] [stderr]    Compiling futures-util-preview v0.3.0-alpha.19
[INFO] [stderr]    Compiling smallvec v0.6.14
[INFO] [stderr]    Compiling prost-derive v0.6.1
[INFO] [stderr]    Compiling parking_lot_core v0.6.2
[INFO] [stderr]    Compiling parking_lot v0.9.0
[INFO] [stderr]    Compiling petgraph v0.5.1
[INFO] [stderr]    Compiling unicode-normalization v0.1.19
[INFO] [stderr]    Compiling async-stream v0.1.2
[INFO] [stderr]    Compiling iovec v0.1.4
[INFO] [stderr]    Compiling num_cpus v1.13.0
[INFO] [stderr]    Compiling getrandom v0.2.3
[INFO] [stderr]    Compiling net2 v0.2.37
[INFO] [stderr]    Compiling which v3.1.1
[INFO] [stderr]    Compiling time v0.1.43
[INFO] [stderr]    Compiling rand_os v0.1.3
[INFO] [stderr]    Compiling nix v0.20.0
[INFO] [stderr]    Compiling atty v0.2.14
[INFO] [stderr]    Compiling clap v2.33.3
[INFO] [stderr]    Compiling bytes v0.4.12
[INFO] [stderr]    Compiling rand_core v0.6.3
[INFO] [stderr]    Compiling chrono v0.4.19
[INFO] [stderr]    Compiling mio v0.6.23
[INFO] [stderr]    Compiling backtrace v0.3.61
[INFO] [stderr]    Compiling crossbeam-deque v0.7.4
[INFO] [stderr]    Compiling prost-build v0.6.1
[INFO] [stderr]    Compiling rand_chacha v0.3.1
[INFO] [stderr]    Compiling tokio-sync v0.2.0-alpha.6
[INFO] [stderr]    Compiling futures-executor-preview v0.3.0-alpha.19
[INFO] [stderr]    Compiling http v0.1.21
[INFO] [stderr]    Compiling string v0.2.1
[INFO] [stderr]    Compiling idna v0.1.5
[INFO] [stderr]    Compiling mio-uds v0.6.8
[INFO] [stderr]    Compiling pin-project v0.4.28
[INFO] [stderr]    Compiling failure v0.1.8
[INFO] [stderr]    Compiling rand v0.8.4
[INFO] [stderr]    Compiling futures-preview v0.3.0-alpha.19
[INFO] [stderr]    Compiling tokio-executor v0.2.0-alpha.6
[INFO] [stderr]    Compiling tokio-io v0.2.0-alpha.6
[INFO] [stderr]    Compiling tower-discover v0.3.0-alpha.2
[INFO] [stderr]    Compiling tower-load-shed v0.3.0-alpha.2
[INFO] [stderr]    Compiling tower-util v0.3.0-alpha.2
[INFO] [stderr]    Compiling url v1.7.2
[INFO] [stderr]    Compiling tokio-codec v0.2.0-alpha.6
[INFO] [stderr]    Compiling tower-make v0.3.0-alpha.2a
[INFO] [stderr]    Compiling prost-derive v0.5.0
[INFO] [stderr]    Compiling ctrlc v3.1.9
[INFO] [stderr]    Compiling prost v0.6.1
[INFO] [stderr]    Compiling tokio-timer v0.3.0-alpha.6
[INFO] [stderr]    Compiling tokio-net v0.2.0-alpha.6
[INFO] [stderr]    Compiling tokio-fs v0.2.0-alpha.6
[INFO] [stderr]    Compiling tower-buffer v0.3.0-alpha.2
[INFO] [stderr]    Compiling tempfile v3.2.0
[INFO] [stderr]    Compiling http-body v0.2.0-alpha.3
[INFO] [stderr]    Compiling h2 v0.2.0-alpha.3
[INFO] [stderr]    Compiling prost-types v0.6.1
[INFO] [stderr]    Compiling tower-timeout v0.3.0-alpha.2
[INFO] [stderr]    Compiling tower-retry v0.3.0-alpha.2
[INFO] [stderr]    Compiling tower-limit v0.3.0-alpha.2
[INFO] [stderr]    Compiling tower-load v0.3.0-alpha.2
[INFO] [stderr]    Compiling tower-balance v0.3.0-alpha.2
[INFO] [stderr]    Compiling tower v0.3.0-alpha.2
[INFO] [stderr]    Compiling tokio v0.2.0-alpha.6
[INFO] [stderr]    Compiling tonic-build v0.1.1
[INFO] [stderr]    Compiling hyper v0.13.0-alpha.4
[INFO] [stderr]    Compiling prost v0.5.0
[INFO] [stderr]    Compiling prost-types v0.5.0
[INFO] [stderr]    Compiling azure-functions-shared v0.11.0
[INFO] [stderr]    Compiling tonic v0.1.0-alpha.6
[INFO] [stderr]    Compiling azure-functions-durable v0.11.0
[INFO] [stderr]    Compiling azure-functions-codegen v0.11.0
[INFO] [stderr]    Compiling azure-functions v0.11.0 (/opt/rustwide/workdir)
[INFO] [stderr]     Finished dev [unoptimized + debuginfo] target(s) in 51.28s
[INFO] running `Command { std: "docker" "inspect" "c54b0b6dd2e1b9809dc7d8f506eb23ccfa93312c77bee3f7378dea6ccd118d79", kill_on_drop: false }`
[INFO] running `Command { std: "docker" "rm" "-f" "c54b0b6dd2e1b9809dc7d8f506eb23ccfa93312c77bee3f7378dea6ccd118d79", kill_on_drop: false }`
[INFO] [stdout] c54b0b6dd2e1b9809dc7d8f506eb23ccfa93312c77bee3f7378dea6ccd118d79
[INFO] running `Command { std: "docker" "create" "-v" "/var/lib/crater-agent-workspace/builds/worker-87/target:/opt/rustwide/target:rw,Z" "-v" "/var/lib/crater-agent-workspace/builds/worker-87/source:/opt/rustwide/workdir:ro,Z" "-v" "/var/lib/crater-agent-workspace/cargo-home:/opt/rustwide/cargo-home:ro,Z" "-v" "/var/lib/crater-agent-workspace/rustup-home:/opt/rustwide/rustup-home:ro,Z" "-e" "SOURCE_DIR=/opt/rustwide/workdir" "-e" "CARGO_TARGET_DIR=/opt/rustwide/target" "-e" "CARGO_INCREMENTAL=0" "-e" "RUST_BACKTRACE=full" "-e" "RUSTFLAGS=--cap-lints=warn" "-e" "CARGO_HOME=/opt/rustwide/cargo-home" "-e" "RUSTUP_HOME=/opt/rustwide/rustup-home" "-w" "/opt/rustwide/workdir" "-m" "1610612736" "--user" "0:0" "--network" "none" "ghcr.io/rust-lang/crates-build-env/linux@sha256:34b6a614d2c27851fe6cbf88fbd1137609cefab8b10d0615aaeb6fd47975d74e" "/opt/rustwide/cargo-home/bin/cargo" "+1.54.0" "test" "--frozen" "--no-run" "--message-format=json", kill_on_drop: false }`
[INFO] [stdout] ca4571b51febb9318c4e6d5d777ac02c323e8a2d0da15f7c600fb92bf3f84a4b
[INFO] running `Command { std: "docker" "start" "-a" "ca4571b51febb9318c4e6d5d777ac02c323e8a2d0da15f7c600fb92bf3f84a4b", kill_on_drop: false }`
[INFO] [stderr]     Blocking waiting for file lock on package cache
[INFO] [stderr]     Blocking waiting for file lock on package cache
[INFO] [stderr]    Compiling azure-functions v0.11.0 (/opt/rustwide/workdir)
[INFO] [stdout] warning: unnecessary trailing semicolon
[INFO] [stdout]    --> src/bindings/blob.rs:245:10
[INFO] [stdout]     |
[INFO] [stdout] 245 |         };
[INFO] [stdout]     |          ^ help: remove this semicolon
[INFO] [stdout]     |
[INFO] [stdout]     = note: `#[warn(redundant_semicolons)]` on by default
[INFO] [stdout] 
[INFO] [stdout] 
[INFO] [stdout] warning: unnecessary trailing semicolon
[INFO] [stdout]    --> src/bindings/event_hub_message.rs:270:10
[INFO] [stdout]     |
[INFO] [stdout] 270 |         };
[INFO] [stdout]     |          ^ help: remove this semicolon
[INFO] [stdout] 
[INFO] [stdout] 
[INFO] [stdout] warning: unnecessary trailing semicolon
[INFO] [stdout]    --> src/bindings/http_response.rs:216:10
[INFO] [stdout]     |
[INFO] [stdout] 216 |         };
[INFO] [stdout]     |          ^ help: remove this semicolon
[INFO] [stdout] 
[INFO] [stdout] 
[INFO] [stdout] warning: unnecessary trailing semicolon
[INFO] [stdout]    --> src/bindings/queue_message.rs:270:10
[INFO] [stdout]     |
[INFO] [stdout] 270 |         };
[INFO] [stdout]     |          ^ help: remove this semicolon
[INFO] [stdout] 
[INFO] [stdout] 
[INFO] [stdout] warning: unnecessary trailing semicolon
[INFO] [stdout]    --> src/bindings/service_bus_message.rs:273:10
[INFO] [stdout]     |
[INFO] [stdout] 273 |         };
[INFO] [stdout]     |          ^ help: remove this semicolon
[INFO] [stdout] 
[INFO] [stdout] 
[INFO] [stdout] warning: unnecessary trailing semicolon
[INFO] [stdout]    --> src/http/body.rs:230:10
[INFO] [stdout]     |
[INFO] [stdout] 230 |         };
[INFO] [stdout]     |          ^ help: remove this semicolon
[INFO] [stdout] 
[INFO] [stdout] 
[INFO] [stdout] warning: 6 warnings emitted
[INFO] [stdout] 
[INFO] [stdout] 
[INFO] [stderr]     Finished test [unoptimized + debuginfo] target(s) in 15.58s
[INFO] running `Command { std: "docker" "inspect" "ca4571b51febb9318c4e6d5d777ac02c323e8a2d0da15f7c600fb92bf3f84a4b", kill_on_drop: false }`
[INFO] running `Command { std: "docker" "rm" "-f" "ca4571b51febb9318c4e6d5d777ac02c323e8a2d0da15f7c600fb92bf3f84a4b", kill_on_drop: false }`
[INFO] [stdout] ca4571b51febb9318c4e6d5d777ac02c323e8a2d0da15f7c600fb92bf3f84a4b
[INFO] running `Command { std: "docker" "create" "-v" "/var/lib/crater-agent-workspace/builds/worker-87/target:/opt/rustwide/target:rw,Z" "-v" "/var/lib/crater-agent-workspace/builds/worker-87/source:/opt/rustwide/workdir:ro,Z" "-v" "/var/lib/crater-agent-workspace/cargo-home:/opt/rustwide/cargo-home:ro,Z" "-v" "/var/lib/crater-agent-workspace/rustup-home:/opt/rustwide/rustup-home:ro,Z" "-e" "SOURCE_DIR=/opt/rustwide/workdir" "-e" "CARGO_TARGET_DIR=/opt/rustwide/target" "-e" "CARGO_INCREMENTAL=0" "-e" "RUST_BACKTRACE=full" "-e" "RUSTFLAGS=--cap-lints=warn" "-e" "CARGO_HOME=/opt/rustwide/cargo-home" "-e" "RUSTUP_HOME=/opt/rustwide/rustup-home" "-w" "/opt/rustwide/workdir" "-m" "1610612736" "--user" "0:0" "--network" "none" "ghcr.io/rust-lang/crates-build-env/linux@sha256:34b6a614d2c27851fe6cbf88fbd1137609cefab8b10d0615aaeb6fd47975d74e" "/opt/rustwide/cargo-home/bin/cargo" "+1.54.0" "test" "--frozen", kill_on_drop: false }`
[INFO] [stdout] 12e2ff61ed80aabae6e6bb39312e398d70b1de44f4da486873729ed1b384c4ed
[INFO] running `Command { std: "docker" "start" "-a" "12e2ff61ed80aabae6e6bb39312e398d70b1de44f4da486873729ed1b384c4ed", kill_on_drop: false }`
[INFO] [stderr]     Blocking waiting for file lock on package cache
[INFO] [stderr] warning: unnecessary trailing semicolon
[INFO] [stderr]    --> src/bindings/blob.rs:245:10
[INFO] [stderr]     |
[INFO] [stderr] 245 |         };
[INFO] [stderr]     |          ^ help: remove this semicolon
[INFO] [stderr]     |
[INFO] [stderr]     = note: `#[warn(redundant_semicolons)]` on by default
[INFO] [stderr] 
[INFO] [stderr] warning: unnecessary trailing semicolon
[INFO] [stderr]    --> src/bindings/event_hub_message.rs:270:10
[INFO] [stderr]     |
[INFO] [stderr] 270 |         };
[INFO] [stderr]     |          ^ help: remove this semicolon
[INFO] [stderr] 
[INFO] [stderr] warning: unnecessary trailing semicolon
[INFO] [stderr]    --> src/bindings/http_response.rs:216:10
[INFO] [stderr]     |
[INFO] [stderr] 216 |         };
[INFO] [stderr]     |          ^ help: remove this semicolon
[INFO] [stderr] 
[INFO] [stderr] warning: unnecessary trailing semicolon
[INFO] [stderr]    --> src/bindings/queue_message.rs:270:10
[INFO] [stderr]     |
[INFO] [stderr] 270 |         };
[INFO] [stderr]     |          ^ help: remove this semicolon
[INFO] [stderr] 
[INFO] [stderr] warning: unnecessary trailing semicolon
[INFO] [stderr]    --> src/bindings/service_bus_message.rs:273:10
[INFO] [stderr]     |
[INFO] [stderr] 273 |         };
[INFO] [stderr]     |          ^ help: remove this semicolon
[INFO] [stderr] 
[INFO] [stderr] warning: unnecessary trailing semicolon
[INFO] [stderr]    --> src/http/body.rs:230:10
[INFO] [stderr]     |
[INFO] [stderr] 230 |         };
[INFO] [stderr]     |          ^ help: remove this semicolon
[INFO] [stderr] 
[INFO] [stderr] warning: 6 warnings emitted
[INFO] [stderr] 
[INFO] [stderr]     Finished test [unoptimized + debuginfo] target(s) in 0.39s
[INFO] [stderr]      Running unittests (/opt/rustwide/target/debug/deps/azure_functions-7a19102b967e0a45)
[INFO] [stdout] 
[INFO] [stdout] running 237 tests
[INFO] [stdout] test bindings::blob::tests::it_converts_from_str ... ok
[INFO] [stdout] test bindings::blob::tests::it_converts_from_json ... ok
[INFO] [stdout] test bindings::blob::tests::it_converts_from_string ... ok
[INFO] [stdout] test bindings::blob::tests::it_converts_from_typed_data ... ok
[INFO] [stdout] test bindings::blob::tests::it_converts_from_u8_slice ... ok
[INFO] [stdout] test bindings::blob::tests::it_converts_to_body ... ok
[INFO] [stdout] test bindings::blob::tests::it_converts_to_bytes ... ok
[INFO] [stdout] test bindings::blob::tests::it_converts_to_string ... ok
[INFO] [stdout] test bindings::blob::tests::it_displays_as_a_string ... ok
[INFO] [stdout] test bindings::blob::tests::it_has_json_content ... ok
[INFO] [stdout] test bindings::blob::tests::it_has_bytes_content ... ok
[INFO] [stdout] test bindings::blob::tests::it_converts_from_u8_vec ... ok
[INFO] [stdout] test bindings::blob::tests::it_has_string_content ... ok
[INFO] [stdout] test bindings::cosmos_db_document::tests::it_converts_from_string ... ok
[INFO] [stdout] test bindings::cosmos_db_document::tests::it_converts_to_body ... ok
[INFO] [stdout] test bindings::blob::tests::it_converts_to_json ... ok
[INFO] [stdout] test bindings::cosmos_db_document::tests::it_converts_from_typed_data ... ok
[INFO] [stdout] test bindings::cosmos_db_document::tests::it_converts_to_value ... ok
[INFO] [stdout] test bindings::cosmos_db_document::tests::it_constructs_from_an_object_value ... ok
[INFO] [stdout] test bindings::blob::tests::it_converts_to_typed_data ... ok
[INFO] [stdout] test bindings::cosmos_db_document::tests::it_converts_from_value ... ok
[INFO] [stdout] test bindings::cosmos_db_document::tests::it_converts_from_str ... ok
[INFO] [stdout] test bindings::cosmos_db_document::tests::it_converts_to_string ... ok
[INFO] [stdout] test bindings::cosmos_db_document::tests::it_converts_to_typed_data ... ok
[INFO] [stdout] test bindings::blob_trigger::tests::it_constructs ... ok
[INFO] [stdout] test bindings::cosmos_db_document::tests::it_displays_as_json ... ok
[INFO] [stdout] test bindings::cosmos_db_trigger::tests::it_constructs ... ok
[INFO] [stdout] test bindings::durable_activity_context::tests::it_constructs ... ok
[INFO] [stdout] test bindings::durable_orchestration_client::tests::it_converts_from_typed_data ... ok
[INFO] [stdout] test bindings::durable_orchestration_context::tests::new_constructs_an_orchestration_context_with_history ... ok
[INFO] [stdout] test bindings::event_hub_message::tests::it_converts_from_json ... ok
[INFO] [stdout] test bindings::event_hub_message::tests::it_converts_from_str ... ok
[INFO] [stdout] test bindings::event_hub_message::tests::it_converts_from_string ... ok
[INFO] [stdout] test bindings::event_hub_message::tests::it_converts_from_u8_slice ... ok
[INFO] [stdout] test bindings::event_hub_message::tests::it_converts_from_u8_vec ... ok
[INFO] [stdout] test bindings::event_hub_message::tests::it_converts_to_bytes ... ok
[INFO] [stdout] test bindings::event_hub_message::tests::it_converts_to_string ... ok
[INFO] [stdout] test bindings::event_hub_message::tests::it_converts_to_body ... ok
[INFO] [stdout] test bindings::event_grid_event::tests::it_constructs ... ok
[INFO] [stdout] test bindings::event_hub_message::tests::it_converts_to_json ... ok
[INFO] [stdout] test bindings::event_hub_message::tests::it_converts_to_typed_data ... ok
[INFO] [stdout] test bindings::event_hub_message::tests::it_displays_as_a_string ... ok
[INFO] [stdout] test bindings::event_hub_message::tests::it_has_bytes_content ... ok
[INFO] [stdout] test bindings::event_hub_message::tests::it_has_string_content ... ok
[INFO] [stdout] test bindings::event_hub_message::tests::it_has_json_content ... ok
[INFO] [stdout] test bindings::generic_output::tests::it_converts_from_integer ... ok
[INFO] [stdout] test bindings::generic_output::tests::it_converts_from_str ... ok
[INFO] [stdout] test bindings::generic_output::tests::it_converts_from_value ... ok
[INFO] [stdout] test bindings::generic_output::tests::it_converts_to_typed_data ... ok
[INFO] [stdout] test bindings::http_request::tests::it_has_a_bytes_body ... ok
[INFO] [stdout] test bindings::generic_trigger::tests::it_constructs ... ok
[INFO] [stdout] test bindings::generic_output::tests::it_converts_from_string ... ok
[INFO] [stdout] test bindings::http_request::tests::it_has_a_query_parameter ... ok
[INFO] [stdout] test bindings::http_request::tests::it_has_a_route_parameter ... ok
[INFO] [stdout] test bindings::http_request::tests::it_has_a_stream_body ... ok
[INFO] [stdout] test bindings::http_request::tests::it_has_an_empty_body ... ok
[INFO] [stdout] test bindings::http_request::tests::it_has_the_url ... ok
[INFO] [stdout] test bindings::http_response::tests::it_builds_with_a_bytes_body ... ok
[INFO] [stdout] test bindings::http_response::tests::it_builds_with_a_status ... ok
[INFO] [stdout] test bindings::http_response::tests::it_builds_with_a_string_body ... ok
[INFO] [stdout] test bindings::generic_output::tests::it_converts_from_double ... ok
[INFO] [stdout] test bindings::http_request::tests::it_has_a_string_body ... ok
[INFO] [stdout] test bindings::generic_input::tests::it_converts_from_typed_data ... ok
[INFO] [stdout] test bindings::http_response::tests::it_builds_with_a_json_body ... ok
[INFO] [stdout] test bindings::generic_output::tests::it_converts_from_bytes ... ok
[INFO] [stdout] test bindings::http_request::tests::it_has_a_header ... ok
[INFO] [stdout] test bindings::event_hub_trigger::tests::it_constructs ... ok
[INFO] [stdout] test bindings::http_request::tests::it_has_the_method ... ok
[INFO] [stdout] test bindings::http_request::tests::it_has_a_json_body ... ok
[INFO] [stdout] test bindings::http_response::tests::it_is_empty_by_default ... ok
[INFO] [stdout] test bindings::queue_message::tests::it_converts_from_str ... ok
[INFO] [stdout] test bindings::queue_message::tests::it_converts_from_string ... ok
[INFO] [stdout] test bindings::http_response::tests::it_is_empty_from_a_builder ... ok
[INFO] [stdout] test bindings::queue_message::tests::it_converts_from_json ... ok
[INFO] [stdout] test bindings::http_response::tests::it_builds_with_headers ... ok
[INFO] [stdout] test bindings::http_response::tests::it_converts_to_typed_data ... ok
[INFO] [stdout] test bindings::queue_message::tests::it_converts_from_u8_slice ... ok
[INFO] [stdout] test bindings::queue_message::tests::it_converts_from_u8_vec ... ok
[INFO] [stdout] test bindings::queue_message::tests::it_converts_to_bytes ... ok
[INFO] [stdout] test bindings::queue_message::tests::it_converts_to_json ... ok
[INFO] [stdout] test bindings::queue_message::tests::it_converts_to_typed_data ... ok
[INFO] [stdout] test bindings::queue_message::tests::it_converts_to_body ... ok
[INFO] [stdout] test bindings::queue_message::tests::it_has_bytes_content ... ok
[INFO] [stdout] test bindings::queue_message::tests::it_has_json_content ... ok
[INFO] [stdout] test bindings::queue_message::tests::it_has_string_content ... ok
[INFO] [stdout] test bindings::queue_message::tests::it_converts_to_string ... ok
[INFO] [stdout] test bindings::service_bus_message::tests::it_converts_from_json ... ok
[INFO] [stdout] test bindings::queue_trigger::tests::it_constructs ... ok
[INFO] [stdout] test bindings::send_grid_message::tests::it_converts_to_typed_data ... ok
[INFO] [stdout] test bindings::service_bus_message::tests::it_converts_from_string ... ok
[INFO] [stdout] test bindings::service_bus_message::tests::it_converts_from_u8_slice ... ok
[INFO] [stdout] test bindings::service_bus_message::tests::it_converts_from_u8_vec ... ok
[INFO] [stdout] test bindings::service_bus_message::tests::it_converts_to_body ... ok
[INFO] [stdout] test bindings::service_bus_message::tests::it_converts_from_str ... ok
[INFO] [stdout] test bindings::send_grid_message::tests::it_serializes_to_json ... ok
[INFO] [stdout] test bindings::queue_message::tests::it_displays_as_a_string ... ok
[INFO] [stdout] test bindings::service_bus_message::tests::it_converts_to_bytes ... ok
[INFO] [stdout] test bindings::service_bus_message::tests::it_converts_to_typed_data ... ok
[INFO] [stdout] test bindings::service_bus_message::tests::it_has_bytes_content ... ok
[INFO] [stdout] test bindings::service_bus_message::tests::it_has_string_content ... ok
[INFO] [stdout] test bindings::service_bus_trigger::tests::it_constructs ... ok
[INFO] [stdout] test bindings::service_bus_message::tests::it_has_json_content ... ok
[INFO] [stdout] test bindings::service_bus_message::tests::it_displays_as_a_string ... ok
[INFO] [stdout] test bindings::signalr_connection_info::tests::it_converts_from_typed_data ... ok
[INFO] [stdout] test bindings::service_bus_message::tests::it_converts_to_string ... ok
[INFO] [stdout] test bindings::service_bus_message::tests::it_converts_to_json ... ok
[INFO] [stdout] test bindings::signalr_connection_info::tests::it_serializes_to_json ... ok
[INFO] [stdout] test bindings::signalr_group_action::tests::it_converts_to_typed_data ... ok
[INFO] [stdout] test bindings::signalr_group_action::tests::it_serializes_to_json ... ok
[INFO] [stdout] test bindings::signalr_message::tests::it_converts_to_typed_data ... ok
[INFO] [stdout] test bindings::signalr_connection_info::tests::it_converts_to_body ... ok
[INFO] [stdout] test bindings::signalr_message::tests::it_serializes_to_json ... ok
[INFO] [stdout] test bindings::table::tests::it_adds_row_value ... ok
[INFO] [stdout] test bindings::table::tests::it_converts_from_typed_data ... ok
[INFO] [stdout] test bindings::table::tests::it_casts_to_value_reference ... ok
[INFO] [stdout] test bindings::table::tests::it_constructs_an_empty_table ... ok
[INFO] [stdout] test bindings::table::tests::it_converts_to_json ... ok
[INFO] [stdout] test bindings::table::tests::it_converts_to_body ... ok
[INFO] [stdout] test bindings::table::tests::it_converts_to_typed_data ... ok
[INFO] [stdout] test bindings::cosmos_db_document::tests::it_panics_if_constructed_without_an_object_or_array - should panic ... ok
[INFO] [stdout] test bindings::table::tests::it_has_a_length_equal_to_number_of_rows ... ok
[INFO] [stdout] test bindings::durable_orchestration_context::tests::it_panics_if_missing_history - should panic ... ok
[INFO] [stdout] test bindings::table::tests::it_is_not_empty_when_rows_are_present ... ok
[INFO] [stdout] test bindings::table::tests::it_displays_as_a_string ... ok
[INFO] [stdout] test bindings::durable_orchestration_context::tests::new_panics_if_no_data_provided - should panic ... ok
[INFO] [stdout] test bindings::durable_orchestration_context::tests::new_panics_if_no_json_provided - should panic ... ok
[INFO] [stdout] test bindings::table::tests::it_iterates_rows ... ok
[INFO] [stdout] test bindings::timer_info::tests::it_has_json_data ... ok
[INFO] [stdout] test context::tests::it_returns_current_context ... ok
[INFO] [stdout] test bindings::twilio_sms_message::tests::it_converts_to_typed_data ... ok
[INFO] [stdout] test context::tests::it_returns_none_without_context ... ok
[INFO] [stdout] test durable::action_future::tests::it_does_not_update_state_when_an_inner_future ... ok
[INFO] [stdout] test durable::actions::tests::call_sub_orchestrator_with_retry_converts_to_json ... ok
[INFO] [stdout] test durable::action_future::tests::it_polls_pending_without_a_result ... ok
[INFO] [stdout] test durable::activity_output::tests::it_converts_from_json ... ok
[INFO] [stdout] test bindings::twilio_sms_message::tests::it_serializes_to_json ... ok
[INFO] [stdout] test durable::action_future::tests::it_polls_ready_given_a_result ... ok
[INFO] [stdout] test durable::actions::tests::call_activity_with_retry_converts_to_json ... ok
[INFO] [stdout] test durable::actions::tests::call_sub_orchestrator_converts_to_json ... ok
[INFO] [stdout] test durable::actions::tests::continue_as_new_converts_to_json ... ok
[INFO] [stdout] test durable::actions::tests::wait_for_external_event_converts_to_json ... ok
[INFO] [stdout] test durable::actions::tests::create_timer_converts_to_json ... ok
[INFO] [stdout] test durable::actions::tests::call_activity_converts_to_json ... ok
[INFO] [stdout] test durable::action_future::tests::it_updates_state ... ok
[INFO] [stdout] test durable::activity_output::tests::it_converts_from_bool ... ok
[INFO] [stdout] test durable::activity_output::tests::it_converts_from_string ... ok
[INFO] [stdout] test blob::properties::tests::it_deserializes_from_json ... ok
[INFO] [stdout] test durable::join_all::tests::it_does_not_update_state_when_an_inner_future ... ok
[INFO] [stdout] test durable::join_all::tests::it_polls_pending_with_a_result ... ok
[INFO] [stdout] test durable::join_all::tests::it_polls_pending_without_a_result ... ok
[INFO] [stdout] test durable::orchestration_output::tests::it_converts_from_bool ... ok
[INFO] [stdout] test durable::join_all::tests::it_updates_state ... ok
[INFO] [stdout] test durable::orchestration_output::tests::it_converts_from_string ... ok
[INFO] [stdout] test durable::orchestration_output::tests::it_converts_from_json ... ok
[INFO] [stdout] test durable::orchestration_state::tests::it_constructs ... ok
[INFO] [stdout] test durable::orchestration_state::tests::it_does_not_update_state_if_index_is_less_than_end ... ok
[INFO] [stdout] test durable::orchestration_state::tests::it_does_not_update_state_if_there_is_no_completed_event ... ok
[INFO] [stdout] test durable::orchestration_state::tests::it_pushes_an_action ... ok
[INFO] [stdout] test durable::orchestration_state::tests::it_returns_a_json_result ... ok
[INFO] [stdout] test durable::orchestration_state::tests::it_returns_none_if_scheduled_activity_is_not_in_history ... ok
[INFO] [stdout] test durable::orchestration_state::tests::it_returns_some_if_failed_activity_is_in_history ... ok
[INFO] [stdout] test durable::orchestration_state::tests::it_returns_some_if_completed_activity_is_in_history ... ok
[INFO] [stdout] test durable::orchestration_state::tests::it_returns_some_if_scheduled_activity_is_in_history ... ok
[INFO] [stdout] test durable::orchestration_state::tests::it_sets_done_with_output ... ok
[INFO] [stdout] test durable::orchestration_state::tests::it_returns_none_if_finished_activity_is_not_in_history ... ok
[INFO] [stdout] test durable::orchestration_state::tests::it_updates_when_the_index_is_greater ... ok
[INFO] [stdout] test durable::select_all::tests::it_does_not_update_state_when_an_inner_future ... ok
[INFO] [stdout] test durable::select_all::tests::it_polls_pending_with_a_result ... ok
[INFO] [stdout] test durable::orchestration_state::tests::it_requires_an_orchestration_start_event - should panic ... ok
[INFO] [stdout] test durable::select_all::tests::it_polls_pending_without_a_result ... ok
[INFO] [stdout] test durable::select_all::tests::it_updates_state ... ok
[INFO] [stdout] test event_hub::partition_context::tests::it_deserializes_from_json ... ok
[INFO] [stdout] test durable::orchestration_state::tests::it_updates_when_the_index_is_greater_with_end ... ok
[INFO] [stdout] test event_hub::runtime_information::tests::it_deserializes_from_json ... ok
[INFO] [stdout] test generic::tests::it_converts_from_double_typed_data ... ok
[INFO] [stdout] test event_hub::system_properties::tests::it_deserializes_from_json ... ok
[INFO] [stdout] test generic::tests::it_converts_from_bytes_typed_data ... ok
[INFO] [stdout] test generic::tests::it_converts_from_integer_typed_data ... ok
[INFO] [stdout] test generic::tests::it_converts_from_no_typed_data ... ok
[INFO] [stdout] test generic::tests::it_converts_from_json_typed_data ... ok
[INFO] [stdout] test generic::tests::it_converts_from_stream_typed_data ... ok
[INFO] [stdout] test generic::tests::it_converts_from_string_typed_data ... ok
[INFO] [stdout] test generic::tests::it_converts_to_bytes_typed_data ... ok
[INFO] [stdout] test generic::tests::it_converts_to_double_typed_data ... ok
[INFO] [stdout] test generic::tests::it_converts_to_integer_typed_data ... ok
[INFO] [stdout] test generic::tests::it_converts_to_no_typed_data ... ok
[INFO] [stdout] test generic::tests::it_converts_to_json_typed_data ... ok
[INFO] [stdout] test generic::tests::it_converts_to_string_typed_data ... ok
[INFO] [stdout] test http::body::tests::it_converts_from_json ... ok
[INFO] [stdout] test http::body::tests::it_converts_from_str ... ok
[INFO] [stdout] test http::body::tests::it_converts_from_string ... ok
[INFO] [stdout] test http::body::tests::it_converts_from_typed_data ... ok
[INFO] [stdout] test http::body::tests::it_converts_from_u8_slice ... ok
[INFO] [stdout] test http::body::tests::it_converts_from_u8_vec ... ok
[INFO] [stdout] test http::body::tests::it_converts_to_typed_data ... ok
[INFO] [stdout] test http::body::tests::it_displays_as_a_string ... ok
[INFO] [stdout] test http::body::tests::it_has_a_bytes_body ... ok
[INFO] [stdout] test http::body::tests::it_has_a_default_content_type ... ok
[INFO] [stdout] test http::body::tests::it_has_a_json_body ... ok
[INFO] [stdout] test http::body::tests::it_has_a_string_body ... ok
[INFO] [stdout] test http::response_builder::tests::it_creates_an_empty_response ... ok
[INFO] [stdout] test http::response_builder::tests::it_sets_a_body ... ok
[INFO] [stdout] test http::response_builder::tests::it_sets_a_header ... ok
[INFO] [stdout] test http::response_builder::tests::it_sets_a_status ... ok
[INFO] [stdout] test http::status::tests::it_converts_from_code ... ok
[INFO] [stdout] test http::status::tests::it_converts_to_string ... ok
[INFO] [stdout] test registry::tests::it_builds_an_empty_extensions_map ... ok
[INFO] [stdout] test registry::tests::it_creates_a_registry_from_a_list_of_functions ... ok
[INFO] [stdout] test registry::tests::it_builds_an_extensions_map ... ok
[INFO] [stdout] test registry::tests::it_creates_an_emptry_registry_from_an_empty_slice ... ok
[INFO] [stdout] test registry::tests::it_registers_a_function ... ok
[INFO] [stdout] test registry::tests::it_returns_false_if_function_is_not_present ... ok
[INFO] [stdout] test send_grid::bcc_settings::tests::it_serializes_to_json ... ok
[INFO] [stdout] test send_grid::attachment::tests::it_serializes_to_json ... ok
[INFO] [stdout] test send_grid::bypass_list_management::tests::it_serializes_to_json ... ok
[INFO] [stdout] test send_grid::click_tracking::tests::it_serializes_to_json ... ok
[INFO] [stdout] test send_grid::content::tests::it_serializes_to_json ... ok
[INFO] [stdout] test send_grid::email_address::tests::it_converts_from_string ... ok
[INFO] [stdout] test send_grid::email_address::tests::it_serializes_to_json ... ok
[INFO] [stdout] test send_grid::footer_settings::tests::it_serializes_to_json ... ok
[INFO] [stdout] test send_grid::google_analytics::tests::it_serializes_to_json ... ok
[INFO] [stdout] test send_grid::mail_settings::tests::it_serializes_to_json ... ok
[INFO] [stdout] test send_grid::open_tracking::tests::it_serializes_to_json ... ok
[INFO] [stdout] test send_grid::sandbox_mode::tests::it_serializes_to_json ... ok
[INFO] [stdout] test send_grid::personalization::tests::it_serializes_to_json ... ok
[INFO] [stdout] test send_grid::spam_check::tests::it_serializes_to_json ... ok
[INFO] [stdout] test send_grid::subscription_tracking::tests::it_serializes_to_json ... ok
[INFO] [stdout] test send_grid::tracking_settings::tests::it_serializes_to_json ... ok
[INFO] [stdout] test send_grid::unsubscribe_group::tests::it_serializes_to_json ... ok
[INFO] [stdout] test registry::tests::it_uses_the_latest_extension_version ... ok
[INFO] [stdout] test util::tests::it_converts_from_bytes_data ... ok
[INFO] [stdout] test timer::schedule_status::tests::it_deserializes_from_json ... ok
[INFO] [stdout] test util::tests::it_converts_from_double_data ... ok
[INFO] [stdout] test util::tests::it_converts_from_int_data ... ok
[INFO] [stdout] test util::tests::it_converts_from_json_data ... ok
[INFO] [stdout] test util::tests::it_converts_from_stream_data ... ok
[INFO] [stdout] test util::tests::it_converts_from_string_data ... ok
[INFO] [stdout] 
[INFO] [stdout] test result: ok. 237 passed; 0 failed; 0 ignored; 0 measured; 0 filtered out; finished in 0.14s
[INFO] [stdout] 
[INFO] [stderr]    Doc-tests azure-functions
[INFO] [stdout] 
[INFO] [stdout] running 98 tests
[INFO] [stdout] test src/lib.rs - (line 67) ... ignored
[INFO] [stdout] test src/lib.rs - worker_main (line 142) ... ignored
[INFO] [stdout] test src/lib.rs - worker_main_with_extensions (line 163) ... ignored
[INFO] [stdout] test src/bindings/blob_trigger.rs - bindings::blob_trigger::BlobTrigger (line 29) ... FAILED
[INFO] [stdout] test src/bindings/blob.rs - bindings::blob::Blob (line 26) ... FAILED
[INFO] [stdout] test src/bindings/cosmos_db_document.rs - bindings::cosmos_db_document::CosmosDbDocument (line 52) ... FAILED
[INFO] [stdout] test src/bindings/generic_trigger.rs - bindings::generic_trigger::GenericTrigger (line 18) ... FAILED
[INFO] [stdout] test src/bindings/durable_activity_context.rs - bindings::durable_activity_context::DurableActivityContext (line 21) ... FAILED
[INFO] [stdout] test src/bindings/http_response.rs - bindings::http_response::HttpResponse (line 58) ... FAILED
[INFO] [stdout] test src/bindings/http_response.rs - bindings::http_response::HttpResponse (line 21) ... FAILED
[INFO] [stdout] test src/send_grid/message_builder.rs - send_grid::message_builder::MessageBuilder::ccs (line 132) ... FAILED
[INFO] [stdout] test src/send_grid/email_address.rs - send_grid::email_address::EmailAddress::new (line 18) ... FAILED
[INFO] [stdout] test src/bindings/generic_output.rs - bindings::generic_output::GenericOutput (line 20) ... FAILED
[INFO] [stdout] test src/send_grid/message_builder.rs - send_grid::message_builder::MessageBuilder::category (line 743) ... FAILED
[INFO] [stdout] test src/send_grid/message_builder.rs - send_grid::message_builder::MessageBuilder::subject (line 229) ... FAILED
[INFO] [stdout] test src/bindings/blob.rs - bindings::blob::Blob (line 53) ... FAILED
[INFO] [stdout] test src/send_grid/email_address.rs - send_grid::email_address::EmailAddress::new_with_name (line 38) ... FAILED
[INFO] [stdout] test src/send_grid/message_builder.rs - send_grid::message_builder::MessageBuilder::bccs (line 201) ... FAILED
[INFO] [stdout] test src/bindings/http_response.rs - bindings::http_response::HttpResponse::body (line 120) ... FAILED
[INFO] [stdout] test src/bindings/cosmos_db_trigger.rs - bindings::cosmos_db_trigger::CosmosDbTrigger (line 32) ... FAILED
[INFO] [stdout] test src/bindings/signalr_group_action.rs - bindings::signalr_group_action::SignalRGroupAction (line 23) ... FAILED
[INFO] [stdout] test src/send_grid/message_builder.rs - send_grid::message_builder::MessageBuilder::custom_args (line 395) ... FAILED
[INFO] [stdout] test src/send_grid/message_builder.rs - send_grid::message_builder::MessageBuilder::global_headers (line 803) ... FAILED
[INFO] [stdout] test src/bindings/queue_message.rs - bindings::queue_message::QueueMessage (line 40) ... FAILED
[INFO] [stdout] test src/send_grid/message_builder.rs - send_grid::message_builder::MessageBuilder::header (line 249) ... FAILED
[INFO] [stdout] test src/bindings/http_request.rs - bindings::http_request::HttpRequest::query_params (line 99) ... FAILED
[INFO] [stdout] test src/bindings/http_response.rs - bindings::http_response::HttpResponse::build (line 90) ... FAILED
[INFO] [stdout] test src/send_grid/message_builder.rs - send_grid::message_builder::MessageBuilder::content_with_type (line 526) ... FAILED
[INFO] [stdout] test src/bindings/http_response.rs - bindings::http_response::HttpResponse (line 33) ... FAILED
[INFO] [stdout] test src/send_grid/message_builder.rs - send_grid::message_builder::MessageBuilder::global_header (line 783) ... FAILED
[INFO] [stdout] test src/http/status.rs - http::status::Status::from_code (line 42) ... FAILED
[INFO] [stdout] test src/bindings/service_bus_trigger.rs - bindings::service_bus_trigger::ServiceBusTrigger (line 39) ... FAILED
[INFO] [stdout] test src/bindings/queue_message.rs - bindings::queue_message::QueueMessage (line 54) ... FAILED
[INFO] [stdout] test src/send_grid/message_builder.rs - send_grid::message_builder::MessageBuilder::attachment (line 580) ... FAILED
[INFO] [stdout] test src/http/body.rs - http::body::Body::as_bytes (line 73) ... FAILED
[INFO] [stdout] test src/send_grid/message_builder.rs - send_grid::message_builder::MessageBuilder::contents (line 551) ... FAILED
[INFO] [stdout] test src/send_grid/message_builder.rs - send_grid::message_builder::MessageBuilder::from_with_name (line 461) ... FAILED
[INFO] [stdout] test src/http/body.rs - http::body::Body::as_str (line 53) ... FAILED
[INFO] [stdout] test src/bindings/cosmos_db_document.rs - bindings::cosmos_db_document::CosmosDbDocument (line 74) ... FAILED
[INFO] [stdout] test src/bindings/twilio_sms_message.rs - bindings::twilio_sms_message::TwilioSmsMessage (line 24) ... FAILED
[INFO] [stdout] test src/send_grid/message_builder.rs - send_grid::message_builder::MessageBuilder::to_with_name (line 41) ... FAILED
[INFO] [stdout] test src/send_grid/message_builder.rs - send_grid::message_builder::MessageBuilder::substitution (line 298) ... FAILED
[INFO] [stdout] test src/send_grid/message_builder.rs - send_grid::message_builder::MessageBuilder::template_data (line 349) ... FAILED
[INFO] [stdout] test src/send_grid/message_builder.rs - send_grid::message_builder::MessageBuilder::custom_arg (line 372) ... FAILED
[INFO] [stdout] test src/send_grid/message_builder.rs - send_grid::message_builder::MessageBuilder::send_at (line 424) ... FAILED
[INFO] [stdout] test src/send_grid/message_builder.rs - send_grid::message_builder::MessageBuilder::sections (line 718) ... FAILED
[INFO] [stdout] test src/bindings/generic_input.rs - bindings::generic_input::GenericInput (line 17) ... FAILED
[INFO] [stdout] test src/bindings/service_bus_message.rs - bindings::service_bus_message::ServiceBusMessage (line 48) ... FAILED
[INFO] [stdout] test src/bindings/event_hub_message.rs - bindings::event_hub_message::EventHubMessage (line 27) ... FAILED
[INFO] [stdout] test src/bindings/blob.rs - bindings::blob::Blob (line 39) ... FAILED
[INFO] [stdout] test src/bindings/event_grid_event.rs - bindings::event_grid_event::EventGridEvent (line 20) ... FAILED
[INFO] [stdout] test src/bindings/table.rs - bindings::table::Table (line 40) ... FAILED
[INFO] [stdout] test src/send_grid/message_builder.rs - send_grid::message_builder::MessageBuilder::headers (line 272) ... FAILED
[INFO] [stdout] test src/bindings/service_bus_trigger.rs - bindings::service_bus_trigger::ServiceBusTrigger (line 54) ... FAILED
[INFO] [stdout] test src/bindings/durable_orchestration_client.rs - bindings::durable_orchestration_client::DurableOrchestrationClient (line 24) ... FAILED
[INFO] [stdout] test src/bindings/durable_orchestration_context.rs - bindings::durable_orchestration_context::DurableOrchestrationContext (line 26) ... FAILED
[INFO] [stdout] test src/send_grid/message_builder.rs - send_grid::message_builder::MessageBuilder::section (line 698) ... FAILED
[INFO] [stdout] test src/http/body.rs - http::body::Body::as_json (line 93) ... FAILED
[INFO] [stdout] test src/http/body.rs - http::body::Body::default_content_type (line 32) ... FAILED
[INFO] [stdout] test src/send_grid/message_builder.rs - send_grid::message_builder::MessageBuilder::substitutions (line 321) ... FAILED
[INFO] [stdout] test src/bindings/http_request.rs - bindings::http_request::HttpRequest::route_params (line 73) ... FAILED
[INFO] [stdout] test src/bindings/timer_info.rs - bindings::timer_info::TimerInfo (line 24) ... FAILED
[INFO] [stdout] test src/bindings/event_hub_message.rs - bindings::event_hub_message::EventHubMessage (line 40) ... FAILED
[INFO] [stdout] test src/send_grid/message_builder.rs - send_grid::message_builder::MessageBuilder::cc (line 91) ... FAILED
[INFO] [stdout] test src/bindings/queue_trigger.rs - bindings::queue_trigger::QueueTrigger (line 30) ... FAILED
[INFO] [stdout] test src/send_grid/message_builder.rs - send_grid::message_builder::MessageBuilder::attachments (line 652) ... FAILED
[INFO] [stdout] test src/bindings/http_response.rs - bindings::http_response::HttpResponse::status (line 105) ... FAILED
[INFO] [stdout] test src/bindings/service_bus_message.rs - bindings::service_bus_message::ServiceBusMessage (line 29) ... FAILED
[INFO] [stdout] test src/send_grid/message_builder.rs - send_grid::message_builder::MessageBuilder::template_id (line 678) ... FAILED
[INFO] [stdout] test src/send_grid/message_builder.rs - send_grid::message_builder::MessageBuilder::bcc_with_name (line 180) ... FAILED
[INFO] [stdout] test src/send_grid/message_builder.rs - send_grid::message_builder::MessageBuilder::content (line 502) ... FAILED
[INFO] [stdout] test src/bindings/signalr_message.rs - bindings::signalr_message::SignalRMessage (line 22) ... FAILED
[INFO] [stdout] test src/send_grid/message_builder.rs - send_grid::message_builder::MessageBuilder::batch_id (line 895) ... FAILED
[INFO] [stdout] test src/bindings/send_grid_message.rs - bindings::send_grid_message::SendGridMessage (line 26) ... FAILED
[INFO] [stdout] test src/send_grid/message_builder.rs - send_grid::message_builder::MessageBuilder::global_send_at (line 878) ... FAILED
[INFO] [stdout] test src/http/response_builder.rs - http::response_builder::ResponseBuilder::header (line 37) ... FAILED
[INFO] [stdout] test src/send_grid/message_builder.rs - send_grid::message_builder::MessageBuilder::global_custom_args (line 849) ... FAILED
[INFO] [stdout] test src/bindings/table.rs - bindings::table::Table (line 26) ... FAILED
[INFO] [stdout] test src/http/response_builder.rs - http::response_builder::ResponseBuilder::status (line 18) ... FAILED
[INFO] [stdout] test src/bindings/send_grid_message.rs - bindings::send_grid_message::SendGridMessage::build (line 107) ... FAILED
[INFO] [stdout] test src/send_grid/message_builder.rs - send_grid::message_builder::MessageBuilder::bcc (line 160) ... FAILED
[INFO] [stdout] test src/send_grid/message_builder.rs - send_grid::message_builder::MessageBuilder::global_subject (line 483) ... FAILED
[INFO] [stdout] test src/send_grid/message_builder.rs - send_grid::message_builder::MessageBuilder::cc_with_name (line 111) ... FAILED
[INFO] [stdout] test src/bindings/event_hub_trigger.rs - bindings::event_hub_trigger::EventHubTrigger (line 31) ... FAILED
[INFO] [stdout] test src/send_grid/message_builder.rs - send_grid::message_builder::MessageBuilder::categories (line 762) ... FAILED
[INFO] [stdout] test src/bindings/event_hub_message.rs - bindings::event_hub_message::EventHubMessage (line 54) ... FAILED
[INFO] [stdout] test src/send_grid/message_builder.rs - send_grid::message_builder::MessageBuilder::from (line 441) ... FAILED
[INFO] [stdout] test src/bindings/http_request.rs - bindings::http_request::HttpRequest (line 22) ... FAILED
[INFO] [stdout] test src/send_grid/message_builder.rs - send_grid::message_builder::MessageBuilder::inline_attachment (line 611) ... FAILED
[INFO] [stdout] test src/bindings/cosmos_db_document.rs - bindings::cosmos_db_document::CosmosDbDocument (line 31) ... FAILED
[INFO] [stdout] test src/send_grid/message_builder.rs - send_grid::message_builder::MessageBuilder::global_custom_arg (line 828) ... FAILED
[INFO] [stdout] test src/bindings/http_response.rs - bindings::http_response::HttpResponse (line 46) ... FAILED
[INFO] [stdout] test src/send_grid/message_builder.rs - send_grid::message_builder::MessageBuilder::to (line 21) ... FAILED
[INFO] [stdout] test src/bindings/signalr_connection_info.rs - bindings::signalr_connection_info::SignalRConnectionInfo (line 24) ... FAILED
[INFO] [stdout] test src/send_grid/message_builder.rs - send_grid::message_builder::MessageBuilder::tos (line 63) ... FAILED
[INFO] [stdout] test src/http/response_builder.rs - http::response_builder::ResponseBuilder::body (line 65) ... ok
[INFO] [stdout] test src/bindings/http_response.rs - bindings::http_response::HttpResponse::headers (line 138) ... ok
[INFO] [stdout] test src/bindings/queue_message.rs - bindings::queue_message::QueueMessage (line 27) ... ok
[INFO] [stdout] 
[INFO] [stdout] failures:
[INFO] [stdout] 
[INFO] [stdout] ---- src/bindings/blob_trigger.rs - bindings::blob_trigger::BlobTrigger (line 29) stdout ----
[INFO] [stdout] warning: panic message is not a string literal
[INFO] [stdout]  --> src/bindings/blob_trigger.rs:34:1
[INFO] [stdout]   |
[INFO] [stdout] 8 | #[func]
[INFO] [stdout]   | ^^^^^^^
[INFO] [stdout]   |
[INFO] [stdout]   = note: `#[warn(non_fmt_panic)]` on by default
[INFO] [stdout]   = note: this is no longer accepted in Rust 2021
[INFO] [stdout]   = note: the panic!() macro supports formatting, so there's no need for the format!() macro here
[INFO] [stdout]   = note: this warning originates in the attribute macro `func` (in Nightly builds, run with -Z macro-backtrace for more info)
[INFO] [stdout] 
[INFO] [stdout] Couldn't compile the test.
[INFO] [stdout] ---- src/bindings/blob.rs - bindings::blob::Blob (line 26) stdout ----
[INFO] [stdout] warning: panic message is not a string literal
[INFO] [stdout]  --> src/bindings/blob.rs:30:1
[INFO] [stdout]   |
[INFO] [stdout] 7 | #[func]
[INFO] [stdout]   | ^^^^^^^
[INFO] [stdout]   |
[INFO] [stdout]   = note: `#[warn(non_fmt_panic)]` on by default
[INFO] [stdout]   = note: this is no longer accepted in Rust 2021
[INFO] [stdout]   = note: the panic!() macro supports formatting, so there's no need for the format!() macro here
[INFO] [stdout]   = note: this warning originates in the attribute macro `func` (in Nightly builds, run with -Z macro-backtrace for more info)
[INFO] [stdout] 
[INFO] [stdout] Couldn't compile the test.
[INFO] [stdout] ---- src/bindings/cosmos_db_document.rs - bindings::cosmos_db_document::CosmosDbDocument (line 52) stdout ----
[INFO] [stdout] warning: panic message is not a string literal
[INFO] [stdout]  --> src/bindings/cosmos_db_document.rs:58:1
[INFO] [stdout]   |
[INFO] [stdout] 9 | #[func]
[INFO] [stdout]   | ^^^^^^^
[INFO] [stdout]   |
[INFO] [stdout]   = note: `#[warn(non_fmt_panic)]` on by default
[INFO] [stdout]   = note: this is no longer accepted in Rust 2021
[INFO] [stdout]   = note: the panic!() macro supports formatting, so there's no need for the format!() macro here
[INFO] [stdout]   = note: this warning originates in the attribute macro `func` (in Nightly builds, run with -Z macro-backtrace for more info)
[INFO] [stdout] 
[INFO] [stdout] Couldn't compile the test.
[INFO] [stdout] ---- src/bindings/generic_trigger.rs - bindings::generic_trigger::GenericTrigger (line 18) stdout ----
[INFO] [stdout] warning: panic message is not a string literal
[INFO] [stdout]  --> src/bindings/generic_trigger.rs:22:1
[INFO] [stdout]   |
[INFO] [stdout] 7 | #[func]
[INFO] [stdout]   | ^^^^^^^
[INFO] [stdout]   |
[INFO] [stdout]   = note: `#[warn(non_fmt_panic)]` on by default
[INFO] [stdout]   = note: this is no longer accepted in Rust 2021
[INFO] [stdout]   = note: the panic!() macro supports formatting, so there's no need for the format!() macro here
[INFO] [stdout]   = note: this warning originates in the attribute macro `func` (in Nightly builds, run with -Z macro-backtrace for more info)
[INFO] [stdout] 
[INFO] [stdout] Couldn't compile the test.
[INFO] [stdout] ---- src/bindings/durable_activity_context.rs - bindings::durable_activity_context::DurableActivityContext (line 21) stdout ----
[INFO] [stdout] warning: panic message is not a string literal
[INFO] [stdout]  --> src/bindings/durable_activity_context.rs:24:1
[INFO] [stdout]   |
[INFO] [stdout] 6 | #[func]
[INFO] [stdout]   | ^^^^^^^
[INFO] [stdout]   |
[INFO] [stdout]   = note: `#[warn(non_fmt_panic)]` on by default
[INFO] [stdout]   = note: this is no longer accepted in Rust 2021
[INFO] [stdout]   = note: the panic!() macro supports formatting, so there's no need for the format!() macro here
[INFO] [stdout]   = note: this warning originates in the attribute macro `func` (in Nightly builds, run with -Z macro-backtrace for more info)
[INFO] [stdout] 
[INFO] [stdout] Couldn't compile the test.
[INFO] [stdout] ---- src/bindings/http_response.rs - bindings::http_response::HttpResponse (line 58) stdout ----
[INFO] [stdout] warning: panic message is not a string literal
[INFO] [stdout]  --> src/bindings/http_response.rs:63:1
[INFO] [stdout]   |
[INFO] [stdout] 8 | #[func]
[INFO] [stdout]   | ^^^^^^^
[INFO] [stdout]   |
[INFO] [stdout]   = note: `#[warn(non_fmt_panic)]` on by default
[INFO] [stdout]   = note: this is no longer accepted in Rust 2021
[INFO] [stdout]   = note: the panic!() macro supports formatting, so there's no need for the format!() macro here
[INFO] [stdout]   = note: this warning originates in the attribute macro `func` (in Nightly builds, run with -Z macro-backtrace for more info)
[INFO] [stdout] 
[INFO] [stdout] Couldn't compile the test.
[INFO] [stdout] ---- src/bindings/http_response.rs - bindings::http_response::HttpResponse (line 21) stdout ----
[INFO] [stdout] warning: panic message is not a string literal
[INFO] [stdout]  --> src/bindings/http_response.rs:25:1
[INFO] [stdout]   |
[INFO] [stdout] 7 | #[func]
[INFO] [stdout]   | ^^^^^^^
[INFO] [stdout]   |
[INFO] [stdout]   = note: `#[warn(non_fmt_panic)]` on by default
[INFO] [stdout]   = note: this is no longer accepted in Rust 2021
[INFO] [stdout]   = note: the panic!() macro supports formatting, so there's no need for the format!() macro here
[INFO] [stdout]   = note: this warning originates in the attribute macro `func` (in Nightly builds, run with -Z macro-backtrace for more info)
[INFO] [stdout] 
[INFO] [stdout] Couldn't compile the test.
[INFO] [stdout] ---- src/send_grid/message_builder.rs - send_grid::message_builder::MessageBuilder::ccs (line 132) stdout ----
[INFO] [stdout] Couldn't compile the test.
[INFO] [stdout] ---- src/send_grid/email_address.rs - send_grid::email_address::EmailAddress::new (line 18) stdout ----
[INFO] [stdout] Couldn't compile the test.
[INFO] [stdout] ---- src/bindings/generic_output.rs - bindings::generic_output::GenericOutput (line 20) stdout ----
[INFO] [stdout] warning: panic message is not a string literal
[INFO] [stdout]   --> src/bindings/generic_output.rs:27:1
[INFO] [stdout]    |
[INFO] [stdout] 10 | #[func]
[INFO] [stdout]    | ^^^^^^^
[INFO] [stdout]    |
[INFO] [stdout]    = note: `#[warn(non_fmt_panic)]` on by default
[INFO] [stdout]    = note: this is no longer accepted in Rust 2021
[INFO] [stdout]    = note: the panic!() macro supports formatting, so there's no need for the format!() macro here
[INFO] [stdout]    = note: this warning originates in the attribute macro `func` (in Nightly builds, run with -Z macro-backtrace for more info)
[INFO] [stdout] 
[INFO] [stdout] Couldn't compile the test.
[INFO] [stdout] ---- src/send_grid/message_builder.rs - send_grid::message_builder::MessageBuilder::category (line 743) stdout ----
[INFO] [stdout] Couldn't compile the test.
[INFO] [stdout] ---- src/send_grid/message_builder.rs - send_grid::message_builder::MessageBuilder::subject (line 229) stdout ----
[INFO] [stdout] Couldn't compile the test.
[INFO] [stdout] ---- src/bindings/blob.rs - bindings::blob::Blob (line 53) stdout ----
[INFO] [stdout] warning: panic message is not a string literal
[INFO] [stdout]  --> src/bindings/blob.rs:57:1
[INFO] [stdout]   |
[INFO] [stdout] 7 | #[func]
[INFO] [stdout]   | ^^^^^^^
[INFO] [stdout]   |
[INFO] [stdout]   = note: `#[warn(non_fmt_panic)]` on by default
[INFO] [stdout]   = note: this is no longer accepted in Rust 2021
[INFO] [stdout]   = note: the panic!() macro supports formatting, so there's no need for the format!() macro here
[INFO] [stdout]   = note: this warning originates in the attribute macro `func` (in Nightly builds, run with -Z macro-backtrace for more info)
[INFO] [stdout] 
[INFO] [stdout] Couldn't compile the test.
[INFO] [stdout] ---- src/send_grid/email_address.rs - send_grid::email_address::EmailAddress::new_with_name (line 38) stdout ----
[INFO] [stdout] Couldn't compile the test.
[INFO] [stdout] ---- src/send_grid/message_builder.rs - send_grid::message_builder::MessageBuilder::bccs (line 201) stdout ----
[INFO] [stdout] Couldn't compile the test.
[INFO] [stdout] ---- src/bindings/http_response.rs - bindings::http_response::HttpResponse::body (line 120) stdout ----
[INFO] [stdout] Couldn't compile the test.
[INFO] [stdout] ---- src/bindings/cosmos_db_trigger.rs - bindings::cosmos_db_trigger::CosmosDbTrigger (line 32) stdout ----
[INFO] [stdout] warning: panic message is not a string literal
[INFO] [stdout]   --> src/bindings/cosmos_db_trigger.rs:39:1
[INFO] [stdout]    |
[INFO] [stdout] 10 | #[func]
[INFO] [stdout]    | ^^^^^^^
[INFO] [stdout]    |
[INFO] [stdout]    = note: `#[warn(non_fmt_panic)]` on by default
[INFO] [stdout]    = note: this is no longer accepted in Rust 2021
[INFO] [stdout]    = note: the panic!() macro supports formatting, so there's no need for the format!() macro here
[INFO] [stdout]    = note: this warning originates in the attribute macro `func` (in Nightly builds, run with -Z macro-backtrace for more info)
[INFO] [stdout] 
[INFO] [stdout] Couldn't compile the test.
[INFO] [stdout] ---- src/bindings/signalr_group_action.rs - bindings::signalr_group_action::SignalRGroupAction (line 23) stdout ----
[INFO] [stdout] warning: panic message is not a string literal
[INFO] [stdout]   --> src/bindings/signalr_group_action.rs:30:1
[INFO] [stdout]    |
[INFO] [stdout] 10 | #[func]
[INFO] [stdout]    | ^^^^^^^
[INFO] [stdout]    |
[INFO] [stdout]    = note: `#[warn(non_fmt_panic)]` on by default
[INFO] [stdout]    = note: this is no longer accepted in Rust 2021
[INFO] [stdout]    = note: the panic!() macro supports formatting, so there's no need for the format!() macro here
[INFO] [stdout]    = note: this warning originates in the attribute macro `func` (in Nightly builds, run with -Z macro-backtrace for more info)
[INFO] [stdout] 
[INFO] [stdout] Couldn't compile the test.
[INFO] [stdout] ---- src/send_grid/message_builder.rs - send_grid::message_builder::MessageBuilder::custom_args (line 395) stdout ----
[INFO] [stdout] Couldn't compile the test.
[INFO] [stdout] ---- src/send_grid/message_builder.rs - send_grid::message_builder::MessageBuilder::global_headers (line 803) stdout ----
[INFO] [stdout] Couldn't compile the test.
[INFO] [stdout] ---- src/bindings/queue_message.rs - bindings::queue_message::QueueMessage (line 40) stdout ----
[INFO] [stdout] warning: panic message is not a string literal
[INFO] [stdout]  --> src/bindings/queue_message.rs:45:1
[INFO] [stdout]   |
[INFO] [stdout] 8 | #[func]
[INFO] [stdout]   | ^^^^^^^
[INFO] [stdout]   |
[INFO] [stdout]   = note: `#[warn(non_fmt_panic)]` on by default
[INFO] [stdout]   = note: this is no longer accepted in Rust 2021
[INFO] [stdout]   = note: the panic!() macro supports formatting, so there's no need for the format!() macro here
[INFO] [stdout]   = note: this warning originates in the attribute macro `func` (in Nightly builds, run with -Z macro-backtrace for more info)
[INFO] [stdout] 
[INFO] [stdout] Couldn't compile the test.
[INFO] [stdout] ---- src/send_grid/message_builder.rs - send_grid::message_builder::MessageBuilder::header (line 249) stdout ----
[INFO] [stdout] Couldn't compile the test.
[INFO] [stdout] ---- src/bindings/http_request.rs - bindings::http_request::HttpRequest::query_params (line 99) stdout ----
[INFO] [stdout] warning: panic message is not a string literal
[INFO] [stdout]  --> src/bindings/http_request.rs:103:1
[INFO] [stdout]   |
[INFO] [stdout] 7 | #[func]
[INFO] [stdout]   | ^^^^^^^
[INFO] [stdout]   |
[INFO] [stdout]   = note: `#[warn(non_fmt_panic)]` on by default
[INFO] [stdout]   = note: this is no longer accepted in Rust 2021
[INFO] [stdout]   = note: the panic!() macro supports formatting, so there's no need for the format!() macro here
[INFO] [stdout]   = note: this warning originates in the attribute macro `func` (in Nightly builds, run with -Z macro-backtrace for more info)
[INFO] [stdout] 
[INFO] [stdout] Couldn't compile the test.
[INFO] [stdout] ---- src/bindings/http_response.rs - bindings::http_response::HttpResponse::build (line 90) stdout ----
[INFO] [stdout] Couldn't compile the test.
[INFO] [stdout] ---- src/send_grid/message_builder.rs - send_grid::message_builder::MessageBuilder::content_with_type (line 526) stdout ----
[INFO] [stdout] Couldn't compile the test.
[INFO] [stdout] ---- src/bindings/http_response.rs - bindings::http_response::HttpResponse (line 33) stdout ----
[INFO] [stdout] warning: panic message is not a string literal
[INFO] [stdout]  --> src/bindings/http_response.rs:38:1
[INFO] [stdout]   |
[INFO] [stdout] 8 | #[func]
[INFO] [stdout]   | ^^^^^^^
[INFO] [stdout]   |
[INFO] [stdout]   = note: `#[warn(non_fmt_panic)]` on by default
[INFO] [stdout]   = note: this is no longer accepted in Rust 2021
[INFO] [stdout]   = note: the panic!() macro supports formatting, so there's no need for the format!() macro here
[INFO] [stdout]   = note: this warning originates in the attribute macro `func` (in Nightly builds, run with -Z macro-backtrace for more info)
[INFO] [stdout] 
[INFO] [stdout] Couldn't compile the test.
[INFO] [stdout] ---- src/send_grid/message_builder.rs - send_grid::message_builder::MessageBuilder::global_header (line 783) stdout ----
[INFO] [stdout] Couldn't compile the test.
[INFO] [stdout] ---- src/http/status.rs - http::status::Status::from_code (line 42) stdout ----
[INFO] [stdout] Couldn't compile the test.
[INFO] [stdout] ---- src/bindings/service_bus_trigger.rs - bindings::service_bus_trigger::ServiceBusTrigger (line 39) stdout ----
[INFO] [stdout] warning: panic message is not a string literal
[INFO] [stdout]  --> src/bindings/service_bus_trigger.rs:45:1
[INFO] [stdout]   |
[INFO] [stdout] 9 | #[func]
[INFO] [stdout]   | ^^^^^^^
[INFO] [stdout]   |
[INFO] [stdout]   = note: `#[warn(non_fmt_panic)]` on by default
[INFO] [stdout]   = note: this is no longer accepted in Rust 2021
[INFO] [stdout]   = note: the panic!() macro supports formatting, so there's no need for the format!() macro here
[INFO] [stdout]   = note: this warning originates in the attribute macro `func` (in Nightly builds, run with -Z macro-backtrace for more info)
[INFO] [stdout] 
[INFO] [stdout] Couldn't compile the test.
[INFO] [stdout] ---- src/bindings/queue_message.rs - bindings::queue_message::QueueMessage (line 54) stdout ----
[INFO] [stdout] warning: panic message is not a string literal
[INFO] [stdout]  --> src/bindings/queue_message.rs:59:1
[INFO] [stdout]   |
[INFO] [stdout] 8 | #[func]
[INFO] [stdout]   | ^^^^^^^
[INFO] [stdout]   |
[INFO] [stdout]   = note: `#[warn(non_fmt_panic)]` on by default
[INFO] [stdout]   = note: this is no longer accepted in Rust 2021
[INFO] [stdout]   = note: the panic!() macro supports formatting, so there's no need for the format!() macro here
[INFO] [stdout]   = note: this warning originates in the attribute macro `func` (in Nightly builds, run with -Z macro-backtrace for more info)
[INFO] [stdout] 
[INFO] [stdout] Couldn't compile the test.
[INFO] [stdout] ---- src/send_grid/message_builder.rs - send_grid::message_builder::MessageBuilder::attachment (line 580) stdout ----
[INFO] [stdout] Couldn't compile the test.
[INFO] [stdout] ---- src/http/body.rs - http::body::Body::as_bytes (line 73) stdout ----
[INFO] [stdout] Couldn't compile the test.
[INFO] [stdout] ---- src/send_grid/message_builder.rs - send_grid::message_builder::MessageBuilder::contents (line 551) stdout ----
[INFO] [stdout] Couldn't compile the test.
[INFO] [stdout] ---- src/send_grid/message_builder.rs - send_grid::message_builder::MessageBuilder::from_with_name (line 461) stdout ----
[INFO] [stdout] Couldn't compile the test.
[INFO] [stdout] ---- src/http/body.rs - http::body::Body::as_str (line 53) stdout ----
[INFO] [stdout] Couldn't compile the test.
[INFO] [stdout] ---- src/bindings/cosmos_db_document.rs - bindings::cosmos_db_document::CosmosDbDocument (line 74) stdout ----
[INFO] [stdout] warning: panic message is not a string literal
[INFO] [stdout]   --> src/bindings/cosmos_db_document.rs:81:1
[INFO] [stdout]    |
[INFO] [stdout] 10 | #[func]
[INFO] [stdout]    | ^^^^^^^
[INFO] [stdout]    |
[INFO] [stdout]    = note: `#[warn(non_fmt_panic)]` on by default
[INFO] [stdout]    = note: this is no longer accepted in Rust 2021
[INFO] [stdout]    = note: the panic!() macro supports formatting, so there's no need for the format!() macro here
[INFO] [stdout]    = note: this warning originates in the attribute macro `func` (in Nightly builds, run with -Z macro-backtrace for more info)
[INFO] [stdout] 
[INFO] [stdout] Couldn't compile the test.
[INFO] [stdout] ---- src/bindings/twilio_sms_message.rs - bindings::twilio_sms_message::TwilioSmsMessage (line 24) stdout ----
[INFO] [stdout] warning: panic message is not a string literal
[INFO] [stdout]   --> src/bindings/twilio_sms_message.rs:31:1
[INFO] [stdout]    |
[INFO] [stdout] 10 | #[func]
[INFO] [stdout]    | ^^^^^^^
[INFO] [stdout]    |
[INFO] [stdout]    = note: `#[warn(non_fmt_panic)]` on by default
[INFO] [stdout]    = note: this is no longer accepted in Rust 2021
[INFO] [stdout]    = note: the panic!() macro supports formatting, so there's no need for the format!() macro here
[INFO] [stdout]    = note: this warning originates in the attribute macro `func` (in Nightly builds, run with -Z macro-backtrace for more info)
[INFO] [stdout] 
[INFO] [stdout] Couldn't compile the test.
[INFO] [stdout] ---- src/send_grid/message_builder.rs - send_grid::message_builder::MessageBuilder::to_with_name (line 41) stdout ----
[INFO] [stdout] Couldn't compile the test.
[INFO] [stdout] ---- src/send_grid/message_builder.rs - send_grid::message_builder::MessageBuilder::substitution (line 298) stdout ----
[INFO] [stdout] Couldn't compile the test.
[INFO] [stdout] ---- src/send_grid/message_builder.rs - send_grid::message_builder::MessageBuilder::template_data (line 349) stdout ----
[INFO] [stdout] Couldn't compile the test.
[INFO] [stdout] ---- src/send_grid/message_builder.rs - send_grid::message_builder::MessageBuilder::custom_arg (line 372) stdout ----
[INFO] [stdout] Couldn't compile the test.
[INFO] [stdout] ---- src/send_grid/message_builder.rs - send_grid::message_builder::MessageBuilder::send_at (line 424) stdout ----
[INFO] [stdout] Couldn't compile the test.
[INFO] [stdout] ---- src/send_grid/message_builder.rs - send_grid::message_builder::MessageBuilder::sections (line 718) stdout ----
[INFO] [stdout] Couldn't compile the test.
[INFO] [stdout] ---- src/bindings/generic_input.rs - bindings::generic_input::GenericInput (line 17) stdout ----
[INFO] [stdout] warning: panic message is not a string literal
[INFO] [stdout]   --> src/bindings/generic_input.rs:25:1
[INFO] [stdout]    |
[INFO] [stdout] 11 | #[func]
[INFO] [stdout]    | ^^^^^^^
[INFO] [stdout]    |
[INFO] [stdout]    = note: `#[warn(non_fmt_panic)]` on by default
[INFO] [stdout]    = note: this is no longer accepted in Rust 2021
[INFO] [stdout]    = note: the panic!() macro supports formatting, so there's no need for the format!() macro here
[INFO] [stdout]    = note: this warning originates in the attribute macro `func` (in Nightly builds, run with -Z macro-backtrace for more info)
[INFO] [stdout] 
[INFO] [stdout] Couldn't compile the test.
[INFO] [stdout] ---- src/bindings/service_bus_message.rs - bindings::service_bus_message::ServiceBusMessage (line 48) stdout ----
[INFO] [stdout] warning: panic message is not a string literal
[INFO] [stdout]  --> src/bindings/service_bus_message.rs:54:1
[INFO] [stdout]   |
[INFO] [stdout] 9 | #[func]
[INFO] [stdout]   | ^^^^^^^
[INFO] [stdout]   |
[INFO] [stdout]   = note: `#[warn(non_fmt_panic)]` on by default
[INFO] [stdout]   = note: this is no longer accepted in Rust 2021
[INFO] [stdout]   = note: the panic!() macro supports formatting, so there's no need for the format!() macro here
[INFO] [stdout]   = note: this warning originates in the attribute macro `func` (in Nightly builds, run with -Z macro-backtrace for more info)
[INFO] [stdout] 
[INFO] [stdout] Couldn't compile the test.
[INFO] [stdout] ---- src/bindings/event_hub_message.rs - bindings::event_hub_message::EventHubMessage (line 27) stdout ----
[INFO] [stdout] warning: panic message is not a string literal
[INFO] [stdout]  --> src/bindings/event_hub_message.rs:31:1
[INFO] [stdout]   |
[INFO] [stdout] 7 | #[func]
[INFO] [stdout]   | ^^^^^^^
[INFO] [stdout]   |
[INFO] [stdout]   = note: `#[warn(non_fmt_panic)]` on by default
[INFO] [stdout]   = note: this is no longer accepted in Rust 2021
[INFO] [stdout]   = note: the panic!() macro supports formatting, so there's no need for the format!() macro here
[INFO] [stdout]   = note: this warning originates in the attribute macro `func` (in Nightly builds, run with -Z macro-backtrace for more info)
[INFO] [stdout] 
[INFO] [stdout] Couldn't compile the test.
[INFO] [stdout] ---- src/bindings/blob.rs - bindings::blob::Blob (line 39) stdout ----
[INFO] [stdout] warning: panic message is not a string literal
[INFO] [stdout]  --> src/bindings/blob.rs:44:1
[INFO] [stdout]   |
[INFO] [stdout] 8 | #[func]
[INFO] [stdout]   | ^^^^^^^
[INFO] [stdout]   |
[INFO] [stdout]   = note: `#[warn(non_fmt_panic)]` on by default
[INFO] [stdout]   = note: this is no longer accepted in Rust 2021
[INFO] [stdout]   = note: the panic!() macro supports formatting, so there's no need for the format!() macro here
[INFO] [stdout]   = note: this warning originates in the attribute macro `func` (in Nightly builds, run with -Z macro-backtrace for more info)
[INFO] [stdout] 
[INFO] [stdout] Couldn't compile the test.
[INFO] [stdout] ---- src/bindings/event_grid_event.rs - bindings::event_grid_event::EventGridEvent (line 20) stdout ----
[INFO] [stdout] warning: panic message is not a string literal
[INFO] [stdout]   --> src/bindings/event_grid_event.rs:27:1
[INFO] [stdout]    |
[INFO] [stdout] 10 | #[func]
[INFO] [stdout]    | ^^^^^^^
[INFO] [stdout]    |
[INFO] [stdout]    = note: `#[warn(non_fmt_panic)]` on by default
[INFO] [stdout]    = note: this is no longer accepted in Rust 2021
[INFO] [stdout]    = note: the panic!() macro supports formatting, so there's no need for the format!() macro here
[INFO] [stdout]    = note: this warning originates in the attribute macro `func` (in Nightly builds, run with -Z macro-backtrace for more info)
[INFO] [stdout] 
[INFO] [stdout] Couldn't compile the test.
[INFO] [stdout] ---- src/bindings/table.rs - bindings::table::Table (line 40) stdout ----
[INFO] [stdout] warning: panic message is not a string literal
[INFO] [stdout]  --> src/bindings/table.rs:45:1
[INFO] [stdout]   |
[INFO] [stdout] 8 | #[func]
[INFO] [stdout]   | ^^^^^^^
[INFO] [stdout]   |
[INFO] [stdout]   = note: `#[warn(non_fmt_panic)]` on by default
[INFO] [stdout]   = note: this is no longer accepted in Rust 2021
[INFO] [stdout]   = note: the panic!() macro supports formatting, so there's no need for the format!() macro here
[INFO] [stdout]   = note: this warning originates in the attribute macro `func` (in Nightly builds, run with -Z macro-backtrace for more info)
[INFO] [stdout] 
[INFO] [stdout] Couldn't compile the test.
[INFO] [stdout] ---- src/send_grid/message_builder.rs - send_grid::message_builder::MessageBuilder::headers (line 272) stdout ----
[INFO] [stdout] Couldn't compile the test.
[INFO] [stdout] ---- src/bindings/service_bus_trigger.rs - bindings::service_bus_trigger::ServiceBusTrigger (line 54) stdout ----
[INFO] [stdout] warning: panic message is not a string literal
[INFO] [stdout]  --> src/bindings/service_bus_trigger.rs:57:1
[INFO] [stdout]   |
[INFO] [stdout] 6 | #[func]
[INFO] [stdout]   | ^^^^^^^
[INFO] [stdout]   |
[INFO] [stdout]   = note: `#[warn(non_fmt_panic)]` on by default
[INFO] [stdout]   = note: this is no longer accepted in Rust 2021
[INFO] [stdout]   = note: the panic!() macro supports formatting, so there's no need for the format!() macro here
[INFO] [stdout]   = note: this warning originates in the attribute macro `func` (in Nightly builds, run with -Z macro-backtrace for more info)
[INFO] [stdout] 
[INFO] [stdout] Couldn't compile the test.
[INFO] [stdout] ---- src/bindings/durable_orchestration_client.rs - bindings::durable_orchestration_client::DurableOrchestrationClient (line 24) stdout ----
[INFO] [stdout] warning: panic message is not a string literal
[INFO] [stdout]   --> src/bindings/durable_orchestration_client.rs:31:1
[INFO] [stdout]    |
[INFO] [stdout] 10 | #[func]
[INFO] [stdout]    | ^^^^^^^
[INFO] [stdout]    |
[INFO] [stdout]    = note: `#[warn(non_fmt_panic)]` on by default
[INFO] [stdout]    = note: this is no longer accepted in Rust 2021
[INFO] [stdout]    = note: the panic!() macro supports formatting, so there's no need for the format!() macro here
[INFO] [stdout]    = note: this warning originates in the attribute macro `func` (in Nightly builds, run with -Z macro-backtrace for more info)
[INFO] [stdout] 
[INFO] [stdout] Couldn't compile the test.
[INFO] [stdout] ---- src/bindings/durable_orchestration_context.rs - bindings::durable_orchestration_context::DurableOrchestrationContext (line 26) stdout ----
[INFO] [stdout] warning: panic message is not a string literal
[INFO] [stdout]  --> src/bindings/durable_orchestration_context.rs:31:1
[INFO] [stdout]   |
[INFO] [stdout] 8 | #[func]
[INFO] [stdout]   | ^^^^^^^
[INFO] [stdout]   |
[INFO] [stdout]   = note: `#[warn(non_fmt_panic)]` on by default
[INFO] [stdout]   = note: this is no longer accepted in Rust 2021
[INFO] [stdout]   = note: the panic!() macro supports formatting, so there's no need for the format!() macro here
[INFO] [stdout]   = note: this warning originates in the attribute macro `func` (in Nightly builds, run with -Z macro-backtrace for more info)
[INFO] [stdout] 
[INFO] [stdout] Couldn't compile the test.
[INFO] [stdout] ---- src/send_grid/message_builder.rs - send_grid::message_builder::MessageBuilder::section (line 698) stdout ----
[INFO] [stdout] Couldn't compile the test.
[INFO] [stdout] ---- src/http/body.rs - http::body::Body::as_json (line 93) stdout ----
[INFO] [stdout] Couldn't compile the test.
[INFO] [stdout] ---- src/http/body.rs - http::body::Body::default_content_type (line 32) stdout ----
[INFO] [stdout] Couldn't compile the test.
[INFO] [stdout] ---- src/send_grid/message_builder.rs - send_grid::message_builder::MessageBuilder::substitutions (line 321) stdout ----
[INFO] [stdout] Couldn't compile the test.
[INFO] [stdout] ---- src/bindings/http_request.rs - bindings::http_request::HttpRequest::route_params (line 73) stdout ----
[INFO] [stdout] warning: panic message is not a string literal
[INFO] [stdout]  --> src/bindings/http_request.rs:77:1
[INFO] [stdout]   |
[INFO] [stdout] 7 | #[func]
[INFO] [stdout]   | ^^^^^^^
[INFO] [stdout]   |
[INFO] [stdout]   = note: `#[warn(non_fmt_panic)]` on by default
[INFO] [stdout]   = note: this is no longer accepted in Rust 2021
[INFO] [stdout]   = note: the panic!() macro supports formatting, so there's no need for the format!() macro here
[INFO] [stdout]   = note: this warning originates in the attribute macro `func` (in Nightly builds, run with -Z macro-backtrace for more info)
[INFO] [stdout] 
[INFO] [stdout] Couldn't compile the test.
[INFO] [stdout] ---- src/bindings/timer_info.rs - bindings::timer_info::TimerInfo (line 24) stdout ----
[INFO] [stdout] warning: panic message is not a string literal
[INFO] [stdout]  --> src/bindings/timer_info.rs:29:1
[INFO] [stdout]   |
[INFO] [stdout] 8 | #[func]
[INFO] [stdout]   | ^^^^^^^
[INFO] [stdout]   |
[INFO] [stdout]   = note: `#[warn(non_fmt_panic)]` on by default
[INFO] [stdout]   = note: this is no longer accepted in Rust 2021
[INFO] [stdout]   = note: the panic!() macro supports formatting, so there's no need for the format!() macro here
[INFO] [stdout]   = note: this warning originates in the attribute macro `func` (in Nightly builds, run with -Z macro-backtrace for more info)
[INFO] [stdout] 
[INFO] [stdout] Couldn't compile the test.
[INFO] [stdout] ---- src/bindings/event_hub_message.rs - bindings::event_hub_message::EventHubMessage (line 40) stdout ----
[INFO] [stdout] warning: panic message is not a string literal
[INFO] [stdout]  --> src/bindings/event_hub_message.rs:45:1
[INFO] [stdout]   |
[INFO] [stdout] 8 | #[func]
[INFO] [stdout]   | ^^^^^^^
[INFO] [stdout]   |
[INFO] [stdout]   = note: `#[warn(non_fmt_panic)]` on by default
[INFO] [stdout]   = note: this is no longer accepted in Rust 2021
[INFO] [stdout]   = note: the panic!() macro supports formatting, so there's no need for the format!() macro here
[INFO] [stdout]   = note: this warning originates in the attribute macro `func` (in Nightly builds, run with -Z macro-backtrace for more info)
[INFO] [stdout] 
[INFO] [stdout] Couldn't compile the test.
[INFO] [stdout] ---- src/send_grid/message_builder.rs - send_grid::message_builder::MessageBuilder::cc (line 91) stdout ----
[INFO] [stdout] Couldn't compile the test.
[INFO] [stdout] ---- src/bindings/queue_trigger.rs - bindings::queue_trigger::QueueTrigger (line 30) stdout ----
[INFO] [stdout] warning: panic message is not a string literal
[INFO] [stdout]  --> src/bindings/queue_trigger.rs:35:1
[INFO] [stdout]   |
[INFO] [stdout] 8 | #[func]
[INFO] [stdout]   | ^^^^^^^
[INFO] [stdout]   |
[INFO] [stdout]   = note: `#[warn(non_fmt_panic)]` on by default
[INFO] [stdout]   = note: this is no longer accepted in Rust 2021
[INFO] [stdout]   = note: the panic!() macro supports formatting, so there's no need for the format!() macro here
[INFO] [stdout]   = note: this warning originates in the attribute macro `func` (in Nightly builds, run with -Z macro-backtrace for more info)
[INFO] [stdout] 
[INFO] [stdout] Couldn't compile the test.
[INFO] [stdout] ---- src/send_grid/message_builder.rs - send_grid::message_builder::MessageBuilder::attachments (line 652) stdout ----
[INFO] [stdout] Couldn't compile the test.
[INFO] [stdout] ---- src/bindings/http_response.rs - bindings::http_response::HttpResponse::status (line 105) stdout ----
[INFO] [stdout] Couldn't compile the test.
[INFO] [stdout] ---- src/bindings/service_bus_message.rs - bindings::service_bus_message::ServiceBusMessage (line 29) stdout ----
[INFO] [stdout] warning: panic message is not a string literal
[INFO] [stdout]  --> src/bindings/service_bus_message.rs:35:1
[INFO] [stdout]   |
[INFO] [stdout] 9 | #[func]
[INFO] [stdout]   | ^^^^^^^
[INFO] [stdout]   |
[INFO] [stdout]   = note: `#[warn(non_fmt_panic)]` on by default
[INFO] [stdout]   = note: this is no longer accepted in Rust 2021
[INFO] [stdout]   = note: the panic!() macro supports formatting, so there's no need for the format!() macro here
[INFO] [stdout]   = note: this warning originates in the attribute macro `func` (in Nightly builds, run with -Z macro-backtrace for more info)
[INFO] [stdout] 
[INFO] [stdout] Couldn't compile the test.
[INFO] [stdout] ---- src/send_grid/message_builder.rs - send_grid::message_builder::MessageBuilder::template_id (line 678) stdout ----
[INFO] [stdout] Couldn't compile the test.
[INFO] [stdout] ---- src/send_grid/message_builder.rs - send_grid::message_builder::MessageBuilder::bcc_with_name (line 180) stdout ----
[INFO] [stdout] Couldn't compile the test.
[INFO] [stdout] ---- src/send_grid/message_builder.rs - send_grid::message_builder::MessageBuilder::content (line 502) stdout ----
[INFO] [stdout] Couldn't compile the test.
[INFO] [stdout] ---- src/bindings/signalr_message.rs - bindings::signalr_message::SignalRMessage (line 22) stdout ----
[INFO] [stdout] warning: panic message is not a string literal
[INFO] [stdout]   --> src/bindings/signalr_message.rs:29:1
[INFO] [stdout]    |
[INFO] [stdout] 10 | #[func]
[INFO] [stdout]    | ^^^^^^^
[INFO] [stdout]    |
[INFO] [stdout]    = note: `#[warn(non_fmt_panic)]` on by default
[INFO] [stdout]    = note: this is no longer accepted in Rust 2021
[INFO] [stdout]    = note: the panic!() macro supports formatting, so there's no need for the format!() macro here
[INFO] [stdout]    = note: this warning originates in the attribute macro `func` (in Nightly builds, run with -Z macro-backtrace for more info)
[INFO] [stdout] 
[INFO] [stdout] Couldn't compile the test.
[INFO] [stdout] ---- src/send_grid/message_builder.rs - send_grid::message_builder::MessageBuilder::batch_id (line 895) stdout ----
[INFO] [stdout] Couldn't compile the test.
[INFO] [stdout] ---- src/bindings/send_grid_message.rs - bindings::send_grid_message::SendGridMessage (line 26) stdout ----
[INFO] [stdout] warning: panic message is not a string literal
[INFO] [stdout]  --> src/bindings/send_grid_message.rs:32:1
[INFO] [stdout]   |
[INFO] [stdout] 9 | #[func]
[INFO] [stdout]   | ^^^^^^^
[INFO] [stdout]   |
[INFO] [stdout]   = note: `#[warn(non_fmt_panic)]` on by default
[INFO] [stdout]   = note: this is no longer accepted in Rust 2021
[INFO] [stdout]   = note: the panic!() macro supports formatting, so there's no need for the format!() macro here
[INFO] [stdout]   = note: this warning originates in the attribute macro `func` (in Nightly builds, run with -Z macro-backtrace for more info)
[INFO] [stdout] 
[INFO] [stdout] Couldn't compile the test.
[INFO] [stdout] ---- src/send_grid/message_builder.rs - send_grid::message_builder::MessageBuilder::global_send_at (line 878) stdout ----
[INFO] [stdout] Couldn't compile the test.
[INFO] [stdout] ---- src/http/response_builder.rs - http::response_builder::ResponseBuilder::header (line 37) stdout ----
[INFO] [stdout] Couldn't compile the test.
[INFO] [stdout] ---- src/send_grid/message_builder.rs - send_grid::message_builder::MessageBuilder::global_custom_args (line 849) stdout ----
[INFO] [stdout] Couldn't compile the test.
[INFO] [stdout] ---- src/bindings/table.rs - bindings::table::Table (line 26) stdout ----
[INFO] [stdout] warning: panic message is not a string literal
[INFO] [stdout]  --> src/bindings/table.rs:31:1
[INFO] [stdout]   |
[INFO] [stdout] 8 | #[func]
[INFO] [stdout]   | ^^^^^^^
[INFO] [stdout]   |
[INFO] [stdout]   = note: `#[warn(non_fmt_panic)]` on by default
[INFO] [stdout]   = note: this is no longer accepted in Rust 2021
[INFO] [stdout]   = note: the panic!() macro supports formatting, so there's no need for the format!() macro here
[INFO] [stdout]   = note: this warning originates in the attribute macro `func` (in Nightly builds, run with -Z macro-backtrace for more info)
[INFO] [stdout] 
[INFO] [stdout] Couldn't compile the test.
[INFO] [stdout] ---- src/http/response_builder.rs - http::response_builder::ResponseBuilder::status (line 18) stdout ----
[INFO] [stdout] Couldn't compile the test.
[INFO] [stdout] ---- src/bindings/send_grid_message.rs - bindings::send_grid_message::SendGridMessage::build (line 107) stdout ----
[INFO] [stdout] Couldn't compile the test.
[INFO] [stdout] ---- src/send_grid/message_builder.rs - send_grid::message_builder::MessageBuilder::bcc (line 160) stdout ----
[INFO] [stdout] Couldn't compile the test.
[INFO] [stdout] ---- src/send_grid/message_builder.rs - send_grid::message_builder::MessageBuilder::global_subject (line 483) stdout ----
[INFO] [stdout] Couldn't compile the test.
[INFO] [stdout] ---- src/send_grid/message_builder.rs - send_grid::message_builder::MessageBuilder::cc_with_name (line 111) stdout ----
[INFO] [stdout] Couldn't compile the test.
[INFO] [stdout] ---- src/bindings/event_hub_trigger.rs - bindings::event_hub_trigger::EventHubTrigger (line 31) stdout ----
[INFO] [stdout] warning: panic message is not a string literal
[INFO] [stdout]   --> src/bindings/event_hub_trigger.rs:38:1
[INFO] [stdout]    |
[INFO] [stdout] 10 | #[func]
[INFO] [stdout]    | ^^^^^^^
[INFO] [stdout]    |
[INFO] [stdout]    = note: `#[warn(non_fmt_panic)]` on by default
[INFO] [stdout]    = note: this is no longer accepted in Rust 2021
[INFO] [stdout]    = note: the panic!() macro supports formatting, so there's no need for the format!() macro here
[INFO] [stdout]    = note: this warning originates in the attribute macro `func` (in Nightly builds, run with -Z macro-backtrace for more info)
[INFO] [stdout] 
[INFO] [stdout] Couldn't compile the test.
[INFO] [stdout] ---- src/send_grid/message_builder.rs - send_grid::message_builder::MessageBuilder::categories (line 762) stdout ----
[INFO] [stdout] Couldn't compile the test.
[INFO] [stdout] ---- src/bindings/event_hub_message.rs - bindings::event_hub_message::EventHubMessage (line 54) stdout ----
[INFO] [stdout] warning: panic message is not a string literal
[INFO] [stdout]  --> src/bindings/event_hub_message.rs:58:1
[INFO] [stdout]   |
[INFO] [stdout] 7 | #[func]
[INFO] [stdout]   | ^^^^^^^
[INFO] [stdout]   |
[INFO] [stdout]   = note: `#[warn(non_fmt_panic)]` on by default
[INFO] [stdout]   = note: this is no longer accepted in Rust 2021
[INFO] [stdout]   = note: the panic!() macro supports formatting, so there's no need for the format!() macro here
[INFO] [stdout]   = note: this warning originates in the attribute macro `func` (in Nightly builds, run with -Z macro-backtrace for more info)
[INFO] [stdout] 
[INFO] [stdout] Couldn't compile the test.
[INFO] [stdout] ---- src/send_grid/message_builder.rs - send_grid::message_builder::MessageBuilder::from (line 441) stdout ----
[INFO] [stdout] Couldn't compile the test.
[INFO] [stdout] ---- src/bindings/http_request.rs - bindings::http_request::HttpRequest (line 22) stdout ----
[INFO] [stdout] warning: panic message is not a string literal
[INFO] [stdout]  --> src/bindings/http_request.rs:28:1
[INFO] [stdout]   |
[INFO] [stdout] 9 | #[func]
[INFO] [stdout]   | ^^^^^^^
[INFO] [stdout]   |
[INFO] [stdout]   = note: `#[warn(non_fmt_panic)]` on by default
[INFO] [stdout]   = note: this is no longer accepted in Rust 2021
[INFO] [stdout]   = note: the panic!() macro supports formatting, so there's no need for the format!() macro here
[INFO] [stdout]   = note: this warning originates in the attribute macro `func` (in Nightly builds, run with -Z macro-backtrace for more info)
[INFO] [stdout] 
[INFO] [stdout] Couldn't compile the test.
[INFO] [stdout] ---- src/send_grid/message_builder.rs - send_grid::message_builder::MessageBuilder::inline_attachment (line 611) stdout ----
[INFO] [stdout] error: linking with `cc` failed: exit status: 1
[INFO] [stdout]   |
[INFO] [stdout]   = note: "cc" "-m64" "/tmp/rustdoctestAOu3LH/rust_out.rust_out.7rcbfp3g-cgu.0.rcgu.o" "/tmp/rustdoctestAOu3LH/rust_out.33dyzt1ekirinwy8.rcgu.o" "-Wl,--as-needed" "-L" "/opt/rustwide/target/debug/deps" "-L" "/opt/rustwide/target/debug/deps" "-L" "/opt/rustwide/rustup-home/toolchains/1.54.0-x86_64-unknown-linux-gnu/lib/rustlib/x86_64-unknown-linux-gnu/lib" "-Wl,-Bstatic" "/opt/rustwide/target/debug/deps/libazure_functions-117bcfe70f194762.rlib" "/opt/rustwide/target/debug/deps/libctrlc-e078d49abe6432a0.rlib" "/opt/rustwide/target/debug/deps/libnix-c0954442ad574d49.rlib" "/opt/rustwide/target/debug/deps/libuuid-1b7e007f7f2a8d81.rlib" "/opt/rustwide/target/debug/deps/libsha1-2489abe97bc3c064.rlib" "/opt/rustwide/target/debug/deps/libazure_functions_durable-dd65f0fc7ae50391.rlib" "/opt/rustwide/target/debug/deps/liburl-47aefb44fed5dea9.rlib" "/opt/rustwide/target/debug/deps/libidna-a8692bb1b8c0f011.rlib" "/opt/rustwide/target/debug/deps/libunicode_normalization-f88ccced2be4bc93.rlib" "/opt/rustwide/target/debug/deps/libtinyvec-b0b99c866aca13aa.rlib" "/opt/rustwide/target/debug/deps/libtinyvec_macros-f6b5563d3767ea26.rlib" "/opt/rustwide/target/debug/deps/libunicode_bidi-cd5d16f1476c6336.rlib" "/opt/rustwide/target/debug/deps/libmatches-5bfcef5685786a07.rlib" "/opt/rustwide/target/debug/deps/libfutures-6ce89f77f8e0431a.rlib" "/opt/rustwide/target/debug/deps/libfutures_executor-b1637183bcd089b6.rlib" "/opt/rustwide/target/debug/deps/libchrono-e34c7d1c4e8b7d90.rlib" "/opt/rustwide/target/debug/deps/libnum_integer-016eaeb10a6f0eb9.rlib" "/opt/rustwide/target/debug/deps/libnum_traits-3ea67f5534c2ade7.rlib" "/opt/rustwide/target/debug/deps/libsemver-358cab7876164114.rlib" "/opt/rustwide/target/debug/deps/libsemver_parser-24fc5579b2134304.rlib" "/opt/rustwide/target/debug/deps/libxml-f6b70626f5450f40.rlib" "/opt/rustwide/target/debug/deps/libtempfile-96d489c5965ad6c4.rlib" "/opt/rustwide/target/debug/deps/librand-b0881951abef6188.rlib" "/opt/rustwide/target/debug/deps/librand_chacha-9f79423322a69191.rlib" "/opt/rustwide/target/debug/deps/libppv_lite86-545d86392ea1d8e4.rlib" "/opt/rustwide/target/debug/deps/librand_core-7d618500384b9969.rlib" "/opt/rustwide/target/debug/deps/libgetrandom-fb20edfc0c7fade7.rlib" "/opt/rustwide/target/debug/deps/libremove_dir_all-80ef6726c25ad48c.rlib" "/opt/rustwide/target/debug/deps/libserde_json-83a4a0038f10f81b.rlib" "/opt/rustwide/target/debug/deps/libryu-059aa1fbb24cd15e.rlib" "/opt/rustwide/target/debug/deps/libclap-5493365076b9f96e.rlib" "/opt/rustwide/target/debug/deps/libvec_map-07385fbe5fb99a77.rlib" "/opt/rustwide/target/debug/deps/libtextwrap-3bb22fb43a400e8d.rlib" "/opt/rustwide/target/debug/deps/libunicode_width-5cf7ed896e8bb5a9.rlib" "/opt/rustwide/target/debug/deps/libstrsim-b10957d572414a9c.rlib" "/opt/rustwide/target/debug/deps/libbitflags-f89ae4b715176e2d.rlib" "/opt/rustwide/target/debug/deps/libatty-532703fe65626085.rlib" "/opt/rustwide/target/debug/deps/libansi_term-e2a35aae900e64a8.rlib" "/opt/rustwide/target/debug/deps/libbacktrace-3f117dbbc08b7256.rlib" "/opt/rustwide/target/debug/deps/libminiz_oxide-6d1f5d22fe94ee7f.rlib" "/opt/rustwide/target/debug/deps/libadler-21b6e26b0dda2395.rlib" "/opt/rustwide/target/debug/deps/libobject-027d94000fbfc693.rlib" "/opt/rustwide/target/debug/deps/libaddr2line-a0888bec23d11c8b.rlib" "/opt/rustwide/target/debug/deps/libgimli-bbd8ab25c1d8d237.rlib" "/opt/rustwide/target/debug/deps/librustc_demangle-aabcf204434227f1.rlib" "/opt/rustwide/target/debug/deps/libazure_functions_shared-149e2d4892b50c95.rlib" "/opt/rustwide/target/debug/deps/libprost_types-226346037006c1a8.rlib" "/opt/rustwide/target/debug/deps/libtonic-32099340271468ef.rlib" "/opt/rustwide/target/debug/deps/libbase64-f88f2e0650c11f5d.rlib" "/opt/rustwide/target/debug/deps/libasync_stream-5ffc5267cdf1b0b8.rlib" "/opt/rustwide/target/debug/deps/libpercent_encoding-94f4b792093520e3.rlib" "/opt/rustwide/target/debug/deps/libhyper-24402bd904af48b0.rlib" "/opt/rustwide/target/debug/deps/libtokio-269295fcb43388f6.rlib" "/opt/rustwide/target/debug/deps/libtokio_fs-925261e51998a02b.rlib" "/opt/rustwide/target/debug/deps/libhttparse-1c870db38feb2e5b.rlib" "/opt/rustwide/target/debug/deps/libwant-8923efe3d72ddbe3.rlib" "/opt/rustwide/target/debug/deps/libtry_lock-a39996d6fbbee158.rlib" "/opt/rustwide/target/debug/deps/libh2-fb94b86b69acb761.rlib" "/opt/rustwide/target/debug/deps/libstring-64737b7e60695c64.rlib" "/opt/rustwide/target/debug/deps/libtime-cdbbd15f3eb2c44a.rlib" "/opt/rustwide/target/debug/deps/libtokio_net-946c371a86c73df2.rlib" "/opt/rustwide/target/debug/deps/libmio_uds-38ca3ba9f06e233e.rlib" "/opt/rustwide/target/debug/deps/libparking_lot-f91657ee58b7c6e5.rlib" "/opt/rustwide/target/debug/deps/libparking_lot_core-de5e6b4b636fcd4f.rlib" "/opt/rustwide/target/debug/deps/libsmallvec-c92cc3a0e61359a8.rlib" "/opt/rustwide/target/debug/deps/liblock_api-dc263642307a5f06.rlib" "/opt/rustwide/target/debug/deps/libmio-e68f0477b5fd8efb.rlib" "/opt/rustwide/target/debug/deps/libnet2-42d3f6236d073c48.rlib" "/opt/rustwide/target/debug/deps/libtower_balance-a06ff4a625742118.rlib" "/opt/rustwide/target/debug/deps/libtower_make-4f6ba8aa3c91114d.rlib" "/opt/rustwide/target/debug/deps/libtower_load-46f3322c6810cb65.rlib" "/opt/rustwide/target/debug/deps/libindexmap-d8d3c76f0f3a39a5.rlib" "/opt/rustwide/target/debug/deps/libhashbrown-8c5395ff9e9a0462.rlib" "/opt/rustwide/target/debug/deps/librand-1afce4c91952e4da.rlib" "/opt/rustwide/target/debug/deps/librand_xorshift-1b1159265b7ea552.rlib" "/opt/rustwide/target/debug/deps/librand_pcg-17ff6a566d93295e.rlib" "/opt/rustwide/target/debug/deps/librand_hc-7f6d4d4fbf0f1f03.rlib" "/opt/rustwide/target/debug/deps/librand_chacha-1c46fb839c131f1e.rlib" "/opt/rustwide/target/debug/deps/librand_isaac-e7e43fc1773729b6.rlib" "/opt/rustwide/target/debug/deps/librand_core-46bc130fb04fd44b.rlib" "/opt/rustwide/target/debug/deps/librand_os-715afad74cec881a.rlib" "/opt/rustwide/target/debug/deps/librand_jitter-d8ba8cbd680b44c7.rlib" "/opt/rustwide/target/debug/deps/librand_core-8195e4f9653f651a.rlib" "/opt/rustwide/target/debug/deps/libtower-b090256262891a24.rlib" "/opt/rustwide/target/debug/deps/libtower_util-817661978f767cf4.rlib" "/opt/rustwide/target/debug/deps/libtower_timeout-3da011714630594e.rlib" "/opt/rustwide/target/debug/deps/libtower_retry-1898e6db0c47c3eb.rlib" "/opt/rustwide/target/debug/deps/libtower_load_shed-cc0038017332d606.rlib" "/opt/rustwide/target/debug/deps/libtower_limit-2adeadebc18ff1f8.rlib" "/opt/rustwide/target/debug/deps/libtokio_timer-3ec4ca9f0d013268.rlib" "/opt/rustwide/target/debug/deps/libtower_discover-f37abc3dcf659d83.rlib" "/opt/rustwide/target/debug/deps/libtower_buffer-4b65f7c3446fe9b3.rlib" "/opt/rustwide/target/debug/deps/libtower_layer-248efc8857217a62.rlib" "/opt/rustwide/target/debug/deps/libtokio_executor-1d8891a6f8edf443.rlib" "/opt/rustwide/target/debug/deps/libcrossbeam_channel-9aef2b18605ecaf0.rlib" "/opt/rustwide/target/debug/deps/libcrossbeam_queue-4888f2944553d22c.rlib" "/opt/rustwide/target/debug/deps/libnum_cpus-ce4291c0249d2ac1.rlib" "/opt/rustwide/target/debug/deps/libcrossbeam_deque-e5c28247c8a75fb5.rlib" "/opt/rustwide/target/debug/deps/libcrossbeam_epoch-d36f68b0022dcdcc.rlib" "/opt/rustwide/target/debug/deps/libscopeguard-7a1710762e6687e9.rlib" "/opt/rustwide/target/debug/deps/libmemoffset-2824ef9595d5db8e.rlib" "/opt/rustwide/target/debug/deps/libcrossbeam_utils-b76e7ff1d6357fef.rlib" "/opt/rustwide/target/debug/deps/libmaybe_uninit-17ac005437abed86.rlib" "/opt/rustwide/target/debug/deps/libcrossbeam_utils-adf7a4f7c988d894.rlib" "/opt/rustwide/target/debug/deps/libcfg_if-e7a28af79b261e75.rlib" "/opt/rustwide/target/debug/deps/libtokio_sync-9b34de62a249dc2a.rlib" "/opt/rustwide/target/debug/deps/libprost-3778bc497ddba722.rlib" "/opt/rustwide/target/debug/deps/libtokio_codec-783392b36868d502.rlib" "/opt/rustwide/target/debug/deps/libtokio_io-10fe4c30612a21aa.rlib" "/opt/rustwide/target/debug/deps/libpin_project-508d323ff2953159.rlib" "/opt/rustwide/target/debug/deps/libtracing-06afd48f804213fd.rlib" "/opt/rustwide/target/debug/deps/libpin_project_lite-ed06e07546a7102f.rlib" "/opt/rustwide/target/debug/deps/libtracing_core-78cfdba0c03c5b75.rlib" "/opt/rustwide/target/debug/deps/liblog-c7a6438e9780af3a.rlib" "/opt/rustwide/target/debug/deps/libcfg_if-38c8a3e888ecb06a.rlib" "/opt/rustwide/target/debug/deps/libtower_service-8060212ab0600834.rlib" "/opt/rustwide/target/debug/deps/libfutures_util-d0eb0f9abb0baf6d.rlib" "/opt/rustwide/target/debug/deps/libmemchr-1f0d97dc9aa3dd56.rlib" "/opt/rustwide/target/debug/deps/libslab-f0931e7482d64922.rlib" "/opt/rustwide/target/debug/deps/libfutures_channel-204e3a9970f2c143.rlib" "/opt/rustwide/target/debug/deps/libfutures_io-043827b7ca193b71.rlib" "/opt/rustwide/target/debug/deps/libfutures_sink-c3153eb2b47fcdc3.rlib" "/opt/rustwide/target/debug/deps/libpin_utils-576e633f12357c97.rlib" "/opt/rustwide/target/debug/deps/libfutures_core-87d67524fa56d6c2.rlib" "/opt/rustwide/target/debug/deps/libhttp_body-286e5cfbc10e1a8d.rlib" "/opt/rustwide/target/debug/deps/libhttp-98065f66b9fb458a.rlib" "/opt/rustwide/target/debug/deps/libitoa-9ccdb0b3e3d11258.rlib" "/opt/rustwide/target/debug/deps/libfnv-56e05e18a5751d51.rlib" "/opt/rustwide/target/debug/deps/libbytes-b30f9d021a5b7e2e.rlib" "/opt/rustwide/target/debug/deps/libiovec-7d567bee8dab5f27.rlib" "/opt/rustwide/target/debug/deps/liblibc-01feaa3f8fb69fd7.rlib" "/opt/rustwide/target/debug/deps/libbyteorder-0c03c404070d92e6.rlib" "/opt/rustwide/target/debug/deps/liblazy_static-5c53d641eb010a81.rlib" "/opt/rustwide/target/debug/deps/libsyn-b1e2911c0722b208.rlib" "/opt/rustwide/target/debug/deps/libserde-c39ce3e6ac5d8adf.rlib" "/opt/rustwide/target/debug/deps/libquote-8388bbcd500a3679.rlib" "/opt/rustwide/target/debug/deps/libproc_macro2-4ad853a01b52ac03.rlib" "/opt/rustwide/target/debug/deps/libunicode_xid-521ae656dc054791.rlib" "/opt/rustwide/rustup-home/toolchains/1.54.0-x86_64-unknown-linux-gnu/lib/rustlib/x86_64-unknown-linux-gnu/lib/libproc_macro-48a8f96062ed4274.rlib" "-Wl,--start-group" "/opt/rustwide/rustup-home/toolchains/1.54.0-x86_64-unknown-linux-gnu/lib/rustlib/x86_64-unknown-linux-gnu/lib/libstd-2420485b9e5ef5e1.rlib" "/opt/rustwide/rustup-home/toolchains/1.54.0-x86_64-unknown-linux-gnu/lib/rustlib/x86_64-unknown-linux-gnu/lib/libpanic_unwind-785e3cb61c4b1960.rlib" "/opt/rustwide/rustup-home/toolchains/1.54.0-x86_64-unknown-linux-gnu/lib/rustlib/x86_64-unknown-linux-gnu/lib/libminiz_oxide-087191a88bdaa22d.rlib" "/opt/rustwide/rustup-home/toolchains/1.54.0-x86_64-unknown-linux-gnu/lib/rustlib/x86_64-unknown-linux-gnu/lib/libadler-9981842c02975178.rlib" "/opt/rustwide/rustup-home/toolchains/1.54.0-x86_64-unknown-linux-gnu/lib/rustlib/x86_64-unknown-linux-gnu/lib/libobject-6fb405869b015fde.rlib" "/opt/rustwide/rustup-home/toolchains/1.54.0-x86_64-unknown-linux-gnu/lib/rustlib/x86_64-unknown-linux-gnu/lib/libaddr2line-d05c5c3c56004b7b.rlib" "/opt/rustwide/rustup-home/toolchains/1.54.0-x86_64-unknown-linux-gnu/lib/rustlib/x86_64-unknown-linux-gnu/lib/libgimli-42d74d2097528b38.rlib" "/opt/rustwide/rustup-home/toolchains/1.54.0-x86_64-unknown-linux-gnu/lib/rustlib/x86_64-unknown-linux-gnu/lib/libstd_detect-fb36534c113d2209.rlib" "/opt/rustwide/rustup-home/toolchains/1.54.0-x86_64-unknown-linux-gnu/lib/rustlib/x86_64-unknown-linux-gnu/lib/librustc_demangle-b56b9042c12b6535.rlib" "/opt/rustwide/rustup-home/toolchains/1.54.0-x86_64-unknown-linux-gnu/lib/rustlib/x86_64-unknown-linux-gnu/lib/libhashbrown-491902d6cb3e76df.rlib" "/opt/rustwide/rustup-home/toolchains/1.54.0-x86_64-unknown-linux-gnu/lib/rustlib/x86_64-unknown-linux-gnu/lib/librustc_std_workspace_alloc-61834e0981b8c367.rlib" "/opt/rustwide/rustup-home/toolchains/1.54.0-x86_64-unknown-linux-gnu/lib/rustlib/x86_64-unknown-linux-gnu/lib/libunwind-f78aa99d613a55bc.rlib" "/opt/rustwide/rustup-home/toolchains/1.54.0-x86_64-unknown-linux-gnu/lib/rustlib/x86_64-unknown-linux-gnu/lib/libcfg_if-53ee54cd7fed2c57.rlib" "/opt/rustwide/rustup-home/toolchains/1.54.0-x86_64-unknown-linux-gnu/lib/rustlib/x86_64-unknown-linux-gnu/lib/liblibc-544ecdbd6cda3c58.rlib" "/opt/rustwide/rustup-home/toolchains/1.54.0-x86_64-unknown-linux-gnu/lib/rustlib/x86_64-unknown-linux-gnu/lib/liballoc-379cc252b6943a79.rlib" "/opt/rustwide/rustup-home/toolchains/1.54.0-x86_64-unknown-linux-gnu/lib/rustlib/x86_64-unknown-linux-gnu/lib/librustc_std_workspace_core-8063eea38dcc5e62.rlib" "/opt/rustwide/rustup-home/toolchains/1.54.0-x86_64-unknown-linux-gnu/lib/rustlib/x86_64-unknown-linux-gnu/lib/libcore-5b228734afae15ee.rlib" "-Wl,--end-group" "/opt/rustwide/rustup-home/toolchains/1.54.0-x86_64-unknown-linux-gnu/lib/rustlib/x86_64-unknown-linux-gnu/lib/libcompiler_builtins-d6c7a399d95d173f.rlib" "-Wl,-Bdynamic" "-lgcc_s" "-lutil" "-lrt" "-lpthread" "-lm" "-ldl" "-lc" "-Wl,--eh-frame-hdr" "-Wl,-znoexecstack" "-L" "/opt/rustwide/rustup-home/toolchains/1.54.0-x86_64-unknown-linux-gnu/lib/rustlib/x86_64-unknown-linux-gnu/lib" "-o" "/tmp/rustdoctestAOu3LH/rust_out" "-Wl,--gc-sections" "-pie" "-Wl,-zrelro" "-Wl,-znow" "-nodefaultlibs"
[INFO] [stdout]   = note: collect2: fatal error: ld terminated with signal 9 [Killed]
[INFO] [stdout]           compilation terminated.
[INFO] [stdout]           
[INFO] [stdout] 
[INFO] [stdout] error: aborting due to previous error
[INFO] [stdout] 
[INFO] [stdout] Couldn't compile the test.
[INFO] [stdout] ---- src/bindings/cosmos_db_document.rs - bindings::cosmos_db_document::CosmosDbDocument (line 31) stdout ----
[INFO] [stdout] warning: panic message is not a string literal
[INFO] [stdout]  --> src/bindings/cosmos_db_document.rs:37:1
[INFO] [stdout]   |
[INFO] [stdout] 9 | #[func]
[INFO] [stdout]   | ^^^^^^^
[INFO] [stdout]   |
[INFO] [stdout]   = note: `#[warn(non_fmt_panic)]` on by default
[INFO] [stdout]   = note: this is no longer accepted in Rust 2021
[INFO] [stdout]   = note: the panic!() macro supports formatting, so there's no need for the format!() macro here
[INFO] [stdout]   = note: this warning originates in the attribute macro `func` (in Nightly builds, run with -Z macro-backtrace for more info)
[INFO] [stdout] 
[INFO] [stdout] error: linking with `cc` failed: exit status: 1
[INFO] [stdout]   |
[INFO] [stdout]   = note: "cc" "-m64" "/tmp/rustdoctestrQKWDK/rust_out.rust_out.7rcbfp3g-cgu.0.rcgu.o" "/tmp/rustdoctestrQKWDK/rust_out.33dyzt1ekirinwy8.rcgu.o" "-Wl,--as-needed" "-L" "/opt/rustwide/target/debug/deps" "-L" "/opt/rustwide/target/debug/deps" "-L" "/opt/rustwide/rustup-home/toolchains/1.54.0-x86_64-unknown-linux-gnu/lib/rustlib/x86_64-unknown-linux-gnu/lib" "-Wl,-Bstatic" "/opt/rustwide/target/debug/deps/libazure_functions-117bcfe70f194762.rlib" "/opt/rustwide/target/debug/deps/libctrlc-e078d49abe6432a0.rlib" "/opt/rustwide/target/debug/deps/libnix-c0954442ad574d49.rlib" "/opt/rustwide/target/debug/deps/libuuid-1b7e007f7f2a8d81.rlib" "/opt/rustwide/target/debug/deps/libsha1-2489abe97bc3c064.rlib" "/opt/rustwide/target/debug/deps/libazure_functions_durable-dd65f0fc7ae50391.rlib" "/opt/rustwide/target/debug/deps/liburl-47aefb44fed5dea9.rlib" "/opt/rustwide/target/debug/deps/libidna-a8692bb1b8c0f011.rlib" "/opt/rustwide/target/debug/deps/libunicode_normalization-f88ccced2be4bc93.rlib" "/opt/rustwide/target/debug/deps/libtinyvec-b0b99c866aca13aa.rlib" "/opt/rustwide/target/debug/deps/libtinyvec_macros-f6b5563d3767ea26.rlib" "/opt/rustwide/target/debug/deps/libunicode_bidi-cd5d16f1476c6336.rlib" "/opt/rustwide/target/debug/deps/libmatches-5bfcef5685786a07.rlib" "/opt/rustwide/target/debug/deps/libfutures-6ce89f77f8e0431a.rlib" "/opt/rustwide/target/debug/deps/libfutures_executor-b1637183bcd089b6.rlib" "/opt/rustwide/target/debug/deps/libchrono-e34c7d1c4e8b7d90.rlib" "/opt/rustwide/target/debug/deps/libnum_integer-016eaeb10a6f0eb9.rlib" "/opt/rustwide/target/debug/deps/libnum_traits-3ea67f5534c2ade7.rlib" "/opt/rustwide/target/debug/deps/libsemver-358cab7876164114.rlib" "/opt/rustwide/target/debug/deps/libsemver_parser-24fc5579b2134304.rlib" "/opt/rustwide/target/debug/deps/libxml-f6b70626f5450f40.rlib" "/opt/rustwide/target/debug/deps/libtempfile-96d489c5965ad6c4.rlib" "/opt/rustwide/target/debug/deps/librand-b0881951abef6188.rlib" "/opt/rustwide/target/debug/deps/librand_chacha-9f79423322a69191.rlib" "/opt/rustwide/target/debug/deps/libppv_lite86-545d86392ea1d8e4.rlib" "/opt/rustwide/target/debug/deps/librand_core-7d618500384b9969.rlib" "/opt/rustwide/target/debug/deps/libgetrandom-fb20edfc0c7fade7.rlib" "/opt/rustwide/target/debug/deps/libremove_dir_all-80ef6726c25ad48c.rlib" "/opt/rustwide/target/debug/deps/libserde_json-83a4a0038f10f81b.rlib" "/opt/rustwide/target/debug/deps/libryu-059aa1fbb24cd15e.rlib" "/opt/rustwide/target/debug/deps/libclap-5493365076b9f96e.rlib" "/opt/rustwide/target/debug/deps/libvec_map-07385fbe5fb99a77.rlib" "/opt/rustwide/target/debug/deps/libtextwrap-3bb22fb43a400e8d.rlib" "/opt/rustwide/target/debug/deps/libunicode_width-5cf7ed896e8bb5a9.rlib" "/opt/rustwide/target/debug/deps/libstrsim-b10957d572414a9c.rlib" "/opt/rustwide/target/debug/deps/libbitflags-f89ae4b715176e2d.rlib" "/opt/rustwide/target/debug/deps/libatty-532703fe65626085.rlib" "/opt/rustwide/target/debug/deps/libansi_term-e2a35aae900e64a8.rlib" "/opt/rustwide/target/debug/deps/libbacktrace-3f117dbbc08b7256.rlib" "/opt/rustwide/target/debug/deps/libminiz_oxide-6d1f5d22fe94ee7f.rlib" "/opt/rustwide/target/debug/deps/libadler-21b6e26b0dda2395.rlib" "/opt/rustwide/target/debug/deps/libobject-027d94000fbfc693.rlib" "/opt/rustwide/target/debug/deps/libaddr2line-a0888bec23d11c8b.rlib" "/opt/rustwide/target/debug/deps/libgimli-bbd8ab25c1d8d237.rlib" "/opt/rustwide/target/debug/deps/librustc_demangle-aabcf204434227f1.rlib" "/opt/rustwide/target/debug/deps/libazure_functions_shared-149e2d4892b50c95.rlib" "/opt/rustwide/target/debug/deps/libprost_types-226346037006c1a8.rlib" "/opt/rustwide/target/debug/deps/libtonic-32099340271468ef.rlib" "/opt/rustwide/target/debug/deps/libbase64-f88f2e0650c11f5d.rlib" "/opt/rustwide/target/debug/deps/libasync_stream-5ffc5267cdf1b0b8.rlib" "/opt/rustwide/target/debug/deps/libpercent_encoding-94f4b792093520e3.rlib" "/opt/rustwide/target/debug/deps/libhyper-24402bd904af48b0.rlib" "/opt/rustwide/target/debug/deps/libtokio-269295fcb43388f6.rlib" "/opt/rustwide/target/debug/deps/libtokio_fs-925261e51998a02b.rlib" "/opt/rustwide/target/debug/deps/libhttparse-1c870db38feb2e5b.rlib" "/opt/rustwide/target/debug/deps/libwant-8923efe3d72ddbe3.rlib" "/opt/rustwide/target/debug/deps/libtry_lock-a39996d6fbbee158.rlib" "/opt/rustwide/target/debug/deps/libh2-fb94b86b69acb761.rlib" "/opt/rustwide/target/debug/deps/libstring-64737b7e60695c64.rlib" "/opt/rustwide/target/debug/deps/libtime-cdbbd15f3eb2c44a.rlib" "/opt/rustwide/target/debug/deps/libtokio_net-946c371a86c73df2.rlib" "/opt/rustwide/target/debug/deps/libmio_uds-38ca3ba9f06e233e.rlib" "/opt/rustwide/target/debug/deps/libparking_lot-f91657ee58b7c6e5.rlib" "/opt/rustwide/target/debug/deps/libparking_lot_core-de5e6b4b636fcd4f.rlib" "/opt/rustwide/target/debug/deps/libsmallvec-c92cc3a0e61359a8.rlib" "/opt/rustwide/target/debug/deps/liblock_api-dc263642307a5f06.rlib" "/opt/rustwide/target/debug/deps/libmio-e68f0477b5fd8efb.rlib" "/opt/rustwide/target/debug/deps/libnet2-42d3f6236d073c48.rlib" "/opt/rustwide/target/debug/deps/libtower_balance-a06ff4a625742118.rlib" "/opt/rustwide/target/debug/deps/libtower_make-4f6ba8aa3c91114d.rlib" "/opt/rustwide/target/debug/deps/libtower_load-46f3322c6810cb65.rlib" "/opt/rustwide/target/debug/deps/libindexmap-d8d3c76f0f3a39a5.rlib" "/opt/rustwide/target/debug/deps/libhashbrown-8c5395ff9e9a0462.rlib" "/opt/rustwide/target/debug/deps/librand-1afce4c91952e4da.rlib" "/opt/rustwide/target/debug/deps/librand_xorshift-1b1159265b7ea552.rlib" "/opt/rustwide/target/debug/deps/librand_pcg-17ff6a566d93295e.rlib" "/opt/rustwide/target/debug/deps/librand_hc-7f6d4d4fbf0f1f03.rlib" "/opt/rustwide/target/debug/deps/librand_chacha-1c46fb839c131f1e.rlib" "/opt/rustwide/target/debug/deps/librand_isaac-e7e43fc1773729b6.rlib" "/opt/rustwide/target/debug/deps/librand_core-46bc130fb04fd44b.rlib" "/opt/rustwide/target/debug/deps/librand_os-715afad74cec881a.rlib" "/opt/rustwide/target/debug/deps/librand_jitter-d8ba8cbd680b44c7.rlib" "/opt/rustwide/target/debug/deps/librand_core-8195e4f9653f651a.rlib" "/opt/rustwide/target/debug/deps/libtower-b090256262891a24.rlib" "/opt/rustwide/target/debug/deps/libtower_util-817661978f767cf4.rlib" "/opt/rustwide/target/debug/deps/libtower_timeout-3da011714630594e.rlib" "/opt/rustwide/target/debug/deps/libtower_retry-1898e6db0c47c3eb.rlib" "/opt/rustwide/target/debug/deps/libtower_load_shed-cc0038017332d606.rlib" "/opt/rustwide/target/debug/deps/libtower_limit-2adeadebc18ff1f8.rlib" "/opt/rustwide/target/debug/deps/libtokio_timer-3ec4ca9f0d013268.rlib" "/opt/rustwide/target/debug/deps/libtower_discover-f37abc3dcf659d83.rlib" "/opt/rustwide/target/debug/deps/libtower_buffer-4b65f7c3446fe9b3.rlib" "/opt/rustwide/target/debug/deps/libtower_layer-248efc8857217a62.rlib" "/opt/rustwide/target/debug/deps/libtokio_executor-1d8891a6f8edf443.rlib" "/opt/rustwide/target/debug/deps/libcrossbeam_channel-9aef2b18605ecaf0.rlib" "/opt/rustwide/target/debug/deps/libcrossbeam_queue-4888f2944553d22c.rlib" "/opt/rustwide/target/debug/deps/libnum_cpus-ce4291c0249d2ac1.rlib" "/opt/rustwide/target/debug/deps/libcrossbeam_deque-e5c28247c8a75fb5.rlib" "/opt/rustwide/target/debug/deps/libcrossbeam_epoch-d36f68b0022dcdcc.rlib" "/opt/rustwide/target/debug/deps/libscopeguard-7a1710762e6687e9.rlib" "/opt/rustwide/target/debug/deps/libmemoffset-2824ef9595d5db8e.rlib" "/opt/rustwide/target/debug/deps/libcrossbeam_utils-b76e7ff1d6357fef.rlib" "/opt/rustwide/target/debug/deps/libmaybe_uninit-17ac005437abed86.rlib" "/opt/rustwide/target/debug/deps/libcrossbeam_utils-adf7a4f7c988d894.rlib" "/opt/rustwide/target/debug/deps/libcfg_if-e7a28af79b261e75.rlib" "/opt/rustwide/target/debug/deps/libtokio_sync-9b34de62a249dc2a.rlib" "/opt/rustwide/target/debug/deps/libprost-3778bc497ddba722.rlib" "/opt/rustwide/target/debug/deps/libtokio_codec-783392b36868d502.rlib" "/opt/rustwide/target/debug/deps/libtokio_io-10fe4c30612a21aa.rlib" "/opt/rustwide/target/debug/deps/libpin_project-508d323ff2953159.rlib" "/opt/rustwide/target/debug/deps/libtracing-06afd48f804213fd.rlib" "/opt/rustwide/target/debug/deps/libpin_project_lite-ed06e07546a7102f.rlib" "/opt/rustwide/target/debug/deps/libtracing_core-78cfdba0c03c5b75.rlib" "/opt/rustwide/target/debug/deps/liblog-c7a6438e9780af3a.rlib" "/opt/rustwide/target/debug/deps/libcfg_if-38c8a3e888ecb06a.rlib" "/opt/rustwide/target/debug/deps/libtower_service-8060212ab0600834.rlib" "/opt/rustwide/target/debug/deps/libfutures_util-d0eb0f9abb0baf6d.rlib" "/opt/rustwide/target/debug/deps/libmemchr-1f0d97dc9aa3dd56.rlib" "/opt/rustwide/target/debug/deps/libslab-f0931e7482d64922.rlib" "/opt/rustwide/target/debug/deps/libfutures_channel-204e3a9970f2c143.rlib" "/opt/rustwide/target/debug/deps/libfutures_io-043827b7ca193b71.rlib" "/opt/rustwide/target/debug/deps/libfutures_sink-c3153eb2b47fcdc3.rlib" "/opt/rustwide/target/debug/deps/libpin_utils-576e633f12357c97.rlib" "/opt/rustwide/target/debug/deps/libfutures_core-87d67524fa56d6c2.rlib" "/opt/rustwide/target/debug/deps/libhttp_body-286e5cfbc10e1a8d.rlib" "/opt/rustwide/target/debug/deps/libhttp-98065f66b9fb458a.rlib" "/opt/rustwide/target/debug/deps/libitoa-9ccdb0b3e3d11258.rlib" "/opt/rustwide/target/debug/deps/libfnv-56e05e18a5751d51.rlib" "/opt/rustwide/target/debug/deps/libbytes-b30f9d021a5b7e2e.rlib" "/opt/rustwide/target/debug/deps/libiovec-7d567bee8dab5f27.rlib" "/opt/rustwide/target/debug/deps/liblibc-01feaa3f8fb69fd7.rlib" "/opt/rustwide/target/debug/deps/libbyteorder-0c03c404070d92e6.rlib" "/opt/rustwide/target/debug/deps/liblazy_static-5c53d641eb010a81.rlib" "/opt/rustwide/target/debug/deps/libsyn-b1e2911c0722b208.rlib" "/opt/rustwide/target/debug/deps/libserde-c39ce3e6ac5d8adf.rlib" "/opt/rustwide/target/debug/deps/libquote-8388bbcd500a3679.rlib" "/opt/rustwide/target/debug/deps/libproc_macro2-4ad853a01b52ac03.rlib" "/opt/rustwide/target/debug/deps/libunicode_xid-521ae656dc054791.rlib" "/opt/rustwide/rustup-home/toolchains/1.54.0-x86_64-unknown-linux-gnu/lib/rustlib/x86_64-unknown-linux-gnu/lib/libproc_macro-48a8f96062ed4274.rlib" "-Wl,--start-group" "/opt/rustwide/rustup-home/toolchains/1.54.0-x86_64-unknown-linux-gnu/lib/rustlib/x86_64-unknown-linux-gnu/lib/libstd-2420485b9e5ef5e1.rlib" "/opt/rustwide/rustup-home/toolchains/1.54.0-x86_64-unknown-linux-gnu/lib/rustlib/x86_64-unknown-linux-gnu/lib/libpanic_unwind-785e3cb61c4b1960.rlib" "/opt/rustwide/rustup-home/toolchains/1.54.0-x86_64-unknown-linux-gnu/lib/rustlib/x86_64-unknown-linux-gnu/lib/libminiz_oxide-087191a88bdaa22d.rlib" "/opt/rustwide/rustup-home/toolchains/1.54.0-x86_64-unknown-linux-gnu/lib/rustlib/x86_64-unknown-linux-gnu/lib/libadler-9981842c02975178.rlib" "/opt/rustwide/rustup-home/toolchains/1.54.0-x86_64-unknown-linux-gnu/lib/rustlib/x86_64-unknown-linux-gnu/lib/libobject-6fb405869b015fde.rlib" "/opt/rustwide/rustup-home/toolchains/1.54.0-x86_64-unknown-linux-gnu/lib/rustlib/x86_64-unknown-linux-gnu/lib/libaddr2line-d05c5c3c56004b7b.rlib" "/opt/rustwide/rustup-home/toolchains/1.54.0-x86_64-unknown-linux-gnu/lib/rustlib/x86_64-unknown-linux-gnu/lib/libgimli-42d74d2097528b38.rlib" "/opt/rustwide/rustup-home/toolchains/1.54.0-x86_64-unknown-linux-gnu/lib/rustlib/x86_64-unknown-linux-gnu/lib/libstd_detect-fb36534c113d2209.rlib" "/opt/rustwide/rustup-home/toolchains/1.54.0-x86_64-unknown-linux-gnu/lib/rustlib/x86_64-unknown-linux-gnu/lib/librustc_demangle-b56b9042c12b6535.rlib" "/opt/rustwide/rustup-home/toolchains/1.54.0-x86_64-unknown-linux-gnu/lib/rustlib/x86_64-unknown-linux-gnu/lib/libhashbrown-491902d6cb3e76df.rlib" "/opt/rustwide/rustup-home/toolchains/1.54.0-x86_64-unknown-linux-gnu/lib/rustlib/x86_64-unknown-linux-gnu/lib/librustc_std_workspace_alloc-61834e0981b8c367.rlib" "/opt/rustwide/rustup-home/toolchains/1.54.0-x86_64-unknown-linux-gnu/lib/rustlib/x86_64-unknown-linux-gnu/lib/libunwind-f78aa99d613a55bc.rlib" "/opt/rustwide/rustup-home/toolchains/1.54.0-x86_64-unknown-linux-gnu/lib/rustlib/x86_64-unknown-linux-gnu/lib/libcfg_if-53ee54cd7fed2c57.rlib" "/opt/rustwide/rustup-home/toolchains/1.54.0-x86_64-unknown-linux-gnu/lib/rustlib/x86_64-unknown-linux-gnu/lib/liblibc-544ecdbd6cda3c58.rlib" "/opt/rustwide/rustup-home/toolchains/1.54.0-x86_64-unknown-linux-gnu/lib/rustlib/x86_64-unknown-linux-gnu/lib/liballoc-379cc252b6943a79.rlib" "/opt/rustwide/rustup-home/toolchains/1.54.0-x86_64-unknown-linux-gnu/lib/rustlib/x86_64-unknown-linux-gnu/lib/librustc_std_workspace_core-8063eea38dcc5e62.rlib" "/opt/rustwide/rustup-home/toolchains/1.54.0-x86_64-unknown-linux-gnu/lib/rustlib/x86_64-unknown-linux-gnu/lib/libcore-5b228734afae15ee.rlib" "-Wl,--end-group" "/opt/rustwide/rustup-home/toolchains/1.54.0-x86_64-unknown-linux-gnu/lib/rustlib/x86_64-unknown-linux-gnu/lib/libcompiler_builtins-d6c7a399d95d173f.rlib" "-Wl,-Bdynamic" "-lgcc_s" "-lutil" "-lrt" "-lpthread" "-lm" "-ldl" "-lc" "-Wl,--eh-frame-hdr" "-Wl,-znoexecstack" "-L" "/opt/rustwide/rustup-home/toolchains/1.54.0-x86_64-unknown-linux-gnu/lib/rustlib/x86_64-unknown-linux-gnu/lib" "-o" "/tmp/rustdoctestrQKWDK/rust_out" "-Wl,--gc-sections" "-pie" "-Wl,-zrelro" "-Wl,-znow" "-nodefaultlibs"
[INFO] [stdout]   = note: collect2: fatal error: ld terminated with signal 9 [Killed]
[INFO] [stdout]           compilation terminated.
[INFO] [stdout]           
[INFO] [stdout] 
[INFO] [stdout] error: aborting due to previous error; 1 warning emitted
[INFO] [stdout] 
[INFO] [stdout] Couldn't compile the test.
[INFO] [stdout] ---- src/send_grid/message_builder.rs - send_grid::message_builder::MessageBuilder::global_custom_arg (line 828) stdout ----
[INFO] [stdout] error: linking with `cc` failed: exit status: 1
[INFO] [stdout]   |
[INFO] [stdout]   = note: "cc" "-m64" "/tmp/rustdoctestfGGWAf/rust_out.rust_out.7rcbfp3g-cgu.0.rcgu.o" "/tmp/rustdoctestfGGWAf/rust_out.33dyzt1ekirinwy8.rcgu.o" "-Wl,--as-needed" "-L" "/opt/rustwide/target/debug/deps" "-L" "/opt/rustwide/target/debug/deps" "-L" "/opt/rustwide/rustup-home/toolchains/1.54.0-x86_64-unknown-linux-gnu/lib/rustlib/x86_64-unknown-linux-gnu/lib" "-Wl,-Bstatic" "/opt/rustwide/target/debug/deps/libazure_functions-117bcfe70f194762.rlib" "/opt/rustwide/target/debug/deps/libctrlc-e078d49abe6432a0.rlib" "/opt/rustwide/target/debug/deps/libnix-c0954442ad574d49.rlib" "/opt/rustwide/target/debug/deps/libuuid-1b7e007f7f2a8d81.rlib" "/opt/rustwide/target/debug/deps/libsha1-2489abe97bc3c064.rlib" "/opt/rustwide/target/debug/deps/libazure_functions_durable-dd65f0fc7ae50391.rlib" "/opt/rustwide/target/debug/deps/liburl-47aefb44fed5dea9.rlib" "/opt/rustwide/target/debug/deps/libidna-a8692bb1b8c0f011.rlib" "/opt/rustwide/target/debug/deps/libunicode_normalization-f88ccced2be4bc93.rlib" "/opt/rustwide/target/debug/deps/libtinyvec-b0b99c866aca13aa.rlib" "/opt/rustwide/target/debug/deps/libtinyvec_macros-f6b5563d3767ea26.rlib" "/opt/rustwide/target/debug/deps/libunicode_bidi-cd5d16f1476c6336.rlib" "/opt/rustwide/target/debug/deps/libmatches-5bfcef5685786a07.rlib" "/opt/rustwide/target/debug/deps/libfutures-6ce89f77f8e0431a.rlib" "/opt/rustwide/target/debug/deps/libfutures_executor-b1637183bcd089b6.rlib" "/opt/rustwide/target/debug/deps/libchrono-e34c7d1c4e8b7d90.rlib" "/opt/rustwide/target/debug/deps/libnum_integer-016eaeb10a6f0eb9.rlib" "/opt/rustwide/target/debug/deps/libnum_traits-3ea67f5534c2ade7.rlib" "/opt/rustwide/target/debug/deps/libsemver-358cab7876164114.rlib" "/opt/rustwide/target/debug/deps/libsemver_parser-24fc5579b2134304.rlib" "/opt/rustwide/target/debug/deps/libxml-f6b70626f5450f40.rlib" "/opt/rustwide/target/debug/deps/libtempfile-96d489c5965ad6c4.rlib" "/opt/rustwide/target/debug/deps/librand-b0881951abef6188.rlib" "/opt/rustwide/target/debug/deps/librand_chacha-9f79423322a69191.rlib" "/opt/rustwide/target/debug/deps/libppv_lite86-545d86392ea1d8e4.rlib" "/opt/rustwide/target/debug/deps/librand_core-7d618500384b9969.rlib" "/opt/rustwide/target/debug/deps/libgetrandom-fb20edfc0c7fade7.rlib" "/opt/rustwide/target/debug/deps/libremove_dir_all-80ef6726c25ad48c.rlib" "/opt/rustwide/target/debug/deps/libserde_json-83a4a0038f10f81b.rlib" "/opt/rustwide/target/debug/deps/libryu-059aa1fbb24cd15e.rlib" "/opt/rustwide/target/debug/deps/libclap-5493365076b9f96e.rlib" "/opt/rustwide/target/debug/deps/libvec_map-07385fbe5fb99a77.rlib" "/opt/rustwide/target/debug/deps/libtextwrap-3bb22fb43a400e8d.rlib" "/opt/rustwide/target/debug/deps/libunicode_width-5cf7ed896e8bb5a9.rlib" "/opt/rustwide/target/debug/deps/libstrsim-b10957d572414a9c.rlib" "/opt/rustwide/target/debug/deps/libbitflags-f89ae4b715176e2d.rlib" "/opt/rustwide/target/debug/deps/libatty-532703fe65626085.rlib" "/opt/rustwide/target/debug/deps/libansi_term-e2a35aae900e64a8.rlib" "/opt/rustwide/target/debug/deps/libbacktrace-3f117dbbc08b7256.rlib" "/opt/rustwide/target/debug/deps/libminiz_oxide-6d1f5d22fe94ee7f.rlib" "/opt/rustwide/target/debug/deps/libadler-21b6e26b0dda2395.rlib" "/opt/rustwide/target/debug/deps/libobject-027d94000fbfc693.rlib" "/opt/rustwide/target/debug/deps/libaddr2line-a0888bec23d11c8b.rlib" "/opt/rustwide/target/debug/deps/libgimli-bbd8ab25c1d8d237.rlib" "/opt/rustwide/target/debug/deps/librustc_demangle-aabcf204434227f1.rlib" "/opt/rustwide/target/debug/deps/libazure_functions_shared-149e2d4892b50c95.rlib" "/opt/rustwide/target/debug/deps/libprost_types-226346037006c1a8.rlib" "/opt/rustwide/target/debug/deps/libtonic-32099340271468ef.rlib" "/opt/rustwide/target/debug/deps/libbase64-f88f2e0650c11f5d.rlib" "/opt/rustwide/target/debug/deps/libasync_stream-5ffc5267cdf1b0b8.rlib" "/opt/rustwide/target/debug/deps/libpercent_encoding-94f4b792093520e3.rlib" "/opt/rustwide/target/debug/deps/libhyper-24402bd904af48b0.rlib" "/opt/rustwide/target/debug/deps/libtokio-269295fcb43388f6.rlib" "/opt/rustwide/target/debug/deps/libtokio_fs-925261e51998a02b.rlib" "/opt/rustwide/target/debug/deps/libhttparse-1c870db38feb2e5b.rlib" "/opt/rustwide/target/debug/deps/libwant-8923efe3d72ddbe3.rlib" "/opt/rustwide/target/debug/deps/libtry_lock-a39996d6fbbee158.rlib" "/opt/rustwide/target/debug/deps/libh2-fb94b86b69acb761.rlib" "/opt/rustwide/target/debug/deps/libstring-64737b7e60695c64.rlib" "/opt/rustwide/target/debug/deps/libtime-cdbbd15f3eb2c44a.rlib" "/opt/rustwide/target/debug/deps/libtokio_net-946c371a86c73df2.rlib" "/opt/rustwide/target/debug/deps/libmio_uds-38ca3ba9f06e233e.rlib" "/opt/rustwide/target/debug/deps/libparking_lot-f91657ee58b7c6e5.rlib" "/opt/rustwide/target/debug/deps/libparking_lot_core-de5e6b4b636fcd4f.rlib" "/opt/rustwide/target/debug/deps/libsmallvec-c92cc3a0e61359a8.rlib" "/opt/rustwide/target/debug/deps/liblock_api-dc263642307a5f06.rlib" "/opt/rustwide/target/debug/deps/libmio-e68f0477b5fd8efb.rlib" "/opt/rustwide/target/debug/deps/libnet2-42d3f6236d073c48.rlib" "/opt/rustwide/target/debug/deps/libtower_balance-a06ff4a625742118.rlib" "/opt/rustwide/target/debug/deps/libtower_make-4f6ba8aa3c91114d.rlib" "/opt/rustwide/target/debug/deps/libtower_load-46f3322c6810cb65.rlib" "/opt/rustwide/target/debug/deps/libindexmap-d8d3c76f0f3a39a5.rlib" "/opt/rustwide/target/debug/deps/libhashbrown-8c5395ff9e9a0462.rlib" "/opt/rustwide/target/debug/deps/librand-1afce4c91952e4da.rlib" "/opt/rustwide/target/debug/deps/librand_xorshift-1b1159265b7ea552.rlib" "/opt/rustwide/target/debug/deps/librand_pcg-17ff6a566d93295e.rlib" "/opt/rustwide/target/debug/deps/librand_hc-7f6d4d4fbf0f1f03.rlib" "/opt/rustwide/target/debug/deps/librand_chacha-1c46fb839c131f1e.rlib" "/opt/rustwide/target/debug/deps/librand_isaac-e7e43fc1773729b6.rlib" "/opt/rustwide/target/debug/deps/librand_core-46bc130fb04fd44b.rlib" "/opt/rustwide/target/debug/deps/librand_os-715afad74cec881a.rlib" "/opt/rustwide/target/debug/deps/librand_jitter-d8ba8cbd680b44c7.rlib" "/opt/rustwide/target/debug/deps/librand_core-8195e4f9653f651a.rlib" "/opt/rustwide/target/debug/deps/libtower-b090256262891a24.rlib" "/opt/rustwide/target/debug/deps/libtower_util-817661978f767cf4.rlib" "/opt/rustwide/target/debug/deps/libtower_timeout-3da011714630594e.rlib" "/opt/rustwide/target/debug/deps/libtower_retry-1898e6db0c47c3eb.rlib" "/opt/rustwide/target/debug/deps/libtower_load_shed-cc0038017332d606.rlib" "/opt/rustwide/target/debug/deps/libtower_limit-2adeadebc18ff1f8.rlib" "/opt/rustwide/target/debug/deps/libtokio_timer-3ec4ca9f0d013268.rlib" "/opt/rustwide/target/debug/deps/libtower_discover-f37abc3dcf659d83.rlib" "/opt/rustwide/target/debug/deps/libtower_buffer-4b65f7c3446fe9b3.rlib" "/opt/rustwide/target/debug/deps/libtower_layer-248efc8857217a62.rlib" "/opt/rustwide/target/debug/deps/libtokio_executor-1d8891a6f8edf443.rlib" "/opt/rustwide/target/debug/deps/libcrossbeam_channel-9aef2b18605ecaf0.rlib" "/opt/rustwide/target/debug/deps/libcrossbeam_queue-4888f2944553d22c.rlib" "/opt/rustwide/target/debug/deps/libnum_cpus-ce4291c0249d2ac1.rlib" "/opt/rustwide/target/debug/deps/libcrossbeam_deque-e5c28247c8a75fb5.rlib" "/opt/rustwide/target/debug/deps/libcrossbeam_epoch-d36f68b0022dcdcc.rlib" "/opt/rustwide/target/debug/deps/libscopeguard-7a1710762e6687e9.rlib" "/opt/rustwide/target/debug/deps/libmemoffset-2824ef9595d5db8e.rlib" "/opt/rustwide/target/debug/deps/libcrossbeam_utils-b76e7ff1d6357fef.rlib" "/opt/rustwide/target/debug/deps/libmaybe_uninit-17ac005437abed86.rlib" "/opt/rustwide/target/debug/deps/libcrossbeam_utils-adf7a4f7c988d894.rlib" "/opt/rustwide/target/debug/deps/libcfg_if-e7a28af79b261e75.rlib" "/opt/rustwide/target/debug/deps/libtokio_sync-9b34de62a249dc2a.rlib" "/opt/rustwide/target/debug/deps/libprost-3778bc497ddba722.rlib" "/opt/rustwide/target/debug/deps/libtokio_codec-783392b36868d502.rlib" "/opt/rustwide/target/debug/deps/libtokio_io-10fe4c30612a21aa.rlib" "/opt/rustwide/target/debug/deps/libpin_project-508d323ff2953159.rlib" "/opt/rustwide/target/debug/deps/libtracing-06afd48f804213fd.rlib" "/opt/rustwide/target/debug/deps/libpin_project_lite-ed06e07546a7102f.rlib" "/opt/rustwide/target/debug/deps/libtracing_core-78cfdba0c03c5b75.rlib" "/opt/rustwide/target/debug/deps/liblog-c7a6438e9780af3a.rlib" "/opt/rustwide/target/debug/deps/libcfg_if-38c8a3e888ecb06a.rlib" "/opt/rustwide/target/debug/deps/libtower_service-8060212ab0600834.rlib" "/opt/rustwide/target/debug/deps/libfutures_util-d0eb0f9abb0baf6d.rlib" "/opt/rustwide/target/debug/deps/libmemchr-1f0d97dc9aa3dd56.rlib" "/opt/rustwide/target/debug/deps/libslab-f0931e7482d64922.rlib" "/opt/rustwide/target/debug/deps/libfutures_channel-204e3a9970f2c143.rlib" "/opt/rustwide/target/debug/deps/libfutures_io-043827b7ca193b71.rlib" "/opt/rustwide/target/debug/deps/libfutures_sink-c3153eb2b47fcdc3.rlib" "/opt/rustwide/target/debug/deps/libpin_utils-576e633f12357c97.rlib" "/opt/rustwide/target/debug/deps/libfutures_core-87d67524fa56d6c2.rlib" "/opt/rustwide/target/debug/deps/libhttp_body-286e5cfbc10e1a8d.rlib" "/opt/rustwide/target/debug/deps/libhttp-98065f66b9fb458a.rlib" "/opt/rustwide/target/debug/deps/libitoa-9ccdb0b3e3d11258.rlib" "/opt/rustwide/target/debug/deps/libfnv-56e05e18a5751d51.rlib" "/opt/rustwide/target/debug/deps/libbytes-b30f9d021a5b7e2e.rlib" "/opt/rustwide/target/debug/deps/libiovec-7d567bee8dab5f27.rlib" "/opt/rustwide/target/debug/deps/liblibc-01feaa3f8fb69fd7.rlib" "/opt/rustwide/target/debug/deps/libbyteorder-0c03c404070d92e6.rlib" "/opt/rustwide/target/debug/deps/liblazy_static-5c53d641eb010a81.rlib" "/opt/rustwide/target/debug/deps/libsyn-b1e2911c0722b208.rlib" "/opt/rustwide/target/debug/deps/libserde-c39ce3e6ac5d8adf.rlib" "/opt/rustwide/target/debug/deps/libquote-8388bbcd500a3679.rlib" "/opt/rustwide/target/debug/deps/libproc_macro2-4ad853a01b52ac03.rlib" "/opt/rustwide/target/debug/deps/libunicode_xid-521ae656dc054791.rlib" "/opt/rustwide/rustup-home/toolchains/1.54.0-x86_64-unknown-linux-gnu/lib/rustlib/x86_64-unknown-linux-gnu/lib/libproc_macro-48a8f96062ed4274.rlib" "-Wl,--start-group" "/opt/rustwide/rustup-home/toolchains/1.54.0-x86_64-unknown-linux-gnu/lib/rustlib/x86_64-unknown-linux-gnu/lib/libstd-2420485b9e5ef5e1.rlib" "/opt/rustwide/rustup-home/toolchains/1.54.0-x86_64-unknown-linux-gnu/lib/rustlib/x86_64-unknown-linux-gnu/lib/libpanic_unwind-785e3cb61c4b1960.rlib" "/opt/rustwide/rustup-home/toolchains/1.54.0-x86_64-unknown-linux-gnu/lib/rustlib/x86_64-unknown-linux-gnu/lib/libminiz_oxide-087191a88bdaa22d.rlib" "/opt/rustwide/rustup-home/toolchains/1.54.0-x86_64-unknown-linux-gnu/lib/rustlib/x86_64-unknown-linux-gnu/lib/libadler-9981842c02975178.rlib" "/opt/rustwide/rustup-home/toolchains/1.54.0-x86_64-unknown-linux-gnu/lib/rustlib/x86_64-unknown-linux-gnu/lib/libobject-6fb405869b015fde.rlib" "/opt/rustwide/rustup-home/toolchains/1.54.0-x86_64-unknown-linux-gnu/lib/rustlib/x86_64-unknown-linux-gnu/lib/libaddr2line-d05c5c3c56004b7b.rlib" "/opt/rustwide/rustup-home/toolchains/1.54.0-x86_64-unknown-linux-gnu/lib/rustlib/x86_64-unknown-linux-gnu/lib/libgimli-42d74d2097528b38.rlib" "/opt/rustwide/rustup-home/toolchains/1.54.0-x86_64-unknown-linux-gnu/lib/rustlib/x86_64-unknown-linux-gnu/lib/libstd_detect-fb36534c113d2209.rlib" "/opt/rustwide/rustup-home/toolchains/1.54.0-x86_64-unknown-linux-gnu/lib/rustlib/x86_64-unknown-linux-gnu/lib/librustc_demangle-b56b9042c12b6535.rlib" "/opt/rustwide/rustup-home/toolchains/1.54.0-x86_64-unknown-linux-gnu/lib/rustlib/x86_64-unknown-linux-gnu/lib/libhashbrown-491902d6cb3e76df.rlib" "/opt/rustwide/rustup-home/toolchains/1.54.0-x86_64-unknown-linux-gnu/lib/rustlib/x86_64-unknown-linux-gnu/lib/librustc_std_workspace_alloc-61834e0981b8c367.rlib" "/opt/rustwide/rustup-home/toolchains/1.54.0-x86_64-unknown-linux-gnu/lib/rustlib/x86_64-unknown-linux-gnu/lib/libunwind-f78aa99d613a55bc.rlib" "/opt/rustwide/rustup-home/toolchains/1.54.0-x86_64-unknown-linux-gnu/lib/rustlib/x86_64-unknown-linux-gnu/lib/libcfg_if-53ee54cd7fed2c57.rlib" "/opt/rustwide/rustup-home/toolchains/1.54.0-x86_64-unknown-linux-gnu/lib/rustlib/x86_64-unknown-linux-gnu/lib/liblibc-544ecdbd6cda3c58.rlib" "/opt/rustwide/rustup-home/toolchains/1.54.0-x86_64-unknown-linux-gnu/lib/rustlib/x86_64-unknown-linux-gnu/lib/liballoc-379cc252b6943a79.rlib" "/opt/rustwide/rustup-home/toolchains/1.54.0-x86_64-unknown-linux-gnu/lib/rustlib/x86_64-unknown-linux-gnu/lib/librustc_std_workspace_core-8063eea38dcc5e62.rlib" "/opt/rustwide/rustup-home/toolchains/1.54.0-x86_64-unknown-linux-gnu/lib/rustlib/x86_64-unknown-linux-gnu/lib/libcore-5b228734afae15ee.rlib" "-Wl,--end-group" "/opt/rustwide/rustup-home/toolchains/1.54.0-x86_64-unknown-linux-gnu/lib/rustlib/x86_64-unknown-linux-gnu/lib/libcompiler_builtins-d6c7a399d95d173f.rlib" "-Wl,-Bdynamic" "-lgcc_s" "-lutil" "-lrt" "-lpthread" "-lm" "-ldl" "-lc" "-Wl,--eh-frame-hdr" "-Wl,-znoexecstack" "-L" "/opt/rustwide/rustup-home/toolchains/1.54.0-x86_64-unknown-linux-gnu/lib/rustlib/x86_64-unknown-linux-gnu/lib" "-o" "/tmp/rustdoctestfGGWAf/rust_out" "-Wl,--gc-sections" "-pie" "-Wl,-zrelro" "-Wl,-znow" "-nodefaultlibs"
[INFO] [stdout]   = note: collect2: fatal error: ld terminated with signal 9 [Killed]
[INFO] [stdout]           compilation terminated.
[INFO] [stdout]           
[INFO] [stdout] 
[INFO] [stdout] error: aborting due to previous error
[INFO] [stdout] 
[INFO] [stdout] Couldn't compile the test.
[INFO] [stdout] ---- src/bindings/http_response.rs - bindings::http_response::HttpResponse (line 46) stdout ----
[INFO] [stdout] warning: panic message is not a string literal
[INFO] [stdout]  --> src/bindings/http_response.rs:50:1
[INFO] [stdout]   |
[INFO] [stdout] 7 | #[func]
[INFO] [stdout]   | ^^^^^^^
[INFO] [stdout]   |
[INFO] [stdout]   = note: `#[warn(non_fmt_panic)]` on by default
[INFO] [stdout]   = note: this is no longer accepted in Rust 2021
[INFO] [stdout]   = note: the panic!() macro supports formatting, so there's no need for the format!() macro here
[INFO] [stdout]   = note: this warning originates in the attribute macro `func` (in Nightly builds, run with -Z macro-backtrace for more info)
[INFO] [stdout] 
[INFO] [stdout] error: linking with `cc` failed: exit status: 1
[INFO] [stdout]   |
[INFO] [stdout]   = note: "cc" "-m64" "/tmp/rustdoctestqUbVw1/rust_out.rust_out.7rcbfp3g-cgu.0.rcgu.o" "/tmp/rustdoctestqUbVw1/rust_out.33dyzt1ekirinwy8.rcgu.o" "-Wl,--as-needed" "-L" "/opt/rustwide/target/debug/deps" "-L" "/opt/rustwide/target/debug/deps" "-L" "/opt/rustwide/rustup-home/toolchains/1.54.0-x86_64-unknown-linux-gnu/lib/rustlib/x86_64-unknown-linux-gnu/lib" "-Wl,-Bstatic" "/opt/rustwide/target/debug/deps/libazure_functions-117bcfe70f194762.rlib" "/opt/rustwide/target/debug/deps/libctrlc-e078d49abe6432a0.rlib" "/opt/rustwide/target/debug/deps/libnix-c0954442ad574d49.rlib" "/opt/rustwide/target/debug/deps/libuuid-1b7e007f7f2a8d81.rlib" "/opt/rustwide/target/debug/deps/libsha1-2489abe97bc3c064.rlib" "/opt/rustwide/target/debug/deps/libazure_functions_durable-dd65f0fc7ae50391.rlib" "/opt/rustwide/target/debug/deps/liburl-47aefb44fed5dea9.rlib" "/opt/rustwide/target/debug/deps/libidna-a8692bb1b8c0f011.rlib" "/opt/rustwide/target/debug/deps/libunicode_normalization-f88ccced2be4bc93.rlib" "/opt/rustwide/target/debug/deps/libtinyvec-b0b99c866aca13aa.rlib" "/opt/rustwide/target/debug/deps/libtinyvec_macros-f6b5563d3767ea26.rlib" "/opt/rustwide/target/debug/deps/libunicode_bidi-cd5d16f1476c6336.rlib" "/opt/rustwide/target/debug/deps/libmatches-5bfcef5685786a07.rlib" "/opt/rustwide/target/debug/deps/libfutures-6ce89f77f8e0431a.rlib" "/opt/rustwide/target/debug/deps/libfutures_executor-b1637183bcd089b6.rlib" "/opt/rustwide/target/debug/deps/libchrono-e34c7d1c4e8b7d90.rlib" "/opt/rustwide/target/debug/deps/libnum_integer-016eaeb10a6f0eb9.rlib" "/opt/rustwide/target/debug/deps/libnum_traits-3ea67f5534c2ade7.rlib" "/opt/rustwide/target/debug/deps/libsemver-358cab7876164114.rlib" "/opt/rustwide/target/debug/deps/libsemver_parser-24fc5579b2134304.rlib" "/opt/rustwide/target/debug/deps/libxml-f6b70626f5450f40.rlib" "/opt/rustwide/target/debug/deps/libtempfile-96d489c5965ad6c4.rlib" "/opt/rustwide/target/debug/deps/librand-b0881951abef6188.rlib" "/opt/rustwide/target/debug/deps/librand_chacha-9f79423322a69191.rlib" "/opt/rustwide/target/debug/deps/libppv_lite86-545d86392ea1d8e4.rlib" "/opt/rustwide/target/debug/deps/librand_core-7d618500384b9969.rlib" "/opt/rustwide/target/debug/deps/libgetrandom-fb20edfc0c7fade7.rlib" "/opt/rustwide/target/debug/deps/libremove_dir_all-80ef6726c25ad48c.rlib" "/opt/rustwide/target/debug/deps/libserde_json-83a4a0038f10f81b.rlib" "/opt/rustwide/target/debug/deps/libryu-059aa1fbb24cd15e.rlib" "/opt/rustwide/target/debug/deps/libclap-5493365076b9f96e.rlib" "/opt/rustwide/target/debug/deps/libvec_map-07385fbe5fb99a77.rlib" "/opt/rustwide/target/debug/deps/libtextwrap-3bb22fb43a400e8d.rlib" "/opt/rustwide/target/debug/deps/libunicode_width-5cf7ed896e8bb5a9.rlib" "/opt/rustwide/target/debug/deps/libstrsim-b10957d572414a9c.rlib" "/opt/rustwide/target/debug/deps/libbitflags-f89ae4b715176e2d.rlib" "/opt/rustwide/target/debug/deps/libatty-532703fe65626085.rlib" "/opt/rustwide/target/debug/deps/libansi_term-e2a35aae900e64a8.rlib" "/opt/rustwide/target/debug/deps/libbacktrace-3f117dbbc08b7256.rlib" "/opt/rustwide/target/debug/deps/libminiz_oxide-6d1f5d22fe94ee7f.rlib" "/opt/rustwide/target/debug/deps/libadler-21b6e26b0dda2395.rlib" "/opt/rustwide/target/debug/deps/libobject-027d94000fbfc693.rlib" "/opt/rustwide/target/debug/deps/libaddr2line-a0888bec23d11c8b.rlib" "/opt/rustwide/target/debug/deps/libgimli-bbd8ab25c1d8d237.rlib" "/opt/rustwide/target/debug/deps/librustc_demangle-aabcf204434227f1.rlib" "/opt/rustwide/target/debug/deps/libazure_functions_shared-149e2d4892b50c95.rlib" "/opt/rustwide/target/debug/deps/libprost_types-226346037006c1a8.rlib" "/opt/rustwide/target/debug/deps/libtonic-32099340271468ef.rlib" "/opt/rustwide/target/debug/deps/libbase64-f88f2e0650c11f5d.rlib" "/opt/rustwide/target/debug/deps/libasync_stream-5ffc5267cdf1b0b8.rlib" "/opt/rustwide/target/debug/deps/libpercent_encoding-94f4b792093520e3.rlib" "/opt/rustwide/target/debug/deps/libhyper-24402bd904af48b0.rlib" "/opt/rustwide/target/debug/deps/libtokio-269295fcb43388f6.rlib" "/opt/rustwide/target/debug/deps/libtokio_fs-925261e51998a02b.rlib" "/opt/rustwide/target/debug/deps/libhttparse-1c870db38feb2e5b.rlib" "/opt/rustwide/target/debug/deps/libwant-8923efe3d72ddbe3.rlib" "/opt/rustwide/target/debug/deps/libtry_lock-a39996d6fbbee158.rlib" "/opt/rustwide/target/debug/deps/libh2-fb94b86b69acb761.rlib" "/opt/rustwide/target/debug/deps/libstring-64737b7e60695c64.rlib" "/opt/rustwide/target/debug/deps/libtime-cdbbd15f3eb2c44a.rlib" "/opt/rustwide/target/debug/deps/libtokio_net-946c371a86c73df2.rlib" "/opt/rustwide/target/debug/deps/libmio_uds-38ca3ba9f06e233e.rlib" "/opt/rustwide/target/debug/deps/libparking_lot-f91657ee58b7c6e5.rlib" "/opt/rustwide/target/debug/deps/libparking_lot_core-de5e6b4b636fcd4f.rlib" "/opt/rustwide/target/debug/deps/libsmallvec-c92cc3a0e61359a8.rlib" "/opt/rustwide/target/debug/deps/liblock_api-dc263642307a5f06.rlib" "/opt/rustwide/target/debug/deps/libmio-e68f0477b5fd8efb.rlib" "/opt/rustwide/target/debug/deps/libnet2-42d3f6236d073c48.rlib" "/opt/rustwide/target/debug/deps/libtower_balance-a06ff4a625742118.rlib" "/opt/rustwide/target/debug/deps/libtower_make-4f6ba8aa3c91114d.rlib" "/opt/rustwide/target/debug/deps/libtower_load-46f3322c6810cb65.rlib" "/opt/rustwide/target/debug/deps/libindexmap-d8d3c76f0f3a39a5.rlib" "/opt/rustwide/target/debug/deps/libhashbrown-8c5395ff9e9a0462.rlib" "/opt/rustwide/target/debug/deps/librand-1afce4c91952e4da.rlib" "/opt/rustwide/target/debug/deps/librand_xorshift-1b1159265b7ea552.rlib" "/opt/rustwide/target/debug/deps/librand_pcg-17ff6a566d93295e.rlib" "/opt/rustwide/target/debug/deps/librand_hc-7f6d4d4fbf0f1f03.rlib" "/opt/rustwide/target/debug/deps/librand_chacha-1c46fb839c131f1e.rlib" "/opt/rustwide/target/debug/deps/librand_isaac-e7e43fc1773729b6.rlib" "/opt/rustwide/target/debug/deps/librand_core-46bc130fb04fd44b.rlib" "/opt/rustwide/target/debug/deps/librand_os-715afad74cec881a.rlib" "/opt/rustwide/target/debug/deps/librand_jitter-d8ba8cbd680b44c7.rlib" "/opt/rustwide/target/debug/deps/librand_core-8195e4f9653f651a.rlib" "/opt/rustwide/target/debug/deps/libtower-b090256262891a24.rlib" "/opt/rustwide/target/debug/deps/libtower_util-817661978f767cf4.rlib" "/opt/rustwide/target/debug/deps/libtower_timeout-3da011714630594e.rlib" "/opt/rustwide/target/debug/deps/libtower_retry-1898e6db0c47c3eb.rlib" "/opt/rustwide/target/debug/deps/libtower_load_shed-cc0038017332d606.rlib" "/opt/rustwide/target/debug/deps/libtower_limit-2adeadebc18ff1f8.rlib" "/opt/rustwide/target/debug/deps/libtokio_timer-3ec4ca9f0d013268.rlib" "/opt/rustwide/target/debug/deps/libtower_discover-f37abc3dcf659d83.rlib" "/opt/rustwide/target/debug/deps/libtower_buffer-4b65f7c3446fe9b3.rlib" "/opt/rustwide/target/debug/deps/libtower_layer-248efc8857217a62.rlib" "/opt/rustwide/target/debug/deps/libtokio_executor-1d8891a6f8edf443.rlib" "/opt/rustwide/target/debug/deps/libcrossbeam_channel-9aef2b18605ecaf0.rlib" "/opt/rustwide/target/debug/deps/libcrossbeam_queue-4888f2944553d22c.rlib" "/opt/rustwide/target/debug/deps/libnum_cpus-ce4291c0249d2ac1.rlib" "/opt/rustwide/target/debug/deps/libcrossbeam_deque-e5c28247c8a75fb5.rlib" "/opt/rustwide/target/debug/deps/libcrossbeam_epoch-d36f68b0022dcdcc.rlib" "/opt/rustwide/target/debug/deps/libscopeguard-7a1710762e6687e9.rlib" "/opt/rustwide/target/debug/deps/libmemoffset-2824ef9595d5db8e.rlib" "/opt/rustwide/target/debug/deps/libcrossbeam_utils-b76e7ff1d6357fef.rlib" "/opt/rustwide/target/debug/deps/libmaybe_uninit-17ac005437abed86.rlib" "/opt/rustwide/target/debug/deps/libcrossbeam_utils-adf7a4f7c988d894.rlib" "/opt/rustwide/target/debug/deps/libcfg_if-e7a28af79b261e75.rlib" "/opt/rustwide/target/debug/deps/libtokio_sync-9b34de62a249dc2a.rlib" "/opt/rustwide/target/debug/deps/libprost-3778bc497ddba722.rlib" "/opt/rustwide/target/debug/deps/libtokio_codec-783392b36868d502.rlib" "/opt/rustwide/target/debug/deps/libtokio_io-10fe4c30612a21aa.rlib" "/opt/rustwide/target/debug/deps/libpin_project-508d323ff2953159.rlib" "/opt/rustwide/target/debug/deps/libtracing-06afd48f804213fd.rlib" "/opt/rustwide/target/debug/deps/libpin_project_lite-ed06e07546a7102f.rlib" "/opt/rustwide/target/debug/deps/libtracing_core-78cfdba0c03c5b75.rlib" "/opt/rustwide/target/debug/deps/liblog-c7a6438e9780af3a.rlib" "/opt/rustwide/target/debug/deps/libcfg_if-38c8a3e888ecb06a.rlib" "/opt/rustwide/target/debug/deps/libtower_service-8060212ab0600834.rlib" "/opt/rustwide/target/debug/deps/libfutures_util-d0eb0f9abb0baf6d.rlib" "/opt/rustwide/target/debug/deps/libmemchr-1f0d97dc9aa3dd56.rlib" "/opt/rustwide/target/debug/deps/libslab-f0931e7482d64922.rlib" "/opt/rustwide/target/debug/deps/libfutures_channel-204e3a9970f2c143.rlib" "/opt/rustwide/target/debug/deps/libfutures_io-043827b7ca193b71.rlib" "/opt/rustwide/target/debug/deps/libfutures_sink-c3153eb2b47fcdc3.rlib" "/opt/rustwide/target/debug/deps/libpin_utils-576e633f12357c97.rlib" "/opt/rustwide/target/debug/deps/libfutures_core-87d67524fa56d6c2.rlib" "/opt/rustwide/target/debug/deps/libhttp_body-286e5cfbc10e1a8d.rlib" "/opt/rustwide/target/debug/deps/libhttp-98065f66b9fb458a.rlib" "/opt/rustwide/target/debug/deps/libitoa-9ccdb0b3e3d11258.rlib" "/opt/rustwide/target/debug/deps/libfnv-56e05e18a5751d51.rlib" "/opt/rustwide/target/debug/deps/libbytes-b30f9d021a5b7e2e.rlib" "/opt/rustwide/target/debug/deps/libiovec-7d567bee8dab5f27.rlib" "/opt/rustwide/target/debug/deps/liblibc-01feaa3f8fb69fd7.rlib" "/opt/rustwide/target/debug/deps/libbyteorder-0c03c404070d92e6.rlib" "/opt/rustwide/target/debug/deps/liblazy_static-5c53d641eb010a81.rlib" "/opt/rustwide/target/debug/deps/libsyn-b1e2911c0722b208.rlib" "/opt/rustwide/target/debug/deps/libserde-c39ce3e6ac5d8adf.rlib" "/opt/rustwide/target/debug/deps/libquote-8388bbcd500a3679.rlib" "/opt/rustwide/target/debug/deps/libproc_macro2-4ad853a01b52ac03.rlib" "/opt/rustwide/target/debug/deps/libunicode_xid-521ae656dc054791.rlib" "/opt/rustwide/rustup-home/toolchains/1.54.0-x86_64-unknown-linux-gnu/lib/rustlib/x86_64-unknown-linux-gnu/lib/libproc_macro-48a8f96062ed4274.rlib" "-Wl,--start-group" "/opt/rustwide/rustup-home/toolchains/1.54.0-x86_64-unknown-linux-gnu/lib/rustlib/x86_64-unknown-linux-gnu/lib/libstd-2420485b9e5ef5e1.rlib" "/opt/rustwide/rustup-home/toolchains/1.54.0-x86_64-unknown-linux-gnu/lib/rustlib/x86_64-unknown-linux-gnu/lib/libpanic_unwind-785e3cb61c4b1960.rlib" "/opt/rustwide/rustup-home/toolchains/1.54.0-x86_64-unknown-linux-gnu/lib/rustlib/x86_64-unknown-linux-gnu/lib/libminiz_oxide-087191a88bdaa22d.rlib" "/opt/rustwide/rustup-home/toolchains/1.54.0-x86_64-unknown-linux-gnu/lib/rustlib/x86_64-unknown-linux-gnu/lib/libadler-9981842c02975178.rlib" "/opt/rustwide/rustup-home/toolchains/1.54.0-x86_64-unknown-linux-gnu/lib/rustlib/x86_64-unknown-linux-gnu/lib/libobject-6fb405869b015fde.rlib" "/opt/rustwide/rustup-home/toolchains/1.54.0-x86_64-unknown-linux-gnu/lib/rustlib/x86_64-unknown-linux-gnu/lib/libaddr2line-d05c5c3c56004b7b.rlib" "/opt/rustwide/rustup-home/toolchains/1.54.0-x86_64-unknown-linux-gnu/lib/rustlib/x86_64-unknown-linux-gnu/lib/libgimli-42d74d2097528b38.rlib" "/opt/rustwide/rustup-home/toolchains/1.54.0-x86_64-unknown-linux-gnu/lib/rustlib/x86_64-unknown-linux-gnu/lib/libstd_detect-fb36534c113d2209.rlib" "/opt/rustwide/rustup-home/toolchains/1.54.0-x86_64-unknown-linux-gnu/lib/rustlib/x86_64-unknown-linux-gnu/lib/librustc_demangle-b56b9042c12b6535.rlib" "/opt/rustwide/rustup-home/toolchains/1.54.0-x86_64-unknown-linux-gnu/lib/rustlib/x86_64-unknown-linux-gnu/lib/libhashbrown-491902d6cb3e76df.rlib" "/opt/rustwide/rustup-home/toolchains/1.54.0-x86_64-unknown-linux-gnu/lib/rustlib/x86_64-unknown-linux-gnu/lib/librustc_std_workspace_alloc-61834e0981b8c367.rlib" "/opt/rustwide/rustup-home/toolchains/1.54.0-x86_64-unknown-linux-gnu/lib/rustlib/x86_64-unknown-linux-gnu/lib/libunwind-f78aa99d613a55bc.rlib" "/opt/rustwide/rustup-home/toolchains/1.54.0-x86_64-unknown-linux-gnu/lib/rustlib/x86_64-unknown-linux-gnu/lib/libcfg_if-53ee54cd7fed2c57.rlib" "/opt/rustwide/rustup-home/toolchains/1.54.0-x86_64-unknown-linux-gnu/lib/rustlib/x86_64-unknown-linux-gnu/lib/liblibc-544ecdbd6cda3c58.rlib" "/opt/rustwide/rustup-home/toolchains/1.54.0-x86_64-unknown-linux-gnu/lib/rustlib/x86_64-unknown-linux-gnu/lib/liballoc-379cc252b6943a79.rlib" "/opt/rustwide/rustup-home/toolchains/1.54.0-x86_64-unknown-linux-gnu/lib/rustlib/x86_64-unknown-linux-gnu/lib/librustc_std_workspace_core-8063eea38dcc5e62.rlib" "/opt/rustwide/rustup-home/toolchains/1.54.0-x86_64-unknown-linux-gnu/lib/rustlib/x86_64-unknown-linux-gnu/lib/libcore-5b228734afae15ee.rlib" "-Wl,--end-group" "/opt/rustwide/rustup-home/toolchains/1.54.0-x86_64-unknown-linux-gnu/lib/rustlib/x86_64-unknown-linux-gnu/lib/libcompiler_builtins-d6c7a399d95d173f.rlib" "-Wl,-Bdynamic" "-lgcc_s" "-lutil" "-lrt" "-lpthread" "-lm" "-ldl" "-lc" "-Wl,--eh-frame-hdr" "-Wl,-znoexecstack" "-L" "/opt/rustwide/rustup-home/toolchains/1.54.0-x86_64-unknown-linux-gnu/lib/rustlib/x86_64-unknown-linux-gnu/lib" "-o" "/tmp/rustdoctestqUbVw1/rust_out" "-Wl,--gc-sections" "-pie" "-Wl,-zrelro" "-Wl,-znow" "-nodefaultlibs"
[INFO] [stdout]   = note: collect2: fatal error: ld terminated with signal 9 [Killed]
[INFO] [stdout]           compilation terminated.
[INFO] [stdout]           
[INFO] [stdout] 
[INFO] [stdout] error: aborting due to previous error; 1 warning emitted
[INFO] [stdout] 
[INFO] [stdout] Couldn't compile the test.
[INFO] [stdout] ---- src/send_grid/message_builder.rs - send_grid::message_builder::MessageBuilder::to (line 21) stdout ----
[INFO] [stdout] error: linking with `cc` failed: exit status: 1
[INFO] [stdout]   |
[INFO] [stdout]   = note: "cc" "-m64" "/tmp/rustdoctestGbjxqN/rust_out.rust_out.7rcbfp3g-cgu.0.rcgu.o" "/tmp/rustdoctestGbjxqN/rust_out.33dyzt1ekirinwy8.rcgu.o" "-Wl,--as-needed" "-L" "/opt/rustwide/target/debug/deps" "-L" "/opt/rustwide/target/debug/deps" "-L" "/opt/rustwide/rustup-home/toolchains/1.54.0-x86_64-unknown-linux-gnu/lib/rustlib/x86_64-unknown-linux-gnu/lib" "-Wl,-Bstatic" "/opt/rustwide/target/debug/deps/libazure_functions-117bcfe70f194762.rlib" "/opt/rustwide/target/debug/deps/libctrlc-e078d49abe6432a0.rlib" "/opt/rustwide/target/debug/deps/libnix-c0954442ad574d49.rlib" "/opt/rustwide/target/debug/deps/libuuid-1b7e007f7f2a8d81.rlib" "/opt/rustwide/target/debug/deps/libsha1-2489abe97bc3c064.rlib" "/opt/rustwide/target/debug/deps/libazure_functions_durable-dd65f0fc7ae50391.rlib" "/opt/rustwide/target/debug/deps/liburl-47aefb44fed5dea9.rlib" "/opt/rustwide/target/debug/deps/libidna-a8692bb1b8c0f011.rlib" "/opt/rustwide/target/debug/deps/libunicode_normalization-f88ccced2be4bc93.rlib" "/opt/rustwide/target/debug/deps/libtinyvec-b0b99c866aca13aa.rlib" "/opt/rustwide/target/debug/deps/libtinyvec_macros-f6b5563d3767ea26.rlib" "/opt/rustwide/target/debug/deps/libunicode_bidi-cd5d16f1476c6336.rlib" "/opt/rustwide/target/debug/deps/libmatches-5bfcef5685786a07.rlib" "/opt/rustwide/target/debug/deps/libfutures-6ce89f77f8e0431a.rlib" "/opt/rustwide/target/debug/deps/libfutures_executor-b1637183bcd089b6.rlib" "/opt/rustwide/target/debug/deps/libchrono-e34c7d1c4e8b7d90.rlib" "/opt/rustwide/target/debug/deps/libnum_integer-016eaeb10a6f0eb9.rlib" "/opt/rustwide/target/debug/deps/libnum_traits-3ea67f5534c2ade7.rlib" "/opt/rustwide/target/debug/deps/libsemver-358cab7876164114.rlib" "/opt/rustwide/target/debug/deps/libsemver_parser-24fc5579b2134304.rlib" "/opt/rustwide/target/debug/deps/libxml-f6b70626f5450f40.rlib" "/opt/rustwide/target/debug/deps/libtempfile-96d489c5965ad6c4.rlib" "/opt/rustwide/target/debug/deps/librand-b0881951abef6188.rlib" "/opt/rustwide/target/debug/deps/librand_chacha-9f79423322a69191.rlib" "/opt/rustwide/target/debug/deps/libppv_lite86-545d86392ea1d8e4.rlib" "/opt/rustwide/target/debug/deps/librand_core-7d618500384b9969.rlib" "/opt/rustwide/target/debug/deps/libgetrandom-fb20edfc0c7fade7.rlib" "/opt/rustwide/target/debug/deps/libremove_dir_all-80ef6726c25ad48c.rlib" "/opt/rustwide/target/debug/deps/libserde_json-83a4a0038f10f81b.rlib" "/opt/rustwide/target/debug/deps/libryu-059aa1fbb24cd15e.rlib" "/opt/rustwide/target/debug/deps/libclap-5493365076b9f96e.rlib" "/opt/rustwide/target/debug/deps/libvec_map-07385fbe5fb99a77.rlib" "/opt/rustwide/target/debug/deps/libtextwrap-3bb22fb43a400e8d.rlib" "/opt/rustwide/target/debug/deps/libunicode_width-5cf7ed896e8bb5a9.rlib" "/opt/rustwide/target/debug/deps/libstrsim-b10957d572414a9c.rlib" "/opt/rustwide/target/debug/deps/libbitflags-f89ae4b715176e2d.rlib" "/opt/rustwide/target/debug/deps/libatty-532703fe65626085.rlib" "/opt/rustwide/target/debug/deps/libansi_term-e2a35aae900e64a8.rlib" "/opt/rustwide/target/debug/deps/libbacktrace-3f117dbbc08b7256.rlib" "/opt/rustwide/target/debug/deps/libminiz_oxide-6d1f5d22fe94ee7f.rlib" "/opt/rustwide/target/debug/deps/libadler-21b6e26b0dda2395.rlib" "/opt/rustwide/target/debug/deps/libobject-027d94000fbfc693.rlib" "/opt/rustwide/target/debug/deps/libaddr2line-a0888bec23d11c8b.rlib" "/opt/rustwide/target/debug/deps/libgimli-bbd8ab25c1d8d237.rlib" "/opt/rustwide/target/debug/deps/librustc_demangle-aabcf204434227f1.rlib" "/opt/rustwide/target/debug/deps/libazure_functions_shared-149e2d4892b50c95.rlib" "/opt/rustwide/target/debug/deps/libprost_types-226346037006c1a8.rlib" "/opt/rustwide/target/debug/deps/libtonic-32099340271468ef.rlib" "/opt/rustwide/target/debug/deps/libbase64-f88f2e0650c11f5d.rlib" "/opt/rustwide/target/debug/deps/libasync_stream-5ffc5267cdf1b0b8.rlib" "/opt/rustwide/target/debug/deps/libpercent_encoding-94f4b792093520e3.rlib" "/opt/rustwide/target/debug/deps/libhyper-24402bd904af48b0.rlib" "/opt/rustwide/target/debug/deps/libtokio-269295fcb43388f6.rlib" "/opt/rustwide/target/debug/deps/libtokio_fs-925261e51998a02b.rlib" "/opt/rustwide/target/debug/deps/libhttparse-1c870db38feb2e5b.rlib" "/opt/rustwide/target/debug/deps/libwant-8923efe3d72ddbe3.rlib" "/opt/rustwide/target/debug/deps/libtry_lock-a39996d6fbbee158.rlib" "/opt/rustwide/target/debug/deps/libh2-fb94b86b69acb761.rlib" "/opt/rustwide/target/debug/deps/libstring-64737b7e60695c64.rlib" "/opt/rustwide/target/debug/deps/libtime-cdbbd15f3eb2c44a.rlib" "/opt/rustwide/target/debug/deps/libtokio_net-946c371a86c73df2.rlib" "/opt/rustwide/target/debug/deps/libmio_uds-38ca3ba9f06e233e.rlib" "/opt/rustwide/target/debug/deps/libparking_lot-f91657ee58b7c6e5.rlib" "/opt/rustwide/target/debug/deps/libparking_lot_core-de5e6b4b636fcd4f.rlib" "/opt/rustwide/target/debug/deps/libsmallvec-c92cc3a0e61359a8.rlib" "/opt/rustwide/target/debug/deps/liblock_api-dc263642307a5f06.rlib" "/opt/rustwide/target/debug/deps/libmio-e68f0477b5fd8efb.rlib" "/opt/rustwide/target/debug/deps/libnet2-42d3f6236d073c48.rlib" "/opt/rustwide/target/debug/deps/libtower_balance-a06ff4a625742118.rlib" "/opt/rustwide/target/debug/deps/libtower_make-4f6ba8aa3c91114d.rlib" "/opt/rustwide/target/debug/deps/libtower_load-46f3322c6810cb65.rlib" "/opt/rustwide/target/debug/deps/libindexmap-d8d3c76f0f3a39a5.rlib" "/opt/rustwide/target/debug/deps/libhashbrown-8c5395ff9e9a0462.rlib" "/opt/rustwide/target/debug/deps/librand-1afce4c91952e4da.rlib" "/opt/rustwide/target/debug/deps/librand_xorshift-1b1159265b7ea552.rlib" "/opt/rustwide/target/debug/deps/librand_pcg-17ff6a566d93295e.rlib" "/opt/rustwide/target/debug/deps/librand_hc-7f6d4d4fbf0f1f03.rlib" "/opt/rustwide/target/debug/deps/librand_chacha-1c46fb839c131f1e.rlib" "/opt/rustwide/target/debug/deps/librand_isaac-e7e43fc1773729b6.rlib" "/opt/rustwide/target/debug/deps/librand_core-46bc130fb04fd44b.rlib" "/opt/rustwide/target/debug/deps/librand_os-715afad74cec881a.rlib" "/opt/rustwide/target/debug/deps/librand_jitter-d8ba8cbd680b44c7.rlib" "/opt/rustwide/target/debug/deps/librand_core-8195e4f9653f651a.rlib" "/opt/rustwide/target/debug/deps/libtower-b090256262891a24.rlib" "/opt/rustwide/target/debug/deps/libtower_util-817661978f767cf4.rlib" "/opt/rustwide/target/debug/deps/libtower_timeout-3da011714630594e.rlib" "/opt/rustwide/target/debug/deps/libtower_retry-1898e6db0c47c3eb.rlib" "/opt/rustwide/target/debug/deps/libtower_load_shed-cc0038017332d606.rlib" "/opt/rustwide/target/debug/deps/libtower_limit-2adeadebc18ff1f8.rlib" "/opt/rustwide/target/debug/deps/libtokio_timer-3ec4ca9f0d013268.rlib" "/opt/rustwide/target/debug/deps/libtower_discover-f37abc3dcf659d83.rlib" "/opt/rustwide/target/debug/deps/libtower_buffer-4b65f7c3446fe9b3.rlib" "/opt/rustwide/target/debug/deps/libtower_layer-248efc8857217a62.rlib" "/opt/rustwide/target/debug/deps/libtokio_executor-1d8891a6f8edf443.rlib" "/opt/rustwide/target/debug/deps/libcrossbeam_channel-9aef2b18605ecaf0.rlib" "/opt/rustwide/target/debug/deps/libcrossbeam_queue-4888f2944553d22c.rlib" "/opt/rustwide/target/debug/deps/libnum_cpus-ce4291c0249d2ac1.rlib" "/opt/rustwide/target/debug/deps/libcrossbeam_deque-e5c28247c8a75fb5.rlib" "/opt/rustwide/target/debug/deps/libcrossbeam_epoch-d36f68b0022dcdcc.rlib" "/opt/rustwide/target/debug/deps/libscopeguard-7a1710762e6687e9.rlib" "/opt/rustwide/target/debug/deps/libmemoffset-2824ef9595d5db8e.rlib" "/opt/rustwide/target/debug/deps/libcrossbeam_utils-b76e7ff1d6357fef.rlib" "/opt/rustwide/target/debug/deps/libmaybe_uninit-17ac005437abed86.rlib" "/opt/rustwide/target/debug/deps/libcrossbeam_utils-adf7a4f7c988d894.rlib" "/opt/rustwide/target/debug/deps/libcfg_if-e7a28af79b261e75.rlib" "/opt/rustwide/target/debug/deps/libtokio_sync-9b34de62a249dc2a.rlib" "/opt/rustwide/target/debug/deps/libprost-3778bc497ddba722.rlib" "/opt/rustwide/target/debug/deps/libtokio_codec-783392b36868d502.rlib" "/opt/rustwide/target/debug/deps/libtokio_io-10fe4c30612a21aa.rlib" "/opt/rustwide/target/debug/deps/libpin_project-508d323ff2953159.rlib" "/opt/rustwide/target/debug/deps/libtracing-06afd48f804213fd.rlib" "/opt/rustwide/target/debug/deps/libpin_project_lite-ed06e07546a7102f.rlib" "/opt/rustwide/target/debug/deps/libtracing_core-78cfdba0c03c5b75.rlib" "/opt/rustwide/target/debug/deps/liblog-c7a6438e9780af3a.rlib" "/opt/rustwide/target/debug/deps/libcfg_if-38c8a3e888ecb06a.rlib" "/opt/rustwide/target/debug/deps/libtower_service-8060212ab0600834.rlib" "/opt/rustwide/target/debug/deps/libfutures_util-d0eb0f9abb0baf6d.rlib" "/opt/rustwide/target/debug/deps/libmemchr-1f0d97dc9aa3dd56.rlib" "/opt/rustwide/target/debug/deps/libslab-f0931e7482d64922.rlib" "/opt/rustwide/target/debug/deps/libfutures_channel-204e3a9970f2c143.rlib" "/opt/rustwide/target/debug/deps/libfutures_io-043827b7ca193b71.rlib" "/opt/rustwide/target/debug/deps/libfutures_sink-c3153eb2b47fcdc3.rlib" "/opt/rustwide/target/debug/deps/libpin_utils-576e633f12357c97.rlib" "/opt/rustwide/target/debug/deps/libfutures_core-87d67524fa56d6c2.rlib" "/opt/rustwide/target/debug/deps/libhttp_body-286e5cfbc10e1a8d.rlib" "/opt/rustwide/target/debug/deps/libhttp-98065f66b9fb458a.rlib" "/opt/rustwide/target/debug/deps/libitoa-9ccdb0b3e3d11258.rlib" "/opt/rustwide/target/debug/deps/libfnv-56e05e18a5751d51.rlib" "/opt/rustwide/target/debug/deps/libbytes-b30f9d021a5b7e2e.rlib" "/opt/rustwide/target/debug/deps/libiovec-7d567bee8dab5f27.rlib" "/opt/rustwide/target/debug/deps/liblibc-01feaa3f8fb69fd7.rlib" "/opt/rustwide/target/debug/deps/libbyteorder-0c03c404070d92e6.rlib" "/opt/rustwide/target/debug/deps/liblazy_static-5c53d641eb010a81.rlib" "/opt/rustwide/target/debug/deps/libsyn-b1e2911c0722b208.rlib" "/opt/rustwide/target/debug/deps/libserde-c39ce3e6ac5d8adf.rlib" "/opt/rustwide/target/debug/deps/libquote-8388bbcd500a3679.rlib" "/opt/rustwide/target/debug/deps/libproc_macro2-4ad853a01b52ac03.rlib" "/opt/rustwide/target/debug/deps/libunicode_xid-521ae656dc054791.rlib" "/opt/rustwide/rustup-home/toolchains/1.54.0-x86_64-unknown-linux-gnu/lib/rustlib/x86_64-unknown-linux-gnu/lib/libproc_macro-48a8f96062ed4274.rlib" "-Wl,--start-group" "/opt/rustwide/rustup-home/toolchains/1.54.0-x86_64-unknown-linux-gnu/lib/rustlib/x86_64-unknown-linux-gnu/lib/libstd-2420485b9e5ef5e1.rlib" "/opt/rustwide/rustup-home/toolchains/1.54.0-x86_64-unknown-linux-gnu/lib/rustlib/x86_64-unknown-linux-gnu/lib/libpanic_unwind-785e3cb61c4b1960.rlib" "/opt/rustwide/rustup-home/toolchains/1.54.0-x86_64-unknown-linux-gnu/lib/rustlib/x86_64-unknown-linux-gnu/lib/libminiz_oxide-087191a88bdaa22d.rlib" "/opt/rustwide/rustup-home/toolchains/1.54.0-x86_64-unknown-linux-gnu/lib/rustlib/x86_64-unknown-linux-gnu/lib/libadler-9981842c02975178.rlib" "/opt/rustwide/rustup-home/toolchains/1.54.0-x86_64-unknown-linux-gnu/lib/rustlib/x86_64-unknown-linux-gnu/lib/libobject-6fb405869b015fde.rlib" "/opt/rustwide/rustup-home/toolchains/1.54.0-x86_64-unknown-linux-gnu/lib/rustlib/x86_64-unknown-linux-gnu/lib/libaddr2line-d05c5c3c56004b7b.rlib" "/opt/rustwide/rustup-home/toolchains/1.54.0-x86_64-unknown-linux-gnu/lib/rustlib/x86_64-unknown-linux-gnu/lib/libgimli-42d74d2097528b38.rlib" "/opt/rustwide/rustup-home/toolchains/1.54.0-x86_64-unknown-linux-gnu/lib/rustlib/x86_64-unknown-linux-gnu/lib/libstd_detect-fb36534c113d2209.rlib" "/opt/rustwide/rustup-home/toolchains/1.54.0-x86_64-unknown-linux-gnu/lib/rustlib/x86_64-unknown-linux-gnu/lib/librustc_demangle-b56b9042c12b6535.rlib" "/opt/rustwide/rustup-home/toolchains/1.54.0-x86_64-unknown-linux-gnu/lib/rustlib/x86_64-unknown-linux-gnu/lib/libhashbrown-491902d6cb3e76df.rlib" "/opt/rustwide/rustup-home/toolchains/1.54.0-x86_64-unknown-linux-gnu/lib/rustlib/x86_64-unknown-linux-gnu/lib/librustc_std_workspace_alloc-61834e0981b8c367.rlib" "/opt/rustwide/rustup-home/toolchains/1.54.0-x86_64-unknown-linux-gnu/lib/rustlib/x86_64-unknown-linux-gnu/lib/libunwind-f78aa99d613a55bc.rlib" "/opt/rustwide/rustup-home/toolchains/1.54.0-x86_64-unknown-linux-gnu/lib/rustlib/x86_64-unknown-linux-gnu/lib/libcfg_if-53ee54cd7fed2c57.rlib" "/opt/rustwide/rustup-home/toolchains/1.54.0-x86_64-unknown-linux-gnu/lib/rustlib/x86_64-unknown-linux-gnu/lib/liblibc-544ecdbd6cda3c58.rlib" "/opt/rustwide/rustup-home/toolchains/1.54.0-x86_64-unknown-linux-gnu/lib/rustlib/x86_64-unknown-linux-gnu/lib/liballoc-379cc252b6943a79.rlib" "/opt/rustwide/rustup-home/toolchains/1.54.0-x86_64-unknown-linux-gnu/lib/rustlib/x86_64-unknown-linux-gnu/lib/librustc_std_workspace_core-8063eea38dcc5e62.rlib" "/opt/rustwide/rustup-home/toolchains/1.54.0-x86_64-unknown-linux-gnu/lib/rustlib/x86_64-unknown-linux-gnu/lib/libcore-5b228734afae15ee.rlib" "-Wl,--end-group" "/opt/rustwide/rustup-home/toolchains/1.54.0-x86_64-unknown-linux-gnu/lib/rustlib/x86_64-unknown-linux-gnu/lib/libcompiler_builtins-d6c7a399d95d173f.rlib" "-Wl,-Bdynamic" "-lgcc_s" "-lutil" "-lrt" "-lpthread" "-lm" "-ldl" "-lc" "-Wl,--eh-frame-hdr" "-Wl,-znoexecstack" "-L" "/opt/rustwide/rustup-home/toolchains/1.54.0-x86_64-unknown-linux-gnu/lib/rustlib/x86_64-unknown-linux-gnu/lib" "-o" "/tmp/rustdoctestGbjxqN/rust_out" "-Wl,--gc-sections" "-pie" "-Wl,-zrelro" "-Wl,-znow" "-nodefaultlibs"
[INFO] [stdout]   = note: collect2: fatal error: ld terminated with signal 9 [Killed]
[INFO] [stdout]           compilation terminated.
[INFO] [stdout]           
[INFO] [stdout] 
[INFO] [stdout] error: aborting due to previous error
[INFO] [stdout] 
[INFO] [stdout] Couldn't compile the test.
[INFO] [stdout] ---- src/bindings/signalr_connection_info.rs - bindings::signalr_connection_info::SignalRConnectionInfo (line 24) stdout ----
[INFO] [stdout] warning: panic message is not a string literal
[INFO] [stdout]  --> src/bindings/signalr_connection_info.rs:30:1
[INFO] [stdout]   |
[INFO] [stdout] 9 | #[func]
[INFO] [stdout]   | ^^^^^^^
[INFO] [stdout]   |
[INFO] [stdout]   = note: `#[warn(non_fmt_panic)]` on by default
[INFO] [stdout]   = note: this is no longer accepted in Rust 2021
[INFO] [stdout]   = note: the panic!() macro supports formatting, so there's no need for the format!() macro here
[INFO] [stdout]   = note: this warning originates in the attribute macro `func` (in Nightly builds, run with -Z macro-backtrace for more info)
[INFO] [stdout] 
[INFO] [stdout] error: linking with `cc` failed: exit status: 1
[INFO] [stdout]   |
[INFO] [stdout]   = note: "cc" "-m64" "/tmp/rustdoctest5f1bxB/rust_out.rust_out.7rcbfp3g-cgu.0.rcgu.o" "/tmp/rustdoctest5f1bxB/rust_out.33dyzt1ekirinwy8.rcgu.o" "-Wl,--as-needed" "-L" "/opt/rustwide/target/debug/deps" "-L" "/opt/rustwide/target/debug/deps" "-L" "/opt/rustwide/rustup-home/toolchains/1.54.0-x86_64-unknown-linux-gnu/lib/rustlib/x86_64-unknown-linux-gnu/lib" "-Wl,-Bstatic" "/opt/rustwide/target/debug/deps/libazure_functions-117bcfe70f194762.rlib" "/opt/rustwide/target/debug/deps/libctrlc-e078d49abe6432a0.rlib" "/opt/rustwide/target/debug/deps/libnix-c0954442ad574d49.rlib" "/opt/rustwide/target/debug/deps/libuuid-1b7e007f7f2a8d81.rlib" "/opt/rustwide/target/debug/deps/libsha1-2489abe97bc3c064.rlib" "/opt/rustwide/target/debug/deps/libazure_functions_durable-dd65f0fc7ae50391.rlib" "/opt/rustwide/target/debug/deps/liburl-47aefb44fed5dea9.rlib" "/opt/rustwide/target/debug/deps/libidna-a8692bb1b8c0f011.rlib" "/opt/rustwide/target/debug/deps/libunicode_normalization-f88ccced2be4bc93.rlib" "/opt/rustwide/target/debug/deps/libtinyvec-b0b99c866aca13aa.rlib" "/opt/rustwide/target/debug/deps/libtinyvec_macros-f6b5563d3767ea26.rlib" "/opt/rustwide/target/debug/deps/libunicode_bidi-cd5d16f1476c6336.rlib" "/opt/rustwide/target/debug/deps/libmatches-5bfcef5685786a07.rlib" "/opt/rustwide/target/debug/deps/libfutures-6ce89f77f8e0431a.rlib" "/opt/rustwide/target/debug/deps/libfutures_executor-b1637183bcd089b6.rlib" "/opt/rustwide/target/debug/deps/libchrono-e34c7d1c4e8b7d90.rlib" "/opt/rustwide/target/debug/deps/libnum_integer-016eaeb10a6f0eb9.rlib" "/opt/rustwide/target/debug/deps/libnum_traits-3ea67f5534c2ade7.rlib" "/opt/rustwide/target/debug/deps/libsemver-358cab7876164114.rlib" "/opt/rustwide/target/debug/deps/libsemver_parser-24fc5579b2134304.rlib" "/opt/rustwide/target/debug/deps/libxml-f6b70626f5450f40.rlib" "/opt/rustwide/target/debug/deps/libtempfile-96d489c5965ad6c4.rlib" "/opt/rustwide/target/debug/deps/librand-b0881951abef6188.rlib" "/opt/rustwide/target/debug/deps/librand_chacha-9f79423322a69191.rlib" "/opt/rustwide/target/debug/deps/libppv_lite86-545d86392ea1d8e4.rlib" "/opt/rustwide/target/debug/deps/librand_core-7d618500384b9969.rlib" "/opt/rustwide/target/debug/deps/libgetrandom-fb20edfc0c7fade7.rlib" "/opt/rustwide/target/debug/deps/libremove_dir_all-80ef6726c25ad48c.rlib" "/opt/rustwide/target/debug/deps/libserde_json-83a4a0038f10f81b.rlib" "/opt/rustwide/target/debug/deps/libryu-059aa1fbb24cd15e.rlib" "/opt/rustwide/target/debug/deps/libclap-5493365076b9f96e.rlib" "/opt/rustwide/target/debug/deps/libvec_map-07385fbe5fb99a77.rlib" "/opt/rustwide/target/debug/deps/libtextwrap-3bb22fb43a400e8d.rlib" "/opt/rustwide/target/debug/deps/libunicode_width-5cf7ed896e8bb5a9.rlib" "/opt/rustwide/target/debug/deps/libstrsim-b10957d572414a9c.rlib" "/opt/rustwide/target/debug/deps/libbitflags-f89ae4b715176e2d.rlib" "/opt/rustwide/target/debug/deps/libatty-532703fe65626085.rlib" "/opt/rustwide/target/debug/deps/libansi_term-e2a35aae900e64a8.rlib" "/opt/rustwide/target/debug/deps/libbacktrace-3f117dbbc08b7256.rlib" "/opt/rustwide/target/debug/deps/libminiz_oxide-6d1f5d22fe94ee7f.rlib" "/opt/rustwide/target/debug/deps/libadler-21b6e26b0dda2395.rlib" "/opt/rustwide/target/debug/deps/libobject-027d94000fbfc693.rlib" "/opt/rustwide/target/debug/deps/libaddr2line-a0888bec23d11c8b.rlib" "/opt/rustwide/target/debug/deps/libgimli-bbd8ab25c1d8d237.rlib" "/opt/rustwide/target/debug/deps/librustc_demangle-aabcf204434227f1.rlib" "/opt/rustwide/target/debug/deps/libazure_functions_shared-149e2d4892b50c95.rlib" "/opt/rustwide/target/debug/deps/libprost_types-226346037006c1a8.rlib" "/opt/rustwide/target/debug/deps/libtonic-32099340271468ef.rlib" "/opt/rustwide/target/debug/deps/libbase64-f88f2e0650c11f5d.rlib" "/opt/rustwide/target/debug/deps/libasync_stream-5ffc5267cdf1b0b8.rlib" "/opt/rustwide/target/debug/deps/libpercent_encoding-94f4b792093520e3.rlib" "/opt/rustwide/target/debug/deps/libhyper-24402bd904af48b0.rlib" "/opt/rustwide/target/debug/deps/libtokio-269295fcb43388f6.rlib" "/opt/rustwide/target/debug/deps/libtokio_fs-925261e51998a02b.rlib" "/opt/rustwide/target/debug/deps/libhttparse-1c870db38feb2e5b.rlib" "/opt/rustwide/target/debug/deps/libwant-8923efe3d72ddbe3.rlib" "/opt/rustwide/target/debug/deps/libtry_lock-a39996d6fbbee158.rlib" "/opt/rustwide/target/debug/deps/libh2-fb94b86b69acb761.rlib" "/opt/rustwide/target/debug/deps/libstring-64737b7e60695c64.rlib" "/opt/rustwide/target/debug/deps/libtime-cdbbd15f3eb2c44a.rlib" "/opt/rustwide/target/debug/deps/libtokio_net-946c371a86c73df2.rlib" "/opt/rustwide/target/debug/deps/libmio_uds-38ca3ba9f06e233e.rlib" "/opt/rustwide/target/debug/deps/libparking_lot-f91657ee58b7c6e5.rlib" "/opt/rustwide/target/debug/deps/libparking_lot_core-de5e6b4b636fcd4f.rlib" "/opt/rustwide/target/debug/deps/libsmallvec-c92cc3a0e61359a8.rlib" "/opt/rustwide/target/debug/deps/liblock_api-dc263642307a5f06.rlib" "/opt/rustwide/target/debug/deps/libmio-e68f0477b5fd8efb.rlib" "/opt/rustwide/target/debug/deps/libnet2-42d3f6236d073c48.rlib" "/opt/rustwide/target/debug/deps/libtower_balance-a06ff4a625742118.rlib" "/opt/rustwide/target/debug/deps/libtower_make-4f6ba8aa3c91114d.rlib" "/opt/rustwide/target/debug/deps/libtower_load-46f3322c6810cb65.rlib" "/opt/rustwide/target/debug/deps/libindexmap-d8d3c76f0f3a39a5.rlib" "/opt/rustwide/target/debug/deps/libhashbrown-8c5395ff9e9a0462.rlib" "/opt/rustwide/target/debug/deps/librand-1afce4c91952e4da.rlib" "/opt/rustwide/target/debug/deps/librand_xorshift-1b1159265b7ea552.rlib" "/opt/rustwide/target/debug/deps/librand_pcg-17ff6a566d93295e.rlib" "/opt/rustwide/target/debug/deps/librand_hc-7f6d4d4fbf0f1f03.rlib" "/opt/rustwide/target/debug/deps/librand_chacha-1c46fb839c131f1e.rlib" "/opt/rustwide/target/debug/deps/librand_isaac-e7e43fc1773729b6.rlib" "/opt/rustwide/target/debug/deps/librand_core-46bc130fb04fd44b.rlib" "/opt/rustwide/target/debug/deps/librand_os-715afad74cec881a.rlib" "/opt/rustwide/target/debug/deps/librand_jitter-d8ba8cbd680b44c7.rlib" "/opt/rustwide/target/debug/deps/librand_core-8195e4f9653f651a.rlib" "/opt/rustwide/target/debug/deps/libtower-b090256262891a24.rlib" "/opt/rustwide/target/debug/deps/libtower_util-817661978f767cf4.rlib" "/opt/rustwide/target/debug/deps/libtower_timeout-3da011714630594e.rlib" "/opt/rustwide/target/debug/deps/libtower_retry-1898e6db0c47c3eb.rlib" "/opt/rustwide/target/debug/deps/libtower_load_shed-cc0038017332d606.rlib" "/opt/rustwide/target/debug/deps/libtower_limit-2adeadebc18ff1f8.rlib" "/opt/rustwide/target/debug/deps/libtokio_timer-3ec4ca9f0d013268.rlib" "/opt/rustwide/target/debug/deps/libtower_discover-f37abc3dcf659d83.rlib" "/opt/rustwide/target/debug/deps/libtower_buffer-4b65f7c3446fe9b3.rlib" "/opt/rustwide/target/debug/deps/libtower_layer-248efc8857217a62.rlib" "/opt/rustwide/target/debug/deps/libtokio_executor-1d8891a6f8edf443.rlib" "/opt/rustwide/target/debug/deps/libcrossbeam_channel-9aef2b18605ecaf0.rlib" "/opt/rustwide/target/debug/deps/libcrossbeam_queue-4888f2944553d22c.rlib" "/opt/rustwide/target/debug/deps/libnum_cpus-ce4291c0249d2ac1.rlib" "/opt/rustwide/target/debug/deps/libcrossbeam_deque-e5c28247c8a75fb5.rlib" "/opt/rustwide/target/debug/deps/libcrossbeam_epoch-d36f68b0022dcdcc.rlib" "/opt/rustwide/target/debug/deps/libscopeguard-7a1710762e6687e9.rlib" "/opt/rustwide/target/debug/deps/libmemoffset-2824ef9595d5db8e.rlib" "/opt/rustwide/target/debug/deps/libcrossbeam_utils-b76e7ff1d6357fef.rlib" "/opt/rustwide/target/debug/deps/libmaybe_uninit-17ac005437abed86.rlib" "/opt/rustwide/target/debug/deps/libcrossbeam_utils-adf7a4f7c988d894.rlib" "/opt/rustwide/target/debug/deps/libcfg_if-e7a28af79b261e75.rlib" "/opt/rustwide/target/debug/deps/libtokio_sync-9b34de62a249dc2a.rlib" "/opt/rustwide/target/debug/deps/libprost-3778bc497ddba722.rlib" "/opt/rustwide/target/debug/deps/libtokio_codec-783392b36868d502.rlib" "/opt/rustwide/target/debug/deps/libtokio_io-10fe4c30612a21aa.rlib" "/opt/rustwide/target/debug/deps/libpin_project-508d323ff2953159.rlib" "/opt/rustwide/target/debug/deps/libtracing-06afd48f804213fd.rlib" "/opt/rustwide/target/debug/deps/libpin_project_lite-ed06e07546a7102f.rlib" "/opt/rustwide/target/debug/deps/libtracing_core-78cfdba0c03c5b75.rlib" "/opt/rustwide/target/debug/deps/liblog-c7a6438e9780af3a.rlib" "/opt/rustwide/target/debug/deps/libcfg_if-38c8a3e888ecb06a.rlib" "/opt/rustwide/target/debug/deps/libtower_service-8060212ab0600834.rlib" "/opt/rustwide/target/debug/deps/libfutures_util-d0eb0f9abb0baf6d.rlib" "/opt/rustwide/target/debug/deps/libmemchr-1f0d97dc9aa3dd56.rlib" "/opt/rustwide/target/debug/deps/libslab-f0931e7482d64922.rlib" "/opt/rustwide/target/debug/deps/libfutures_channel-204e3a9970f2c143.rlib" "/opt/rustwide/target/debug/deps/libfutures_io-043827b7ca193b71.rlib" "/opt/rustwide/target/debug/deps/libfutures_sink-c3153eb2b47fcdc3.rlib" "/opt/rustwide/target/debug/deps/libpin_utils-576e633f12357c97.rlib" "/opt/rustwide/target/debug/deps/libfutures_core-87d67524fa56d6c2.rlib" "/opt/rustwide/target/debug/deps/libhttp_body-286e5cfbc10e1a8d.rlib" "/opt/rustwide/target/debug/deps/libhttp-98065f66b9fb458a.rlib" "/opt/rustwide/target/debug/deps/libitoa-9ccdb0b3e3d11258.rlib" "/opt/rustwide/target/debug/deps/libfnv-56e05e18a5751d51.rlib" "/opt/rustwide/target/debug/deps/libbytes-b30f9d021a5b7e2e.rlib" "/opt/rustwide/target/debug/deps/libiovec-7d567bee8dab5f27.rlib" "/opt/rustwide/target/debug/deps/liblibc-01feaa3f8fb69fd7.rlib" "/opt/rustwide/target/debug/deps/libbyteorder-0c03c404070d92e6.rlib" "/opt/rustwide/target/debug/deps/liblazy_static-5c53d641eb010a81.rlib" "/opt/rustwide/target/debug/deps/libsyn-b1e2911c0722b208.rlib" "/opt/rustwide/target/debug/deps/libserde-c39ce3e6ac5d8adf.rlib" "/opt/rustwide/target/debug/deps/libquote-8388bbcd500a3679.rlib" "/opt/rustwide/target/debug/deps/libproc_macro2-4ad853a01b52ac03.rlib" "/opt/rustwide/target/debug/deps/libunicode_xid-521ae656dc054791.rlib" "/opt/rustwide/rustup-home/toolchains/1.54.0-x86_64-unknown-linux-gnu/lib/rustlib/x86_64-unknown-linux-gnu/lib/libproc_macro-48a8f96062ed4274.rlib" "-Wl,--start-group" "/opt/rustwide/rustup-home/toolchains/1.54.0-x86_64-unknown-linux-gnu/lib/rustlib/x86_64-unknown-linux-gnu/lib/libstd-2420485b9e5ef5e1.rlib" "/opt/rustwide/rustup-home/toolchains/1.54.0-x86_64-unknown-linux-gnu/lib/rustlib/x86_64-unknown-linux-gnu/lib/libpanic_unwind-785e3cb61c4b1960.rlib" "/opt/rustwide/rustup-home/toolchains/1.54.0-x86_64-unknown-linux-gnu/lib/rustlib/x86_64-unknown-linux-gnu/lib/libminiz_oxide-087191a88bdaa22d.rlib" "/opt/rustwide/rustup-home/toolchains/1.54.0-x86_64-unknown-linux-gnu/lib/rustlib/x86_64-unknown-linux-gnu/lib/libadler-9981842c02975178.rlib" "/opt/rustwide/rustup-home/toolchains/1.54.0-x86_64-unknown-linux-gnu/lib/rustlib/x86_64-unknown-linux-gnu/lib/libobject-6fb405869b015fde.rlib" "/opt/rustwide/rustup-home/toolchains/1.54.0-x86_64-unknown-linux-gnu/lib/rustlib/x86_64-unknown-linux-gnu/lib/libaddr2line-d05c5c3c56004b7b.rlib" "/opt/rustwide/rustup-home/toolchains/1.54.0-x86_64-unknown-linux-gnu/lib/rustlib/x86_64-unknown-linux-gnu/lib/libgimli-42d74d2097528b38.rlib" "/opt/rustwide/rustup-home/toolchains/1.54.0-x86_64-unknown-linux-gnu/lib/rustlib/x86_64-unknown-linux-gnu/lib/libstd_detect-fb36534c113d2209.rlib" "/opt/rustwide/rustup-home/toolchains/1.54.0-x86_64-unknown-linux-gnu/lib/rustlib/x86_64-unknown-linux-gnu/lib/librustc_demangle-b56b9042c12b6535.rlib" "/opt/rustwide/rustup-home/toolchains/1.54.0-x86_64-unknown-linux-gnu/lib/rustlib/x86_64-unknown-linux-gnu/lib/libhashbrown-491902d6cb3e76df.rlib" "/opt/rustwide/rustup-home/toolchains/1.54.0-x86_64-unknown-linux-gnu/lib/rustlib/x86_64-unknown-linux-gnu/lib/librustc_std_workspace_alloc-61834e0981b8c367.rlib" "/opt/rustwide/rustup-home/toolchains/1.54.0-x86_64-unknown-linux-gnu/lib/rustlib/x86_64-unknown-linux-gnu/lib/libunwind-f78aa99d613a55bc.rlib" "/opt/rustwide/rustup-home/toolchains/1.54.0-x86_64-unknown-linux-gnu/lib/rustlib/x86_64-unknown-linux-gnu/lib/libcfg_if-53ee54cd7fed2c57.rlib" "/opt/rustwide/rustup-home/toolchains/1.54.0-x86_64-unknown-linux-gnu/lib/rustlib/x86_64-unknown-linux-gnu/lib/liblibc-544ecdbd6cda3c58.rlib" "/opt/rustwide/rustup-home/toolchains/1.54.0-x86_64-unknown-linux-gnu/lib/rustlib/x86_64-unknown-linux-gnu/lib/liballoc-379cc252b6943a79.rlib" "/opt/rustwide/rustup-home/toolchains/1.54.0-x86_64-unknown-linux-gnu/lib/rustlib/x86_64-unknown-linux-gnu/lib/librustc_std_workspace_core-8063eea38dcc5e62.rlib" "/opt/rustwide/rustup-home/toolchains/1.54.0-x86_64-unknown-linux-gnu/lib/rustlib/x86_64-unknown-linux-gnu/lib/libcore-5b228734afae15ee.rlib" "-Wl,--end-group" "/opt/rustwide/rustup-home/toolchains/1.54.0-x86_64-unknown-linux-gnu/lib/rustlib/x86_64-unknown-linux-gnu/lib/libcompiler_builtins-d6c7a399d95d173f.rlib" "-Wl,-Bdynamic" "-lgcc_s" "-lutil" "-lrt" "-lpthread" "-lm" "-ldl" "-lc" "-Wl,--eh-frame-hdr" "-Wl,-znoexecstack" "-L" "/opt/rustwide/rustup-home/toolchains/1.54.0-x86_64-unknown-linux-gnu/lib/rustlib/x86_64-unknown-linux-gnu/lib" "-o" "/tmp/rustdoctest5f1bxB/rust_out" "-Wl,--gc-sections" "-pie" "-Wl,-zrelro" "-Wl,-znow" "-nodefaultlibs"
[INFO] [stdout]   = note: collect2: fatal error: ld terminated with signal 9 [Killed]
[INFO] [stdout]           compilation terminated.
[INFO] [stdout]           
[INFO] [stdout] 
[INFO] [stdout] error: aborting due to previous error; 1 warning emitted
[INFO] [stdout] 
[INFO] [stdout] Couldn't compile the test.
[INFO] [stdout] ---- src/send_grid/message_builder.rs - send_grid::message_builder::MessageBuilder::tos (line 63) stdout ----
[INFO] [stdout] error: linking with `cc` failed: exit status: 1
[INFO] [stdout]   |
[INFO] [stdout]   = note: "cc" "-m64" "/tmp/rustdoctestR59tma/rust_out.rust_out.7rcbfp3g-cgu.0.rcgu.o" "/tmp/rustdoctestR59tma/rust_out.33dyzt1ekirinwy8.rcgu.o" "-Wl,--as-needed" "-L" "/opt/rustwide/target/debug/deps" "-L" "/opt/rustwide/target/debug/deps" "-L" "/opt/rustwide/rustup-home/toolchains/1.54.0-x86_64-unknown-linux-gnu/lib/rustlib/x86_64-unknown-linux-gnu/lib" "-Wl,-Bstatic" "/opt/rustwide/target/debug/deps/libazure_functions-117bcfe70f194762.rlib" "/opt/rustwide/target/debug/deps/libctrlc-e078d49abe6432a0.rlib" "/opt/rustwide/target/debug/deps/libnix-c0954442ad574d49.rlib" "/opt/rustwide/target/debug/deps/libuuid-1b7e007f7f2a8d81.rlib" "/opt/rustwide/target/debug/deps/libsha1-2489abe97bc3c064.rlib" "/opt/rustwide/target/debug/deps/libazure_functions_durable-dd65f0fc7ae50391.rlib" "/opt/rustwide/target/debug/deps/liburl-47aefb44fed5dea9.rlib" "/opt/rustwide/target/debug/deps/libidna-a8692bb1b8c0f011.rlib" "/opt/rustwide/target/debug/deps/libunicode_normalization-f88ccced2be4bc93.rlib" "/opt/rustwide/target/debug/deps/libtinyvec-b0b99c866aca13aa.rlib" "/opt/rustwide/target/debug/deps/libtinyvec_macros-f6b5563d3767ea26.rlib" "/opt/rustwide/target/debug/deps/libunicode_bidi-cd5d16f1476c6336.rlib" "/opt/rustwide/target/debug/deps/libmatches-5bfcef5685786a07.rlib" "/opt/rustwide/target/debug/deps/libfutures-6ce89f77f8e0431a.rlib" "/opt/rustwide/target/debug/deps/libfutures_executor-b1637183bcd089b6.rlib" "/opt/rustwide/target/debug/deps/libchrono-e34c7d1c4e8b7d90.rlib" "/opt/rustwide/target/debug/deps/libnum_integer-016eaeb10a6f0eb9.rlib" "/opt/rustwide/target/debug/deps/libnum_traits-3ea67f5534c2ade7.rlib" "/opt/rustwide/target/debug/deps/libsemver-358cab7876164114.rlib" "/opt/rustwide/target/debug/deps/libsemver_parser-24fc5579b2134304.rlib" "/opt/rustwide/target/debug/deps/libxml-f6b70626f5450f40.rlib" "/opt/rustwide/target/debug/deps/libtempfile-96d489c5965ad6c4.rlib" "/opt/rustwide/target/debug/deps/librand-b0881951abef6188.rlib" "/opt/rustwide/target/debug/deps/librand_chacha-9f79423322a69191.rlib" "/opt/rustwide/target/debug/deps/libppv_lite86-545d86392ea1d8e4.rlib" "/opt/rustwide/target/debug/deps/librand_core-7d618500384b9969.rlib" "/opt/rustwide/target/debug/deps/libgetrandom-fb20edfc0c7fade7.rlib" "/opt/rustwide/target/debug/deps/libremove_dir_all-80ef6726c25ad48c.rlib" "/opt/rustwide/target/debug/deps/libserde_json-83a4a0038f10f81b.rlib" "/opt/rustwide/target/debug/deps/libryu-059aa1fbb24cd15e.rlib" "/opt/rustwide/target/debug/deps/libclap-5493365076b9f96e.rlib" "/opt/rustwide/target/debug/deps/libvec_map-07385fbe5fb99a77.rlib" "/opt/rustwide/target/debug/deps/libtextwrap-3bb22fb43a400e8d.rlib" "/opt/rustwide/target/debug/deps/libunicode_width-5cf7ed896e8bb5a9.rlib" "/opt/rustwide/target/debug/deps/libstrsim-b10957d572414a9c.rlib" "/opt/rustwide/target/debug/deps/libbitflags-f89ae4b715176e2d.rlib" "/opt/rustwide/target/debug/deps/libatty-532703fe65626085.rlib" "/opt/rustwide/target/debug/deps/libansi_term-e2a35aae900e64a8.rlib" "/opt/rustwide/target/debug/deps/libbacktrace-3f117dbbc08b7256.rlib" "/opt/rustwide/target/debug/deps/libminiz_oxide-6d1f5d22fe94ee7f.rlib" "/opt/rustwide/target/debug/deps/libadler-21b6e26b0dda2395.rlib" "/opt/rustwide/target/debug/deps/libobject-027d94000fbfc693.rlib" "/opt/rustwide/target/debug/deps/libaddr2line-a0888bec23d11c8b.rlib" "/opt/rustwide/target/debug/deps/libgimli-bbd8ab25c1d8d237.rlib" "/opt/rustwide/target/debug/deps/librustc_demangle-aabcf204434227f1.rlib" "/opt/rustwide/target/debug/deps/libazure_functions_shared-149e2d4892b50c95.rlib" "/opt/rustwide/target/debug/deps/libprost_types-226346037006c1a8.rlib" "/opt/rustwide/target/debug/deps/libtonic-32099340271468ef.rlib" "/opt/rustwide/target/debug/deps/libbase64-f88f2e0650c11f5d.rlib" "/opt/rustwide/target/debug/deps/libasync_stream-5ffc5267cdf1b0b8.rlib" "/opt/rustwide/target/debug/deps/libpercent_encoding-94f4b792093520e3.rlib" "/opt/rustwide/target/debug/deps/libhyper-24402bd904af48b0.rlib" "/opt/rustwide/target/debug/deps/libtokio-269295fcb43388f6.rlib" "/opt/rustwide/target/debug/deps/libtokio_fs-925261e51998a02b.rlib" "/opt/rustwide/target/debug/deps/libhttparse-1c870db38feb2e5b.rlib" "/opt/rustwide/target/debug/deps/libwant-8923efe3d72ddbe3.rlib" "/opt/rustwide/target/debug/deps/libtry_lock-a39996d6fbbee158.rlib" "/opt/rustwide/target/debug/deps/libh2-fb94b86b69acb761.rlib" "/opt/rustwide/target/debug/deps/libstring-64737b7e60695c64.rlib" "/opt/rustwide/target/debug/deps/libtime-cdbbd15f3eb2c44a.rlib" "/opt/rustwide/target/debug/deps/libtokio_net-946c371a86c73df2.rlib" "/opt/rustwide/target/debug/deps/libmio_uds-38ca3ba9f06e233e.rlib" "/opt/rustwide/target/debug/deps/libparking_lot-f91657ee58b7c6e5.rlib" "/opt/rustwide/target/debug/deps/libparking_lot_core-de5e6b4b636fcd4f.rlib" "/opt/rustwide/target/debug/deps/libsmallvec-c92cc3a0e61359a8.rlib" "/opt/rustwide/target/debug/deps/liblock_api-dc263642307a5f06.rlib" "/opt/rustwide/target/debug/deps/libmio-e68f0477b5fd8efb.rlib" "/opt/rustwide/target/debug/deps/libnet2-42d3f6236d073c48.rlib" "/opt/rustwide/target/debug/deps/libtower_balance-a06ff4a625742118.rlib" "/opt/rustwide/target/debug/deps/libtower_make-4f6ba8aa3c91114d.rlib" "/opt/rustwide/target/debug/deps/libtower_load-46f3322c6810cb65.rlib" "/opt/rustwide/target/debug/deps/libindexmap-d8d3c76f0f3a39a5.rlib" "/opt/rustwide/target/debug/deps/libhashbrown-8c5395ff9e9a0462.rlib" "/opt/rustwide/target/debug/deps/librand-1afce4c91952e4da.rlib" "/opt/rustwide/target/debug/deps/librand_xorshift-1b1159265b7ea552.rlib" "/opt/rustwide/target/debug/deps/librand_pcg-17ff6a566d93295e.rlib" "/opt/rustwide/target/debug/deps/librand_hc-7f6d4d4fbf0f1f03.rlib" "/opt/rustwide/target/debug/deps/librand_chacha-1c46fb839c131f1e.rlib" "/opt/rustwide/target/debug/deps/librand_isaac-e7e43fc1773729b6.rlib" "/opt/rustwide/target/debug/deps/librand_core-46bc130fb04fd44b.rlib" "/opt/rustwide/target/debug/deps/librand_os-715afad74cec881a.rlib" "/opt/rustwide/target/debug/deps/librand_jitter-d8ba8cbd680b44c7.rlib" "/opt/rustwide/target/debug/deps/librand_core-8195e4f9653f651a.rlib" "/opt/rustwide/target/debug/deps/libtower-b090256262891a24.rlib" "/opt/rustwide/target/debug/deps/libtower_util-817661978f767cf4.rlib" "/opt/rustwide/target/debug/deps/libtower_timeout-3da011714630594e.rlib" "/opt/rustwide/target/debug/deps/libtower_retry-1898e6db0c47c3eb.rlib" "/opt/rustwide/target/debug/deps/libtower_load_shed-cc0038017332d606.rlib" "/opt/rustwide/target/debug/deps/libtower_limit-2adeadebc18ff1f8.rlib" "/opt/rustwide/target/debug/deps/libtokio_timer-3ec4ca9f0d013268.rlib" "/opt/rustwide/target/debug/deps/libtower_discover-f37abc3dcf659d83.rlib" "/opt/rustwide/target/debug/deps/libtower_buffer-4b65f7c3446fe9b3.rlib" "/opt/rustwide/target/debug/deps/libtower_layer-248efc8857217a62.rlib" "/opt/rustwide/target/debug/deps/libtokio_executor-1d8891a6f8edf443.rlib" "/opt/rustwide/target/debug/deps/libcrossbeam_channel-9aef2b18605ecaf0.rlib" "/opt/rustwide/target/debug/deps/libcrossbeam_queue-4888f2944553d22c.rlib" "/opt/rustwide/target/debug/deps/libnum_cpus-ce4291c0249d2ac1.rlib" "/opt/rustwide/target/debug/deps/libcrossbeam_deque-e5c28247c8a75fb5.rlib" "/opt/rustwide/target/debug/deps/libcrossbeam_epoch-d36f68b0022dcdcc.rlib" "/opt/rustwide/target/debug/deps/libscopeguard-7a1710762e6687e9.rlib" "/opt/rustwide/target/debug/deps/libmemoffset-2824ef9595d5db8e.rlib" "/opt/rustwide/target/debug/deps/libcrossbeam_utils-b76e7ff1d6357fef.rlib" "/opt/rustwide/target/debug/deps/libmaybe_uninit-17ac005437abed86.rlib" "/opt/rustwide/target/debug/deps/libcrossbeam_utils-adf7a4f7c988d894.rlib" "/opt/rustwide/target/debug/deps/libcfg_if-e7a28af79b261e75.rlib" "/opt/rustwide/target/debug/deps/libtokio_sync-9b34de62a249dc2a.rlib" "/opt/rustwide/target/debug/deps/libprost-3778bc497ddba722.rlib" "/opt/rustwide/target/debug/deps/libtokio_codec-783392b36868d502.rlib" "/opt/rustwide/target/debug/deps/libtokio_io-10fe4c30612a21aa.rlib" "/opt/rustwide/target/debug/deps/libpin_project-508d323ff2953159.rlib" "/opt/rustwide/target/debug/deps/libtracing-06afd48f804213fd.rlib" "/opt/rustwide/target/debug/deps/libpin_project_lite-ed06e07546a7102f.rlib" "/opt/rustwide/target/debug/deps/libtracing_core-78cfdba0c03c5b75.rlib" "/opt/rustwide/target/debug/deps/liblog-c7a6438e9780af3a.rlib" "/opt/rustwide/target/debug/deps/libcfg_if-38c8a3e888ecb06a.rlib" "/opt/rustwide/target/debug/deps/libtower_service-8060212ab0600834.rlib" "/opt/rustwide/target/debug/deps/libfutures_util-d0eb0f9abb0baf6d.rlib" "/opt/rustwide/target/debug/deps/libmemchr-1f0d97dc9aa3dd56.rlib" "/opt/rustwide/target/debug/deps/libslab-f0931e7482d64922.rlib" "/opt/rustwide/target/debug/deps/libfutures_channel-204e3a9970f2c143.rlib" "/opt/rustwide/target/debug/deps/libfutures_io-043827b7ca193b71.rlib" "/opt/rustwide/target/debug/deps/libfutures_sink-c3153eb2b47fcdc3.rlib" "/opt/rustwide/target/debug/deps/libpin_utils-576e633f12357c97.rlib" "/opt/rustwide/target/debug/deps/libfutures_core-87d67524fa56d6c2.rlib" "/opt/rustwide/target/debug/deps/libhttp_body-286e5cfbc10e1a8d.rlib" "/opt/rustwide/target/debug/deps/libhttp-98065f66b9fb458a.rlib" "/opt/rustwide/target/debug/deps/libitoa-9ccdb0b3e3d11258.rlib" "/opt/rustwide/target/debug/deps/libfnv-56e05e18a5751d51.rlib" "/opt/rustwide/target/debug/deps/libbytes-b30f9d021a5b7e2e.rlib" "/opt/rustwide/target/debug/deps/libiovec-7d567bee8dab5f27.rlib" "/opt/rustwide/target/debug/deps/liblibc-01feaa3f8fb69fd7.rlib" "/opt/rustwide/target/debug/deps/libbyteorder-0c03c404070d92e6.rlib" "/opt/rustwide/target/debug/deps/liblazy_static-5c53d641eb010a81.rlib" "/opt/rustwide/target/debug/deps/libsyn-b1e2911c0722b208.rlib" "/opt/rustwide/target/debug/deps/libserde-c39ce3e6ac5d8adf.rlib" "/opt/rustwide/target/debug/deps/libquote-8388bbcd500a3679.rlib" "/opt/rustwide/target/debug/deps/libproc_macro2-4ad853a01b52ac03.rlib" "/opt/rustwide/target/debug/deps/libunicode_xid-521ae656dc054791.rlib" "/opt/rustwide/rustup-home/toolchains/1.54.0-x86_64-unknown-linux-gnu/lib/rustlib/x86_64-unknown-linux-gnu/lib/libproc_macro-48a8f96062ed4274.rlib" "-Wl,--start-group" "/opt/rustwide/rustup-home/toolchains/1.54.0-x86_64-unknown-linux-gnu/lib/rustlib/x86_64-unknown-linux-gnu/lib/libstd-2420485b9e5ef5e1.rlib" "/opt/rustwide/rustup-home/toolchains/1.54.0-x86_64-unknown-linux-gnu/lib/rustlib/x86_64-unknown-linux-gnu/lib/libpanic_unwind-785e3cb61c4b1960.rlib" "/opt/rustwide/rustup-home/toolchains/1.54.0-x86_64-unknown-linux-gnu/lib/rustlib/x86_64-unknown-linux-gnu/lib/libminiz_oxide-087191a88bdaa22d.rlib" "/opt/rustwide/rustup-home/toolchains/1.54.0-x86_64-unknown-linux-gnu/lib/rustlib/x86_64-unknown-linux-gnu/lib/libadler-9981842c02975178.rlib" "/opt/rustwide/rustup-home/toolchains/1.54.0-x86_64-unknown-linux-gnu/lib/rustlib/x86_64-unknown-linux-gnu/lib/libobject-6fb405869b015fde.rlib" "/opt/rustwide/rustup-home/toolchains/1.54.0-x86_64-unknown-linux-gnu/lib/rustlib/x86_64-unknown-linux-gnu/lib/libaddr2line-d05c5c3c56004b7b.rlib" "/opt/rustwide/rustup-home/toolchains/1.54.0-x86_64-unknown-linux-gnu/lib/rustlib/x86_64-unknown-linux-gnu/lib/libgimli-42d74d2097528b38.rlib" "/opt/rustwide/rustup-home/toolchains/1.54.0-x86_64-unknown-linux-gnu/lib/rustlib/x86_64-unknown-linux-gnu/lib/libstd_detect-fb36534c113d2209.rlib" "/opt/rustwide/rustup-home/toolchains/1.54.0-x86_64-unknown-linux-gnu/lib/rustlib/x86_64-unknown-linux-gnu/lib/librustc_demangle-b56b9042c12b6535.rlib" "/opt/rustwide/rustup-home/toolchains/1.54.0-x86_64-unknown-linux-gnu/lib/rustlib/x86_64-unknown-linux-gnu/lib/libhashbrown-491902d6cb3e76df.rlib" "/opt/rustwide/rustup-home/toolchains/1.54.0-x86_64-unknown-linux-gnu/lib/rustlib/x86_64-unknown-linux-gnu/lib/librustc_std_workspace_alloc-61834e0981b8c367.rlib" "/opt/rustwide/rustup-home/toolchains/1.54.0-x86_64-unknown-linux-gnu/lib/rustlib/x86_64-unknown-linux-gnu/lib/libunwind-f78aa99d613a55bc.rlib" "/opt/rustwide/rustup-home/toolchains/1.54.0-x86_64-unknown-linux-gnu/lib/rustlib/x86_64-unknown-linux-gnu/lib/libcfg_if-53ee54cd7fed2c57.rlib" "/opt/rustwide/rustup-home/toolchains/1.54.0-x86_64-unknown-linux-gnu/lib/rustlib/x86_64-unknown-linux-gnu/lib/liblibc-544ecdbd6cda3c58.rlib" "/opt/rustwide/rustup-home/toolchains/1.54.0-x86_64-unknown-linux-gnu/lib/rustlib/x86_64-unknown-linux-gnu/lib/liballoc-379cc252b6943a79.rlib" "/opt/rustwide/rustup-home/toolchains/1.54.0-x86_64-unknown-linux-gnu/lib/rustlib/x86_64-unknown-linux-gnu/lib/librustc_std_workspace_core-8063eea38dcc5e62.rlib" "/opt/rustwide/rustup-home/toolchains/1.54.0-x86_64-unknown-linux-gnu/lib/rustlib/x86_64-unknown-linux-gnu/lib/libcore-5b228734afae15ee.rlib" "-Wl,--end-group" "/opt/rustwide/rustup-home/toolchains/1.54.0-x86_64-unknown-linux-gnu/lib/rustlib/x86_64-unknown-linux-gnu/lib/libcompiler_builtins-d6c7a399d95d173f.rlib" "-Wl,-Bdynamic" "-lgcc_s" "-lutil" "-lrt" "-lpthread" "-lm" "-ldl" "-lc" "-Wl,--eh-frame-hdr" "-Wl,-znoexecstack" "-L" "/opt/rustwide/rustup-home/toolchains/1.54.0-x86_64-unknown-linux-gnu/lib/rustlib/x86_64-unknown-linux-gnu/lib" "-o" "/tmp/rustdoctestR59tma/rust_out" "-Wl,--gc-sections" "-pie" "-Wl,-zrelro" "-Wl,-znow" "-nodefaultlibs"
[INFO] [stdout]   = note: collect2: fatal error: ld terminated with signal 9 [Killed]
[INFO] [stdout]           compilation terminated.
[INFO] [stdout]           
[INFO] [stdout] 
[INFO] [stdout] error: aborting due to previous error
[INFO] [stdout] 
[INFO] [stdout] Couldn't compile the test.
[INFO] [stdout] 
[INFO] [stdout] failures:
[INFO] [stdout]     src/bindings/blob.rs - bindings::blob::Blob (line 26)
[INFO] [stdout]     src/bindings/blob.rs - bindings::blob::Blob (line 39)
[INFO] [stdout]     src/bindings/blob.rs - bindings::blob::Blob (line 53)
[INFO] [stdout]     src/bindings/blob_trigger.rs - bindings::blob_trigger::BlobTrigger (line 29)
[INFO] [stdout]     src/bindings/cosmos_db_document.rs - bindings::cosmos_db_document::CosmosDbDocument (line 31)
[INFO] [stdout]     src/bindings/cosmos_db_document.rs - bindings::cosmos_db_document::CosmosDbDocument (line 52)
[INFO] [stdout]     src/bindings/cosmos_db_document.rs - bindings::cosmos_db_document::CosmosDbDocument (line 74)
[INFO] [stdout]     src/bindings/cosmos_db_trigger.rs - bindings::cosmos_db_trigger::CosmosDbTrigger (line 32)
[INFO] [stdout]     src/bindings/durable_activity_context.rs - bindings::durable_activity_context::DurableActivityContext (line 21)
[INFO] [stdout]     src/bindings/durable_orchestration_client.rs - bindings::durable_orchestration_client::DurableOrchestrationClient (line 24)
[INFO] [stdout]     src/bindings/durable_orchestration_context.rs - bindings::durable_orchestration_context::DurableOrchestrationContext (line 26)
[INFO] [stdout]     src/bindings/event_grid_event.rs - bindings::event_grid_event::EventGridEvent (line 20)
[INFO] [stdout]     src/bindings/event_hub_message.rs - bindings::event_hub_message::EventHubMessage (line 27)
[INFO] [stdout]     src/bindings/event_hub_message.rs - bindings::event_hub_message::EventHubMessage (line 40)
[INFO] [stdout]     src/bindings/event_hub_message.rs - bindings::event_hub_message::EventHubMessage (line 54)
[INFO] [stdout]     src/bindings/event_hub_trigger.rs - bindings::event_hub_trigger::EventHubTrigger (line 31)
[INFO] [stdout]     src/bindings/generic_input.rs - bindings::generic_input::GenericInput (line 17)
[INFO] [stdout]     src/bindings/generic_output.rs - bindings::generic_output::GenericOutput (line 20)
[INFO] [stdout]     src/bindings/generic_trigger.rs - bindings::generic_trigger::GenericTrigger (line 18)
[INFO] [stdout]     src/bindings/http_request.rs - bindings::http_request::HttpRequest (line 22)
[INFO] [stdout]     src/bindings/http_request.rs - bindings::http_request::HttpRequest::query_params (line 99)
[INFO] [stdout]     src/bindings/http_request.rs - bindings::http_request::HttpRequest::route_params (line 73)
[INFO] [stdout]     src/bindings/http_response.rs - bindings::http_response::HttpResponse (line 21)
[INFO] [stdout]     src/bindings/http_response.rs - bindings::http_response::HttpResponse (line 33)
[INFO] [stdout]     src/bindings/http_response.rs - bindings::http_response::HttpResponse (line 46)
[INFO] [stdout]     src/bindings/http_response.rs - bindings::http_response::HttpResponse (line 58)
[INFO] [stdout]     src/bindings/http_response.rs - bindings::http_response::HttpResponse::body (line 120)
[INFO] [stdout]     src/bindings/http_response.rs - bindings::http_response::HttpResponse::build (line 90)
[INFO] [stdout]     src/bindings/http_response.rs - bindings::http_response::HttpResponse::status (line 105)
[INFO] [stdout]     src/bindings/queue_message.rs - bindings::queue_message::QueueMessage (line 40)
[INFO] [stdout]     src/bindings/queue_message.rs - bindings::queue_message::QueueMessage (line 54)
[INFO] [stdout]     src/bindings/queue_trigger.rs - bindings::queue_trigger::QueueTrigger (line 30)
[INFO] [stdout]     src/bindings/send_grid_message.rs - bindings::send_grid_message::SendGridMessage (line 26)
[INFO] [stdout]     src/bindings/send_grid_message.rs - bindings::send_grid_message::SendGridMessage::build (line 107)
[INFO] [stdout]     src/bindings/service_bus_message.rs - bindings::service_bus_message::ServiceBusMessage (line 29)
[INFO] [stdout]     src/bindings/service_bus_message.rs - bindings::service_bus_message::ServiceBusMessage (line 48)
[INFO] [stdout]     src/bindings/service_bus_trigger.rs - bindings::service_bus_trigger::ServiceBusTrigger (line 39)
[INFO] [stdout]     src/bindings/service_bus_trigger.rs - bindings::service_bus_trigger::ServiceBusTrigger (line 54)
[INFO] [stdout]     src/bindings/signalr_connection_info.rs - bindings::signalr_connection_info::SignalRConnectionInfo (line 24)
[INFO] [stdout]     src/bindings/signalr_group_action.rs - bindings::signalr_group_action::SignalRGroupAction (line 23)
[INFO] [stdout]     src/bindings/signalr_message.rs - bindings::signalr_message::SignalRMessage (line 22)
[INFO] [stdout]     src/bindings/table.rs - bindings::table::Table (line 26)
[INFO] [stdout]     src/bindings/table.rs - bindings::table::Table (line 40)
[INFO] [stdout]     src/bindings/timer_info.rs - bindings::timer_info::TimerInfo (line 24)
[INFO] [stdout]     src/bindings/twilio_sms_message.rs - bindings::twilio_sms_message::TwilioSmsMessage (line 24)
[INFO] [stdout]     src/http/body.rs - http::body::Body::as_bytes (line 73)
[INFO] [stdout]     src/http/body.rs - http::body::Body::as_json (line 93)
[INFO] [stdout]     src/http/body.rs - http::body::Body::as_str (line 53)
[INFO] [stdout]     src/http/body.rs - http::body::Body::default_content_type (line 32)
[INFO] [stdout]     src/http/response_builder.rs - http::response_builder::ResponseBuilder::header (line 37)
[INFO] [stdout]     src/http/response_builder.rs - http::response_builder::ResponseBuilder::status (line 18)
[INFO] [stdout]     src/http/status.rs - http::status::Status::from_code (line 42)
[INFO] [stdout]     src/send_grid/email_address.rs - send_grid::email_address::EmailAddress::new (line 18)
[INFO] [stdout]     src/send_grid/email_address.rs - send_grid::email_address::EmailAddress::new_with_name (line 38)
[INFO] [stdout]     src/send_grid/message_builder.rs - send_grid::message_builder::MessageBuilder::attachment (line 580)
[INFO] [stdout]     src/send_grid/message_builder.rs - send_grid::message_builder::MessageBuilder::attachments (line 652)
[INFO] [stdout]     src/send_grid/message_builder.rs - send_grid::message_builder::MessageBuilder::batch_id (line 895)
[INFO] [stdout]     src/send_grid/message_builder.rs - send_grid::message_builder::MessageBuilder::bcc (line 160)
[INFO] [stdout]     src/send_grid/message_builder.rs - send_grid::message_builder::MessageBuilder::bcc_with_name (line 180)
[INFO] [stdout]     src/send_grid/message_builder.rs - send_grid::message_builder::MessageBuilder::bccs (line 201)
[INFO] [stdout]     src/send_grid/message_builder.rs - send_grid::message_builder::MessageBuilder::categories (line 762)
[INFO] [stdout]     src/send_grid/message_builder.rs - send_grid::message_builder::MessageBuilder::category (line 743)
[INFO] [stdout]     src/send_grid/message_builder.rs - send_grid::message_builder::MessageBuilder::cc (line 91)
[INFO] [stdout]     src/send_grid/message_builder.rs - send_grid::message_builder::MessageBuilder::cc_with_name (line 111)
[INFO] [stdout]     src/send_grid/message_builder.rs - send_grid::message_builder::MessageBuilder::ccs (line 132)
[INFO] [stdout]     src/send_grid/message_builder.rs - send_grid::message_builder::MessageBuilder::content (line 502)
[INFO] [stdout]     src/send_grid/message_builder.rs - send_grid::message_builder::MessageBuilder::content_with_type (line 526)
[INFO] [stdout]     src/send_grid/message_builder.rs - send_grid::message_builder::MessageBuilder::contents (line 551)
[INFO] [stdout]     src/send_grid/message_builder.rs - send_grid::message_builder::MessageBuilder::custom_arg (line 372)
[INFO] [stdout]     src/send_grid/message_builder.rs - send_grid::message_builder::MessageBuilder::custom_args (line 395)
[INFO] [stdout]     src/send_grid/message_builder.rs - send_grid::message_builder::MessageBuilder::from (line 441)
[INFO] [stdout]     src/send_grid/message_builder.rs - send_grid::message_builder::MessageBuilder::from_with_name (line 461)
[INFO] [stdout]     src/send_grid/message_builder.rs - send_grid::message_builder::MessageBuilder::global_custom_arg (line 828)
[INFO] [stdout]     src/send_grid/message_builder.rs - send_grid::message_builder::MessageBuilder::global_custom_args (line 849)
[INFO] [stdout]     src/send_grid/message_builder.rs - send_grid::message_builder::MessageBuilder::global_header (line 783)
[INFO] [stdout]     src/send_grid/message_builder.rs - send_grid::message_builder::MessageBuilder::global_headers (line 803)
[INFO] [stdout]     src/send_grid/message_builder.rs - send_grid::message_builder::MessageBuilder::global_send_at (line 878)
[INFO] [stdout]     src/send_grid/message_builder.rs - send_grid::message_builder::MessageBuilder::global_subject (line 483)
[INFO] [stdout]     src/send_grid/message_builder.rs - send_grid::message_builder::MessageBuilder::header (line 249)
[INFO] [stdout]     src/send_grid/message_builder.rs - send_grid::message_builder::MessageBuilder::headers (line 272)
[INFO] [stdout]     src/send_grid/message_builder.rs - send_grid::message_builder::MessageBuilder::inline_attachment (line 611)
[INFO] [stdout]     src/send_grid/message_builder.rs - send_grid::message_builder::MessageBuilder::section (line 698)
[INFO] [stdout]     src/send_grid/message_builder.rs - send_grid::message_builder::MessageBuilder::sections (line 718)
[INFO] [stdout]     src/send_grid/message_builder.rs - send_grid::message_builder::MessageBuilder::send_at (line 424)
[INFO] [stdout]     src/send_grid/message_builder.rs - send_grid::message_builder::MessageBuilder::subject (line 229)
[INFO] [stdout]     src/send_grid/message_builder.rs - send_grid::message_builder::MessageBuilder::substitution (line 298)
[INFO] [stdout]     src/send_grid/message_builder.rs - send_grid::message_builder::MessageBuilder::substitutions (line 321)
[INFO] [stdout]     src/send_grid/message_builder.rs - send_grid::message_builder::MessageBuilder::template_data (line 349)
[INFO] [stdout]     src/send_grid/message_builder.rs - send_grid::message_builder::MessageBuilder::template_id (line 678)
[INFO] [stdout]     src/send_grid/message_builder.rs - send_grid::message_builder::MessageBuilder::to (line 21)
[INFO] [stdout]     src/send_grid/message_builder.rs - send_grid::message_builder::MessageBuilder::to_with_name (line 41)
[INFO] [stdout]     src/send_grid/message_builder.rs - send_grid::message_builder::MessageBuilder::tos (line 63)
[INFO] [stdout] 
[INFO] [stdout] test result: FAILED. 3 passed; 92 failed; 3 ignored; 0 measured; 0 filtered out; finished in 12.69s
[INFO] [stdout] 
[INFO] [stderr] error: test failed, to rerun pass '--doc'
[INFO] running `Command { std: "docker" "inspect" "12e2ff61ed80aabae6e6bb39312e398d70b1de44f4da486873729ed1b384c4ed", kill_on_drop: false }`
[INFO] running `Command { std: "docker" "rm" "-f" "12e2ff61ed80aabae6e6bb39312e398d70b1de44f4da486873729ed1b384c4ed", kill_on_drop: false }`
[INFO] [stdout] 12e2ff61ed80aabae6e6bb39312e398d70b1de44f4da486873729ed1b384c4ed
