[INFO] fetching crate aws_parameter_update 0.5.1...
[INFO] testing aws_parameter_update-0.5.1 against beta-2021-08-01 for beta-1.55-1
[INFO] extracting crate aws_parameter_update 0.5.1 into /workspace/builds/worker-109/source
[INFO] validating manifest of crates.io crate aws_parameter_update 0.5.1 on toolchain beta-2021-08-01
[INFO] running `Command { std: "/workspace/cargo-home/bin/cargo" "+beta-2021-08-01" "metadata" "--manifest-path" "Cargo.toml" "--no-deps", kill_on_drop: false }`
[INFO] started tweaking crates.io crate aws_parameter_update 0.5.1
[INFO] finished tweaking crates.io crate aws_parameter_update 0.5.1
[INFO] tweaked toml for crates.io crate aws_parameter_update 0.5.1 written to /workspace/builds/worker-109/source/Cargo.toml
[INFO] crate crates.io crate aws_parameter_update 0.5.1 already has a lockfile, it will not be regenerated
[INFO] running `Command { std: "/workspace/cargo-home/bin/cargo" "+beta-2021-08-01" "fetch" "--manifest-path" "Cargo.toml", kill_on_drop: false }`
[INFO] [stderr]     Blocking waiting for file lock on package cache
[INFO] [stderr]  Downloading crates ...
[INFO] [stderr]   Downloaded futures-macro v0.3.9
[INFO] [stderr]   Downloaded futures v0.3.9
[INFO] [stderr]   Downloaded futures-executor v0.3.9
[INFO] [stderr]   Downloaded rusoto_core v0.47.0
[INFO] [stderr]   Downloaded rusoto_ssm v0.47.0
[INFO] [stderr]   Downloaded futures-task v0.3.9
[INFO] [stderr]   Downloaded futures-sink v0.3.9
[INFO] [stderr]   Downloaded futures-util v0.3.9
[INFO] [stderr]   Downloaded rusoto_credential v0.47.0
[INFO] [stderr]   Downloaded rusoto_signature v0.47.0
[INFO] [stderr]   Downloaded simple_logger v1.12.0
[INFO] running `Command { std: "docker" "create" "-v" "/var/lib/crater-agent-workspace/builds/worker-109/target:/opt/rustwide/target:rw,Z" "-v" "/var/lib/crater-agent-workspace/builds/worker-109/source:/opt/rustwide/workdir:ro,Z" "-v" "/var/lib/crater-agent-workspace/cargo-home:/opt/rustwide/cargo-home:ro,Z" "-v" "/var/lib/crater-agent-workspace/rustup-home:/opt/rustwide/rustup-home:ro,Z" "-e" "SOURCE_DIR=/opt/rustwide/workdir" "-e" "CARGO_TARGET_DIR=/opt/rustwide/target" "-e" "CARGO_HOME=/opt/rustwide/cargo-home" "-e" "RUSTUP_HOME=/opt/rustwide/rustup-home" "-w" "/opt/rustwide/workdir" "-m" "1610612736" "--user" "0:0" "--network" "none" "ghcr.io/rust-lang/crates-build-env/linux@sha256:34b6a614d2c27851fe6cbf88fbd1137609cefab8b10d0615aaeb6fd47975d74e" "/opt/rustwide/cargo-home/bin/cargo" "+beta-2021-08-01" "metadata" "--no-deps" "--format-version=1", kill_on_drop: false }`
[INFO] [stdout] 853f6cbb75f2740872e96cbe1bf581a82ce68c97a4a29bfca8fd2a02166cbfd9
[INFO] running `Command { std: "docker" "start" "-a" "853f6cbb75f2740872e96cbe1bf581a82ce68c97a4a29bfca8fd2a02166cbfd9", kill_on_drop: false }`
[INFO] running `Command { std: "docker" "inspect" "853f6cbb75f2740872e96cbe1bf581a82ce68c97a4a29bfca8fd2a02166cbfd9", kill_on_drop: false }`
[INFO] running `Command { std: "docker" "rm" "-f" "853f6cbb75f2740872e96cbe1bf581a82ce68c97a4a29bfca8fd2a02166cbfd9", kill_on_drop: false }`
[INFO] [stdout] 853f6cbb75f2740872e96cbe1bf581a82ce68c97a4a29bfca8fd2a02166cbfd9
[INFO] running `Command { std: "docker" "create" "-v" "/var/lib/crater-agent-workspace/builds/worker-109/target:/opt/rustwide/target:rw,Z" "-v" "/var/lib/crater-agent-workspace/builds/worker-109/source:/opt/rustwide/workdir:ro,Z" "-v" "/var/lib/crater-agent-workspace/cargo-home:/opt/rustwide/cargo-home:ro,Z" "-v" "/var/lib/crater-agent-workspace/rustup-home:/opt/rustwide/rustup-home:ro,Z" "-e" "SOURCE_DIR=/opt/rustwide/workdir" "-e" "CARGO_TARGET_DIR=/opt/rustwide/target" "-e" "CARGO_INCREMENTAL=0" "-e" "RUST_BACKTRACE=full" "-e" "RUSTFLAGS=--cap-lints=warn" "-e" "CARGO_HOME=/opt/rustwide/cargo-home" "-e" "RUSTUP_HOME=/opt/rustwide/rustup-home" "-w" "/opt/rustwide/workdir" "-m" "1610612736" "--user" "0:0" "--network" "none" "ghcr.io/rust-lang/crates-build-env/linux@sha256:34b6a614d2c27851fe6cbf88fbd1137609cefab8b10d0615aaeb6fd47975d74e" "/opt/rustwide/cargo-home/bin/cargo" "+beta-2021-08-01" "build" "--frozen" "--message-format=json", kill_on_drop: false }`
[INFO] [stdout] 1e93162ce8b0b3598ef36aacaf6d538d6616f6bafc8f4bf7d538d684f965cb28
[INFO] running `Command { std: "docker" "start" "-a" "1e93162ce8b0b3598ef36aacaf6d538d6616f6bafc8f4bf7d538d684f965cb28", kill_on_drop: false }`
[INFO] [stderr]    Compiling libc v0.2.82
[INFO] [stderr]    Compiling syn v1.0.58
[INFO] [stderr]    Compiling memchr v2.3.4
[INFO] [stderr]    Compiling once_cell v1.5.2
[INFO] [stderr]    Compiling futures-core v0.3.9
[INFO] [stderr]    Compiling scopeguard v1.1.0
[INFO] [stderr]    Compiling smallvec v1.6.1
[INFO] [stderr]    Compiling proc-macro-nested v0.1.6
[INFO] [stderr]    Compiling futures-sink v0.3.9
[INFO] [stderr]    Compiling serde_derive v1.0.119
[INFO] [stderr]    Compiling futures-io v0.3.9
[INFO] [stderr]    Compiling serde v1.0.119
[INFO] [stderr]    Compiling httparse v1.3.4
[INFO] [stderr]    Compiling hashbrown v0.11.2
[INFO] [stderr]    Compiling semver v1.0.3
[INFO] [stderr]    Compiling serde_json v1.0.61
[INFO] [stderr]    Compiling tower-service v0.3.0
[INFO] [stderr]    Compiling subtle v2.4.0
[INFO] [stderr]    Compiling shlex v1.0.0
[INFO] [stderr]    Compiling zeroize v1.2.0
[INFO] [stderr]    Compiling crc32fast v1.2.1
[INFO] [stderr]    Compiling hex v0.4.2
[INFO] [stderr]    Compiling xml-rs v0.8.3
[INFO] [stderr]    Compiling linked-hash-map v0.5.4
[INFO] [stderr]    Compiling tokio v1.9.0
[INFO] [stderr]    Compiling indexmap v1.7.0
[INFO] [stderr]    Compiling num-traits v0.2.14
[INFO] [stderr]    Compiling num-integer v0.1.44
[INFO] [stderr]    Compiling instant v0.1.9
[INFO] [stderr]    Compiling tracing v0.1.22
[INFO] [stderr]    Compiling quote v1.0.8
[INFO] [stderr]    Compiling want v0.3.0
[INFO] [stderr]    Compiling sha2 v0.9.2
[INFO] [stderr]    Compiling md-5 v0.9.1
[INFO] [stderr]    Compiling lock_api v0.4.2
[INFO] [stderr]    Compiling futures-channel v0.3.9
[INFO] [stderr]    Compiling futures-task v0.3.9
[INFO] [stderr]    Compiling yaml-rust v0.4.5
[INFO] [stderr]    Compiling crypto-mac v0.11.1
[INFO] [stderr]    Compiling hmac v0.11.0
[INFO] [stderr]    Compiling rustc_version v0.4.0
[INFO] [stderr]    Compiling parking_lot_core v0.8.2
[INFO] [stderr]    Compiling mio v0.7.7
[INFO] [stderr]    Compiling signal-hook-registry v1.3.0
[INFO] [stderr]    Compiling num_cpus v1.13.0
[INFO] [stderr]    Compiling time v0.1.43
[INFO] [stderr]    Compiling socket2 v0.3.19
[INFO] [stderr]    Compiling openssl-sys v0.9.60
[INFO] [stderr]    Compiling dirs-sys-next v0.1.2
[INFO] [stderr]    Compiling atty v0.2.14
[INFO] [stderr]    Compiling colored v1.9.3
[INFO] [stderr]    Compiling clap v2.33.3
[INFO] [stderr]    Compiling rusoto_core v0.47.0
[INFO] [stderr]    Compiling dirs-next v2.0.0
[INFO] [stderr]    Compiling parking_lot v0.11.1
[INFO] [stderr]    Compiling openssl v0.10.32
[INFO] [stderr]    Compiling native-tls v0.2.7
[INFO] [stderr]    Compiling tokio-macros v1.1.0
[INFO] [stderr]    Compiling futures-macro v0.3.9
[INFO] [stderr]    Compiling pin-project-internal v1.0.4
[INFO] [stderr]    Compiling async-trait v0.1.42
[INFO] [stderr]    Compiling async-stream-impl v0.3.0
[INFO] [stderr]    Compiling async-stream v0.3.0
[INFO] [stderr]    Compiling futures-util v0.3.9
[INFO] [stderr]    Compiling pin-project v1.0.4
[INFO] [stderr]    Compiling futures-executor v0.3.9
[INFO] [stderr]    Compiling futures v0.3.9
[INFO] [stderr]    Compiling tokio-util v0.6.7
[INFO] [stderr]    Compiling tokio-native-tls v0.3.0
[INFO] [stderr]    Compiling tokio-stream v0.1.1
[INFO] [stderr]    Compiling tokio-test v0.4.2
[INFO] [stderr]    Compiling h2 v0.3.3
[INFO] [stderr]    Compiling chrono v0.4.19
[INFO] [stderr]    Compiling hyper v0.14.2
[INFO] [stderr]    Compiling simple_logger v1.12.0
[INFO] [stderr]    Compiling rusoto_credential v0.47.0
[INFO] [stderr]    Compiling hyper-tls v0.5.0
[INFO] [stderr]    Compiling rusoto_signature v0.47.0
[INFO] [stderr]    Compiling rusoto_ssm v0.47.0
[INFO] [stderr]    Compiling aws_parameter_update v0.5.1 (/opt/rustwide/workdir)
[INFO] [stderr]     Finished dev [unoptimized + debuginfo] target(s) in 1m 04s
[INFO] running `Command { std: "docker" "inspect" "1e93162ce8b0b3598ef36aacaf6d538d6616f6bafc8f4bf7d538d684f965cb28", kill_on_drop: false }`
[INFO] running `Command { std: "docker" "rm" "-f" "1e93162ce8b0b3598ef36aacaf6d538d6616f6bafc8f4bf7d538d684f965cb28", kill_on_drop: false }`
[INFO] [stdout] 1e93162ce8b0b3598ef36aacaf6d538d6616f6bafc8f4bf7d538d684f965cb28
[INFO] running `Command { std: "docker" "create" "-v" "/var/lib/crater-agent-workspace/builds/worker-109/target:/opt/rustwide/target:rw,Z" "-v" "/var/lib/crater-agent-workspace/builds/worker-109/source:/opt/rustwide/workdir:ro,Z" "-v" "/var/lib/crater-agent-workspace/cargo-home:/opt/rustwide/cargo-home:ro,Z" "-v" "/var/lib/crater-agent-workspace/rustup-home:/opt/rustwide/rustup-home:ro,Z" "-e" "SOURCE_DIR=/opt/rustwide/workdir" "-e" "CARGO_TARGET_DIR=/opt/rustwide/target" "-e" "CARGO_INCREMENTAL=0" "-e" "RUST_BACKTRACE=full" "-e" "RUSTFLAGS=--cap-lints=warn" "-e" "CARGO_HOME=/opt/rustwide/cargo-home" "-e" "RUSTUP_HOME=/opt/rustwide/rustup-home" "-w" "/opt/rustwide/workdir" "-m" "1610612736" "--user" "0:0" "--network" "none" "ghcr.io/rust-lang/crates-build-env/linux@sha256:34b6a614d2c27851fe6cbf88fbd1137609cefab8b10d0615aaeb6fd47975d74e" "/opt/rustwide/cargo-home/bin/cargo" "+beta-2021-08-01" "test" "--frozen" "--no-run" "--message-format=json", kill_on_drop: false }`
[INFO] [stdout] 27592fa1f2d505c4c9ea5ab275d509025e664b44d70d1c720d00d91e769960d9
[INFO] running `Command { std: "docker" "start" "-a" "27592fa1f2d505c4c9ea5ab275d509025e664b44d70d1c720d00d91e769960d9", kill_on_drop: false }`
[INFO] [stderr]    Compiling aws_parameter_update v0.5.1 (/opt/rustwide/workdir)
[INFO] [stderr]     Finished test [unoptimized + debuginfo] target(s) in 3.66s
[INFO] running `Command { std: "docker" "inspect" "27592fa1f2d505c4c9ea5ab275d509025e664b44d70d1c720d00d91e769960d9", kill_on_drop: false }`
[INFO] running `Command { std: "docker" "rm" "-f" "27592fa1f2d505c4c9ea5ab275d509025e664b44d70d1c720d00d91e769960d9", kill_on_drop: false }`
[INFO] [stdout] 27592fa1f2d505c4c9ea5ab275d509025e664b44d70d1c720d00d91e769960d9
[INFO] running `Command { std: "docker" "create" "-v" "/var/lib/crater-agent-workspace/builds/worker-109/target:/opt/rustwide/target:rw,Z" "-v" "/var/lib/crater-agent-workspace/builds/worker-109/source:/opt/rustwide/workdir:ro,Z" "-v" "/var/lib/crater-agent-workspace/cargo-home:/opt/rustwide/cargo-home:ro,Z" "-v" "/var/lib/crater-agent-workspace/rustup-home:/opt/rustwide/rustup-home:ro,Z" "-e" "SOURCE_DIR=/opt/rustwide/workdir" "-e" "CARGO_TARGET_DIR=/opt/rustwide/target" "-e" "CARGO_INCREMENTAL=0" "-e" "RUST_BACKTRACE=full" "-e" "RUSTFLAGS=--cap-lints=warn" "-e" "CARGO_HOME=/opt/rustwide/cargo-home" "-e" "RUSTUP_HOME=/opt/rustwide/rustup-home" "-w" "/opt/rustwide/workdir" "-m" "1610612736" "--user" "0:0" "--network" "none" "ghcr.io/rust-lang/crates-build-env/linux@sha256:34b6a614d2c27851fe6cbf88fbd1137609cefab8b10d0615aaeb6fd47975d74e" "/opt/rustwide/cargo-home/bin/cargo" "+beta-2021-08-01" "test" "--frozen", kill_on_drop: false }`
[INFO] [stdout] b136d81eadce7c7902bded9326e9d0b9d0d4130b710dfc3be523254998f55795
[INFO] running `Command { std: "docker" "start" "-a" "b136d81eadce7c7902bded9326e9d0b9d0d4130b710dfc3be523254998f55795", kill_on_drop: false }`
[INFO] [stderr]     Finished test [unoptimized + debuginfo] target(s) in 0.06s
[INFO] [stderr]      Running unittests (/opt/rustwide/target/debug/deps/aws_parameter_update-00045855a0782b02)
[INFO] [stdout] 
[INFO] [stdout] running 8 tests
[INFO] [stdout] test parameter::tests::get_parameter_request_sets_name ... ok
[INFO] [stdout] test parameter::tests::get_parameter_request_sets_with_decryption_true ... ok
[INFO] [stdout] test parameter::tests::put_parameter_request_is_secure_sets_type_secure_string ... ok
[INFO] [stdout] test parameter::tests::put_parameter_request_sets_overwrite_true ... ok
[INFO] [stdout] test parameter::tests::put_parameter_request_is_not_secure_sets_type_string ... ok
[INFO] [stdout] test tests::test_update_parameters ... ok
[INFO] [stdout] test tests::test_update_parameter ... ok
[INFO] [stdout] test tests::test_update_from_file - should panic ... ok
[INFO] [stdout] 
[INFO] [stdout] test result: ok. 8 passed; 0 failed; 0 ignored; 0 measured; 0 filtered out; finished in 0.03s
[INFO] [stdout] 
[INFO] [stderr]      Running unittests (/opt/rustwide/target/debug/deps/apu-afb564563e30e54c)
[INFO] [stdout] 
[INFO] [stdout] running 0 tests
[INFO] [stdout] 
[INFO] [stdout] test result: ok. 0 passed; 0 failed; 0 ignored; 0 measured; 0 filtered out; finished in 0.00s
[INFO] [stdout] 
[INFO] [stderr]    Doc-tests aws_parameter_update
[INFO] [stderr] warning: lint `missing_doc_code_examples` has been renamed to `rustdoc::missing_doc_code_examples`
[INFO] [stderr]  --> /opt/rustwide/workdir/src/lib.rs:5:9
[INFO] [stderr]   |
[INFO] [stderr] 5 | #![warn(missing_doc_code_examples)]
[INFO] [stderr]   |         ^^^^^^^^^^^^^^^^^^^^^^^^^ help: use the new name: `rustdoc::missing_doc_code_examples`
[INFO] [stderr]   |
[INFO] [stderr]   = note: `#[warn(renamed_and_removed_lints)]` on by default
[INFO] [stderr] 
[INFO] [stderr] warning: 1 warning emitted
[INFO] [stderr] 
[INFO] [stdout] 
[INFO] [stdout] running 6 tests
[INFO] [stdout] test src/parameter.rs - parameter::Parameter::update (line 56) ... FAILED
[INFO] [stdout] test src/parameter.rs - parameter::Parameter (line 11) ... ok
[INFO] [stdout] test src/parameter.rs - parameter::Parameter::new (line 36) ... ok
[INFO] [stdout] test src/lib.rs - update_from_file (line 36) ... ok
[INFO] [stdout] test src/lib.rs - update_parameters (line 86) ... ok
[INFO] [stdout] test src/lib.rs - update_parameter (line 58) ... ok
[INFO] [stdout] 
[INFO] [stdout] failures:
[INFO] [stdout] 
[INFO] [stdout] ---- src/parameter.rs - parameter::Parameter::update (line 56) stdout ----
[INFO] [stdout] error: linking with `cc` failed: exit status: 1
[INFO] [stdout]   |
[INFO] [stdout]   = note: "cc" "-m64" "/tmp/rustdoctestXhXXmw/rust_out.rust_out.1376475e-cgu.0.rcgu.o" "/tmp/rustdoctestXhXXmw/rust_out.3oi7hjnjienb8flc.rcgu.o" "-Wl,--as-needed" "-L" "/opt/rustwide/target/debug/deps" "-L" "/opt/rustwide/target/debug/deps" "-L" "/opt/rustwide/rustup-home/toolchains/beta-2021-08-01-x86_64-unknown-linux-gnu/lib/rustlib/x86_64-unknown-linux-gnu/lib" "-Wl,-Bstatic" "/opt/rustwide/target/debug/deps/libtokio_test-248cc4fe8243cfba.rlib" "/opt/rustwide/target/debug/deps/libtokio_stream-7ad5f210b5ceefd0.rlib" "/opt/rustwide/target/debug/deps/libaws_parameter_update-3721f1941b3a3412.rlib" "/opt/rustwide/target/debug/deps/libyaml_rust-48a3a6aed3f6326a.rlib" "/opt/rustwide/target/debug/deps/liblinked_hash_map-327e9d81600ecd65.rlib" "/opt/rustwide/target/debug/deps/librusoto_ssm-d7c13dbe776daef4.rlib" "/opt/rustwide/target/debug/deps/librusoto_core-8f9993550676b361.rlib" "/opt/rustwide/target/debug/deps/libxml-61bf2cbcdcf2f9b9.rlib" "/opt/rustwide/target/debug/deps/libcrc32fast-00d36f27f9923da1.rlib" "/opt/rustwide/target/debug/deps/librusoto_signature-bda58ef75ccc104d.rlib" "/opt/rustwide/target/debug/deps/libsha2-b820391112502103.rlib" "/opt/rustwide/target/debug/deps/libcpuid_bool-37a40cb68e4a741f.rlib" "/opt/rustwide/target/debug/deps/libpercent_encoding-f9199a68e8c135fc.rlib" "/opt/rustwide/target/debug/deps/libmd5-09b0857771b3a489.rlib" "/opt/rustwide/target/debug/deps/libopaque_debug-3ca4dbab68e7a65d.rlib" "/opt/rustwide/target/debug/deps/libblock_buffer-d25ba5092b073bfa.rlib" "/opt/rustwide/target/debug/deps/libhmac-ab1b3b1ea826d31f.rlib" "/opt/rustwide/target/debug/deps/libcrypto_mac-1b70876796b76d4f.rlib" "/opt/rustwide/target/debug/deps/libsubtle-d5c404a807781017.rlib" "/opt/rustwide/target/debug/deps/libhex-9a904a2451156f14.rlib" "/opt/rustwide/target/debug/deps/libdigest-582ef76fafec66cb.rlib" "/opt/rustwide/target/debug/deps/libgeneric_array-393c939e5e570b9c.rlib" "/opt/rustwide/target/debug/deps/libtypenum-456bb07b48f947b2.rlib" "/opt/rustwide/target/debug/deps/libbase64-161b2497349df519.rlib" "/opt/rustwide/target/debug/deps/librusoto_credential-4543320f398bcde8.rlib" "/opt/rustwide/target/debug/deps/libshlex-e3962767f11da795.rlib" "/opt/rustwide/target/debug/deps/libserde_json-45e30a8a4b62d7b8.rlib" "/opt/rustwide/target/debug/deps/libryu-58d6bdbbdb00e196.rlib" "/opt/rustwide/target/debug/deps/libzeroize-dd4752f8699ef934.rlib" "/opt/rustwide/target/debug/deps/libfutures-e9dd1ec9a1ef2617.rlib" "/opt/rustwide/target/debug/deps/libfutures_executor-1f1078afa0617433.rlib" "/opt/rustwide/target/debug/deps/libdirs_next-4d70f0dba348b7e8.rlib" "/opt/rustwide/target/debug/deps/libdirs_sys_next-72e8811a726f9a58.rlib" "/opt/rustwide/target/debug/deps/libchrono-dc3d906fa55cb3d9.rlib" "/opt/rustwide/target/debug/deps/libserde-58e869848ea7bb08.rlib" "/opt/rustwide/target/debug/deps/libnum_integer-fcd1422626bdda05.rlib" "/opt/rustwide/target/debug/deps/libnum_traits-59f4cdece1b7a0aa.rlib" "/opt/rustwide/target/debug/deps/libtime-b12ebc4a4771c765.rlib" "/opt/rustwide/target/debug/deps/libhyper_tls-045f6152bfa95874.rlib" "/opt/rustwide/target/debug/deps/libtokio_native_tls-ae8c951568845333.rlib" "/opt/rustwide/target/debug/deps/libhyper-20483a18d2e0618b.rlib" "/opt/rustwide/target/debug/deps/libwant-4946a023d229c546.rlib" "/opt/rustwide/target/debug/deps/libtry_lock-5413453539618953.rlib" "/opt/rustwide/target/debug/deps/libhttparse-d8040f65969a670a.rlib" "/opt/rustwide/target/debug/deps/libsocket2-fac47212c06efb4a.rlib" "/opt/rustwide/target/debug/deps/libh2-6a0a675dd5037136.rlib" "/opt/rustwide/target/debug/deps/libindexmap-8751065521957d5b.rlib" "/opt/rustwide/target/debug/deps/libhashbrown-0a6de1fd7b8891d4.rlib" "/opt/rustwide/target/debug/deps/libtokio_util-18a188b3d484ee69.rlib" "/opt/rustwide/target/debug/deps/libpin_project-e796079ba7f12b59.rlib" "/opt/rustwide/target/debug/deps/libtower_service-c947f102bbfcbd85.rlib" "/opt/rustwide/target/debug/deps/libhttp_body-c9fd1ba4373d2cc9.rlib" "/opt/rustwide/target/debug/deps/libfutures_util-d7f52822cb31f799.rlib" "/opt/rustwide/target/debug/deps/libfutures_io-dc3bd8855fd91fb8.rlib" "/opt/rustwide/target/debug/deps/libslab-19bed823898320f8.rlib" "/opt/rustwide/target/debug/deps/libfutures_channel-798f2a33f2d4d792.rlib" "/opt/rustwide/target/debug/deps/libfutures_sink-89ef677aeac770b6.rlib" "/opt/rustwide/target/debug/deps/libfutures_task-bbd906d1a927142e.rlib" "/opt/rustwide/target/debug/deps/libpin_utils-0d9ad188af5be84f.rlib" "/opt/rustwide/target/debug/deps/libfutures_core-76e92a7ad7305467.rlib" "/opt/rustwide/target/debug/deps/libtokio-7d4a19304e963c4a.rlib" "/opt/rustwide/target/debug/deps/libsignal_hook_registry-a707b0eb8846a94d.rlib" "/opt/rustwide/target/debug/deps/libnum_cpus-5e59ece4a653efa3.rlib" "/opt/rustwide/target/debug/deps/libmemchr-c093777634ae2b28.rlib" "/opt/rustwide/target/debug/deps/libonce_cell-a8df2db3f41a2df2.rlib" "/opt/rustwide/target/debug/deps/libmio-0f72b9a97c97ba3a.rlib" "/opt/rustwide/target/debug/deps/libparking_lot-2d8af8b0ac2bb42d.rlib" "/opt/rustwide/target/debug/deps/libparking_lot_core-329147c5ea00bfdf.rlib" "/opt/rustwide/target/debug/deps/libsmallvec-1c8854a0d5bb57ee.rlib" "/opt/rustwide/target/debug/deps/liblock_api-ad44c39bdc6a7df8.rlib" "/opt/rustwide/target/debug/deps/libscopeguard-77ffbe2fe379a2bf.rlib" "/opt/rustwide/target/debug/deps/libinstant-805a528de14625d3.rlib" "/opt/rustwide/target/debug/deps/libhttp-52089e0a70b229a4.rlib" "/opt/rustwide/target/debug/deps/libitoa-f0883342bffd153c.rlib" "/opt/rustwide/target/debug/deps/libbytes-b7d0f79f1a1bf520.rlib" "/opt/rustwide/target/debug/deps/libfnv-059813dc4f8dd4c8.rlib" "/opt/rustwide/target/debug/deps/libtracing-a46e45ade79baeb8.rlib" "/opt/rustwide/target/debug/deps/libpin_project_lite-299664b3601d8560.rlib" "/opt/rustwide/target/debug/deps/libtracing_core-b16b6e2c6bc60736.rlib" "/opt/rustwide/target/debug/deps/libnative_tls-39fbc578423c6e58.rlib" "/opt/rustwide/target/debug/deps/libopenssl_probe-f1937205362a8d90.rlib" "/opt/rustwide/target/debug/deps/libopenssl-ca9fe3ba8db27422.rlib" "/opt/rustwide/target/debug/deps/libopenssl_sys-ce1905eaa797ebb1.rlib" "/opt/rustwide/target/debug/deps/liblibc-c850060be0a75c4e.rlib" "/opt/rustwide/target/debug/deps/liblazy_static-e92083d5a39a8b50.rlib" "/opt/rustwide/target/debug/deps/libforeign_types-b4d4d7edd906e428.rlib" "/opt/rustwide/target/debug/deps/libforeign_types_shared-585f047ff6a62f75.rlib" "/opt/rustwide/target/debug/deps/libbitflags-e09638bf9aca31b4.rlib" "/opt/rustwide/target/debug/deps/liblog-18e19f5b5787b169.rlib" "/opt/rustwide/target/debug/deps/libcfg_if-0d27f345b2a6a3cd.rlib" "/opt/rustwide/target/debug/deps/libanyhow-b5a17cdd882001a9.rlib" "-Wl,--start-group" "/opt/rustwide/rustup-home/toolchains/beta-2021-08-01-x86_64-unknown-linux-gnu/lib/rustlib/x86_64-unknown-linux-gnu/lib/libstd-197d933f09d9a590.rlib" "/opt/rustwide/rustup-home/toolchains/beta-2021-08-01-x86_64-unknown-linux-gnu/lib/rustlib/x86_64-unknown-linux-gnu/lib/libpanic_unwind-46a006cddfd334f0.rlib" "/opt/rustwide/rustup-home/toolchains/beta-2021-08-01-x86_64-unknown-linux-gnu/lib/rustlib/x86_64-unknown-linux-gnu/lib/libminiz_oxide-5b9870310e470b38.rlib" "/opt/rustwide/rustup-home/toolchains/beta-2021-08-01-x86_64-unknown-linux-gnu/lib/rustlib/x86_64-unknown-linux-gnu/lib/libadler-260022ba8f1ab4ee.rlib" "/opt/rustwide/rustup-home/toolchains/beta-2021-08-01-x86_64-unknown-linux-gnu/lib/rustlib/x86_64-unknown-linux-gnu/lib/libobject-71377435a799394f.rlib" "/opt/rustwide/rustup-home/toolchains/beta-2021-08-01-x86_64-unknown-linux-gnu/lib/rustlib/x86_64-unknown-linux-gnu/lib/libaddr2line-658ee5924fde57cd.rlib" "/opt/rustwide/rustup-home/toolchains/beta-2021-08-01-x86_64-unknown-linux-gnu/lib/rustlib/x86_64-unknown-linux-gnu/lib/libgimli-9e8627da6bd1b94a.rlib" "/opt/rustwide/rustup-home/toolchains/beta-2021-08-01-x86_64-unknown-linux-gnu/lib/rustlib/x86_64-unknown-linux-gnu/lib/libstd_detect-19fdaac49f59be84.rlib" "/opt/rustwide/rustup-home/toolchains/beta-2021-08-01-x86_64-unknown-linux-gnu/lib/rustlib/x86_64-unknown-linux-gnu/lib/librustc_demangle-cb00e2691ea45905.rlib" "/opt/rustwide/rustup-home/toolchains/beta-2021-08-01-x86_64-unknown-linux-gnu/lib/rustlib/x86_64-unknown-linux-gnu/lib/libhashbrown-50f6726defae5ae1.rlib" "/opt/rustwide/rustup-home/toolchains/beta-2021-08-01-x86_64-unknown-linux-gnu/lib/rustlib/x86_64-unknown-linux-gnu/lib/librustc_std_workspace_alloc-2afc16311deea26e.rlib" "/opt/rustwide/rustup-home/toolchains/beta-2021-08-01-x86_64-unknown-linux-gnu/lib/rustlib/x86_64-unknown-linux-gnu/lib/libunwind-bb5cb0fe086ee8cf.rlib" "/opt/rustwide/rustup-home/toolchains/beta-2021-08-01-x86_64-unknown-linux-gnu/lib/rustlib/x86_64-unknown-linux-gnu/lib/libcfg_if-896053247b5dfd0b.rlib" "/opt/rustwide/rustup-home/toolchains/beta-2021-08-01-x86_64-unknown-linux-gnu/lib/rustlib/x86_64-unknown-linux-gnu/lib/liblibc-735e1f2ac3cf23be.rlib" "/opt/rustwide/rustup-home/toolchains/beta-2021-08-01-x86_64-unknown-linux-gnu/lib/rustlib/x86_64-unknown-linux-gnu/lib/liballoc-9dfb6622644c732c.rlib" "/opt/rustwide/rustup-home/toolchains/beta-2021-08-01-x86_64-unknown-linux-gnu/lib/rustlib/x86_64-unknown-linux-gnu/lib/librustc_std_workspace_core-beea7d9617fe25c5.rlib" "/opt/rustwide/rustup-home/toolchains/beta-2021-08-01-x86_64-unknown-linux-gnu/lib/rustlib/x86_64-unknown-linux-gnu/lib/libcore-8ef7dd43fc671f88.rlib" "-Wl,--end-group" "/opt/rustwide/rustup-home/toolchains/beta-2021-08-01-x86_64-unknown-linux-gnu/lib/rustlib/x86_64-unknown-linux-gnu/lib/libcompiler_builtins-a9a3b2ad67977f47.rlib" "-Wl,-Bdynamic" "-lssl" "-lcrypto" "-lgcc_s" "-lutil" "-lrt" "-lpthread" "-lm" "-ldl" "-lc" "-Wl,--eh-frame-hdr" "-Wl,-znoexecstack" "-L" "/opt/rustwide/rustup-home/toolchains/beta-2021-08-01-x86_64-unknown-linux-gnu/lib/rustlib/x86_64-unknown-linux-gnu/lib" "-o" "/tmp/rustdoctestXhXXmw/rust_out" "-Wl,--gc-sections" "-pie" "-Wl,-zrelro" "-Wl,-znow" "-nodefaultlibs"
[INFO] [stdout]   = note: collect2: fatal error: ld terminated with signal 9 [Killed]
[INFO] [stdout]           compilation terminated.
[INFO] [stdout]           
[INFO] [stdout] 
[INFO] [stdout] error: aborting due to previous error
[INFO] [stdout] 
[INFO] [stdout] Couldn't compile the test.
[INFO] [stdout] 
[INFO] [stdout] failures:
[INFO] [stdout]     src/parameter.rs - parameter::Parameter::update (line 56)
[INFO] [stdout] 
[INFO] [stdout] test result: FAILED. 5 passed; 1 failed; 0 ignored; 0 measured; 0 filtered out; finished in 3.59s
[INFO] [stdout] 
[INFO] [stderr] error: test failed, to rerun pass '--doc'
[INFO] running `Command { std: "docker" "inspect" "b136d81eadce7c7902bded9326e9d0b9d0d4130b710dfc3be523254998f55795", kill_on_drop: false }`
[INFO] running `Command { std: "docker" "rm" "-f" "b136d81eadce7c7902bded9326e9d0b9d0d4130b710dfc3be523254998f55795", kill_on_drop: false }`
[INFO] [stdout] b136d81eadce7c7902bded9326e9d0b9d0d4130b710dfc3be523254998f55795
