[INFO] fetching crate awf-help 0.1.2...
[INFO] testing awf-help-0.1.2 against beta-2021-08-01 for beta-1.55-1
[INFO] extracting crate awf-help 0.1.2 into /workspace/builds/worker-7/source
[INFO] validating manifest of crates.io crate awf-help 0.1.2 on toolchain beta-2021-08-01
[INFO] running `Command { std: "/workspace/cargo-home/bin/cargo" "+beta-2021-08-01" "metadata" "--manifest-path" "Cargo.toml" "--no-deps", kill_on_drop: false }`
[INFO] started tweaking crates.io crate awf-help 0.1.2
[INFO] finished tweaking crates.io crate awf-help 0.1.2
[INFO] tweaked toml for crates.io crate awf-help 0.1.2 written to /workspace/builds/worker-7/source/Cargo.toml
[INFO] running `Command { std: "/workspace/cargo-home/bin/cargo" "+beta-2021-08-01" "generate-lockfile" "--manifest-path" "Cargo.toml" "-Zno-index-update", kill_on_drop: false }`
[INFO] running `Command { std: "/workspace/cargo-home/bin/cargo" "+beta-2021-08-01" "fetch" "--manifest-path" "Cargo.toml", kill_on_drop: false }`
[INFO] [stderr]     Blocking waiting for file lock on package cache
[INFO] [stderr]  Downloading crates ...
[INFO] [stderr]   Downloaded awf-codegen v0.1.2
[INFO] running `Command { std: "docker" "create" "-v" "/var/lib/crater-agent-workspace/builds/worker-7/target:/opt/rustwide/target:rw,Z" "-v" "/var/lib/crater-agent-workspace/builds/worker-7/source:/opt/rustwide/workdir:ro,Z" "-v" "/var/lib/crater-agent-workspace/cargo-home:/opt/rustwide/cargo-home:ro,Z" "-v" "/var/lib/crater-agent-workspace/rustup-home:/opt/rustwide/rustup-home:ro,Z" "-e" "SOURCE_DIR=/opt/rustwide/workdir" "-e" "CARGO_TARGET_DIR=/opt/rustwide/target" "-e" "CARGO_HOME=/opt/rustwide/cargo-home" "-e" "RUSTUP_HOME=/opt/rustwide/rustup-home" "-w" "/opt/rustwide/workdir" "-m" "1610612736" "--user" "0:0" "--network" "none" "ghcr.io/rust-lang/crates-build-env/linux@sha256:34b6a614d2c27851fe6cbf88fbd1137609cefab8b10d0615aaeb6fd47975d74e" "/opt/rustwide/cargo-home/bin/cargo" "+beta-2021-08-01" "metadata" "--no-deps" "--format-version=1", kill_on_drop: false }`
[INFO] [stderr] WARNING: Your kernel does not support swap limit capabilities or the cgroup is not mounted. Memory limited without swap.
[INFO] [stdout] dd50cb5e0920bea67e6ffa9b618caf79cbbf9d24f0c1c837fe6ae1155fe718cf
[INFO] running `Command { std: "docker" "start" "-a" "dd50cb5e0920bea67e6ffa9b618caf79cbbf9d24f0c1c837fe6ae1155fe718cf", kill_on_drop: false }`
[INFO] running `Command { std: "docker" "inspect" "dd50cb5e0920bea67e6ffa9b618caf79cbbf9d24f0c1c837fe6ae1155fe718cf", kill_on_drop: false }`
[INFO] running `Command { std: "docker" "rm" "-f" "dd50cb5e0920bea67e6ffa9b618caf79cbbf9d24f0c1c837fe6ae1155fe718cf", kill_on_drop: false }`
[INFO] [stdout] dd50cb5e0920bea67e6ffa9b618caf79cbbf9d24f0c1c837fe6ae1155fe718cf
[INFO] running `Command { std: "docker" "create" "-v" "/var/lib/crater-agent-workspace/builds/worker-7/target:/opt/rustwide/target:rw,Z" "-v" "/var/lib/crater-agent-workspace/builds/worker-7/source:/opt/rustwide/workdir:ro,Z" "-v" "/var/lib/crater-agent-workspace/cargo-home:/opt/rustwide/cargo-home:ro,Z" "-v" "/var/lib/crater-agent-workspace/rustup-home:/opt/rustwide/rustup-home:ro,Z" "-e" "SOURCE_DIR=/opt/rustwide/workdir" "-e" "CARGO_TARGET_DIR=/opt/rustwide/target" "-e" "CARGO_INCREMENTAL=0" "-e" "RUST_BACKTRACE=full" "-e" "RUSTFLAGS=--cap-lints=warn" "-e" "CARGO_HOME=/opt/rustwide/cargo-home" "-e" "RUSTUP_HOME=/opt/rustwide/rustup-home" "-w" "/opt/rustwide/workdir" "-m" "1610612736" "--user" "0:0" "--network" "none" "ghcr.io/rust-lang/crates-build-env/linux@sha256:34b6a614d2c27851fe6cbf88fbd1137609cefab8b10d0615aaeb6fd47975d74e" "/opt/rustwide/cargo-home/bin/cargo" "+beta-2021-08-01" "build" "--frozen" "--message-format=json", kill_on_drop: false }`
[INFO] [stdout] 63d6f7081afbe283233f4d9f836747fb0a98525d8a4b1fa64883b985c470fcaa
[INFO] [stderr] WARNING: Your kernel does not support swap limit capabilities or the cgroup is not mounted. Memory limited without swap.
[INFO] running `Command { std: "docker" "start" "-a" "63d6f7081afbe283233f4d9f836747fb0a98525d8a4b1fa64883b985c470fcaa", kill_on_drop: false }`
[INFO] [stderr]    Compiling libc v0.2.98
[INFO] [stderr]    Compiling futures v0.1.31
[INFO] [stderr]    Compiling log v0.4.14
[INFO] [stderr]    Compiling byteorder v1.4.3
[INFO] [stderr]    Compiling syn v1.0.74
[INFO] [stderr]    Compiling maybe-uninit v2.0.0
[INFO] [stderr]    Compiling slab v0.4.4
[INFO] [stderr]    Compiling memchr v2.4.0
[INFO] [stderr]    Compiling cc v1.0.69
[INFO] [stderr]    Compiling autocfg v0.1.7
[INFO] [stderr]    Compiling scopeguard v1.1.0
[INFO] [stderr]    Compiling rand_core v0.4.2
[INFO] [stderr]    Compiling syn v0.15.44
[INFO] [stderr]    Compiling regex-syntax v0.6.25
[INFO] [stderr]    Compiling crunchy v0.2.2
[INFO] [stderr]    Compiling gimli v0.25.0
[INFO] [stderr]    Compiling tiny-keccak v2.0.2
[INFO] [stderr]    Compiling failure_derive v0.1.8
[INFO] [stderr]    Compiling adler v1.0.2
[INFO] [stderr]    Compiling serde v1.0.127
[INFO] [stderr]    Compiling rustc-demangle v0.1.20
[INFO] [stderr]    Compiling match_cfg v0.1.0
[INFO] [stderr]    Compiling percent-encoding v1.0.1
[INFO] [stderr]    Compiling copyless v0.1.5
[INFO] [stderr]    Compiling quick-error v1.2.3
[INFO] [stderr]    Compiling linked-hash-map v0.5.4
[INFO] [stderr]    Compiling httparse v1.4.1
[INFO] [stderr]    Compiling either v1.6.1
[INFO] [stderr]    Compiling serde_json v1.0.66
[INFO] [stderr]    Compiling encoding_rs v0.8.28
[INFO] [stderr]    Compiling hashbrown v0.11.2
[INFO] [stderr]    Compiling dtoa v0.4.8
[INFO] [stderr]    Compiling mime v0.3.16
[INFO] [stderr]    Compiling sha1 v0.6.0
[INFO] [stderr]    Compiling language-tags v0.2.2
[INFO] [stderr]    Compiling inventory v0.1.10
[INFO] [stderr]    Compiling crossbeam-utils v0.7.2
[INFO] [stderr]    Compiling miniz_oxide v0.4.4
[INFO] [stderr]    Compiling indexmap v1.7.0
[INFO] [stderr]    Compiling tinyvec v1.3.1
[INFO] [stderr]    Compiling unicode-bidi v0.3.5
[INFO] [stderr]    Compiling lock_api v0.3.4
[INFO] [stderr]    Compiling base64 v0.10.1
[INFO] [stderr]    Compiling rand_core v0.3.1
[INFO] [stderr]    Compiling rand_jitter v0.1.4
[INFO] [stderr]    Compiling form_urlencoded v1.0.1
[INFO] [stderr]    Compiling rand_pcg v0.1.2
[INFO] [stderr]    Compiling rand_chacha v0.1.1
[INFO] [stderr]    Compiling rand v0.6.5
[INFO] [stderr]    Compiling hashbrown v0.6.3
[INFO] [stderr]    Compiling lru-cache v0.1.2
[INFO] [stderr]    Compiling tokio-sync v0.1.8
[INFO] [stderr]    Compiling actix-service v0.4.2
[INFO] [stderr]    Compiling rand_isaac v0.1.1
[INFO] [stderr]    Compiling rand_hc v0.1.0
[INFO] [stderr]    Compiling rand_xorshift v0.1.1
[INFO] [stderr]    Compiling parking_lot_core v0.6.2
[INFO] [stderr]    Compiling parking_lot v0.9.0
[INFO] [stderr]    Compiling addr2line v0.16.0
[INFO] [stderr]    Compiling smallvec v0.6.14
[INFO] [stderr]    Compiling backtrace v0.3.61
[INFO] [stderr]    Compiling miniz-sys v0.1.12
[INFO] [stderr]    Compiling brotli-sys v0.3.2
[INFO] [stderr]    Compiling unicode-normalization v0.1.19
[INFO] [stderr]    Compiling aho-corasick v0.7.18
[INFO] [stderr]    Compiling object v0.26.0
[INFO] [stderr]    Compiling iovec v0.1.4
[INFO] [stderr]    Compiling num_cpus v1.13.0
[INFO] [stderr]    Compiling net2 v0.2.37
[INFO] [stderr]    Compiling getrandom v0.2.3
[INFO] [stderr]    Compiling rand_os v0.1.3
[INFO] [stderr]    Compiling getrandom v0.1.16
[INFO] [stderr]    Compiling socket2 v0.3.19
[INFO] [stderr]    Compiling hostname v0.3.1
[INFO] [stderr]    Compiling time v0.1.44
[INFO] [stderr]    Compiling signal-hook-registry v1.4.0
[INFO] [stderr]    Compiling tokio-executor v0.1.10
[INFO] [stderr]    Compiling bytes v0.4.12
[INFO] [stderr]    Compiling threadpool v1.8.1
[INFO] [stderr]    Compiling rand_core v0.5.1
[INFO] [stderr]    Compiling const-random-macro v0.1.13
[INFO] [stderr]    Compiling resolv-conf v0.6.3
[INFO] [stderr]    Compiling mio v0.6.23
[INFO] [stderr]    Compiling regex v1.5.4
[INFO] [stderr]    Compiling chrono v0.4.19
[INFO] [stderr]    Compiling tokio-timer v0.2.13
[INFO] [stderr]    Compiling tokio-current-thread v0.1.7
[INFO] [stderr]    Compiling idna v0.1.5
[INFO] [stderr]    Compiling idna v0.2.3
[INFO] [stderr]    Compiling rand_chacha v0.2.2
[INFO] [stderr]    Compiling tokio-io v0.1.13
[INFO] [stderr]    Compiling http v0.1.21
[INFO] [stderr]    Compiling string v0.2.1
[INFO] [stderr]    Compiling mio-uds v0.6.8
[INFO] [stderr]    Compiling const-random v0.1.13
[INFO] [stderr]    Compiling flate2 v1.0.20
[INFO] [stderr]    Compiling rand v0.7.3
[INFO] [stderr]    Compiling ahash v0.2.19
[INFO] [stderr]    Compiling url v1.7.2
[INFO] [stderr]    Compiling tokio-reactor v0.1.12
[INFO] [stderr]    Compiling tokio-codec v0.1.2
[INFO] [stderr]    Compiling url v2.2.2
[INFO] [stderr]    Compiling actix-codec v0.1.2
[INFO] [stderr]    Compiling synstructure v0.12.5
[INFO] [stderr]    Compiling tokio-tcp v0.1.4
[INFO] [stderr]    Compiling tokio-udp v0.1.6
[INFO] [stderr]    Compiling tokio-signal v0.2.9
[INFO] [stderr]    Compiling actix-utils v0.4.7
[INFO] [stderr]    Compiling actix-server-config v0.1.2
[INFO] [stderr]    Compiling h2 v0.1.26
[INFO] [stderr]    Compiling enum-as-inner v0.2.1
[INFO] [stderr]    Compiling derive_more v0.15.0
[INFO] [stderr]    Compiling brotli2 v0.3.2
[INFO] [stderr]    Compiling serde_derive v1.0.127
[INFO] [stderr]    Compiling ghost v0.1.2
[INFO] [stderr]    Compiling ctor v0.1.20
[INFO] [stderr]    Compiling actix-web-codegen v0.1.3
[INFO] [stderr]    Compiling inventory-impl v0.1.10
[INFO] [stderr]    Compiling awf-codegen v0.1.2
[INFO] [stderr]    Compiling failure v0.1.8
[INFO] [stderr]    Compiling trust-dns-proto v0.7.4
[INFO] [stderr]    Compiling actix-threadpool v0.1.2
[INFO] [stderr]    Compiling actix-rt v0.2.6
[INFO] [stderr]    Compiling actix-server v0.6.1
[INFO] [stderr]    Compiling actix-testing v0.1.0
[INFO] [stderr]    Compiling trust-dns-resolver v0.11.1
[INFO] [stderr]    Compiling actix-connect v0.2.5
[INFO] [stderr]    Compiling serde_urlencoded v0.6.1
[INFO] [stderr]    Compiling actix-router v0.1.5
[INFO] [stderr]    Compiling actix-http v0.2.11
[INFO] [stderr]    Compiling awc v0.2.8
[INFO] [stderr]    Compiling actix-web v1.0.9
[INFO] [stderr]    Compiling awf-help v0.1.2 (/opt/rustwide/workdir)
[INFO] [stderr]     Finished dev [unoptimized + debuginfo] target(s) in 52.85s
[INFO] running `Command { std: "docker" "inspect" "63d6f7081afbe283233f4d9f836747fb0a98525d8a4b1fa64883b985c470fcaa", kill_on_drop: false }`
[INFO] running `Command { std: "docker" "rm" "-f" "63d6f7081afbe283233f4d9f836747fb0a98525d8a4b1fa64883b985c470fcaa", kill_on_drop: false }`
[INFO] [stdout] 63d6f7081afbe283233f4d9f836747fb0a98525d8a4b1fa64883b985c470fcaa
[INFO] running `Command { std: "docker" "create" "-v" "/var/lib/crater-agent-workspace/builds/worker-7/target:/opt/rustwide/target:rw,Z" "-v" "/var/lib/crater-agent-workspace/builds/worker-7/source:/opt/rustwide/workdir:ro,Z" "-v" "/var/lib/crater-agent-workspace/cargo-home:/opt/rustwide/cargo-home:ro,Z" "-v" "/var/lib/crater-agent-workspace/rustup-home:/opt/rustwide/rustup-home:ro,Z" "-e" "SOURCE_DIR=/opt/rustwide/workdir" "-e" "CARGO_TARGET_DIR=/opt/rustwide/target" "-e" "CARGO_INCREMENTAL=0" "-e" "RUST_BACKTRACE=full" "-e" "RUSTFLAGS=--cap-lints=warn" "-e" "CARGO_HOME=/opt/rustwide/cargo-home" "-e" "RUSTUP_HOME=/opt/rustwide/rustup-home" "-w" "/opt/rustwide/workdir" "-m" "1610612736" "--user" "0:0" "--network" "none" "ghcr.io/rust-lang/crates-build-env/linux@sha256:34b6a614d2c27851fe6cbf88fbd1137609cefab8b10d0615aaeb6fd47975d74e" "/opt/rustwide/cargo-home/bin/cargo" "+beta-2021-08-01" "test" "--frozen" "--no-run" "--message-format=json", kill_on_drop: false }`
[INFO] [stderr] WARNING: Your kernel does not support swap limit capabilities or the cgroup is not mounted. Memory limited without swap.
[INFO] [stdout] c781f8a55b9e75ca76dc52093065d19f9b3ec8a7a4dd8b67dae567a34be7efae
[INFO] running `Command { std: "docker" "start" "-a" "c781f8a55b9e75ca76dc52093065d19f9b3ec8a7a4dd8b67dae567a34be7efae", kill_on_drop: false }`
[INFO] [stderr]    Compiling awf-help v0.1.2 (/opt/rustwide/workdir)
[INFO] [stderr]     Finished test [unoptimized + debuginfo] target(s) in 0.72s
[INFO] running `Command { std: "docker" "inspect" "c781f8a55b9e75ca76dc52093065d19f9b3ec8a7a4dd8b67dae567a34be7efae", kill_on_drop: false }`
[INFO] running `Command { std: "docker" "rm" "-f" "c781f8a55b9e75ca76dc52093065d19f9b3ec8a7a4dd8b67dae567a34be7efae", kill_on_drop: false }`
[INFO] [stdout] c781f8a55b9e75ca76dc52093065d19f9b3ec8a7a4dd8b67dae567a34be7efae
[INFO] running `Command { std: "docker" "create" "-v" "/var/lib/crater-agent-workspace/builds/worker-7/target:/opt/rustwide/target:rw,Z" "-v" "/var/lib/crater-agent-workspace/builds/worker-7/source:/opt/rustwide/workdir:ro,Z" "-v" "/var/lib/crater-agent-workspace/cargo-home:/opt/rustwide/cargo-home:ro,Z" "-v" "/var/lib/crater-agent-workspace/rustup-home:/opt/rustwide/rustup-home:ro,Z" "-e" "SOURCE_DIR=/opt/rustwide/workdir" "-e" "CARGO_TARGET_DIR=/opt/rustwide/target" "-e" "CARGO_INCREMENTAL=0" "-e" "RUST_BACKTRACE=full" "-e" "RUSTFLAGS=--cap-lints=warn" "-e" "CARGO_HOME=/opt/rustwide/cargo-home" "-e" "RUSTUP_HOME=/opt/rustwide/rustup-home" "-w" "/opt/rustwide/workdir" "-m" "1610612736" "--user" "0:0" "--network" "none" "ghcr.io/rust-lang/crates-build-env/linux@sha256:34b6a614d2c27851fe6cbf88fbd1137609cefab8b10d0615aaeb6fd47975d74e" "/opt/rustwide/cargo-home/bin/cargo" "+beta-2021-08-01" "test" "--frozen", kill_on_drop: false }`
[INFO] [stderr] WARNING: Your kernel does not support swap limit capabilities or the cgroup is not mounted. Memory limited without swap.
[INFO] [stdout] cd7366cc360064402b78a08cff42b788141f53a8448999fce5f1e5e637fe11a5
[INFO] running `Command { std: "docker" "start" "-a" "cd7366cc360064402b78a08cff42b788141f53a8448999fce5f1e5e637fe11a5", kill_on_drop: false }`
[INFO] [stderr]     Finished test [unoptimized + debuginfo] target(s) in 0.13s
[INFO] [stderr]      Running unittests (/opt/rustwide/target/debug/deps/awf_help-e55f08b773ca4ef2)
[INFO] [stdout] 
[INFO] [stdout] running 0 tests
[INFO] [stdout] 
[INFO] [stdout] test result: ok. 0 passed; 0 failed; 0 ignored; 0 measured; 0 filtered out; finished in 0.00s
[INFO] [stdout] 
[INFO] [stderr]    Doc-tests awf-help
[INFO] [stdout] 
[INFO] [stdout] running 5 tests
[INFO] [stdout] test src/lib.rs - (line 5) ... FAILED
[INFO] [stdout] test src/lib.rs - (line 17) ... FAILED
[INFO] [stdout] test src/lib.rs - (line 37) ... FAILED
[INFO] [stdout] test src/lib.rs - (line 26) ... FAILED
[INFO] [stdout] test src/lib.rs - (line 12) ... ok
[INFO] [stdout] 
[INFO] [stdout] failures:
[INFO] [stdout] 
[INFO] [stdout] ---- src/lib.rs - (line 5) stdout ----
[INFO] [stdout] error: expected one of `.`, `;`, `?`, `}`, or an operator, found `awf`
[INFO] [stdout]  --> src/lib.rs:7:1
[INFO] [stdout]   |
[INFO] [stdout] 3 | [dependencies]
[INFO] [stdout]   |               - expected one of `.`, `;`, `?`, `}`, or an operator
[INFO] [stdout] 4 | awf-help = "0.1"
[INFO] [stdout]   | ^^^ unexpected token
[INFO] [stdout] 
[INFO] [stdout] error: aborting due to previous error
[INFO] [stdout] 
[INFO] [stdout] Couldn't compile the test.
[INFO] [stdout] ---- src/lib.rs - (line 17) stdout ----
[INFO] [stdout] error[E0433]: failed to resolve: use of undeclared type `HttpServer`
[INFO] [stdout]  --> src/lib.rs:18:1
[INFO] [stdout]   |
[INFO] [stdout] 3 | HttpServer::new(|| App::new().configure(config))
[INFO] [stdout]   | ^^^^^^^^^^ not found in this scope
[INFO] [stdout]   |
[INFO] [stdout] help: consider importing this struct
[INFO] [stdout]   |
[INFO] [stdout] 2 | use actix_web::HttpServer;
[INFO] [stdout]   |
[INFO] [stdout] 
[INFO] [stdout] error[E0433]: failed to resolve: use of undeclared type `App`
[INFO] [stdout]  --> src/lib.rs:18:20
[INFO] [stdout]   |
[INFO] [stdout] 3 | HttpServer::new(|| App::new().configure(config))
[INFO] [stdout]   |                    ^^^ not found in this scope
[INFO] [stdout]   |
[INFO] [stdout] help: consider importing this struct
[INFO] [stdout]   |
[INFO] [stdout] 2 | use actix_web::App;
[INFO] [stdout]   |
[INFO] [stdout] 
[INFO] [stdout] error[E0425]: cannot find value `config` in this scope
[INFO] [stdout]  --> src/lib.rs:18:41
[INFO] [stdout]   |
[INFO] [stdout] 3 | HttpServer::new(|| App::new().configure(config))
[INFO] [stdout]   |                                         ^^^^^^ not found in this scope
[INFO] [stdout]   |
[INFO] [stdout] help: consider importing this function
[INFO] [stdout]   |
[INFO] [stdout] 2 | use awf_help::config;
[INFO] [stdout]   |
[INFO] [stdout] 
[INFO] [stdout] error: aborting due to 3 previous errors
[INFO] [stdout] 
[INFO] [stdout] Some errors have detailed explanations: E0425, E0433.
[INFO] [stdout] For more information about an error, try `rustc --explain E0425`.
[INFO] [stdout] Couldn't compile the test.
[INFO] [stdout] ---- src/lib.rs - (line 37) stdout ----
[INFO] [stdout] error: cannot find attribute `route_res` in this scope
[INFO] [stdout]  --> src/lib.rs:38:3
[INFO] [stdout]   |
[INFO] [stdout] 3 | #[route_res("/hello")]
[INFO] [stdout]   |   ^^^^^^^^^
[INFO] [stdout] 
[INFO] [stdout] error[E0412]: cannot find type `Hello` in this scope
[INFO] [stdout]  --> src/lib.rs:39:6
[INFO] [stdout]   |
[INFO] [stdout] 4 | impl Hello {
[INFO] [stdout]   |      ^^^^^ not found in this scope
[INFO] [stdout] 
[INFO] [stdout] error[E0412]: cannot find type `HttpRequest` in this scope
[INFO] [stdout]  --> src/lib.rs:40:16
[INFO] [stdout]   |
[INFO] [stdout] 5 |    fn get(req: HttpRequest) -> String {
[INFO] [stdout]   |                ^^^^^^^^^^^ not found in this scope
[INFO] [stdout]   |
[INFO] [stdout] help: consider importing this struct
[INFO] [stdout]   |
[INFO] [stdout] 2 | use actix_web::HttpRequest;
[INFO] [stdout]   |
[INFO] [stdout] 
[INFO] [stdout] error[E0412]: cannot find type `HttpRequest` in this scope
[INFO] [stdout]  --> src/lib.rs:43:17
[INFO] [stdout]   |
[INFO] [stdout] 8 |    fn post(req: HttpRequest) -> String {
[INFO] [stdout]   |                 ^^^^^^^^^^^ not found in this scope
[INFO] [stdout]   |
[INFO] [stdout] help: consider importing this struct
[INFO] [stdout]   |
[INFO] [stdout] 2 | use actix_web::HttpRequest;
[INFO] [stdout]   |
[INFO] [stdout] 
[INFO] [stdout] error: aborting due to 4 previous errors
[INFO] [stdout] 
[INFO] [stdout] For more information about this error, try `rustc --explain E0412`.
[INFO] [stdout] Couldn't compile the test.
[INFO] [stdout] ---- src/lib.rs - (line 26) stdout ----
[INFO] [stdout] error: expected statement after outer attribute
[INFO] [stdout]  --> src/lib.rs:33:1
[INFO] [stdout]   |
[INFO] [stdout] 9 | #[route(HEAD, "/")]
[INFO] [stdout]   | ^^^^^^^^^^^^^^^^^^^
[INFO] [stdout] 
[INFO] [stdout] error: cannot find attribute `route` in this scope
[INFO] [stdout]  --> src/lib.rs:27:3
[INFO] [stdout]   |
[INFO] [stdout] 3 | #[route(GET, "/")]
[INFO] [stdout]   |   ^^^^^
[INFO] [stdout] 
[INFO] [stdout] error[E0412]: cannot find type `HttpRequest` in this scope
[INFO] [stdout]  --> src/lib.rs:28:15
[INFO] [stdout]   |
[INFO] [stdout] 4 | fn greet(req: HttpRequest) -> String {
[INFO] [stdout]   |               ^^^^^^^^^^^ not found in this scope
[INFO] [stdout]   |
[INFO] [stdout] help: consider importing this struct
[INFO] [stdout]   |
[INFO] [stdout] 2 | use actix_web::HttpRequest;
[INFO] [stdout]   |
[INFO] [stdout] 
[INFO] [stdout] error: aborting due to 3 previous errors
[INFO] [stdout] 
[INFO] [stdout] For more information about this error, try `rustc --explain E0412`.
[INFO] [stdout] Couldn't compile the test.
[INFO] [stdout] 
[INFO] [stdout] failures:
[INFO] [stdout]     src/lib.rs - (line 17)
[INFO] [stdout]     src/lib.rs - (line 26)
[INFO] [stdout]     src/lib.rs - (line 37)
[INFO] [stdout]     src/lib.rs - (line 5)
[INFO] [stdout] 
[INFO] [stdout] test result: FAILED. 1 passed; 4 failed; 0 ignored; 0 measured; 0 filtered out; finished in 0.49s
[INFO] [stdout] 
[INFO] [stderr] error: test failed, to rerun pass '--doc'
[INFO] running `Command { std: "docker" "inspect" "cd7366cc360064402b78a08cff42b788141f53a8448999fce5f1e5e637fe11a5", kill_on_drop: false }`
[INFO] running `Command { std: "docker" "rm" "-f" "cd7366cc360064402b78a08cff42b788141f53a8448999fce5f1e5e637fe11a5", kill_on_drop: false }`
[INFO] [stdout] cd7366cc360064402b78a08cff42b788141f53a8448999fce5f1e5e637fe11a5
