[INFO] fetching crate awf-codegen 0.1.2...
[INFO] testing awf-codegen-0.1.2 against 1.54.0 for beta-1.55-1
[INFO] extracting crate awf-codegen 0.1.2 into /workspace/builds/worker-0/source
[INFO] validating manifest of crates.io crate awf-codegen 0.1.2 on toolchain 1.54.0
[INFO] running `Command { std: "/workspace/cargo-home/bin/cargo" "+1.54.0" "metadata" "--manifest-path" "Cargo.toml" "--no-deps", kill_on_drop: false }`
[INFO] started tweaking crates.io crate awf-codegen 0.1.2
[INFO] finished tweaking crates.io crate awf-codegen 0.1.2
[INFO] tweaked toml for crates.io crate awf-codegen 0.1.2 written to /workspace/builds/worker-0/source/Cargo.toml
[INFO] running `Command { std: "/workspace/cargo-home/bin/cargo" "+1.54.0" "generate-lockfile" "--manifest-path" "Cargo.toml" "-Zno-index-update", kill_on_drop: false }`
[INFO] running `Command { std: "/workspace/cargo-home/bin/cargo" "+1.54.0" "fetch" "--manifest-path" "Cargo.toml", kill_on_drop: false }`
[INFO] running `Command { std: "docker" "create" "-v" "/var/lib/crater-agent-workspace/builds/worker-0/target:/opt/rustwide/target:rw,Z" "-v" "/var/lib/crater-agent-workspace/builds/worker-0/source:/opt/rustwide/workdir:ro,Z" "-v" "/var/lib/crater-agent-workspace/cargo-home:/opt/rustwide/cargo-home:ro,Z" "-v" "/var/lib/crater-agent-workspace/rustup-home:/opt/rustwide/rustup-home:ro,Z" "-e" "SOURCE_DIR=/opt/rustwide/workdir" "-e" "CARGO_TARGET_DIR=/opt/rustwide/target" "-e" "CARGO_HOME=/opt/rustwide/cargo-home" "-e" "RUSTUP_HOME=/opt/rustwide/rustup-home" "-w" "/opt/rustwide/workdir" "-m" "1610612736" "--user" "0:0" "--network" "none" "ghcr.io/rust-lang/crates-build-env/linux@sha256:34b6a614d2c27851fe6cbf88fbd1137609cefab8b10d0615aaeb6fd47975d74e" "/opt/rustwide/cargo-home/bin/cargo" "+1.54.0" "metadata" "--no-deps" "--format-version=1", kill_on_drop: false }`
[INFO] [stdout] 2081b76f362a6811eda4c46de5e3c0866b1dae8d8761566e90845808d1415a52
[INFO] [stderr] WARNING: Your kernel does not support swap limit capabilities or the cgroup is not mounted. Memory limited without swap.
[INFO] running `Command { std: "docker" "start" "-a" "2081b76f362a6811eda4c46de5e3c0866b1dae8d8761566e90845808d1415a52", kill_on_drop: false }`
[INFO] running `Command { std: "docker" "inspect" "2081b76f362a6811eda4c46de5e3c0866b1dae8d8761566e90845808d1415a52", kill_on_drop: false }`
[INFO] running `Command { std: "docker" "rm" "-f" "2081b76f362a6811eda4c46de5e3c0866b1dae8d8761566e90845808d1415a52", kill_on_drop: false }`
[INFO] [stdout] 2081b76f362a6811eda4c46de5e3c0866b1dae8d8761566e90845808d1415a52
[INFO] running `Command { std: "docker" "create" "-v" "/var/lib/crater-agent-workspace/builds/worker-0/target:/opt/rustwide/target:rw,Z" "-v" "/var/lib/crater-agent-workspace/builds/worker-0/source:/opt/rustwide/workdir:ro,Z" "-v" "/var/lib/crater-agent-workspace/cargo-home:/opt/rustwide/cargo-home:ro,Z" "-v" "/var/lib/crater-agent-workspace/rustup-home:/opt/rustwide/rustup-home:ro,Z" "-e" "SOURCE_DIR=/opt/rustwide/workdir" "-e" "CARGO_TARGET_DIR=/opt/rustwide/target" "-e" "CARGO_INCREMENTAL=0" "-e" "RUST_BACKTRACE=full" "-e" "RUSTFLAGS=--cap-lints=warn" "-e" "CARGO_HOME=/opt/rustwide/cargo-home" "-e" "RUSTUP_HOME=/opt/rustwide/rustup-home" "-w" "/opt/rustwide/workdir" "-m" "1610612736" "--user" "0:0" "--network" "none" "ghcr.io/rust-lang/crates-build-env/linux@sha256:34b6a614d2c27851fe6cbf88fbd1137609cefab8b10d0615aaeb6fd47975d74e" "/opt/rustwide/cargo-home/bin/cargo" "+1.54.0" "build" "--frozen" "--message-format=json", kill_on_drop: false }`
[INFO] [stderr] WARNING: Your kernel does not support swap limit capabilities or the cgroup is not mounted. Memory limited without swap.
[INFO] [stdout] b934e55444d50fa8d0693ad023a4a6ecac9e9aba342d96919f30d0d0dee6a559
[INFO] running `Command { std: "docker" "start" "-a" "b934e55444d50fa8d0693ad023a4a6ecac9e9aba342d96919f30d0d0dee6a559", kill_on_drop: false }`
[INFO] [stderr]    Compiling syn v1.0.74
[INFO] [stderr]    Compiling awf-codegen v0.1.2 (/opt/rustwide/workdir)
[INFO] [stdout] warning: variable `reqtype` is assigned to, but never used
[INFO] [stdout]   --> src/lib.rs:89:13
[INFO] [stdout]    |
[INFO] [stdout] 89 |     let mut reqtype = None;
[INFO] [stdout]    |             ^^^^^^^
[INFO] [stdout]    |
[INFO] [stdout]    = note: `#[warn(unused_variables)]` on by default
[INFO] [stdout]    = note: consider using `_reqtype` instead
[INFO] [stdout] 
[INFO] [stdout] 
[INFO] [stdout] warning: value assigned to `reqtype` is never read
[INFO] [stdout]   --> src/lib.rs:98:17
[INFO] [stdout]    |
[INFO] [stdout] 98 |                 reqtype = Some(identstr);
[INFO] [stdout]    |                 ^^^^^^^
[INFO] [stdout]    |
[INFO] [stdout]    = note: `#[warn(unused_assignments)]` on by default
[INFO] [stdout]    = help: maybe it is overwritten before being read?
[INFO] [stdout] 
[INFO] [stdout] 
[INFO] [stdout] warning: unused variable: `method`
[INFO] [stdout]    --> src/lib.rs:111:9
[INFO] [stdout]     |
[INFO] [stdout] 111 |     let method = format_ident!("get");
[INFO] [stdout]     |         ^^^^^^ help: if this is intentional, prefix it with an underscore: `_method`
[INFO] [stdout] 
[INFO] [stdout] 
[INFO] [stdout] warning: variable does not need to be mutable
[INFO] [stdout]   --> src/lib.rs:86:9
[INFO] [stdout]    |
[INFO] [stdout] 86 |     let mut itimpl = parse_macro_input!(item as ItemImpl);
[INFO] [stdout]    |         ----^^^^^^
[INFO] [stdout]    |         |
[INFO] [stdout]    |         help: remove this `mut`
[INFO] [stdout]    |
[INFO] [stdout]    = note: `#[warn(unused_mut)]` on by default
[INFO] [stdout] 
[INFO] [stdout] 
[INFO] [stdout] warning: variable does not need to be mutable
[INFO] [stdout]    --> src/lib.rs:106:9
[INFO] [stdout]     |
[INFO] [stdout] 106 |     let mut nameident = quote! {#self_ty};
[INFO] [stdout]     |         ----^^^^^^^^^
[INFO] [stdout]     |         |
[INFO] [stdout]     |         help: remove this `mut`
[INFO] [stdout] 
[INFO] [stdout] 
[INFO] [stdout] warning: variable does not need to be mutable
[INFO] [stdout]    --> src/lib.rs:139:9
[INFO] [stdout]     |
[INFO] [stdout] 139 |     let mut func = quote! {
[INFO] [stdout]     |         ----^^^^
[INFO] [stdout]     |         |
[INFO] [stdout]     |         help: remove this `mut`
[INFO] [stdout] 
[INFO] [stdout] 
[INFO] [stderr]     Finished dev [unoptimized + debuginfo] target(s) in 10.74s
[INFO] [stdout] warning: 6 warnings emitted
[INFO] [stdout] 
[INFO] [stdout] 
[INFO] running `Command { std: "docker" "inspect" "b934e55444d50fa8d0693ad023a4a6ecac9e9aba342d96919f30d0d0dee6a559", kill_on_drop: false }`
[INFO] running `Command { std: "docker" "rm" "-f" "b934e55444d50fa8d0693ad023a4a6ecac9e9aba342d96919f30d0d0dee6a559", kill_on_drop: false }`
[INFO] [stdout] b934e55444d50fa8d0693ad023a4a6ecac9e9aba342d96919f30d0d0dee6a559
[INFO] running `Command { std: "docker" "create" "-v" "/var/lib/crater-agent-workspace/builds/worker-0/target:/opt/rustwide/target:rw,Z" "-v" "/var/lib/crater-agent-workspace/builds/worker-0/source:/opt/rustwide/workdir:ro,Z" "-v" "/var/lib/crater-agent-workspace/cargo-home:/opt/rustwide/cargo-home:ro,Z" "-v" "/var/lib/crater-agent-workspace/rustup-home:/opt/rustwide/rustup-home:ro,Z" "-e" "SOURCE_DIR=/opt/rustwide/workdir" "-e" "CARGO_TARGET_DIR=/opt/rustwide/target" "-e" "CARGO_INCREMENTAL=0" "-e" "RUST_BACKTRACE=full" "-e" "RUSTFLAGS=--cap-lints=warn" "-e" "CARGO_HOME=/opt/rustwide/cargo-home" "-e" "RUSTUP_HOME=/opt/rustwide/rustup-home" "-w" "/opt/rustwide/workdir" "-m" "1610612736" "--user" "0:0" "--network" "none" "ghcr.io/rust-lang/crates-build-env/linux@sha256:34b6a614d2c27851fe6cbf88fbd1137609cefab8b10d0615aaeb6fd47975d74e" "/opt/rustwide/cargo-home/bin/cargo" "+1.54.0" "test" "--frozen" "--no-run" "--message-format=json", kill_on_drop: false }`
[INFO] [stderr] WARNING: Your kernel does not support swap limit capabilities or the cgroup is not mounted. Memory limited without swap.
[INFO] [stdout] a2750879fc1906b15ef25bc1b58a98b612a6f2d5e7da17959efc91996b3276c9
[INFO] running `Command { std: "docker" "start" "-a" "a2750879fc1906b15ef25bc1b58a98b612a6f2d5e7da17959efc91996b3276c9", kill_on_drop: false }`
[INFO] [stdout] warning: variable `reqtype` is assigned to, but never used
[INFO] [stdout]   --> src/lib.rs:89:13
[INFO] [stdout]    |
[INFO] [stdout] 89 |     let mut reqtype = None;
[INFO] [stdout]    |             ^^^^^^^
[INFO] [stdout]    |
[INFO] [stdout]    = note: `#[warn(unused_variables)]` on by default
[INFO] [stdout]    = note: consider using `_reqtype` instead
[INFO] [stdout] 
[INFO] [stdout] 
[INFO] [stdout] warning: value assigned to `reqtype` is never read
[INFO] [stdout]   --> src/lib.rs:98:17
[INFO] [stdout]    |
[INFO] [stdout] 98 |                 reqtype = Some(identstr);
[INFO] [stdout]    |                 ^^^^^^^
[INFO] [stdout]    |
[INFO] [stdout]    = note: `#[warn(unused_assignments)]` on by default
[INFO] [stdout]    = help: maybe it is overwritten before being read?
[INFO] [stdout] 
[INFO] [stdout] 
[INFO] [stdout] warning: unused variable: `method`
[INFO] [stdout]    --> src/lib.rs:111:9
[INFO] [stdout]     |
[INFO] [stdout] 111 |     let method = format_ident!("get");
[INFO] [stdout]     |         ^^^^^^ help: if this is intentional, prefix it with an underscore: `_method`
[INFO] [stdout] 
[INFO] [stdout] 
[INFO] [stdout] warning: variable does not need to be mutable
[INFO] [stdout]   --> src/lib.rs:86:9
[INFO] [stdout]    |
[INFO] [stdout] 86 |     let mut itimpl = parse_macro_input!(item as ItemImpl);
[INFO] [stdout]    |         ----^^^^^^
[INFO] [stdout]    |         |
[INFO] [stdout]    |         help: remove this `mut`
[INFO] [stdout]    |
[INFO] [stdout]    = note: `#[warn(unused_mut)]` on by default
[INFO] [stdout] 
[INFO] [stdout] 
[INFO] [stdout] warning: variable does not need to be mutable
[INFO] [stdout]    --> src/lib.rs:106:9
[INFO] [stdout]     |
[INFO] [stdout] 106 |     let mut nameident = quote! {#self_ty};
[INFO] [stdout]     |         ----^^^^^^^^^
[INFO] [stdout]     |         |
[INFO] [stdout]     |         help: remove this `mut`
[INFO] [stdout] 
[INFO] [stdout] 
[INFO] [stdout] warning: variable does not need to be mutable
[INFO] [stdout]    --> src/lib.rs:139:9
[INFO] [stdout]     |
[INFO] [stdout] 139 |     let mut func = quote! {
[INFO] [stdout]     |         ----^^^^
[INFO] [stdout]     |         |
[INFO] [stdout]     |         help: remove this `mut`
[INFO] [stdout] 
[INFO] [stdout] 
[INFO] [stdout] warning: 6 warnings emitted
[INFO] [stdout] 
[INFO] [stdout] 
[INFO] [stderr]    Compiling awf-codegen v0.1.2 (/opt/rustwide/workdir)
[INFO] [stdout] warning: variable `reqtype` is assigned to, but never used
[INFO] [stdout]   --> src/lib.rs:89:13
[INFO] [stdout]    |
[INFO] [stdout] 89 |     let mut reqtype = None;
[INFO] [stdout]    |             ^^^^^^^
[INFO] [stdout]    |
[INFO] [stdout]    = note: `#[warn(unused_variables)]` on by default
[INFO] [stdout]    = note: consider using `_reqtype` instead
[INFO] [stdout] 
[INFO] [stdout] 
[INFO] [stdout] warning: value assigned to `reqtype` is never read
[INFO] [stdout]   --> src/lib.rs:98:17
[INFO] [stdout]    |
[INFO] [stdout] 98 |                 reqtype = Some(identstr);
[INFO] [stdout]    |                 ^^^^^^^
[INFO] [stdout]    |
[INFO] [stdout]    = note: `#[warn(unused_assignments)]` on by default
[INFO] [stdout]    = help: maybe it is overwritten before being read?
[INFO] [stdout] 
[INFO] [stdout] 
[INFO] [stdout] warning: unused variable: `method`
[INFO] [stdout]    --> src/lib.rs:111:9
[INFO] [stdout]     |
[INFO] [stdout] 111 |     let method = format_ident!("get");
[INFO] [stdout]     |         ^^^^^^ help: if this is intentional, prefix it with an underscore: `_method`
[INFO] [stdout] 
[INFO] [stdout] 
[INFO] [stdout] warning: variable does not need to be mutable
[INFO] [stdout]   --> src/lib.rs:86:9
[INFO] [stdout]    |
[INFO] [stdout] 86 |     let mut itimpl = parse_macro_input!(item as ItemImpl);
[INFO] [stdout]    |         ----^^^^^^
[INFO] [stdout]    |         |
[INFO] [stdout]    |         help: remove this `mut`
[INFO] [stdout]    |
[INFO] [stdout]    = note: `#[warn(unused_mut)]` on by default
[INFO] [stdout] 
[INFO] [stdout] 
[INFO] [stdout] warning: variable does not need to be mutable
[INFO] [stdout]    --> src/lib.rs:106:9
[INFO] [stdout]     |
[INFO] [stdout] 106 |     let mut nameident = quote! {#self_ty};
[INFO] [stdout]     |         ----^^^^^^^^^
[INFO] [stdout]     |         |
[INFO] [stdout]     |         help: remove this `mut`
[INFO] [stdout] 
[INFO] [stdout] 
[INFO] [stdout] warning: variable does not need to be mutable
[INFO] [stdout]    --> src/lib.rs:139:9
[INFO] [stdout]     |
[INFO] [stdout] 139 |     let mut func = quote! {
[INFO] [stdout]     |         ----^^^^
[INFO] [stdout]     |         |
[INFO] [stdout]     |         help: remove this `mut`
[INFO] [stdout] 
[INFO] [stdout] 
[INFO] [stderr]     Finished test [unoptimized + debuginfo] target(s) in 0.67s
[INFO] [stdout] warning: 6 warnings emitted
[INFO] [stdout] 
[INFO] [stdout] 
[INFO] running `Command { std: "docker" "inspect" "a2750879fc1906b15ef25bc1b58a98b612a6f2d5e7da17959efc91996b3276c9", kill_on_drop: false }`
[INFO] running `Command { std: "docker" "rm" "-f" "a2750879fc1906b15ef25bc1b58a98b612a6f2d5e7da17959efc91996b3276c9", kill_on_drop: false }`
[INFO] [stdout] a2750879fc1906b15ef25bc1b58a98b612a6f2d5e7da17959efc91996b3276c9
[INFO] running `Command { std: "docker" "create" "-v" "/var/lib/crater-agent-workspace/builds/worker-0/target:/opt/rustwide/target:rw,Z" "-v" "/var/lib/crater-agent-workspace/builds/worker-0/source:/opt/rustwide/workdir:ro,Z" "-v" "/var/lib/crater-agent-workspace/cargo-home:/opt/rustwide/cargo-home:ro,Z" "-v" "/var/lib/crater-agent-workspace/rustup-home:/opt/rustwide/rustup-home:ro,Z" "-e" "SOURCE_DIR=/opt/rustwide/workdir" "-e" "CARGO_TARGET_DIR=/opt/rustwide/target" "-e" "CARGO_INCREMENTAL=0" "-e" "RUST_BACKTRACE=full" "-e" "RUSTFLAGS=--cap-lints=warn" "-e" "CARGO_HOME=/opt/rustwide/cargo-home" "-e" "RUSTUP_HOME=/opt/rustwide/rustup-home" "-w" "/opt/rustwide/workdir" "-m" "1610612736" "--user" "0:0" "--network" "none" "ghcr.io/rust-lang/crates-build-env/linux@sha256:34b6a614d2c27851fe6cbf88fbd1137609cefab8b10d0615aaeb6fd47975d74e" "/opt/rustwide/cargo-home/bin/cargo" "+1.54.0" "test" "--frozen", kill_on_drop: false }`
[INFO] [stdout] 98ba9a7a64a1a5ad124789e0884b4c64783ebfc5dfc771ff340f1b56794fdd46
[INFO] [stderr] WARNING: Your kernel does not support swap limit capabilities or the cgroup is not mounted. Memory limited without swap.
[INFO] running `Command { std: "docker" "start" "-a" "98ba9a7a64a1a5ad124789e0884b4c64783ebfc5dfc771ff340f1b56794fdd46", kill_on_drop: false }`
[INFO] [stderr] warning: variable `reqtype` is assigned to, but never used
[INFO] [stderr]   --> src/lib.rs:89:13
[INFO] [stderr]    |
[INFO] [stderr] 89 |     let mut reqtype = None;
[INFO] [stderr]    |             ^^^^^^^
[INFO] [stderr]    |
[INFO] [stderr]    = note: `#[warn(unused_variables)]` on by default
[INFO] [stderr]    = note: consider using `_reqtype` instead
[INFO] [stderr] 
[INFO] [stderr] warning: value assigned to `reqtype` is never read
[INFO] [stderr]   --> src/lib.rs:98:17
[INFO] [stderr]    |
[INFO] [stderr] 98 |                 reqtype = Some(identstr);
[INFO] [stderr]    |                 ^^^^^^^
[INFO] [stderr]    |
[INFO] [stderr]    = note: `#[warn(unused_assignments)]` on by default
[INFO] [stderr]    = help: maybe it is overwritten before being read?
[INFO] [stderr] 
[INFO] [stderr] warning: unused variable: `method`
[INFO] [stderr]    --> src/lib.rs:111:9
[INFO] [stderr]     |
[INFO] [stderr] 111 |     let method = format_ident!("get");
[INFO] [stderr]     |         ^^^^^^ help: if this is intentional, prefix it with an underscore: `_method`
[INFO] [stderr] 
[INFO] [stderr] warning: variable does not need to be mutable
[INFO] [stderr]   --> src/lib.rs:86:9
[INFO] [stderr]    |
[INFO] [stderr] 86 |     let mut itimpl = parse_macro_input!(item as ItemImpl);
[INFO] [stderr]    |         ----^^^^^^
[INFO] [stderr]    |         |
[INFO] [stderr]    |         help: remove this `mut`
[INFO] [stderr]    |
[INFO] [stderr]    = note: `#[warn(unused_mut)]` on by default
[INFO] [stderr] 
[INFO] [stderr] warning: variable does not need to be mutable
[INFO] [stderr]    --> src/lib.rs:106:9
[INFO] [stderr]     |
[INFO] [stderr] 106 |     let mut nameident = quote! {#self_ty};
[INFO] [stderr]     |         ----^^^^^^^^^
[INFO] [stderr]     |         |
[INFO] [stderr]     |         help: remove this `mut`
[INFO] [stderr] 
[INFO] [stderr] warning: variable does not need to be mutable
[INFO] [stderr]    --> src/lib.rs:139:9
[INFO] [stderr]     |
[INFO] [stderr] 139 |     let mut func = quote! {
[INFO] [stderr]     |         ----^^^^
[INFO] [stderr]     |         |
[INFO] [stderr]     |         help: remove this `mut`
[INFO] [stderr] 
[INFO] [stderr] warning: 6 warnings emitted
[INFO] [stderr] 
[INFO] [stderr] warning: variable `reqtype` is assigned to, but never used
[INFO] [stderr]   --> src/lib.rs:89:13
[INFO] [stderr]    |
[INFO] [stderr] 89 |     let mut reqtype = None;
[INFO] [stderr]    |             ^^^^^^^
[INFO] [stderr]    |
[INFO] [stderr]    = note: `#[warn(unused_variables)]` on by default
[INFO] [stderr]    = note: consider using `_reqtype` instead
[INFO] [stderr] 
[INFO] [stderr] warning: value assigned to `reqtype` is never read
[INFO] [stderr]   --> src/lib.rs:98:17
[INFO] [stderr]    |
[INFO] [stderr] 98 |                 reqtype = Some(identstr);
[INFO] [stderr]    |                 ^^^^^^^
[INFO] [stderr]    |
[INFO] [stderr]    = note: `#[warn(unused_assignments)]` on by default
[INFO] [stderr]    = help: maybe it is overwritten before being read?
[INFO] [stderr] 
[INFO] [stderr] warning: unused variable: `method`
[INFO] [stderr]    --> src/lib.rs:111:9
[INFO] [stderr]     |
[INFO] [stderr] 111 |     let method = format_ident!("get");
[INFO] [stderr]     |         ^^^^^^ help: if this is intentional, prefix it with an underscore: `_method`
[INFO] [stderr] 
[INFO] [stderr] warning: variable does not need to be mutable
[INFO] [stderr]   --> src/lib.rs:86:9
[INFO] [stderr]    |
[INFO] [stderr] 86 |     let mut itimpl = parse_macro_input!(item as ItemImpl);
[INFO] [stderr]    |         ----^^^^^^
[INFO] [stderr]    |         |
[INFO] [stderr]    |         help: remove this `mut`
[INFO] [stderr]    |
[INFO] [stderr]    = note: `#[warn(unused_mut)]` on by default
[INFO] [stderr] 
[INFO] [stderr] warning: variable does not need to be mutable
[INFO] [stderr]    --> src/lib.rs:106:9
[INFO] [stderr]     |
[INFO] [stderr] 106 |     let mut nameident = quote! {#self_ty};
[INFO] [stderr]     |         ----^^^^^^^^^
[INFO] [stderr]     |         |
[INFO] [stderr]     |         help: remove this `mut`
[INFO] [stderr] 
[INFO] [stderr] warning: variable does not need to be mutable
[INFO] [stderr]    --> src/lib.rs:139:9
[INFO] [stderr]     |
[INFO] [stderr] 139 |     let mut func = quote! {
[INFO] [stderr]     |         ----^^^^
[INFO] [stderr]     |         |
[INFO] [stderr]     |         help: remove this `mut`
[INFO] [stderr] 
[INFO] [stderr] warning: 6 warnings emitted
[INFO] [stderr] 
[INFO] [stderr]     Finished test [unoptimized + debuginfo] target(s) in 0.02s
[INFO] [stdout] 
[INFO] [stderr]      Running unittests (/opt/rustwide/target/debug/deps/awf_codegen-d5f2f69737792fc8)
[INFO] [stdout] running 0 tests
[INFO] [stderr]    Doc-tests awf-codegen
[INFO] [stdout] 
[INFO] [stdout] test result: ok. 0 passed; 0 failed; 0 ignored; 0 measured; 0 filtered out; finished in 0.00s
[INFO] [stdout] 
[INFO] [stdout] 
[INFO] [stdout] running 1 test
[INFO] [stderr] error: test failed, to rerun pass '--doc'
[INFO] [stdout] test src/lib.rs - route_res (line 72) ... FAILED
[INFO] [stdout] 
[INFO] [stdout] failures:
[INFO] [stdout] 
[INFO] [stdout] ---- src/lib.rs - route_res (line 72) stdout ----
[INFO] [stdout] error: cannot find attribute `route_res` in this scope
[INFO] [stdout]  --> src/lib.rs:73:3
[INFO] [stdout]   |
[INFO] [stdout] 3 | #[route_res("/Hello")]
[INFO] [stdout]   |   ^^^^^^^^^
[INFO] [stdout] 
[INFO] [stdout] error[E0412]: cannot find type `Hello` in this scope
[INFO] [stdout]  --> src/lib.rs:74:6
[INFO] [stdout]   |
[INFO] [stdout] 4 | impl Hello {
[INFO] [stdout]   |      ^^^^^ not found in this scope
[INFO] [stdout] 
[INFO] [stdout] error[E0412]: cannot find type `Hello` in this scope
[INFO] [stdout]  --> src/lib.rs:75:24
[INFO] [stdout]   |
[INFO] [stdout] 4 | impl Hello {
[INFO] [stdout]   |     - help: you might be missing a type parameter: `<Hello>`
[INFO] [stdout] 5 |     fn get(that:Option<Hello>, req: HttpRequest) -> String {
[INFO] [stdout]   |                        ^^^^^ not found in this scope
[INFO] [stdout] 
[INFO] [stdout] error[E0412]: cannot find type `HttpRequest` in this scope
[INFO] [stdout]  --> src/lib.rs:75:37
[INFO] [stdout]   |
[INFO] [stdout] 5 |     fn get(that:Option<Hello>, req: HttpRequest) -> String {
[INFO] [stdout]   |                                     ^^^^^^^^^^^ not found in this scope
[INFO] [stdout] 
[INFO] [stdout] error[E0412]: cannot find type `Hello` in this scope
[INFO] [stdout]  --> src/lib.rs:78:25
[INFO] [stdout]   |
[INFO] [stdout] 4 | impl Hello {
[INFO] [stdout]   |     - help: you might be missing a type parameter: `<Hello>`
[INFO] [stdout] ...
[INFO] [stdout] 8 |     fn post(that:Option<Hello>, req: HttpRequest) -> String {
[INFO] [stdout]   |                         ^^^^^ not found in this scope
[INFO] [stdout] 
[INFO] [stdout] error[E0412]: cannot find type `HttpRequest` in this scope
[INFO] [stdout]  --> src/lib.rs:78:38
[INFO] [stdout]   |
[INFO] [stdout] 8 |     fn post(that:Option<Hello>, req: HttpRequest) -> String {
[INFO] [stdout]   |                                      ^^^^^^^^^^^ not found in this scope
[INFO] [stdout] 
[INFO] [stdout] error: aborting due to 6 previous errors
[INFO] [stdout] 
[INFO] [stdout] For more information about this error, try `rustc --explain E0412`.
[INFO] [stdout] Couldn't compile the test.
[INFO] [stdout] 
[INFO] [stdout] failures:
[INFO] [stdout]     src/lib.rs - route_res (line 72)
[INFO] [stdout] 
[INFO] [stdout] test result: FAILED. 0 passed; 1 failed; 0 ignored; 0 measured; 0 filtered out; finished in 0.12s
[INFO] [stdout] 
[INFO] running `Command { std: "docker" "inspect" "98ba9a7a64a1a5ad124789e0884b4c64783ebfc5dfc771ff340f1b56794fdd46", kill_on_drop: false }`
[INFO] running `Command { std: "docker" "rm" "-f" "98ba9a7a64a1a5ad124789e0884b4c64783ebfc5dfc771ff340f1b56794fdd46", kill_on_drop: false }`
[INFO] [stdout] 98ba9a7a64a1a5ad124789e0884b4c64783ebfc5dfc771ff340f1b56794fdd46
