[INFO] fetching crate atomicbox_nostd 0.3.1...
[INFO] testing atomicbox_nostd-0.3.1 against beta-2021-08-01 for beta-1.55-1
[INFO] extracting crate atomicbox_nostd 0.3.1 into /workspace/builds/worker-4/source
[INFO] validating manifest of crates.io crate atomicbox_nostd 0.3.1 on toolchain beta-2021-08-01
[INFO] running `Command { std: "/workspace/cargo-home/bin/cargo" "+beta-2021-08-01" "metadata" "--manifest-path" "Cargo.toml" "--no-deps", kill_on_drop: false }`
[INFO] started tweaking crates.io crate atomicbox_nostd 0.3.1
[INFO] finished tweaking crates.io crate atomicbox_nostd 0.3.1
[INFO] tweaked toml for crates.io crate atomicbox_nostd 0.3.1 written to /workspace/builds/worker-4/source/Cargo.toml
[INFO] running `Command { std: "/workspace/cargo-home/bin/cargo" "+beta-2021-08-01" "generate-lockfile" "--manifest-path" "Cargo.toml" "-Zno-index-update", kill_on_drop: false }`
[INFO] running `Command { std: "/workspace/cargo-home/bin/cargo" "+beta-2021-08-01" "fetch" "--manifest-path" "Cargo.toml", kill_on_drop: false }`
[INFO] running `Command { std: "docker" "create" "-v" "/var/lib/crater-agent-workspace/builds/worker-4/target:/opt/rustwide/target:rw,Z" "-v" "/var/lib/crater-agent-workspace/builds/worker-4/source:/opt/rustwide/workdir:ro,Z" "-v" "/var/lib/crater-agent-workspace/cargo-home:/opt/rustwide/cargo-home:ro,Z" "-v" "/var/lib/crater-agent-workspace/rustup-home:/opt/rustwide/rustup-home:ro,Z" "-e" "SOURCE_DIR=/opt/rustwide/workdir" "-e" "CARGO_TARGET_DIR=/opt/rustwide/target" "-e" "CARGO_HOME=/opt/rustwide/cargo-home" "-e" "RUSTUP_HOME=/opt/rustwide/rustup-home" "-w" "/opt/rustwide/workdir" "-m" "1610612736" "--user" "0:0" "--network" "none" "ghcr.io/rust-lang/crates-build-env/linux@sha256:34b6a614d2c27851fe6cbf88fbd1137609cefab8b10d0615aaeb6fd47975d74e" "/opt/rustwide/cargo-home/bin/cargo" "+beta-2021-08-01" "metadata" "--no-deps" "--format-version=1", kill_on_drop: false }`
[INFO] [stdout] 6b93abb7ea8daa2e759d67cae9f2539d61bf3beafbfdeb216bf4ec984266a40a
[INFO] [stderr] WARNING: Your kernel does not support swap limit capabilities or the cgroup is not mounted. Memory limited without swap.
[INFO] running `Command { std: "docker" "start" "-a" "6b93abb7ea8daa2e759d67cae9f2539d61bf3beafbfdeb216bf4ec984266a40a", kill_on_drop: false }`
[INFO] running `Command { std: "docker" "inspect" "6b93abb7ea8daa2e759d67cae9f2539d61bf3beafbfdeb216bf4ec984266a40a", kill_on_drop: false }`
[INFO] running `Command { std: "docker" "rm" "-f" "6b93abb7ea8daa2e759d67cae9f2539d61bf3beafbfdeb216bf4ec984266a40a", kill_on_drop: false }`
[INFO] [stdout] 6b93abb7ea8daa2e759d67cae9f2539d61bf3beafbfdeb216bf4ec984266a40a
[INFO] running `Command { std: "docker" "create" "-v" "/var/lib/crater-agent-workspace/builds/worker-4/target:/opt/rustwide/target:rw,Z" "-v" "/var/lib/crater-agent-workspace/builds/worker-4/source:/opt/rustwide/workdir:ro,Z" "-v" "/var/lib/crater-agent-workspace/cargo-home:/opt/rustwide/cargo-home:ro,Z" "-v" "/var/lib/crater-agent-workspace/rustup-home:/opt/rustwide/rustup-home:ro,Z" "-e" "SOURCE_DIR=/opt/rustwide/workdir" "-e" "CARGO_TARGET_DIR=/opt/rustwide/target" "-e" "CARGO_INCREMENTAL=0" "-e" "RUST_BACKTRACE=full" "-e" "RUSTFLAGS=--cap-lints=warn" "-e" "CARGO_HOME=/opt/rustwide/cargo-home" "-e" "RUSTUP_HOME=/opt/rustwide/rustup-home" "-w" "/opt/rustwide/workdir" "-m" "1610612736" "--user" "0:0" "--network" "none" "ghcr.io/rust-lang/crates-build-env/linux@sha256:34b6a614d2c27851fe6cbf88fbd1137609cefab8b10d0615aaeb6fd47975d74e" "/opt/rustwide/cargo-home/bin/cargo" "+beta-2021-08-01" "build" "--frozen" "--message-format=json", kill_on_drop: false }`
[INFO] [stderr] WARNING: Your kernel does not support swap limit capabilities or the cgroup is not mounted. Memory limited without swap.
[INFO] [stdout] 47946fd908cbbdb3e028906f2a132e630d3ec297b683629596899100f9e1bd2c
[INFO] running `Command { std: "docker" "start" "-a" "47946fd908cbbdb3e028906f2a132e630d3ec297b683629596899100f9e1bd2c", kill_on_drop: false }`
[INFO] [stderr]    Compiling atomicbox_nostd v0.3.1 (/opt/rustwide/workdir)
[INFO] [stderr]     Finished dev [unoptimized + debuginfo] target(s) in 0.72s
[INFO] running `Command { std: "docker" "inspect" "47946fd908cbbdb3e028906f2a132e630d3ec297b683629596899100f9e1bd2c", kill_on_drop: false }`
[INFO] running `Command { std: "docker" "rm" "-f" "47946fd908cbbdb3e028906f2a132e630d3ec297b683629596899100f9e1bd2c", kill_on_drop: false }`
[INFO] [stdout] 47946fd908cbbdb3e028906f2a132e630d3ec297b683629596899100f9e1bd2c
[INFO] running `Command { std: "docker" "create" "-v" "/var/lib/crater-agent-workspace/builds/worker-4/target:/opt/rustwide/target:rw,Z" "-v" "/var/lib/crater-agent-workspace/builds/worker-4/source:/opt/rustwide/workdir:ro,Z" "-v" "/var/lib/crater-agent-workspace/cargo-home:/opt/rustwide/cargo-home:ro,Z" "-v" "/var/lib/crater-agent-workspace/rustup-home:/opt/rustwide/rustup-home:ro,Z" "-e" "SOURCE_DIR=/opt/rustwide/workdir" "-e" "CARGO_TARGET_DIR=/opt/rustwide/target" "-e" "CARGO_INCREMENTAL=0" "-e" "RUST_BACKTRACE=full" "-e" "RUSTFLAGS=--cap-lints=warn" "-e" "CARGO_HOME=/opt/rustwide/cargo-home" "-e" "RUSTUP_HOME=/opt/rustwide/rustup-home" "-w" "/opt/rustwide/workdir" "-m" "1610612736" "--user" "0:0" "--network" "none" "ghcr.io/rust-lang/crates-build-env/linux@sha256:34b6a614d2c27851fe6cbf88fbd1137609cefab8b10d0615aaeb6fd47975d74e" "/opt/rustwide/cargo-home/bin/cargo" "+beta-2021-08-01" "test" "--frozen" "--no-run" "--message-format=json", kill_on_drop: false }`
[INFO] [stdout] e7bc9e03463a94820647c2043ce02e43d67cab261edea99217d5a3e02aaf324f
[INFO] [stderr] WARNING: Your kernel does not support swap limit capabilities or the cgroup is not mounted. Memory limited without swap.
[INFO] running `Command { std: "docker" "start" "-a" "e7bc9e03463a94820647c2043ce02e43d67cab261edea99217d5a3e02aaf324f", kill_on_drop: false }`
[INFO] [stderr]    Compiling atomicbox_nostd v0.3.1 (/opt/rustwide/workdir)
[INFO] [stderr]     Finished test [unoptimized + debuginfo] target(s) in 0.93s
[INFO] running `Command { std: "docker" "inspect" "e7bc9e03463a94820647c2043ce02e43d67cab261edea99217d5a3e02aaf324f", kill_on_drop: false }`
[INFO] running `Command { std: "docker" "rm" "-f" "e7bc9e03463a94820647c2043ce02e43d67cab261edea99217d5a3e02aaf324f", kill_on_drop: false }`
[INFO] [stdout] e7bc9e03463a94820647c2043ce02e43d67cab261edea99217d5a3e02aaf324f
[INFO] running `Command { std: "docker" "create" "-v" "/var/lib/crater-agent-workspace/builds/worker-4/target:/opt/rustwide/target:rw,Z" "-v" "/var/lib/crater-agent-workspace/builds/worker-4/source:/opt/rustwide/workdir:ro,Z" "-v" "/var/lib/crater-agent-workspace/cargo-home:/opt/rustwide/cargo-home:ro,Z" "-v" "/var/lib/crater-agent-workspace/rustup-home:/opt/rustwide/rustup-home:ro,Z" "-e" "SOURCE_DIR=/opt/rustwide/workdir" "-e" "CARGO_TARGET_DIR=/opt/rustwide/target" "-e" "CARGO_INCREMENTAL=0" "-e" "RUST_BACKTRACE=full" "-e" "RUSTFLAGS=--cap-lints=warn" "-e" "CARGO_HOME=/opt/rustwide/cargo-home" "-e" "RUSTUP_HOME=/opt/rustwide/rustup-home" "-w" "/opt/rustwide/workdir" "-m" "1610612736" "--user" "0:0" "--network" "none" "ghcr.io/rust-lang/crates-build-env/linux@sha256:34b6a614d2c27851fe6cbf88fbd1137609cefab8b10d0615aaeb6fd47975d74e" "/opt/rustwide/cargo-home/bin/cargo" "+beta-2021-08-01" "test" "--frozen", kill_on_drop: false }`
[INFO] [stderr] WARNING: Your kernel does not support swap limit capabilities or the cgroup is not mounted. Memory limited without swap.
[INFO] [stdout] 5fccf406888d30bf2b34afedfc4ddcbcc6ba4f55e0562da5bd5c7f422e5df1c6
[INFO] running `Command { std: "docker" "start" "-a" "5fccf406888d30bf2b34afedfc4ddcbcc6ba4f55e0562da5bd5c7f422e5df1c6", kill_on_drop: false }`
[INFO] [stderr]     Finished test [unoptimized + debuginfo] target(s) in 0.01s
[INFO] [stdout] 
[INFO] [stderr]      Running unittests (/opt/rustwide/target/debug/deps/atomicbox_nostd-6491426517b89677)
[INFO] [stdout] running 13 tests
[INFO] [stdout] test atomic_box::tests::atomic_box_swap_mut_works ... ok
[INFO] [stdout] test atomic_box::tests::atomic_box_swap_works ... ok
[INFO] [stdout] test atomic_box::tests::debug_fmt ... ok
[INFO] [stdout] test atomic_option_box::tests::atomic_box_drops ... ok
[INFO] [stdout] test atomic_option_box::tests::atomic_option_box_pointer_identity ... ok
[INFO] [stdout] test atomic_option_box::tests::atomic_option_box_swap_mut_works ... ok
[INFO] [stdout] test atomic_option_box::tests::atomic_option_box_swap_works ... ok
[INFO] [stdout] test atomic_option_box::tests::debug_fmt ... ok
[INFO] [stdout] test atomic_box::tests::atomic_box_pointer_identity ... ok
[INFO] [stdout] test atomic_box::tests::atomic_box_drops ... ok
[INFO] [stderr]    Doc-tests atomicbox_nostd
[INFO] [stdout] test atomic_option_box::tests::cant_use_foolish_swap_ordering_type - should panic ... ok
[INFO] [stdout] test atomic_box::tests::cant_use_foolish_swap_ordering_type - should panic ... ok
[INFO] [stdout] test atomic_box::tests::atomic_threads ... ok
[INFO] [stdout] 
[INFO] [stdout] test result: ok. 13 passed; 0 failed; 0 ignored; 0 measured; 0 filtered out; finished in 0.02s
[INFO] [stdout] 
[INFO] [stdout] 
[INFO] [stdout] running 9 tests
[INFO] [stdout] test src/atomic_box.rs - atomic_box::AtomicBox<T>::new (line 23) ... FAILED
[INFO] [stdout] test src/atomic_box.rs - atomic_box::AtomicBox<T>::swap (line 51) ... FAILED
[INFO] [stdout] test src/atomic_option_box.rs - atomic_option_box::AtomicOptionBox<T>::new (line 40) ... FAILED
[INFO] [stdout] test src/atomic_option_box.rs - atomic_option_box::AtomicOptionBox<T>::swap (line 71) ... FAILED
[INFO] [stdout] test src/atomic_option_box.rs - atomic_option_box::AtomicOptionBox<T>::into_inner (line 152) ... FAILED
[INFO] [stdout] test src/atomic_option_box.rs - atomic_option_box::AtomicOptionBox<T>::take (line 99) ... FAILED
[INFO] [stdout] test src/atomic_box.rs - atomic_box::AtomicBox<T>::into_inner (line 103) ... FAILED
[INFO] [stdout] test src/atomic_box.rs - atomic_box::AtomicBox<T>::swap_mut (line 78) ... FAILED
[INFO] [stdout] test src/atomic_option_box.rs - atomic_option_box::AtomicOptionBox<T>::swap_mut (line 126) ... FAILED
[INFO] [stdout] 
[INFO] [stdout] failures:
[INFO] [stdout] 
[INFO] [stdout] ---- src/atomic_box.rs - atomic_box::AtomicBox<T>::new (line 23) stdout ----
[INFO] [stdout] error[E0432]: unresolved import `atomicbox`
[INFO] [stdout]  --> src/atomic_box.rs:24:5
[INFO] [stdout]   |
[INFO] [stdout] 3 | use atomicbox::AtomicBox;
[INFO] [stdout]   |     ^^^^^^^^^ use of undeclared crate or module `atomicbox`
[INFO] [stdout] 
[INFO] [stdout] error: aborting due to previous error
[INFO] [stdout] 
[INFO] [stdout] For more information about this error, try `rustc --explain E0432`.
[INFO] [stdout] Couldn't compile the test.
[INFO] [stdout] ---- src/atomic_box.rs - atomic_box::AtomicBox<T>::swap (line 51) stdout ----
[INFO] [stdout] error[E0432]: unresolved import `atomicbox`
[INFO] [stdout]  --> src/atomic_box.rs:53:5
[INFO] [stdout]   |
[INFO] [stdout] 4 | use atomicbox::AtomicBox;
[INFO] [stdout]   |     ^^^^^^^^^ use of undeclared crate or module `atomicbox`
[INFO] [stdout] 
[INFO] [stdout] error: aborting due to previous error
[INFO] [stdout] 
[INFO] [stdout] For more information about this error, try `rustc --explain E0432`.
[INFO] [stdout] Couldn't compile the test.
[INFO] [stdout] ---- src/atomic_option_box.rs - atomic_option_box::AtomicOptionBox<T>::new (line 40) stdout ----
[INFO] [stdout] error[E0432]: unresolved import `atomicbox`
[INFO] [stdout]  --> src/atomic_option_box.rs:41:5
[INFO] [stdout]   |
[INFO] [stdout] 3 | use atomicbox::AtomicOptionBox;
[INFO] [stdout]   |     ^^^^^^^^^ use of undeclared crate or module `atomicbox`
[INFO] [stdout] 
[INFO] [stdout] error: aborting due to previous error
[INFO] [stdout] 
[INFO] [stdout] For more information about this error, try `rustc --explain E0432`.
[INFO] [stdout] Couldn't compile the test.
[INFO] [stdout] ---- src/atomic_option_box.rs - atomic_option_box::AtomicOptionBox<T>::swap (line 71) stdout ----
[INFO] [stdout] error[E0432]: unresolved import `atomicbox`
[INFO] [stdout]  --> src/atomic_option_box.rs:73:5
[INFO] [stdout]   |
[INFO] [stdout] 4 | use atomicbox::AtomicOptionBox;
[INFO] [stdout]   |     ^^^^^^^^^ use of undeclared crate or module `atomicbox`
[INFO] [stdout] 
[INFO] [stdout] error: aborting due to previous error
[INFO] [stdout] 
[INFO] [stdout] For more information about this error, try `rustc --explain E0432`.
[INFO] [stdout] Couldn't compile the test.
[INFO] [stdout] ---- src/atomic_option_box.rs - atomic_option_box::AtomicOptionBox<T>::into_inner (line 152) stdout ----
[INFO] [stdout] error[E0432]: unresolved import `atomicbox`
[INFO] [stdout]  --> src/atomic_option_box.rs:153:5
[INFO] [stdout]   |
[INFO] [stdout] 3 | use atomicbox::AtomicOptionBox;
[INFO] [stdout]   |     ^^^^^^^^^ use of undeclared crate or module `atomicbox`
[INFO] [stdout] 
[INFO] [stdout] error: aborting due to previous error
[INFO] [stdout] 
[INFO] [stdout] For more information about this error, try `rustc --explain E0432`.
[INFO] [stdout] Couldn't compile the test.
[INFO] [stdout] ---- src/atomic_option_box.rs - atomic_option_box::AtomicOptionBox<T>::take (line 99) stdout ----
[INFO] [stdout] error[E0432]: unresolved import `atomicbox`
[INFO] [stdout]  --> src/atomic_option_box.rs:101:5
[INFO] [stdout]   |
[INFO] [stdout] 4 | use atomicbox::AtomicOptionBox;
[INFO] [stdout]   |     ^^^^^^^^^ use of undeclared crate or module `atomicbox`
[INFO] [stdout] 
[INFO] [stdout] error: aborting due to previous error
[INFO] [stdout] 
[INFO] [stdout] For more information about this error, try `rustc --explain E0432`.
[INFO] [stdout] Couldn't compile the test.
[INFO] [stdout] ---- src/atomic_box.rs - atomic_box::AtomicBox<T>::into_inner (line 103) stdout ----
[INFO] [stdout] error[E0432]: unresolved import `atomicbox`
[INFO] [stdout]  --> src/atomic_box.rs:104:5
[INFO] [stdout]   |
[INFO] [stdout] 3 | use atomicbox::AtomicBox;
[INFO] [stdout]   |     ^^^^^^^^^ use of undeclared crate or module `atomicbox`
[INFO] [stdout] 
[INFO] [stdout] error: aborting due to previous error
[INFO] [stdout] 
[INFO] [stdout] For more information about this error, try `rustc --explain E0432`.
[INFO] [stdout] Couldn't compile the test.
[INFO] [stdout] ---- src/atomic_box.rs - atomic_box::AtomicBox<T>::swap_mut (line 78) stdout ----
[INFO] [stdout] error[E0432]: unresolved import `atomicbox`
[INFO] [stdout]  --> src/atomic_box.rs:80:5
[INFO] [stdout]   |
[INFO] [stdout] 4 | use atomicbox::AtomicBox;
[INFO] [stdout]   |     ^^^^^^^^^ use of undeclared crate or module `atomicbox`
[INFO] [stdout] 
[INFO] [stdout] error: aborting due to previous error
[INFO] [stdout] 
[INFO] [stdout] For more information about this error, try `rustc --explain E0432`.
[INFO] [stdout] Couldn't compile the test.
[INFO] [stdout] ---- src/atomic_option_box.rs - atomic_option_box::AtomicOptionBox<T>::swap_mut (line 126) stdout ----
[INFO] [stdout] error[E0432]: unresolved import `atomicbox`
[INFO] [stdout]  --> src/atomic_option_box.rs:128:5
[INFO] [stdout]   |
[INFO] [stdout] 4 | use atomicbox::AtomicOptionBox;
[INFO] [stdout]   |     ^^^^^^^^^ use of undeclared crate or module `atomicbox`
[INFO] [stdout] 
[INFO] [stdout] error: aborting due to previous error
[INFO] [stdout] 
[INFO] [stdout] For more information about this error, try `rustc --explain E0432`.
[INFO] [stdout] Couldn't compile the test.
[INFO] [stdout] 
[INFO] [stdout] failures:
[INFO] [stdout]     src/atomic_box.rs - atomic_box::AtomicBox<T>::into_inner (line 103)
[INFO] [stdout]     src/atomic_box.rs - atomic_box::AtomicBox<T>::new (line 23)
[INFO] [stdout]     src/atomic_box.rs - atomic_box::AtomicBox<T>::swap (line 51)
[INFO] [stdout]     src/atomic_box.rs - atomic_box::AtomicBox<T>::swap_mut (line 78)
[INFO] [stdout]     src/atomic_option_box.rs - atomic_option_box::AtomicOptionBox<T>::into_inner (line 152)
[INFO] [stdout]     src/atomic_option_box.rs - atomic_option_box::AtomicOptionBox<T>::new (line 40)
[INFO] [stdout]     src/atomic_option_box.rs - atomic_option_box::AtomicOptionBox<T>::swap (line 71)
[INFO] [stdout]     src/atomic_option_box.rs - atomic_option_box::AtomicOptionBox<T>::swap_mut (line 126)
[INFO] [stdout]     src/atomic_option_box.rs - atomic_option_box::AtomicOptionBox<T>::take (line 99)
[INFO] [stdout] 
[INFO] [stdout] test result: FAILED. 0 passed; 9 failed; 0 ignored; 0 measured; 0 filtered out; finished in 0.18s
[INFO] [stdout] 
[INFO] [stderr] error: test failed, to rerun pass '--doc'
[INFO] running `Command { std: "docker" "inspect" "5fccf406888d30bf2b34afedfc4ddcbcc6ba4f55e0562da5bd5c7f422e5df1c6", kill_on_drop: false }`
[INFO] running `Command { std: "docker" "rm" "-f" "5fccf406888d30bf2b34afedfc4ddcbcc6ba4f55e0562da5bd5c7f422e5df1c6", kill_on_drop: false }`
[INFO] [stdout] 5fccf406888d30bf2b34afedfc4ddcbcc6ba4f55e0562da5bd5c7f422e5df1c6
