[INFO] fetching crate atomic_hooks_macros 0.1.3...
[INFO] testing atomic_hooks_macros-0.1.3 against beta-2021-08-01 for beta-1.55-1
[INFO] extracting crate atomic_hooks_macros 0.1.3 into /workspace/builds/worker-7/source
[INFO] validating manifest of crates.io crate atomic_hooks_macros 0.1.3 on toolchain beta-2021-08-01
[INFO] running `Command { std: "/workspace/cargo-home/bin/cargo" "+beta-2021-08-01" "metadata" "--manifest-path" "Cargo.toml" "--no-deps", kill_on_drop: false }`
[INFO] started tweaking crates.io crate atomic_hooks_macros 0.1.3
[INFO] removed 0 missing tests
[INFO] finished tweaking crates.io crate atomic_hooks_macros 0.1.3
[INFO] tweaked toml for crates.io crate atomic_hooks_macros 0.1.3 written to /workspace/builds/worker-7/source/Cargo.toml
[INFO] running `Command { std: "/workspace/cargo-home/bin/cargo" "+beta-2021-08-01" "generate-lockfile" "--manifest-path" "Cargo.toml" "-Zno-index-update", kill_on_drop: false }`
[INFO] running `Command { std: "/workspace/cargo-home/bin/cargo" "+beta-2021-08-01" "fetch" "--manifest-path" "Cargo.toml", kill_on_drop: false }`
[INFO] [stderr]  Downloading crates ...
[INFO] [stderr]   Downloaded syn-mid v0.5.3
[INFO] [stderr]   Downloaded illicit-macro v0.9.0
[INFO] [stderr]   Downloaded illicit v0.9.2
[INFO] running `Command { std: "docker" "create" "-v" "/var/lib/crater-agent-workspace/builds/worker-7/target:/opt/rustwide/target:rw,Z" "-v" "/var/lib/crater-agent-workspace/builds/worker-7/source:/opt/rustwide/workdir:ro,Z" "-v" "/var/lib/crater-agent-workspace/cargo-home:/opt/rustwide/cargo-home:ro,Z" "-v" "/var/lib/crater-agent-workspace/rustup-home:/opt/rustwide/rustup-home:ro,Z" "-e" "SOURCE_DIR=/opt/rustwide/workdir" "-e" "CARGO_TARGET_DIR=/opt/rustwide/target" "-e" "CARGO_HOME=/opt/rustwide/cargo-home" "-e" "RUSTUP_HOME=/opt/rustwide/rustup-home" "-w" "/opt/rustwide/workdir" "-m" "1610612736" "--user" "0:0" "--network" "none" "ghcr.io/rust-lang/crates-build-env/linux@sha256:34b6a614d2c27851fe6cbf88fbd1137609cefab8b10d0615aaeb6fd47975d74e" "/opt/rustwide/cargo-home/bin/cargo" "+beta-2021-08-01" "metadata" "--no-deps" "--format-version=1", kill_on_drop: false }`
[INFO] [stderr] WARNING: Your kernel does not support swap limit capabilities or the cgroup is not mounted. Memory limited without swap.
[INFO] [stdout] e2c013f83fde306af5e933e7eda135be7ea6be11a6be3b3ac0f97b50012aa418
[INFO] running `Command { std: "docker" "start" "-a" "e2c013f83fde306af5e933e7eda135be7ea6be11a6be3b3ac0f97b50012aa418", kill_on_drop: false }`
[INFO] running `Command { std: "docker" "inspect" "e2c013f83fde306af5e933e7eda135be7ea6be11a6be3b3ac0f97b50012aa418", kill_on_drop: false }`
[INFO] running `Command { std: "docker" "rm" "-f" "e2c013f83fde306af5e933e7eda135be7ea6be11a6be3b3ac0f97b50012aa418", kill_on_drop: false }`
[INFO] [stdout] e2c013f83fde306af5e933e7eda135be7ea6be11a6be3b3ac0f97b50012aa418
[INFO] running `Command { std: "docker" "create" "-v" "/var/lib/crater-agent-workspace/builds/worker-7/target:/opt/rustwide/target:rw,Z" "-v" "/var/lib/crater-agent-workspace/builds/worker-7/source:/opt/rustwide/workdir:ro,Z" "-v" "/var/lib/crater-agent-workspace/cargo-home:/opt/rustwide/cargo-home:ro,Z" "-v" "/var/lib/crater-agent-workspace/rustup-home:/opt/rustwide/rustup-home:ro,Z" "-e" "SOURCE_DIR=/opt/rustwide/workdir" "-e" "CARGO_TARGET_DIR=/opt/rustwide/target" "-e" "CARGO_INCREMENTAL=0" "-e" "RUST_BACKTRACE=full" "-e" "RUSTFLAGS=--cap-lints=warn" "-e" "CARGO_HOME=/opt/rustwide/cargo-home" "-e" "RUSTUP_HOME=/opt/rustwide/rustup-home" "-w" "/opt/rustwide/workdir" "-m" "1610612736" "--user" "0:0" "--network" "none" "ghcr.io/rust-lang/crates-build-env/linux@sha256:34b6a614d2c27851fe6cbf88fbd1137609cefab8b10d0615aaeb6fd47975d74e" "/opt/rustwide/cargo-home/bin/cargo" "+beta-2021-08-01" "build" "--frozen" "--message-format=json", kill_on_drop: false }`
[INFO] [stdout] 7c4209e2b6a6124bf60c805ca9b55a5a10cd0fecf4d5e904ffdd670a269b5d78
[INFO] [stderr] WARNING: Your kernel does not support swap limit capabilities or the cgroup is not mounted. Memory limited without swap.
[INFO] running `Command { std: "docker" "start" "-a" "7c4209e2b6a6124bf60c805ca9b55a5a10cd0fecf4d5e904ffdd670a269b5d78", kill_on_drop: false }`
[INFO] [stderr]    Compiling stable_deref_trait v1.2.0
[INFO] [stderr]    Compiling scopeguard v1.1.0
[INFO] [stderr]    Compiling proc-macro-error-attr v0.4.12
[INFO] [stderr]    Compiling proc-macro-error v0.4.12
[INFO] [stderr]    Compiling syn-mid v0.5.3
[INFO] [stderr]    Compiling owning_ref v0.4.1
[INFO] [stderr]    Compiling illicit-macro v0.9.0
[INFO] [stderr]    Compiling illicit v0.9.2
[INFO] [stderr]    Compiling atomic_hooks_macros v0.1.3 (/opt/rustwide/workdir)
[INFO] [stderr]     Finished dev [unoptimized + debuginfo] target(s) in 9.90s
[INFO] running `Command { std: "docker" "inspect" "7c4209e2b6a6124bf60c805ca9b55a5a10cd0fecf4d5e904ffdd670a269b5d78", kill_on_drop: false }`
[INFO] running `Command { std: "docker" "rm" "-f" "7c4209e2b6a6124bf60c805ca9b55a5a10cd0fecf4d5e904ffdd670a269b5d78", kill_on_drop: false }`
[INFO] [stdout] 7c4209e2b6a6124bf60c805ca9b55a5a10cd0fecf4d5e904ffdd670a269b5d78
[INFO] running `Command { std: "docker" "create" "-v" "/var/lib/crater-agent-workspace/builds/worker-7/target:/opt/rustwide/target:rw,Z" "-v" "/var/lib/crater-agent-workspace/builds/worker-7/source:/opt/rustwide/workdir:ro,Z" "-v" "/var/lib/crater-agent-workspace/cargo-home:/opt/rustwide/cargo-home:ro,Z" "-v" "/var/lib/crater-agent-workspace/rustup-home:/opt/rustwide/rustup-home:ro,Z" "-e" "SOURCE_DIR=/opt/rustwide/workdir" "-e" "CARGO_TARGET_DIR=/opt/rustwide/target" "-e" "CARGO_INCREMENTAL=0" "-e" "RUST_BACKTRACE=full" "-e" "RUSTFLAGS=--cap-lints=warn" "-e" "CARGO_HOME=/opt/rustwide/cargo-home" "-e" "RUSTUP_HOME=/opt/rustwide/rustup-home" "-w" "/opt/rustwide/workdir" "-m" "1610612736" "--user" "0:0" "--network" "none" "ghcr.io/rust-lang/crates-build-env/linux@sha256:34b6a614d2c27851fe6cbf88fbd1137609cefab8b10d0615aaeb6fd47975d74e" "/opt/rustwide/cargo-home/bin/cargo" "+beta-2021-08-01" "test" "--frozen" "--no-run" "--message-format=json", kill_on_drop: false }`
[INFO] [stdout] b05c9de5d97c94b36d566fb8e52f9f95a0ee7611f12473749383c278ac84f6f8
[INFO] [stderr] WARNING: Your kernel does not support swap limit capabilities or the cgroup is not mounted. Memory limited without swap.
[INFO] running `Command { std: "docker" "start" "-a" "b05c9de5d97c94b36d566fb8e52f9f95a0ee7611f12473749383c278ac84f6f8", kill_on_drop: false }`
[INFO] [stderr]    Compiling serde_derive v1.0.127
[INFO] [stderr]    Compiling serde v1.0.127
[INFO] [stderr]    Compiling serde_json v1.0.66
[INFO] [stderr]    Compiling toml v0.5.8
[INFO] [stderr]    Compiling trybuild v1.0.43
[INFO] [stderr]    Compiling atomic_hooks_macros v0.1.3 (/opt/rustwide/workdir)
[INFO] [stderr]     Finished test [unoptimized + debuginfo] target(s) in 16.45s
[INFO] running `Command { std: "docker" "inspect" "b05c9de5d97c94b36d566fb8e52f9f95a0ee7611f12473749383c278ac84f6f8", kill_on_drop: false }`
[INFO] running `Command { std: "docker" "rm" "-f" "b05c9de5d97c94b36d566fb8e52f9f95a0ee7611f12473749383c278ac84f6f8", kill_on_drop: false }`
[INFO] [stdout] b05c9de5d97c94b36d566fb8e52f9f95a0ee7611f12473749383c278ac84f6f8
[INFO] running `Command { std: "docker" "create" "-v" "/var/lib/crater-agent-workspace/builds/worker-7/target:/opt/rustwide/target:rw,Z" "-v" "/var/lib/crater-agent-workspace/builds/worker-7/source:/opt/rustwide/workdir:ro,Z" "-v" "/var/lib/crater-agent-workspace/cargo-home:/opt/rustwide/cargo-home:ro,Z" "-v" "/var/lib/crater-agent-workspace/rustup-home:/opt/rustwide/rustup-home:ro,Z" "-e" "SOURCE_DIR=/opt/rustwide/workdir" "-e" "CARGO_TARGET_DIR=/opt/rustwide/target" "-e" "CARGO_INCREMENTAL=0" "-e" "RUST_BACKTRACE=full" "-e" "RUSTFLAGS=--cap-lints=warn" "-e" "CARGO_HOME=/opt/rustwide/cargo-home" "-e" "RUSTUP_HOME=/opt/rustwide/rustup-home" "-w" "/opt/rustwide/workdir" "-m" "1610612736" "--user" "0:0" "--network" "none" "ghcr.io/rust-lang/crates-build-env/linux@sha256:34b6a614d2c27851fe6cbf88fbd1137609cefab8b10d0615aaeb6fd47975d74e" "/opt/rustwide/cargo-home/bin/cargo" "+beta-2021-08-01" "test" "--frozen", kill_on_drop: false }`
[INFO] [stderr] WARNING: Your kernel does not support swap limit capabilities or the cgroup is not mounted. Memory limited without swap.
[INFO] [stdout] 0c14d55f838df25d54bb16bcd2d8ad67eb1c4689545670ac1c4be04c6108cc8c
[INFO] running `Command { std: "docker" "start" "-a" "0c14d55f838df25d54bb16bcd2d8ad67eb1c4689545670ac1c4be04c6108cc8c", kill_on_drop: false }`
[INFO] [stderr]     Finished test [unoptimized + debuginfo] target(s) in 0.04s
[INFO] [stderr]      Running unittests (/opt/rustwide/target/debug/deps/atomic_hooks_macros-481f9b3345850b88)
[INFO] [stderr]      Running tests/progress.rs (/opt/rustwide/target/debug/deps/tests-0012ce0235bebd41)
[INFO] [stdout] 
[INFO] [stdout] running 0 tests
[INFO] [stdout] 
[INFO] [stdout] test result: ok. 0 passed; 0 failed; 0 ignored; 0 measured; 0 filtered out; finished in 0.00s
[INFO] [stdout] 
[INFO] [stdout] 
[INFO] [stdout] running 1 test
[INFO] [stderr]    Compiling proc-macro2 v1.0.28
[INFO] [stderr]    Compiling syn v1.0.74
[INFO] [stderr]    Compiling version_check v0.9.3
[INFO] [stderr]    Compiling fnv v1.0.7
[INFO] [stderr]    Compiling strsim v0.9.3
[INFO] [stderr]    Compiling ident_case v1.0.1
[INFO] [stderr]    Compiling stable_deref_trait v1.2.0
[INFO] [stderr]    Compiling scopeguard v1.1.0
[INFO] [stderr]    Compiling owning_ref v0.4.1
[INFO] [stderr]    Compiling proc-macro-error-attr v0.4.12
[INFO] [stderr]    Compiling proc-macro-error v0.4.12
[INFO] [stderr]    Compiling quote v1.0.9
[INFO] [stderr]    Compiling darling_core v0.10.2
[INFO] [stderr]    Compiling syn-mid v0.5.3
[INFO] [stderr]    Compiling darling_macro v0.10.2
[INFO] [stderr]    Compiling illicit-macro v0.9.0
[INFO] [stderr]    Compiling darling v0.10.2
[INFO] [stderr]    Compiling illicit v0.9.2
[INFO] [stderr]    Compiling atomic_hooks_macros v0.1.3 (/opt/rustwide/workdir)
[INFO] [stderr]    Compiling atomic_hooks_macros-tests v0.0.0 (/opt/rustwide/target/tests/atomic_hooks_macros)
[INFO] [stderr]     Finished dev [unoptimized + debuginfo] target(s) in 17.49s
[INFO] [stderr] 
[INFO] [stderr] 
[INFO] [stderr] test tests/01-parse-header.rs ... error
[INFO] [stderr] ┈┈┈┈┈┈┈┈┈┈┈┈┈┈┈┈┈┈┈┈┈┈┈┈┈┈┈┈┈┈┈┈┈┈┈┈┈┈┈┈┈┈┈┈┈┈┈┈┈┈┈┈┈┈┈┈┈┈┈┈
[INFO] [stderr] error[E0432]: unresolved import `atom_state`
[INFO] [stderr]  --> $DIR/01-parse-header.rs:4:5
[INFO] [stderr]   |
[INFO] [stderr] 4 | use atom_state::*;
[INFO] [stderr]   |     ^^^^^^^^^^ use of undeclared crate or module `atom_state`
[INFO] [stderr] 
[INFO] [stderr] error: cannot find attribute `state` in this scope
[INFO] [stderr]  --> $DIR/01-parse-header.rs:9:3
[INFO] [stderr]   |
[INFO] [stderr] 9 | #[state]
[INFO] [stderr]   |   ^^^^^
[INFO] [stderr] 
[INFO] [stderr] error: cannot find attribute `state` in this scope
[INFO] [stderr]   --> $DIR/01-parse-header.rs:14:3
[INFO] [stderr]    |
[INFO] [stderr] 14 | #[state]
[INFO] [stderr]    |   ^^^^^
[INFO] [stderr] 
[INFO] [stderr] error[E0433]: failed to resolve: use of undeclared type `CallSite`
[INFO] [stderr]   --> $DIR/01-parse-header.rs:19:1
[INFO] [stderr]    |
[INFO] [stderr] 19 | #[reaction]
[INFO] [stderr]    | ^^^^^^^^^^^ use of undeclared type `CallSite`
[INFO] [stderr]    |
[INFO] [stderr]    = note: this error originates in the attribute macro `reaction` (in Nightly builds, run with -Z macro-backtrace for more info)
[INFO] [stderr] 
[INFO] [stderr] error[E0433]: failed to resolve: use of undeclared crate or module `topo`
[INFO] [stderr]   --> $DIR/01-parse-header.rs:19:1
[INFO] [stderr]    |
[INFO] [stderr] 19 | #[reaction]
[INFO] [stderr]    | ^^^^^^^^^^^ use of undeclared crate or module `topo`
[INFO] [stderr]    |
[INFO] [stderr]    = note: this error originates in the attribute macro `reaction` (in Nightly builds, run with -Z macro-backtrace for more info)
[INFO] [stderr] 
[INFO] [stderr] error[E0433]: failed to resolve: use of undeclared type `ReactiveContext`
[INFO] [stderr]   --> $DIR/01-parse-header.rs:19:1
[INFO] [stderr]    |
[INFO] [stderr] 19 | #[reaction]
[INFO] [stderr]    | ^^^^^^^^^^^ use of undeclared type `ReactiveContext`
[INFO] [stderr]    |
[INFO] [stderr]    = note: this error originates in the attribute macro `reaction` (in Nightly builds, run with -Z macro-backtrace for more info)
[INFO] [stderr] 
[INFO] [stderr] error[E0433]: failed to resolve: use of undeclared type `ReactiveStateAccess`
[INFO] [stderr]   --> $DIR/01-parse-header.rs:19:1
[INFO] [stderr]    |
[INFO] [stderr] 19 | #[reaction]
[INFO] [stderr]    | ^^^^^^^^^^^ use of undeclared type `ReactiveStateAccess`
[INFO] [stderr]    |
[INFO] [stderr]    = note: this error originates in the attribute macro `reaction` (in Nightly builds, run with -Z macro-backtrace for more info)
[INFO] [stderr] 
[INFO] [stderr] error[E0412]: cannot find type `ReactiveStateAccess` in this scope
[INFO] [stderr]   --> $DIR/01-parse-header.rs:19:1
[INFO] [stderr]    |
[INFO] [stderr] 19 | #[reaction]
[INFO] [stderr]    | ^^^^^^^^^^^ not found in this scope
[INFO] [stderr]    |
[INFO] [stderr]    = note: this error originates in the attribute macro `reaction` (in Nightly builds, run with -Z macro-backtrace for more info)
[INFO] [stderr] 
[INFO] [stderr] error[E0412]: cannot find type `NoUndo` in this scope
[INFO] [stderr]   --> $DIR/01-parse-header.rs:19:1
[INFO] [stderr]    |
[INFO] [stderr] 19 | #[reaction]
[INFO] [stderr]    | ^^^^^^^^^^^ not found in this scope
[INFO] [stderr]    |
[INFO] [stderr]    = note: this error originates in the attribute macro `reaction` (in Nightly builds, run with -Z macro-backtrace for more info)
[INFO] [stderr] 
[INFO] [stderr] error[E0412]: cannot find type `IsAReactionState` in this scope
[INFO] [stderr]   --> $DIR/01-parse-header.rs:19:1
[INFO] [stderr]    |
[INFO] [stderr] 19 | #[reaction]
[INFO] [stderr]    | ^^^^^^^^^^^ not found in this scope
[INFO] [stderr]    |
[INFO] [stderr]    = note: this error originates in the attribute macro `reaction` (in Nightly builds, run with -Z macro-backtrace for more info)
[INFO] [stderr] 
[INFO] [stderr] error[E0425]: cannot find function `return_key_for_type_and_insert_if_required` in this scope
[INFO] [stderr]   --> $DIR/01-parse-header.rs:19:1
[INFO] [stderr]    |
[INFO] [stderr] 19 | #[reaction]
[INFO] [stderr]    | ^^^^^^^^^^^ not found in this scope
[INFO] [stderr]    |
[INFO] [stderr]    = note: this error originates in the attribute macro `reaction` (in Nightly builds, run with -Z macro-backtrace for more info)
[INFO] [stderr] 
[INFO] [stderr] error[E0425]: cannot find function `reactive_state_exists_for_id` in this scope
[INFO] [stderr]   --> $DIR/01-parse-header.rs:19:1
[INFO] [stderr]    |
[INFO] [stderr] 19 | #[reaction]
[INFO] [stderr]    | ^^^^^^^^^^^ not found in this scope
[INFO] [stderr]    |
[INFO] [stderr]    = note: this error originates in the attribute macro `reaction` (in Nightly builds, run with -Z macro-backtrace for more info)
[INFO] [stderr] 
[INFO] [stderr] error[E0412]: cannot find type `ReactiveContext` in this scope
[INFO] [stderr]   --> $DIR/01-parse-header.rs:19:1
[INFO] [stderr]    |
[INFO] [stderr] 19 | #[reaction]
[INFO] [stderr]    | ^^^^^^^^^^^ not found in this scope
[INFO] [stderr]    |
[INFO] [stderr]    = note: this error originates in the attribute macro `reaction` (in Nightly builds, run with -Z macro-backtrace for more info)
[INFO] [stderr] 
[INFO] [stderr] error[E0425]: cannot find function `get` in this scope
[INFO] [stderr]   --> $DIR/01-parse-header.rs:21:13
[INFO] [stderr]    |
[INFO] [stderr] 21 |     let a = get(a_pos());
[INFO] [stderr]    |             ^^^ not found in this scope
[INFO] [stderr] 
[INFO] [stderr] error[E0425]: cannot find function `get` in this scope
[INFO] [stderr]   --> $DIR/01-parse-header.rs:22:13
[INFO] [stderr]    |
[INFO] [stderr] 22 |     let b = get(b_pos());
[INFO] [stderr]    |             ^^^ not found in this scope
[INFO] [stderr] 
[INFO] [stderr] error[E0425]: cannot find function `set_inert_atom_state_with_id` in this scope
[INFO] [stderr]   --> $DIR/01-parse-header.rs:19:1
[INFO] [stderr]    |
[INFO] [stderr] 19 | #[reaction]
[INFO] [stderr]    | ^^^^^^^^^^^ not found in this scope
[INFO] [stderr]    |
[INFO] [stderr]    = note: this error originates in the attribute macro `reaction` (in Nightly builds, run with -Z macro-backtrace for more info)
[INFO] [stderr] 
[INFO] [stderr] error[E0425]: cannot find function `unlink_dead_links` in this scope
[INFO] [stderr]   --> $DIR/01-parse-header.rs:19:1
[INFO] [stderr]    |
[INFO] [stderr] 19 | #[reaction]
[INFO] [stderr]    | ^^^^^^^^^^^ not found in this scope
[INFO] [stderr]    |
[INFO] [stderr]    = note: this error originates in the attribute macro `reaction` (in Nightly builds, run with -Z macro-backtrace for more info)
[INFO] [stderr] 
[INFO] [stderr] error[E0423]: expected function, found attribute macro `reaction`
[INFO] [stderr]   --> $DIR/01-parse-header.rs:19:1
[INFO] [stderr]    |
[INFO] [stderr] 19 | #[reaction]
[INFO] [stderr]    | ^^^^^^^^^^^ not a function
[INFO] [stderr]    |
[INFO] [stderr]    = note: this error originates in the attribute macro `reaction` (in Nightly builds, run with -Z macro-backtrace for more info)
[INFO] [stderr] 
[INFO] [stderr] error[E0599]: no method named `update` found for struct `Pos` in the current scope
[INFO] [stderr]   --> $DIR/01-parse-header.rs:35:11
[INFO] [stderr]    |
[INFO] [stderr] 7  | struct Pos(f64,f64);
[INFO] [stderr]    | -------------------- method `update` not found for this
[INFO] [stderr] ...
[INFO] [stderr] 35 |     a_pos.update(|s| *s = Pos(4.,5.));
[INFO] [stderr]    |           ^^^^^^ method not found in `Pos`
[INFO] [stderr] 
[INFO] [stderr] error[E0599]: no method named `update` found for struct `Pos` in the current scope
[INFO] [stderr]   --> $DIR/01-parse-header.rs:36:11
[INFO] [stderr]    |
[INFO] [stderr] 7  | struct Pos(f64,f64);
[INFO] [stderr]    | -------------------- method `update` not found for this
[INFO] [stderr] ...
[INFO] [stderr] 36 |     b_pos.update(|s| *s = Pos(1.,1.));
[INFO] [stderr]    |           ^^^^^^ method not found in `Pos`
[INFO] [stderr] ┈┈┈┈┈┈┈┈┈┈┈┈┈┈┈┈┈┈┈┈┈┈┈┈┈┈┈┈┈┈┈┈┈┈┈┈┈┈┈┈┈┈┈┈┈┈┈┈┈┈┈┈┈┈┈┈┈┈┈┈
[INFO] [stderr] 
[INFO] [stderr] 
[INFO] [stderr] 
[INFO] [stdout] test tests ... FAILED
[INFO] [stdout] 
[INFO] [stdout] failures:
[INFO] [stdout] 
[INFO] [stdout] ---- tests stdout ----
[INFO] [stdout] thread 'tests' panicked at '1 of 1 tests failed', /opt/rustwide/cargo-home/registry/src/github.com-1ecc6299db9ec823/trybuild-1.0.43/src/run.rs:73:13
[INFO] [stdout] stack backtrace:
[INFO] [stdout]    0:     0x5602f716d170 - std::backtrace_rs::backtrace::libunwind::trace::hff4d1766e93f64f1
[INFO] [stdout]                                at /rustc/53fd98ca776cb875bc9e5514f56b52eb74f9e7a9/library/std/src/../../backtrace/src/backtrace/libunwind.rs:90:5
[INFO] [stdout]    1:     0x5602f716d170 - std::backtrace_rs::backtrace::trace_unsynchronized::h56bbc8eb78770bcb
[INFO] [stdout]                                at /rustc/53fd98ca776cb875bc9e5514f56b52eb74f9e7a9/library/std/src/../../backtrace/src/backtrace/mod.rs:66:5
[INFO] [stdout]    2:     0x5602f716d170 - std::sys_common::backtrace::_print_fmt::h5c8e75464faca780
[INFO] [stdout]                                at /rustc/53fd98ca776cb875bc9e5514f56b52eb74f9e7a9/library/std/src/sys_common/backtrace.rs:67:5
[INFO] [stdout]    3:     0x5602f716d170 - <std::sys_common::backtrace::_print::DisplayBacktrace as core::fmt::Display>::fmt::h48b88277def8b362
[INFO] [stdout]                                at /rustc/53fd98ca776cb875bc9e5514f56b52eb74f9e7a9/library/std/src/sys_common/backtrace.rs:46:22
[INFO] [stdout]    4:     0x5602f71922fc - core::fmt::write::h3381b3176fe2b3d3
[INFO] [stdout]                                at /rustc/53fd98ca776cb875bc9e5514f56b52eb74f9e7a9/library/core/src/fmt/mod.rs:1115:17
[INFO] [stdout]    5:     0x5602f71695d5 - std::io::Write::write_fmt::h5f34a676f60246b5
[INFO] [stdout]                                at /rustc/53fd98ca776cb875bc9e5514f56b52eb74f9e7a9/library/std/src/io/mod.rs:1665:15
[INFO] [stdout]    6:     0x5602f716f49b - std::sys_common::backtrace::_print::ha537687d6c17dd0d
[INFO] [stdout]                                at /rustc/53fd98ca776cb875bc9e5514f56b52eb74f9e7a9/library/std/src/sys_common/backtrace.rs:49:5
[INFO] [stdout]    7:     0x5602f716f49b - std::sys_common::backtrace::print::h61376ae57d131d72
[INFO] [stdout]                                at /rustc/53fd98ca776cb875bc9e5514f56b52eb74f9e7a9/library/std/src/sys_common/backtrace.rs:36:9
[INFO] [stdout]    8:     0x5602f716f49b - std::panicking::default_hook::{{closure}}::h0f7208c0b9644a54
[INFO] [stdout]                                at /rustc/53fd98ca776cb875bc9e5514f56b52eb74f9e7a9/library/std/src/panicking.rs:208:50
[INFO] [stdout]    9:     0x5602f716efac - std::panicking::default_hook::hdac7fc06578c14ce
[INFO] [stdout]                                at /rustc/53fd98ca776cb875bc9e5514f56b52eb74f9e7a9/library/std/src/panicking.rs:222:9
[INFO] [stdout]   10:     0x5602f716fb64 - std::panicking::rust_panic_with_hook::h72b21c283da3d1ef
[INFO] [stdout]                                at /rustc/53fd98ca776cb875bc9e5514f56b52eb74f9e7a9/library/std/src/panicking.rs:622:17
[INFO] [stdout]   11:     0x5602f716f647 - std::panicking::begin_panic_handler::{{closure}}::he5778f1729cff84a
[INFO] [stdout]                                at /rustc/53fd98ca776cb875bc9e5514f56b52eb74f9e7a9/library/std/src/panicking.rs:519:13
[INFO] [stdout]   12:     0x5602f716d64c - std::sys_common::backtrace::__rust_end_short_backtrace::h2d11ca8b453b4b1d
[INFO] [stdout]                                at /rustc/53fd98ca776cb875bc9e5514f56b52eb74f9e7a9/library/std/src/sys_common/backtrace.rs:141:18
[INFO] [stdout]   13:     0x5602f716f5a9 - rust_begin_unwind
[INFO] [stdout]                                at /rustc/53fd98ca776cb875bc9e5514f56b52eb74f9e7a9/library/std/src/panicking.rs:515:5
[INFO] [stdout]   14:     0x5602f6f19cfb - std::panicking::begin_panic_fmt::h746518bde832d259
[INFO] [stdout]                                at /rustc/53fd98ca776cb875bc9e5514f56b52eb74f9e7a9/library/std/src/panicking.rs:457:5
[INFO] [stdout]   15:     0x5602f6f4ff92 - trybuild::run::<impl trybuild::Runner>::run::h11ede83917561faa
[INFO] [stdout]                                at /opt/rustwide/cargo-home/registry/src/github.com-1ecc6299db9ec823/trybuild-1.0.43/src/run.rs:73:13
[INFO] [stdout]   16:     0x5602f6f54c04 - <trybuild::TestCases as core::ops::drop::Drop>::drop::hc3eb92cf091e990c
[INFO] [stdout]                                at /opt/rustwide/cargo-home/registry/src/github.com-1ecc6299db9ec823/trybuild-1.0.43/src/lib.rs:306:13
[INFO] [stdout]   17:     0x5602f6f1bb57 - core::ptr::drop_in_place<trybuild::TestCases>::h285600c45d743e58
[INFO] [stdout]                                at /rustc/53fd98ca776cb875bc9e5514f56b52eb74f9e7a9/library/core/src/ptr/mod.rs:192:1
[INFO] [stdout]   18:     0x5602f6f1c411 - tests::tests::h603bf6e5dcfa37c4
[INFO] [stdout]                                at /opt/rustwide/workdir/tests/progress.rs:14:1
[INFO] [stdout]   19:     0x5602f6f1c3ca - tests::tests::{{closure}}::hfb7eadd8c6d09bdd
[INFO] [stdout]                                at /opt/rustwide/workdir/tests/progress.rs:2:1
[INFO] [stdout]   20:     0x5602f6f1ba9e - core::ops::function::FnOnce::call_once::h0bc0ab82c151e270
[INFO] [stdout]                                at /rustc/53fd98ca776cb875bc9e5514f56b52eb74f9e7a9/library/core/src/ops/function.rs:227:5
[INFO] [stdout]   21:     0x5602f714fab3 - core::ops::function::FnOnce::call_once::hbb52c4519d3137b0
[INFO] [stdout]                                at /rustc/53fd98ca776cb875bc9e5514f56b52eb74f9e7a9/library/core/src/ops/function.rs:227:5
[INFO] [stdout]   22:     0x5602f714fab3 - test::__rust_begin_short_backtrace::h86fe3a2a5a5121af
[INFO] [stdout]                                at /rustc/53fd98ca776cb875bc9e5514f56b52eb74f9e7a9/library/test/src/lib.rs:578:5
[INFO] [stdout]   23:     0x5602f714e568 - <alloc::boxed::Box<F,A> as core::ops::function::FnOnce<Args>>::call_once::hfd956bc3d57399be
[INFO] [stdout]                                at /rustc/53fd98ca776cb875bc9e5514f56b52eb74f9e7a9/library/alloc/src/boxed.rs:1572:9
[INFO] [stdout]   24:     0x5602f714e568 - <std::panic::AssertUnwindSafe<F> as core::ops::function::FnOnce<()>>::call_once::h40dc93e0ddb5938a
[INFO] [stdout]                                at /rustc/53fd98ca776cb875bc9e5514f56b52eb74f9e7a9/library/std/src/panic.rs:347:9
[INFO] [stdout]   25:     0x5602f714e568 - std::panicking::try::do_call::h90d07750cb47c562
[INFO] [stdout]                                at /rustc/53fd98ca776cb875bc9e5514f56b52eb74f9e7a9/library/std/src/panicking.rs:401:40
[INFO] [stdout]   26:     0x5602f714e568 - std::panicking::try::h063c84733ad2a629
[INFO] [stdout]                                at /rustc/53fd98ca776cb875bc9e5514f56b52eb74f9e7a9/library/std/src/panicking.rs:365:19
[INFO] [stdout]   27:     0x5602f714e568 - std::panic::catch_unwind::h0c464836a84e7c08
[INFO] [stdout]                                at /rustc/53fd98ca776cb875bc9e5514f56b52eb74f9e7a9/library/std/src/panic.rs:434:14
[INFO] [stdout]   28:     0x5602f714e568 - test::run_test_in_process::h5cb06ef620b157fc
[INFO] [stdout]                                at /rustc/53fd98ca776cb875bc9e5514f56b52eb74f9e7a9/library/test/src/lib.rs:601:18
[INFO] [stdout]   29:     0x5602f714e568 - test::run_test::run_test_inner::{{closure}}::h76f677f4b93f9828
[INFO] [stdout]                                at /rustc/53fd98ca776cb875bc9e5514f56b52eb74f9e7a9/library/test/src/lib.rs:493:39
[INFO] [stdout]   30:     0x5602f711ccfd - test::run_test::run_test_inner::{{closure}}::h366d01fe04f4d67a
[INFO] [stdout]                                at /rustc/53fd98ca776cb875bc9e5514f56b52eb74f9e7a9/library/test/src/lib.rs:520:37
[INFO] [stdout]   31:     0x5602f711ccfd - std::sys_common::backtrace::__rust_begin_short_backtrace::h7dfa0de4eb395af2
[INFO] [stdout]                                at /rustc/53fd98ca776cb875bc9e5514f56b52eb74f9e7a9/library/std/src/sys_common/backtrace.rs:125:18
[INFO] [stdout]   32:     0x5602f71214c8 - std::thread::Builder::spawn_unchecked::{{closure}}::{{closure}}::hf0a74bb58798037f
[INFO] [stdout]                                at /rustc/53fd98ca776cb875bc9e5514f56b52eb74f9e7a9/library/std/src/thread/mod.rs:476:17
[INFO] [stdout]   33:     0x5602f71214c8 - <std::panic::AssertUnwindSafe<F> as core::ops::function::FnOnce<()>>::call_once::hb024e854818586ac
[INFO] [stdout]                                at /rustc/53fd98ca776cb875bc9e5514f56b52eb74f9e7a9/library/std/src/panic.rs:347:9
[INFO] [stdout]   34:     0x5602f71214c8 - std::panicking::try::do_call::hb2dd9f1d0d48e41d
[INFO] [stdout]                                at /rustc/53fd98ca776cb875bc9e5514f56b52eb74f9e7a9/library/std/src/panicking.rs:401:40
[INFO] [stdout]   35:     0x5602f71214c8 - std::panicking::try::h4717ae7bac8b2bf3
[INFO] [stdout]                                at /rustc/53fd98ca776cb875bc9e5514f56b52eb74f9e7a9/library/std/src/panicking.rs:365:19
[INFO] [stdout]   36:     0x5602f71214c8 - std::panic::catch_unwind::h0dc8a061326ce8d8
[INFO] [stdout]                                at /rustc/53fd98ca776cb875bc9e5514f56b52eb74f9e7a9/library/std/src/panic.rs:434:14
[INFO] [stdout]   37:     0x5602f71214c8 - std::thread::Builder::spawn_unchecked::{{closure}}::haa369e2d6fd00aa1
[INFO] [stdout]                                at /rustc/53fd98ca776cb875bc9e5514f56b52eb74f9e7a9/library/std/src/thread/mod.rs:475:30
[INFO] [stdout]   38:     0x5602f71214c8 - core::ops::function::FnOnce::call_once{{vtable.shim}}::h36dcf3de8b056f17
[INFO] [stdout]                                at /rustc/53fd98ca776cb875bc9e5514f56b52eb74f9e7a9/library/core/src/ops/function.rs:227:5
[INFO] [stdout]   39:     0x5602f7175bd7 - <alloc::boxed::Box<F,A> as core::ops::function::FnOnce<Args>>::call_once::h65c29e4642be2358
[INFO] [stdout]                                at /rustc/53fd98ca776cb875bc9e5514f56b52eb74f9e7a9/library/alloc/src/boxed.rs:1572:9
[INFO] [stdout]   40:     0x5602f7175bd7 - <alloc::boxed::Box<F,A> as core::ops::function::FnOnce<Args>>::call_once::hd0f8f7fbbd9fffbf
[INFO] [stdout]                                at /rustc/53fd98ca776cb875bc9e5514f56b52eb74f9e7a9/library/alloc/src/boxed.rs:1572:9
[INFO] [stdout]   41:     0x5602f7175bd7 - std::sys::unix::thread::Thread::new::thread_start::h2fd22fee3ca77b65
[INFO] [stdout]                                at /rustc/53fd98ca776cb875bc9e5514f56b52eb74f9e7a9/library/std/src/sys/unix/thread.rs:74:17
[INFO] [stdout]   42:     0x7fe93fa53609 - start_thread
[INFO] [stdout]   43:     0x7fe93f825293 - clone
[INFO] [stdout]   44:                0x0 - <unknown>
[INFO] [stdout] 
[INFO] [stdout] 
[INFO] [stdout] failures:
[INFO] [stdout]     tests
[INFO] [stdout] 
[INFO] [stdout] test result: FAILED. 0 passed; 1 failed; 0 ignored; 0 measured; 0 filtered out; finished in 18.00s
[INFO] [stdout] 
[INFO] [stderr] error: test failed, to rerun pass '--test tests'
[INFO] running `Command { std: "docker" "inspect" "0c14d55f838df25d54bb16bcd2d8ad67eb1c4689545670ac1c4be04c6108cc8c", kill_on_drop: false }`
[INFO] running `Command { std: "docker" "rm" "-f" "0c14d55f838df25d54bb16bcd2d8ad67eb1c4689545670ac1c4be04c6108cc8c", kill_on_drop: false }`
[INFO] [stdout] 0c14d55f838df25d54bb16bcd2d8ad67eb1c4689545670ac1c4be04c6108cc8c
