[INFO] fetching crate atelier_describe 0.1.10...
[INFO] testing atelier_describe-0.1.10 against 1.54.0 for beta-1.55-1
[INFO] extracting crate atelier_describe 0.1.10 into /workspace/builds/worker-2/source
[INFO] validating manifest of crates.io crate atelier_describe 0.1.10 on toolchain 1.54.0
[INFO] running `Command { std: "/workspace/cargo-home/bin/cargo" "+1.54.0" "metadata" "--manifest-path" "Cargo.toml" "--no-deps", kill_on_drop: false }`
[INFO] started tweaking crates.io crate atelier_describe 0.1.10
[INFO] finished tweaking crates.io crate atelier_describe 0.1.10
[INFO] tweaked toml for crates.io crate atelier_describe 0.1.10 written to /workspace/builds/worker-2/source/Cargo.toml
[INFO] running `Command { std: "/workspace/cargo-home/bin/cargo" "+1.54.0" "generate-lockfile" "--manifest-path" "Cargo.toml" "-Zno-index-update", kill_on_drop: false }`
[INFO] running `Command { std: "/workspace/cargo-home/bin/cargo" "+1.54.0" "fetch" "--manifest-path" "Cargo.toml", kill_on_drop: false }`
[INFO] running `Command { std: "docker" "create" "-v" "/var/lib/crater-agent-workspace/builds/worker-2/target:/opt/rustwide/target:rw,Z" "-v" "/var/lib/crater-agent-workspace/builds/worker-2/source:/opt/rustwide/workdir:ro,Z" "-v" "/var/lib/crater-agent-workspace/cargo-home:/opt/rustwide/cargo-home:ro,Z" "-v" "/var/lib/crater-agent-workspace/rustup-home:/opt/rustwide/rustup-home:ro,Z" "-e" "SOURCE_DIR=/opt/rustwide/workdir" "-e" "CARGO_TARGET_DIR=/opt/rustwide/target" "-e" "CARGO_HOME=/opt/rustwide/cargo-home" "-e" "RUSTUP_HOME=/opt/rustwide/rustup-home" "-w" "/opt/rustwide/workdir" "-m" "1610612736" "--user" "0:0" "--network" "none" "ghcr.io/rust-lang/crates-build-env/linux@sha256:34b6a614d2c27851fe6cbf88fbd1137609cefab8b10d0615aaeb6fd47975d74e" "/opt/rustwide/cargo-home/bin/cargo" "+1.54.0" "metadata" "--no-deps" "--format-version=1", kill_on_drop: false }`
[INFO] [stdout] 8b3ee0d53310d40b464fb7ab918015d2ef3f7e3a8fc2497c92f3517eac74f4c2
[INFO] [stderr] WARNING: Your kernel does not support swap limit capabilities or the cgroup is not mounted. Memory limited without swap.
[INFO] running `Command { std: "docker" "start" "-a" "8b3ee0d53310d40b464fb7ab918015d2ef3f7e3a8fc2497c92f3517eac74f4c2", kill_on_drop: false }`
[INFO] running `Command { std: "docker" "inspect" "8b3ee0d53310d40b464fb7ab918015d2ef3f7e3a8fc2497c92f3517eac74f4c2", kill_on_drop: false }`
[INFO] running `Command { std: "docker" "rm" "-f" "8b3ee0d53310d40b464fb7ab918015d2ef3f7e3a8fc2497c92f3517eac74f4c2", kill_on_drop: false }`
[INFO] [stdout] 8b3ee0d53310d40b464fb7ab918015d2ef3f7e3a8fc2497c92f3517eac74f4c2
[INFO] running `Command { std: "docker" "create" "-v" "/var/lib/crater-agent-workspace/builds/worker-2/target:/opt/rustwide/target:rw,Z" "-v" "/var/lib/crater-agent-workspace/builds/worker-2/source:/opt/rustwide/workdir:ro,Z" "-v" "/var/lib/crater-agent-workspace/cargo-home:/opt/rustwide/cargo-home:ro,Z" "-v" "/var/lib/crater-agent-workspace/rustup-home:/opt/rustwide/rustup-home:ro,Z" "-e" "SOURCE_DIR=/opt/rustwide/workdir" "-e" "CARGO_TARGET_DIR=/opt/rustwide/target" "-e" "CARGO_INCREMENTAL=0" "-e" "RUST_BACKTRACE=full" "-e" "RUSTFLAGS=--cap-lints=warn" "-e" "CARGO_HOME=/opt/rustwide/cargo-home" "-e" "RUSTUP_HOME=/opt/rustwide/rustup-home" "-w" "/opt/rustwide/workdir" "-m" "1610612736" "--user" "0:0" "--network" "none" "ghcr.io/rust-lang/crates-build-env/linux@sha256:34b6a614d2c27851fe6cbf88fbd1137609cefab8b10d0615aaeb6fd47975d74e" "/opt/rustwide/cargo-home/bin/cargo" "+1.54.0" "build" "--frozen" "--message-format=json", kill_on_drop: false }`
[INFO] [stderr] WARNING: Your kernel does not support swap limit capabilities or the cgroup is not mounted. Memory limited without swap.
[INFO] [stdout] 0eb992e129604e09ecd000a7fcf459d9f4db03b13cfaf157b3d2b0bfb92a7a31
[INFO] running `Command { std: "docker" "start" "-a" "0eb992e129604e09ecd000a7fcf459d9f4db03b13cfaf157b3d2b0bfb92a7a31", kill_on_drop: false }`
[INFO] [stderr]    Compiling libc v0.2.98
[INFO] [stderr]    Compiling serde_derive v1.0.127
[INFO] [stderr]    Compiling backtrace v0.3.61
[INFO] [stderr]    Compiling getrandom v0.2.3
[INFO] [stderr]    Compiling uuid v0.8.2
[INFO] [stderr]    Compiling error-chain v0.12.4
[INFO] [stderr]    Compiling blob-uuid v0.4.0
[INFO] [stderr]    Compiling atelier_core v0.2.22
[INFO] [stderr]    Compiling serde v1.0.127
[INFO] [stderr]    Compiling serde_json v1.0.66
[INFO] [stderr]    Compiling somedoc v0.2.10
[INFO] [stderr]    Compiling atelier_describe v0.1.10 (/opt/rustwide/workdir)
[INFO] [stderr]     Finished dev [unoptimized + debuginfo] target(s) in 20.17s
[INFO] running `Command { std: "docker" "inspect" "0eb992e129604e09ecd000a7fcf459d9f4db03b13cfaf157b3d2b0bfb92a7a31", kill_on_drop: false }`
[INFO] running `Command { std: "docker" "rm" "-f" "0eb992e129604e09ecd000a7fcf459d9f4db03b13cfaf157b3d2b0bfb92a7a31", kill_on_drop: false }`
[INFO] [stdout] 0eb992e129604e09ecd000a7fcf459d9f4db03b13cfaf157b3d2b0bfb92a7a31
[INFO] running `Command { std: "docker" "create" "-v" "/var/lib/crater-agent-workspace/builds/worker-2/target:/opt/rustwide/target:rw,Z" "-v" "/var/lib/crater-agent-workspace/builds/worker-2/source:/opt/rustwide/workdir:ro,Z" "-v" "/var/lib/crater-agent-workspace/cargo-home:/opt/rustwide/cargo-home:ro,Z" "-v" "/var/lib/crater-agent-workspace/rustup-home:/opt/rustwide/rustup-home:ro,Z" "-e" "SOURCE_DIR=/opt/rustwide/workdir" "-e" "CARGO_TARGET_DIR=/opt/rustwide/target" "-e" "CARGO_INCREMENTAL=0" "-e" "RUST_BACKTRACE=full" "-e" "RUSTFLAGS=--cap-lints=warn" "-e" "CARGO_HOME=/opt/rustwide/cargo-home" "-e" "RUSTUP_HOME=/opt/rustwide/rustup-home" "-w" "/opt/rustwide/workdir" "-m" "1610612736" "--user" "0:0" "--network" "none" "ghcr.io/rust-lang/crates-build-env/linux@sha256:34b6a614d2c27851fe6cbf88fbd1137609cefab8b10d0615aaeb6fd47975d74e" "/opt/rustwide/cargo-home/bin/cargo" "+1.54.0" "test" "--frozen" "--no-run" "--message-format=json", kill_on_drop: false }`
[INFO] [stdout] d88b589a584cb8e045bc14bfde25621b33f632e0d4d3e456900adcf5f003dbe6
[INFO] [stderr] WARNING: Your kernel does not support swap limit capabilities or the cgroup is not mounted. Memory limited without swap.
[INFO] running `Command { std: "docker" "start" "-a" "d88b589a584cb8e045bc14bfde25621b33f632e0d4d3e456900adcf5f003dbe6", kill_on_drop: false }`
[INFO] [stderr]     Blocking waiting for file lock on package cache
[INFO] [stderr]    Compiling cargo-husky v1.5.0
[INFO] [stderr]    Compiling atelier_test v0.1.4
[INFO] [stderr]    Compiling atelier_describe v0.1.10 (/opt/rustwide/workdir)
[INFO] [stderr]     Finished test [unoptimized + debuginfo] target(s) in 7.05s
[INFO] running `Command { std: "docker" "inspect" "d88b589a584cb8e045bc14bfde25621b33f632e0d4d3e456900adcf5f003dbe6", kill_on_drop: false }`
[INFO] running `Command { std: "docker" "rm" "-f" "d88b589a584cb8e045bc14bfde25621b33f632e0d4d3e456900adcf5f003dbe6", kill_on_drop: false }`
[INFO] [stdout] d88b589a584cb8e045bc14bfde25621b33f632e0d4d3e456900adcf5f003dbe6
[INFO] running `Command { std: "docker" "create" "-v" "/var/lib/crater-agent-workspace/builds/worker-2/target:/opt/rustwide/target:rw,Z" "-v" "/var/lib/crater-agent-workspace/builds/worker-2/source:/opt/rustwide/workdir:ro,Z" "-v" "/var/lib/crater-agent-workspace/cargo-home:/opt/rustwide/cargo-home:ro,Z" "-v" "/var/lib/crater-agent-workspace/rustup-home:/opt/rustwide/rustup-home:ro,Z" "-e" "SOURCE_DIR=/opt/rustwide/workdir" "-e" "CARGO_TARGET_DIR=/opt/rustwide/target" "-e" "CARGO_INCREMENTAL=0" "-e" "RUST_BACKTRACE=full" "-e" "RUSTFLAGS=--cap-lints=warn" "-e" "CARGO_HOME=/opt/rustwide/cargo-home" "-e" "RUSTUP_HOME=/opt/rustwide/rustup-home" "-w" "/opt/rustwide/workdir" "-m" "1610612736" "--user" "0:0" "--network" "none" "ghcr.io/rust-lang/crates-build-env/linux@sha256:34b6a614d2c27851fe6cbf88fbd1137609cefab8b10d0615aaeb6fd47975d74e" "/opt/rustwide/cargo-home/bin/cargo" "+1.54.0" "test" "--frozen", kill_on_drop: false }`
[INFO] [stdout] 9f99ce8f0b12a249c74f60fa7e0b962daf8da478a026e9bf922980f52eb878c4
[INFO] [stderr] WARNING: Your kernel does not support swap limit capabilities or the cgroup is not mounted. Memory limited without swap.
[INFO] running `Command { std: "docker" "start" "-a" "9f99ce8f0b12a249c74f60fa7e0b962daf8da478a026e9bf922980f52eb878c4", kill_on_drop: false }`
[INFO] [stderr]     Finished test [unoptimized + debuginfo] target(s) in 0.05s
[INFO] [stderr]      Running unittests (/opt/rustwide/target/debug/deps/atelier_describe-67f5971e50142f01)
[INFO] [stdout] 
[INFO] [stderr]      Running tests/describe_graphml_writer.rs (/opt/rustwide/target/debug/deps/describe_graphml_writer-0f32dcad12be2c6d)
[INFO] [stdout] running 0 tests
[INFO] [stdout] 
[INFO] [stdout] test result: ok. 0 passed; 0 failed; 0 ignored; 0 measured; 0 filtered out; finished in 0.00s
[INFO] [stdout] 
[INFO] [stdout] 
[INFO] [stdout] running 1 test
[INFO] [stdout] test test_graphml_writer ... ok
[INFO] [stdout] 
[INFO] [stdout] test result: ok. 1 passed; 0 failed; 0 ignored; 0 measured; 0 filtered out; finished in 0.01s
[INFO] [stdout] 
[INFO] [stderr]      Running tests/describe_markdown_writer.rs (/opt/rustwide/target/debug/deps/describe_markdown_writer-52cc694d7b38d3d0)
[INFO] [stdout] 
[INFO] [stdout] running 1 test
[INFO] [stdout] test test_documentation_writer ... FAILED
[INFO] [stdout] 
[INFO] [stdout] failures:
[INFO] [stdout] 
[INFO] [stdout] ---- test_documentation_writer stdout ----
[INFO] [stdout] [
[INFO] [stdout]     "[_metadata_:title]:- \"Smithy Model\"",
[INFO] [stdout]     "Smithy Version: 1.0",
[INFO] [stdout]     "# Namespace example.motd",
[INFO] [stdout]     "## BadDateValue (structure)",
[INFO] [stdout]     "<table>",
[INFO] [stdout]     "<tr><th>Trait ID</th><th>Path</th><th>Value</th></tr>",
[INFO] [stdout]     "<tr><td>error</td><td></td><td>`client`</td></tr>",
[INFO] [stdout]     "</table>",
[INFO] [stdout]     "### Members",
[INFO] [stdout]     "<table>",
[INFO] [stdout]     "<tr><th>Trait ID</th><th>Path</th><th>Value</th></tr>",
[INFO] [stdout]     "<tr><td>required</td><td></td><td></td></tr>",
[INFO] [stdout]     "</table>",
[INFO] [stdout]     "> `errorMessage`: `smithy.api#String`",
[INFO] [stdout]     "> ",
[INFO] [stdout]     "## Date (string)",
[INFO] [stdout]     "<table>",
[INFO] [stdout]     "<tr><th>Trait ID</th><th>Path</th><th>Value</th></tr>",
[INFO] [stdout]     "<tr><td>pattern</td><td></td><td>`^\\d\\d\\d\\d\\-\\d\\d-\\d\\d$`</td></tr>",
[INFO] [stdout]     "</table>",
[INFO] [stdout]     "## GetMessage (operation)",
[INFO] [stdout]     "<table>",
[INFO] [stdout]     "<tr><th>Trait ID</th><th>Path</th><th>Value</th></tr>",
[INFO] [stdout]     "<tr><td>readonly</td><td></td><td></td></tr>",
[INFO] [stdout]     "</table>",
[INFO] [stdout]     "> **Input type**: [GetMessageInput](#shape:GetMessageInput)",
[INFO] [stdout]     "> ",
[INFO] [stdout]     "> **Output type**: [GetMessageOutput](#shape:GetMessageOutput)",
[INFO] [stdout]     "> ",
[INFO] [stdout]     "> **Errors**:",
[INFO] [stdout]     "> ",
[INFO] [stdout]     "> * [BadDateValue](#shape:BadDateValue)",
[INFO] [stdout]     "> ",
[INFO] [stdout]     "## GetMessageInput (structure)",
[INFO] [stdout]     "### Members",
[INFO] [stdout]     "> `date`: [Date](#shape:Date)",
[INFO] [stdout]     "> ",
[INFO] [stdout]     "## GetMessageOutput (structure)",
[INFO] [stdout]     "### Members",
[INFO] [stdout]     "<table>",
[INFO] [stdout]     "<tr><th>Trait ID</th><th>Path</th><th>Value</th></tr>",
[INFO] [stdout]     "<tr><td>required</td><td></td><td></td></tr>",
[INFO] [stdout]     "</table>",
[INFO] [stdout]     "> `message`: `smithy.api#String`",
[INFO] [stdout]     "> ",
[INFO] [stdout]     "## Message (resource)",
[INFO] [stdout]     "### Resource Operations",
[INFO] [stdout]     "> * `read`: [GetMessage](#shape:GetMessage)",
[INFO] [stdout]     "> ",
[INFO] [stdout]     "## MessageOfTheDay (service)",
[INFO] [stdout]     "Provides a Message of the day.",
[INFO] [stdout]     "**Service version**: 2020-06-21",
[INFO] [stdout]     "### Resources",
[INFO] [stdout]     "> * [Message](#shape:Message)",
[INFO] [stdout]     "> ",
[INFO] [stdout] ]
[INFO] [stdout] thread 'test_documentation_writer' panicked at 'assertion failed: `(left == right)`
[INFO] [stdout]   left: `["[_metadata_:title]:- \"Smithy Model\"", "Smithy Version: 1.0", "# Namespace example.motd", "## BadDateValue (structure)", "<table>", "<tr><th>Trait ID</th><th>Path</th><th>Value</th></tr>", "<tr><td>error</td><td></td><td>`client`</td></tr>", "</table>", "### Members", "<table>", "<tr><th>Trait ID</th><th>Path</th><th>Value</th></tr>", "<tr><td>required</td><td></td><td></td></tr>", "</table>", "> `errorMessage`: `smithy.api#String`", "> ", "## Date (string)", "<table>", "<tr><th>Trait ID</th><th>Path</th><th>Value</th></tr>", "<tr><td>pattern</td><td></td><td>`^\\d\\d\\d\\d\\-\\d\\d-\\d\\d$`</td></tr>", "</table>", "## GetMessage (operation)", "<table>", "<tr><th>Trait ID</th><th>Path</th><th>Value</th></tr>", "<tr><td>readonly</td><td></td><td></td></tr>", "</table>", "> **Input type**: [GetMessageInput](#shape:GetMessageInput)", "> ", "> **Output type**: [GetMessageOutput](#shape:GetMessageOutput)", "> ", "> **Errors**:", "> ", "> * [BadDateValue](#shape:BadDateValue)", "> ", "## GetMessageInput (structure)", "### Members", "> `date`: [Date](#shape:Date)", "> ", "## GetMessageOutput (structure)", "### Members", "<table>", "<tr><th>Trait ID</th><th>Path</th><th>Value</th></tr>", "<tr><td>required</td><td></td><td></td></tr>", "</table>", "> `message`: `smithy.api#String`", "> ", "## Message (resource)", "### Resource Operations", "> * `read`: [GetMessage](#shape:GetMessage)", "> ", "## MessageOfTheDay (service)", "Provides a Message of the day.", "**Service version**: 2020-06-21", "### Resources", "> * [Message](#shape:Message)", "> "]`,
[INFO] [stdout]  right: `["[_metadata_:title]:- \"Smithy Model\"", "Smithy Version: 1.0", "# Namespace example.motd", "## BadDateValue (structure)", "<table>", "<tr><th>Trait ID</th><th>Path</th><th>Value</th></tr>", "<tr><td>error</td><td></td><td>`client`</td></tr>", "</table>", "### Members", "<table>", "<tr><th>Trait ID</th><th>Path</th><th>Value</th></tr>", "<tr><td>required</td><td></td><td></td></tr>", "</table>", "> `errorMessage`: `smithy.api#String`", "> ", "## Date (string)", "<table>", "<tr><th>Trait ID</th><th>Path</th><th>Value</th></tr>", "<tr><td>pattern</td><td></td><td>`^\\d\\d\\d\\d\\-\\d\\d-\\d\\d$`</td></tr>", "</table>", "## GetMessage (operation)", "<table>", "<tr><th>Trait ID</th><th>Path</th><th>Value</th></tr>", "<tr><td>readonly</td><td></td><td></td></tr>", "</table>", "> **Input type**: [GetMessageInput](#shape:GetMessageInput)", "> ", "> **Output type**: [GetMessageInput](#shape:GetMessageInput)", "> ", "> **Errors**:", "> ", "> * [BadDateValue](#shape:BadDateValue)", "> ", "## GetMessageInput (structure)", "### Members", "> `date`: [Date](#shape:Date)", "> ", "## GetMessageOutput (structure)", "### Members", "<table>", "<tr><th>Trait ID</th><th>Path</th><th>Value</th></tr>", "<tr><td>required</td><td></td><td></td></tr>", "</table>", "> `message`: `smithy.api#String`", "> ", "## Message (resource)", "### Resource Operations", "> * `read`: [GetMessage](#shape:GetMessage)", "> ", "## MessageOfTheDay (service)", "Provides a Message of the day.", "**Service version**: 2020-06-21", "### Resources", "> * [Message](#shape:Message)", "> "]`', tests/describe_markdown_writer.rs:73:5
[INFO] [stdout] stack backtrace:
[INFO] [stdout]    0:     0x5571b5956210 - std::backtrace_rs::backtrace::libunwind::trace::h34055254b57d8e79
[INFO] [stdout]                                at /rustc/a178d0322ce20e33eac124758e837cbd80a6f633/library/std/src/../../backtrace/src/backtrace/libunwind.rs:90:5
[INFO] [stdout]    1:     0x5571b5956210 - std::backtrace_rs::backtrace::trace_unsynchronized::h8f1e3fbd9afff6ec
[INFO] [stdout]                                at /rustc/a178d0322ce20e33eac124758e837cbd80a6f633/library/std/src/../../backtrace/src/backtrace/mod.rs:66:5
[INFO] [stdout]    2:     0x5571b5956210 - std::sys_common::backtrace::_print_fmt::h3a99a796b770c360
[INFO] [stdout]                                at /rustc/a178d0322ce20e33eac124758e837cbd80a6f633/library/std/src/sys_common/backtrace.rs:67:5
[INFO] [stdout]    3:     0x5571b5956210 - <std::sys_common::backtrace::_print::DisplayBacktrace as core::fmt::Display>::fmt::h32d1f94a80615d18
[INFO] [stdout]                                at /rustc/a178d0322ce20e33eac124758e837cbd80a6f633/library/std/src/sys_common/backtrace.rs:46:22
[INFO] [stdout]    4:     0x5571b597963c - core::fmt::write::h306731c068f7162c
[INFO] [stdout]                                at /rustc/a178d0322ce20e33eac124758e837cbd80a6f633/library/core/src/fmt/mod.rs:1110:17
[INFO] [stdout]    5:     0x5571b5952e45 - std::io::Write::write_fmt::h87f19b0a2cd190bc
[INFO] [stdout]                                at /rustc/a178d0322ce20e33eac124758e837cbd80a6f633/library/std/src/io/mod.rs:1588:15
[INFO] [stdout]    6:     0x5571b59583bb - std::sys_common::backtrace::_print::h5abaa2601a852287
[INFO] [stdout]                                at /rustc/a178d0322ce20e33eac124758e837cbd80a6f633/library/std/src/sys_common/backtrace.rs:49:5
[INFO] [stdout]    7:     0x5571b59583bb - std::sys_common::backtrace::print::h8d81445442bb638f
[INFO] [stdout]                                at /rustc/a178d0322ce20e33eac124758e837cbd80a6f633/library/std/src/sys_common/backtrace.rs:36:9
[INFO] [stdout]    8:     0x5571b59583bb - std::panicking::default_hook::{{closure}}::hcfe804496a9fa747
[INFO] [stdout]                                at /rustc/a178d0322ce20e33eac124758e837cbd80a6f633/library/std/src/panicking.rs:208:50
[INFO] [stdout]    9:     0x5571b5957ecc - std::panicking::default_hook::hbea8e3ccf2ba8901
[INFO] [stdout]                                at /rustc/a178d0322ce20e33eac124758e837cbd80a6f633/library/std/src/panicking.rs:222:9
[INFO] [stdout]   10:     0x5571b5958a84 - std::panicking::rust_panic_with_hook::h7ee9e1a2d0f8975a
[INFO] [stdout]                                at /rustc/a178d0322ce20e33eac124758e837cbd80a6f633/library/std/src/panicking.rs:622:17
[INFO] [stdout]   11:     0x5571b5958567 - std::panicking::begin_panic_handler::{{closure}}::h8ab3b4491718b2c7
[INFO] [stdout]                                at /rustc/a178d0322ce20e33eac124758e837cbd80a6f633/library/std/src/panicking.rs:519:13
[INFO] [stdout]   12:     0x5571b595670c - std::sys_common::backtrace::__rust_end_short_backtrace::hd489062ffa586a9f
[INFO] [stdout]                                at /rustc/a178d0322ce20e33eac124758e837cbd80a6f633/library/std/src/sys_common/backtrace.rs:141:18
[INFO] [stdout]   13:     0x5571b59584c9 - rust_begin_unwind
[INFO] [stdout]                                at /rustc/a178d0322ce20e33eac124758e837cbd80a6f633/library/std/src/panicking.rs:515:5
[INFO] [stdout]   14:     0x5571b5541b31 - core::panicking::panic_fmt::hca6330e3e14086b4
[INFO] [stdout]                                at /rustc/a178d0322ce20e33eac124758e837cbd80a6f633/library/core/src/panicking.rs:92:14
[INFO] [stdout]   15:     0x5571b5977ca8 - core::panicking::assert_failed_inner::h33b45280069a80ed
[INFO] [stdout]   16:     0x5571b557427e - core::panicking::assert_failed::h30f024d80a81fd95
[INFO] [stdout]                                at /rustc/a178d0322ce20e33eac124758e837cbd80a6f633/library/core/src/panicking.rs:117:5
[INFO] [stdout]   17:     0x5571b55628a3 - describe_markdown_writer::test_documentation_writer::h8db002855833ac47
[INFO] [stdout]                                at /opt/rustwide/workdir/tests/describe_markdown_writer.rs:73:5
[INFO] [stdout]   18:     0x5571b556256a - describe_markdown_writer::test_documentation_writer::{{closure}}::h0907e155a8f80736
[INFO] [stdout]                                at /opt/rustwide/workdir/tests/describe_markdown_writer.rs:63:1
[INFO] [stdout]   19:     0x5571b557252e - core::ops::function::FnOnce::call_once::h8f761cf63bb57906
[INFO] [stdout]                                at /rustc/a178d0322ce20e33eac124758e837cbd80a6f633/library/core/src/ops/function.rs:227:5
[INFO] [stdout]   20:     0x5571b559d993 - core::ops::function::FnOnce::call_once::h152e7e439ff59e19
[INFO] [stdout]                                at /rustc/a178d0322ce20e33eac124758e837cbd80a6f633/library/core/src/ops/function.rs:227:5
[INFO] [stdout]   21:     0x5571b559d993 - test::__rust_begin_short_backtrace::h0908f3b1fdbb72ab
[INFO] [stdout]                                at /rustc/a178d0322ce20e33eac124758e837cbd80a6f633/library/test/src/lib.rs:577:5
[INFO] [stdout]   22:     0x5571b559c450 - <alloc::boxed::Box<F,A> as core::ops::function::FnOnce<Args>>::call_once::hf6d2a51e5587546c
[INFO] [stdout]                                at /rustc/a178d0322ce20e33eac124758e837cbd80a6f633/library/alloc/src/boxed.rs:1575:9
[INFO] [stdout]   23:     0x5571b559c450 - <std::panic::AssertUnwindSafe<F> as core::ops::function::FnOnce<()>>::call_once::h8af660f3a89ef593
[INFO] [stdout]                                at /rustc/a178d0322ce20e33eac124758e837cbd80a6f633/library/std/src/panic.rs:347:9
[INFO] [stdout]   24:     0x5571b559c450 - std::panicking::try::do_call::hd36aef60f84b6d36
[INFO] [stdout]                                at /rustc/a178d0322ce20e33eac124758e837cbd80a6f633/library/std/src/panicking.rs:401:40
[INFO] [stdout]   25:     0x5571b559c450 - std::panicking::try::h9932b4480e69817c
[INFO] [stdout]                                at /rustc/a178d0322ce20e33eac124758e837cbd80a6f633/library/std/src/panicking.rs:365:19
[INFO] [stdout]   26:     0x5571b559c450 - std::panic::catch_unwind::h6aa177099cfff5f8
[INFO] [stdout]                                at /rustc/a178d0322ce20e33eac124758e837cbd80a6f633/library/std/src/panic.rs:434:14
[INFO] [stdout]   27:     0x5571b559c450 - test::run_test_in_process::h5884d6f2d99e20c3
[INFO] [stdout]                                at /rustc/a178d0322ce20e33eac124758e837cbd80a6f633/library/test/src/lib.rs:600:18
[INFO] [stdout]   28:     0x5571b559c450 - test::run_test::run_test_inner::{{closure}}::h6fdc58c6d5f5b6e3
[INFO] [stdout]                                at /rustc/a178d0322ce20e33eac124758e837cbd80a6f633/library/test/src/lib.rs:492:39
[INFO] [stdout]   29:     0x5571b5575b02 - test::run_test::run_test_inner::{{closure}}::h408365d67a78ade8
[INFO] [stdout]                                at /rustc/a178d0322ce20e33eac124758e837cbd80a6f633/library/test/src/lib.rs:519:37
[INFO] [stdout]   30:     0x5571b5575b02 - std::sys_common::backtrace::__rust_begin_short_backtrace::hb560b77c4f701523
[INFO] [stdout]                                at /rustc/a178d0322ce20e33eac124758e837cbd80a6f633/library/std/src/sys_common/backtrace.rs:125:18
[INFO] [stdout]   31:     0x5571b55796b8 - std::thread::Builder::spawn_unchecked::{{closure}}::{{closure}}::hf2e7831dad93c597
[INFO] [stdout]                                at /rustc/a178d0322ce20e33eac124758e837cbd80a6f633/library/std/src/thread/mod.rs:481:17
[INFO] [stdout]   32:     0x5571b55796b8 - <std::panic::AssertUnwindSafe<F> as core::ops::function::FnOnce<()>>::call_once::hd2e08783d8be4d02
[INFO] [stdout]                                at /rustc/a178d0322ce20e33eac124758e837cbd80a6f633/library/std/src/panic.rs:347:9
[INFO] [stdout]   33:     0x5571b55796b8 - std::panicking::try::do_call::h062597b7acfd6b82
[INFO] [stdout]                                at /rustc/a178d0322ce20e33eac124758e837cbd80a6f633/library/std/src/panicking.rs:401:40
[INFO] [stdout]   34:     0x5571b55796b8 - std::panicking::try::h0d7b79db04c14552
[INFO] [stdout]                                at /rustc/a178d0322ce20e33eac124758e837cbd80a6f633/library/std/src/panicking.rs:365:19
[INFO] [stdout]   35:     0x5571b55796b8 - std::panic::catch_unwind::hb01a0b5e7c8cd43b
[INFO] [stdout]                                at /rustc/a178d0322ce20e33eac124758e837cbd80a6f633/library/std/src/panic.rs:434:14
[INFO] [stdout]   36:     0x5571b55796b8 - std::thread::Builder::spawn_unchecked::{{closure}}::h5bde48cc887e0d1e
[INFO] [stdout]                                at /rustc/a178d0322ce20e33eac124758e837cbd80a6f633/library/std/src/thread/mod.rs:480:30
[INFO] [stdout]   37:     0x5571b55796b8 - core::ops::function::FnOnce::call_once{{vtable.shim}}::h745ea30807a29e55
[INFO] [stdout]                                at /rustc/a178d0322ce20e33eac124758e837cbd80a6f633/library/core/src/ops/function.rs:227:5
[INFO] [stdout]   38:     0x5571b595d7b7 - <alloc::boxed::Box<F,A> as core::ops::function::FnOnce<Args>>::call_once::h7ece6cfefaff1005
[INFO] [stdout]                                at /rustc/a178d0322ce20e33eac124758e837cbd80a6f633/library/alloc/src/boxed.rs:1575:9
[INFO] [stdout]   39:     0x5571b595d7b7 - <alloc::boxed::Box<F,A> as core::ops::function::FnOnce<Args>>::call_once::hb8b48e55c21f193e
[INFO] [stdout]                                at /rustc/a178d0322ce20e33eac124758e837cbd80a6f633/library/alloc/src/boxed.rs:1575:9
[INFO] [stdout]   40:     0x5571b595d7b7 - std::sys::unix::thread::Thread::new::thread_start::h8c7c4450dba62914
[INFO] [stdout]                                at /rustc/a178d0322ce20e33eac124758e837cbd80a6f633/library/std/src/sys/unix/thread.rs:71:17
[INFO] [stdout]   41:     0x7f642580a609 - start_thread
[INFO] [stdout]   42:     0x7f6425a95293 - clone
[INFO] [stdout]   43:                0x0 - <unknown>
[INFO] [stdout] 
[INFO] [stdout] 
[INFO] [stdout] failures:
[INFO] [stdout]     test_documentation_writer
[INFO] [stdout] 
[INFO] [stdout] test result: FAILED. 0 passed; 1 failed; 0 ignored; 0 measured; 0 filtered out; finished in 0.04s
[INFO] [stdout] 
[INFO] [stderr] error: test failed, to rerun pass '--test describe_markdown_writer'
[INFO] running `Command { std: "docker" "inspect" "9f99ce8f0b12a249c74f60fa7e0b962daf8da478a026e9bf922980f52eb878c4", kill_on_drop: false }`
[INFO] running `Command { std: "docker" "rm" "-f" "9f99ce8f0b12a249c74f60fa7e0b962daf8da478a026e9bf922980f52eb878c4", kill_on_drop: false }`
[INFO] [stdout] 9f99ce8f0b12a249c74f60fa7e0b962daf8da478a026e9bf922980f52eb878c4
