[INFO] fetching crate ate-auth 1.6.0...
[INFO] testing ate-auth-1.6.0 against beta-2021-08-01 for beta-1.55-1
[INFO] extracting crate ate-auth 1.6.0 into /workspace/builds/worker-6/source
[INFO] validating manifest of crates.io crate ate-auth 1.6.0 on toolchain beta-2021-08-01
[INFO] running `Command { std: "/workspace/cargo-home/bin/cargo" "+beta-2021-08-01" "metadata" "--manifest-path" "Cargo.toml" "--no-deps", kill_on_drop: false }`
[INFO] started tweaking crates.io crate ate-auth 1.6.0
[INFO] finished tweaking crates.io crate ate-auth 1.6.0
[INFO] tweaked toml for crates.io crate ate-auth 1.6.0 written to /workspace/builds/worker-6/source/Cargo.toml
[INFO] crate crates.io crate ate-auth 1.6.0 already has a lockfile, it will not be regenerated
[INFO] running `Command { std: "/workspace/cargo-home/bin/cargo" "+beta-2021-08-01" "fetch" "--manifest-path" "Cargo.toml", kill_on_drop: false }`
[INFO] running `Command { std: "docker" "create" "-v" "/var/lib/crater-agent-workspace/builds/worker-6/target:/opt/rustwide/target:rw,Z" "-v" "/var/lib/crater-agent-workspace/builds/worker-6/source:/opt/rustwide/workdir:ro,Z" "-v" "/var/lib/crater-agent-workspace/cargo-home:/opt/rustwide/cargo-home:ro,Z" "-v" "/var/lib/crater-agent-workspace/rustup-home:/opt/rustwide/rustup-home:ro,Z" "-e" "SOURCE_DIR=/opt/rustwide/workdir" "-e" "CARGO_TARGET_DIR=/opt/rustwide/target" "-e" "CARGO_HOME=/opt/rustwide/cargo-home" "-e" "RUSTUP_HOME=/opt/rustwide/rustup-home" "-w" "/opt/rustwide/workdir" "-m" "1610612736" "--user" "0:0" "--network" "none" "ghcr.io/rust-lang/crates-build-env/linux@sha256:34b6a614d2c27851fe6cbf88fbd1137609cefab8b10d0615aaeb6fd47975d74e" "/opt/rustwide/cargo-home/bin/cargo" "+beta-2021-08-01" "metadata" "--no-deps" "--format-version=1", kill_on_drop: false }`
[INFO] [stderr] WARNING: Your kernel does not support swap limit capabilities or the cgroup is not mounted. Memory limited without swap.
[INFO] [stdout] 5afd419637d922defeb85c40abaf4003f24c382bd621e00c9da8258eb5238b6f
[INFO] running `Command { std: "docker" "start" "-a" "5afd419637d922defeb85c40abaf4003f24c382bd621e00c9da8258eb5238b6f", kill_on_drop: false }`
[INFO] running `Command { std: "docker" "inspect" "5afd419637d922defeb85c40abaf4003f24c382bd621e00c9da8258eb5238b6f", kill_on_drop: false }`
[INFO] running `Command { std: "docker" "rm" "-f" "5afd419637d922defeb85c40abaf4003f24c382bd621e00c9da8258eb5238b6f", kill_on_drop: false }`
[INFO] [stdout] 5afd419637d922defeb85c40abaf4003f24c382bd621e00c9da8258eb5238b6f
[INFO] running `Command { std: "docker" "create" "-v" "/var/lib/crater-agent-workspace/builds/worker-6/target:/opt/rustwide/target:rw,Z" "-v" "/var/lib/crater-agent-workspace/builds/worker-6/source:/opt/rustwide/workdir:ro,Z" "-v" "/var/lib/crater-agent-workspace/cargo-home:/opt/rustwide/cargo-home:ro,Z" "-v" "/var/lib/crater-agent-workspace/rustup-home:/opt/rustwide/rustup-home:ro,Z" "-e" "SOURCE_DIR=/opt/rustwide/workdir" "-e" "CARGO_TARGET_DIR=/opt/rustwide/target" "-e" "CARGO_INCREMENTAL=0" "-e" "RUST_BACKTRACE=full" "-e" "RUSTFLAGS=--cap-lints=warn" "-e" "CARGO_HOME=/opt/rustwide/cargo-home" "-e" "RUSTUP_HOME=/opt/rustwide/rustup-home" "-w" "/opt/rustwide/workdir" "-m" "1610612736" "--user" "0:0" "--network" "none" "ghcr.io/rust-lang/crates-build-env/linux@sha256:34b6a614d2c27851fe6cbf88fbd1137609cefab8b10d0615aaeb6fd47975d74e" "/opt/rustwide/cargo-home/bin/cargo" "+beta-2021-08-01" "build" "--frozen" "--message-format=json", kill_on_drop: false }`
[INFO] [stdout] 888c70318693ddde26bb9a5c103022336bf7a3232d6aeb3a50a6599f1a662cc8
[INFO] [stderr] WARNING: Your kernel does not support swap limit capabilities or the cgroup is not mounted. Memory limited without swap.
[INFO] running `Command { std: "docker" "start" "-a" "888c70318693ddde26bb9a5c103022336bf7a3232d6aeb3a50a6599f1a662cc8", kill_on_drop: false }`
[INFO] [stderr]    Compiling syn v1.0.73
[INFO] [stderr]    Compiling serde_derive v1.0.126
[INFO] [stderr]    Compiling serde v1.0.126
[INFO] [stderr]    Compiling log v0.4.14
[INFO] [stderr]    Compiling futures-core v0.3.15
[INFO] [stderr]    Compiling unicode-xid v0.0.3
[INFO] [stderr]    Compiling term v0.4.6
[INFO] [stderr]    Compiling futures-channel v0.3.15
[INFO] [stderr]    Compiling bitflags v0.5.0
[INFO] [stderr]    Compiling futures-task v0.3.15
[INFO] [stderr]    Compiling futures-io v0.3.15
[INFO] [stderr]    Compiling slab v0.4.3
[INFO] [stderr]    Compiling futures-sink v0.3.15
[INFO] [stderr]    Compiling pnet_base v0.27.2
[INFO] [stderr]    Compiling async-trait v0.1.50
[INFO] [stderr]    Compiling strsim v0.9.3
[INFO] [stderr]    Compiling glob v0.2.11
[INFO] [stderr]    Compiling pqcrypto-traits v0.3.3
[INFO] [stderr]    Compiling parking v2.0.0
[INFO] [stderr]    Compiling snap v1.0.5
[INFO] [stderr]    Compiling endian-type v0.1.2
[INFO] [stderr]    Compiling pnet v0.27.2
[INFO] [stderr]    Compiling block-padding v0.2.1
[INFO] [stderr]    Compiling cache-padded v1.1.1
[INFO] [stderr]    Compiling cached_proc_macro_types v0.1.0
[INFO] [stderr]    Compiling waker-fn v1.1.0
[INFO] [stderr]    Compiling fastrand v1.4.1
[INFO] [stderr]    Compiling constant_time_eq v0.1.5
[INFO] [stderr]    Compiling color_quant v1.1.0
[INFO] [stderr]    Compiling bytemuck v1.7.0
[INFO] [stderr]    Compiling async-task v4.0.3
[INFO] [stderr]    Compiling libc v0.1.12
[INFO] [stderr]    Compiling keccak v0.1.0
[INFO] [stderr]    Compiling arrayref v0.3.6
[INFO] [stderr]    Compiling sha1 v0.2.0
[INFO] [stderr]    Compiling buffered_offset_reader v0.6.0
[INFO] [stderr]    Compiling hash v0.3.0
[INFO] [stderr]    Compiling checked_int_cast v1.0.0
[INFO] [stderr]    Compiling os_str_bytes v2.4.0
[INFO] [stderr]    Compiling base32 v0.4.0
[INFO] [stderr]    Compiling syntex_pos v0.42.0
[INFO] [stderr]    Compiling futures-macro v0.3.15
[INFO] [stderr]    Compiling futures-util v0.3.15
[INFO] [stderr]    Compiling tokio v1.3.0
[INFO] [stderr]    Compiling num-rational v0.3.2
[INFO] [stderr]    Compiling nibble_vec v0.1.0
[INFO] [stderr]    Compiling fxhash v0.2.1
[INFO] [stderr]    Compiling hashbrown v0.9.1
[INFO] [stderr]    Compiling pnet_macros_support v0.27.2
[INFO] [stderr]    Compiling concurrent-queue v1.2.2
[INFO] [stderr]    Compiling textwrap v0.12.1
[INFO] [stderr]    Compiling hmac-sha1 v0.1.3
[INFO] [stderr]    Compiling termios v0.0.5
[INFO] [stderr]    Compiling unicode-normalization v0.1.19
[INFO] [stderr]    Compiling radix_trie v0.2.1
[INFO] [stderr]    Compiling jobserver v0.1.22
[INFO] [stderr]    Compiling parking_lot_core v0.8.3
[INFO] [stderr]    Compiling time v0.1.43
[INFO] [stderr]    Compiling pnet_sys v0.27.2
[INFO] [stderr]    Compiling signal-hook-registry v1.4.0
[INFO] [stderr]    Compiling getrandom v0.1.16
[INFO] [stderr]    Compiling rand v0.4.6
[INFO] [stderr]    Compiling nix v0.20.0
[INFO] [stderr]    Compiling rand_core v0.6.3
[INFO] [stderr]    Compiling rpassword v0.0.6
[INFO] [stderr]    Compiling futures-lite v1.12.0
[INFO] [stderr]    Compiling log v0.3.9
[INFO] [stderr]    Compiling mio v0.7.13
[INFO] [stderr]    Compiling proc-macro-error-attr v1.0.4
[INFO] [stderr]    Compiling regex v1.4.6
[INFO] [stderr]    Compiling rmp v0.8.10
[INFO] [stderr]    Compiling block-buffer v0.9.0
[INFO] [stderr]    Compiling crypto-mac v0.8.0
[INFO] [stderr]    Compiling rand_core v0.5.1
[INFO] [stderr]    Compiling hashlink v0.6.0
[INFO] [stderr]    Compiling cc v1.0.69
[INFO] [stderr]    Compiling parking_lot v0.11.1
[INFO] [stderr]    Compiling rand_chacha v0.3.1
[INFO] [stderr]    Compiling num-iter v0.1.42
[INFO] [stderr]    Compiling syntex_errors v0.42.0
[INFO] [stderr]    Compiling sha3 v0.9.1
[INFO] [stderr]    Compiling rand v0.3.23
[INFO] [stderr]    Compiling rand_chacha v0.2.2
[INFO] [stderr]    Compiling rand v0.8.4
[INFO] [stderr]    Compiling idna v0.2.3
[INFO] [stderr]    Compiling rust-crypto v0.2.36
[INFO] [stderr]    Compiling openssl-src v111.15.0+1.1.1k
[INFO] [stderr]    Compiling image v0.23.14
[INFO] [stderr]    Compiling syntex_syntax v0.42.0
[INFO] [stderr]    Compiling rand v0.7.3
[INFO] [stderr]    Compiling async-executor v1.4.1
[INFO] [stderr]    Compiling env_logger v0.8.4
[INFO] [stderr]    Compiling url v2.2.2
[INFO] [stderr]    Compiling openssl-sys v0.9.65
[INFO] [stderr]    Compiling pqcrypto-falcon v0.2.6
[INFO] [stderr]    Compiling blake3 v0.3.8
[INFO] [stderr]    Compiling pqcrypto-ntru v0.5.4
[INFO] [stderr]    Compiling google-authenticator v0.2.1
[INFO] [stderr]    Compiling qrcode v0.12.0
[INFO] [stderr]    Compiling ctrlc v3.1.9
[INFO] [stderr]    Compiling darling_core v0.10.2
[INFO] [stderr]    Compiling proc-macro-error v1.0.4
[INFO] [stderr]    Compiling thiserror-impl v1.0.26
[INFO] [stderr]    Compiling tokio-macros v1.3.0
[INFO] [stderr]    Compiling enum-as-inner v0.3.3
[INFO] [stderr]    Compiling derivative v2.2.0
[INFO] [stderr]    Compiling clap_derive v3.0.0-beta.2
[INFO] [stderr]    Compiling derive-new v0.5.9
[INFO] [stderr]    Compiling darling_macro v0.10.2
[INFO] [stderr]    Compiling syntex v0.42.2
[INFO] [stderr]    Compiling pnet_macros v0.27.2
[INFO] [stderr]    Compiling thiserror v1.0.26
[INFO] [stderr]    Compiling darling v0.10.2
[INFO] [stderr]    Compiling cached_proc_macro v0.6.0
[INFO] [stderr]    Compiling clap v3.0.0-beta.2
[INFO] [stderr]    Compiling futures-executor v0.3.15
[INFO] [stderr]    Compiling futures v0.3.15
[INFO] [stderr]    Compiling cached v0.23.0
[INFO] [stderr]    Compiling trust-dns-proto v0.20.3
[INFO] [stderr]    Compiling pnet_packet v0.27.2
[INFO] [stderr]    Compiling toml v0.5.8
[INFO] [stderr]    Compiling ipnetwork v0.17.0
[INFO] [stderr]    Compiling chrono v0.4.19
[INFO] [stderr]    Compiling serde_json v1.0.64
[INFO] [stderr]    Compiling rmp-serde v0.15.5
[INFO] [stderr]    Compiling bincode v1.3.3
[INFO] [stderr]    Compiling multimap v0.8.3
[INFO] [stderr]    Compiling btreemultimap v0.1.0
[INFO] [stderr]    Compiling uuid v0.8.2
[INFO] [stderr]    Compiling isocountry v0.3.2
[INFO] [stderr]    Compiling pnet_datalink v0.27.2
[INFO] [stderr]    Compiling trust-dns-client v0.20.3
[INFO] [stderr]    Compiling proc-macro-crate v1.0.0
[INFO] [stderr]    Compiling num_enum_derive v0.5.2
[INFO] [stderr]    Compiling pnet_transport v0.27.2
[INFO] [stderr]    Compiling num_enum v0.5.2
[INFO] [stderr]    Compiling openssl v0.10.35
[INFO] [stderr]    Compiling ate v0.8.0
[INFO] [stderr]    Compiling ate-auth v1.6.0 (/opt/rustwide/workdir)
[INFO] [stderr]     Finished dev [unoptimized + debuginfo] target(s) in 4m 56s
[INFO] running `Command { std: "docker" "inspect" "888c70318693ddde26bb9a5c103022336bf7a3232d6aeb3a50a6599f1a662cc8", kill_on_drop: false }`
[INFO] running `Command { std: "docker" "rm" "-f" "888c70318693ddde26bb9a5c103022336bf7a3232d6aeb3a50a6599f1a662cc8", kill_on_drop: false }`
[INFO] [stdout] 888c70318693ddde26bb9a5c103022336bf7a3232d6aeb3a50a6599f1a662cc8
[INFO] running `Command { std: "docker" "create" "-v" "/var/lib/crater-agent-workspace/builds/worker-6/target:/opt/rustwide/target:rw,Z" "-v" "/var/lib/crater-agent-workspace/builds/worker-6/source:/opt/rustwide/workdir:ro,Z" "-v" "/var/lib/crater-agent-workspace/cargo-home:/opt/rustwide/cargo-home:ro,Z" "-v" "/var/lib/crater-agent-workspace/rustup-home:/opt/rustwide/rustup-home:ro,Z" "-e" "SOURCE_DIR=/opt/rustwide/workdir" "-e" "CARGO_TARGET_DIR=/opt/rustwide/target" "-e" "CARGO_INCREMENTAL=0" "-e" "RUST_BACKTRACE=full" "-e" "RUSTFLAGS=--cap-lints=warn" "-e" "CARGO_HOME=/opt/rustwide/cargo-home" "-e" "RUSTUP_HOME=/opt/rustwide/rustup-home" "-w" "/opt/rustwide/workdir" "-m" "1610612736" "--user" "0:0" "--network" "none" "ghcr.io/rust-lang/crates-build-env/linux@sha256:34b6a614d2c27851fe6cbf88fbd1137609cefab8b10d0615aaeb6fd47975d74e" "/opt/rustwide/cargo-home/bin/cargo" "+beta-2021-08-01" "test" "--frozen" "--no-run" "--message-format=json", kill_on_drop: false }`
[INFO] [stdout] 1eac614a85f113e0df07d1da62c6c5d515d41ac9698a424058f7d3caec30ff3d
[INFO] [stderr] WARNING: Your kernel does not support swap limit capabilities or the cgroup is not mounted. Memory limited without swap.
[INFO] running `Command { std: "docker" "start" "-a" "1eac614a85f113e0df07d1da62c6c5d515d41ac9698a424058f7d3caec30ff3d", kill_on_drop: false }`
[INFO] [stderr]    Compiling ate-auth v1.6.0 (/opt/rustwide/workdir)
[INFO] [stderr]     Finished test [unoptimized + debuginfo] target(s) in 25.84s
[INFO] running `Command { std: "docker" "inspect" "1eac614a85f113e0df07d1da62c6c5d515d41ac9698a424058f7d3caec30ff3d", kill_on_drop: false }`
[INFO] running `Command { std: "docker" "rm" "-f" "1eac614a85f113e0df07d1da62c6c5d515d41ac9698a424058f7d3caec30ff3d", kill_on_drop: false }`
[INFO] [stdout] 1eac614a85f113e0df07d1da62c6c5d515d41ac9698a424058f7d3caec30ff3d
[INFO] running `Command { std: "docker" "create" "-v" "/var/lib/crater-agent-workspace/builds/worker-6/target:/opt/rustwide/target:rw,Z" "-v" "/var/lib/crater-agent-workspace/builds/worker-6/source:/opt/rustwide/workdir:ro,Z" "-v" "/var/lib/crater-agent-workspace/cargo-home:/opt/rustwide/cargo-home:ro,Z" "-v" "/var/lib/crater-agent-workspace/rustup-home:/opt/rustwide/rustup-home:ro,Z" "-e" "SOURCE_DIR=/opt/rustwide/workdir" "-e" "CARGO_TARGET_DIR=/opt/rustwide/target" "-e" "CARGO_INCREMENTAL=0" "-e" "RUST_BACKTRACE=full" "-e" "RUSTFLAGS=--cap-lints=warn" "-e" "CARGO_HOME=/opt/rustwide/cargo-home" "-e" "RUSTUP_HOME=/opt/rustwide/rustup-home" "-w" "/opt/rustwide/workdir" "-m" "1610612736" "--user" "0:0" "--network" "none" "ghcr.io/rust-lang/crates-build-env/linux@sha256:34b6a614d2c27851fe6cbf88fbd1137609cefab8b10d0615aaeb6fd47975d74e" "/opt/rustwide/cargo-home/bin/cargo" "+beta-2021-08-01" "test" "--frozen", kill_on_drop: false }`
[INFO] [stdout] 7d7e556dd7e881f258d325351f8da1dac402bf2e0347fcc87021a8b3a46c8dbf
[INFO] [stderr] WARNING: Your kernel does not support swap limit capabilities or the cgroup is not mounted. Memory limited without swap.
[INFO] running `Command { std: "docker" "start" "-a" "7d7e556dd7e881f258d325351f8da1dac402bf2e0347fcc87021a8b3a46c8dbf", kill_on_drop: false }`
[INFO] [stderr]     Finished test [unoptimized + debuginfo] target(s) in 0.24s
[INFO] [stderr]      Running unittests (/opt/rustwide/target/debug/deps/ate_auth-c7e39a502d5a72a2)
[INFO] [stdout] 
[INFO] [stdout] running 1 test
[INFO] [stdout] test test::test_create_user_and_group ... FAILED
[INFO] [stdout] 
[INFO] [stdout] failures:
[INFO] [stdout] 
[INFO] [stdout] ---- test::test_create_user_and_group stdout ----
[INFO] [stdout] thread 'test::test_create_user_and_group' panicked at 'client failed to connect: ProtoError { kind: Io(Os { code: 101, kind: NetworkUnreachable, message: "Network is unreachable" }) }', /opt/rustwide/cargo-home/registry/src/github.com-1ecc6299db9ec823/ate-0.8.0/src/mesh/registry.rs:69:28
[INFO] [stdout] stack backtrace:
[INFO] [stdout]    0:     0x558dfd0632b0 - std::backtrace_rs::backtrace::libunwind::trace::hff4d1766e93f64f1
[INFO] [stdout]                                at /rustc/53fd98ca776cb875bc9e5514f56b52eb74f9e7a9/library/std/src/../../backtrace/src/backtrace/libunwind.rs:90:5
[INFO] [stdout]    1:     0x558dfd0632b0 - std::backtrace_rs::backtrace::trace_unsynchronized::h56bbc8eb78770bcb
[INFO] [stdout]                                at /rustc/53fd98ca776cb875bc9e5514f56b52eb74f9e7a9/library/std/src/../../backtrace/src/backtrace/mod.rs:66:5
[INFO] [stdout]    2:     0x558dfd0632b0 - std::sys_common::backtrace::_print_fmt::h5c8e75464faca780
[INFO] [stdout]                                at /rustc/53fd98ca776cb875bc9e5514f56b52eb74f9e7a9/library/std/src/sys_common/backtrace.rs:67:5
[INFO] [stdout]    3:     0x558dfd0632b0 - <std::sys_common::backtrace::_print::DisplayBacktrace as core::fmt::Display>::fmt::h48b88277def8b362
[INFO] [stdout]                                at /rustc/53fd98ca776cb875bc9e5514f56b52eb74f9e7a9/library/std/src/sys_common/backtrace.rs:46:22
[INFO] [stdout]    4:     0x558dfd08848c - core::fmt::write::h3381b3176fe2b3d3
[INFO] [stdout]                                at /rustc/53fd98ca776cb875bc9e5514f56b52eb74f9e7a9/library/core/src/fmt/mod.rs:1115:17
[INFO] [stdout]    5:     0x558dfd05bf85 - std::io::Write::write_fmt::h5f34a676f60246b5
[INFO] [stdout]                                at /rustc/53fd98ca776cb875bc9e5514f56b52eb74f9e7a9/library/std/src/io/mod.rs:1665:15
[INFO] [stdout]    6:     0x558dfd06549b - std::sys_common::backtrace::_print::ha537687d6c17dd0d
[INFO] [stdout]                                at /rustc/53fd98ca776cb875bc9e5514f56b52eb74f9e7a9/library/std/src/sys_common/backtrace.rs:49:5
[INFO] [stdout]    7:     0x558dfd06549b - std::sys_common::backtrace::print::h61376ae57d131d72
[INFO] [stdout]                                at /rustc/53fd98ca776cb875bc9e5514f56b52eb74f9e7a9/library/std/src/sys_common/backtrace.rs:36:9
[INFO] [stdout]    8:     0x558dfd06549b - std::panicking::default_hook::{{closure}}::h0f7208c0b9644a54
[INFO] [stdout]                                at /rustc/53fd98ca776cb875bc9e5514f56b52eb74f9e7a9/library/std/src/panicking.rs:208:50
[INFO] [stdout]    9:     0x558dfd064fac - std::panicking::default_hook::hdac7fc06578c14ce
[INFO] [stdout]                                at /rustc/53fd98ca776cb875bc9e5514f56b52eb74f9e7a9/library/std/src/panicking.rs:222:9
[INFO] [stdout]   10:     0x558dfd065b64 - std::panicking::rust_panic_with_hook::h72b21c283da3d1ef
[INFO] [stdout]                                at /rustc/53fd98ca776cb875bc9e5514f56b52eb74f9e7a9/library/std/src/panicking.rs:622:17
[INFO] [stdout]   11:     0x558dfd065647 - std::panicking::begin_panic_handler::{{closure}}::he5778f1729cff84a
[INFO] [stdout]                                at /rustc/53fd98ca776cb875bc9e5514f56b52eb74f9e7a9/library/std/src/panicking.rs:519:13
[INFO] [stdout]   12:     0x558dfd06378c - std::sys_common::backtrace::__rust_end_short_backtrace::h2d11ca8b453b4b1d
[INFO] [stdout]                                at /rustc/53fd98ca776cb875bc9e5514f56b52eb74f9e7a9/library/std/src/sys_common/backtrace.rs:141:18
[INFO] [stdout]   13:     0x558dfd0655a9 - rust_begin_unwind
[INFO] [stdout]                                at /rustc/53fd98ca776cb875bc9e5514f56b52eb74f9e7a9/library/std/src/panicking.rs:515:5
[INFO] [stdout]   14:     0x558dfbdada81 - core::panicking::panic_fmt::hf9de31d4acbce4db
[INFO] [stdout]                                at /rustc/53fd98ca776cb875bc9e5514f56b52eb74f9e7a9/library/core/src/panicking.rs:92:14
[INFO] [stdout]   15:     0x558dfbdadb73 - core::result::unwrap_failed::ha0c84e81219e5878
[INFO] [stdout]                                at /rustc/53fd98ca776cb875bc9e5514f56b52eb74f9e7a9/library/core/src/result.rs:1599:5
[INFO] [stdout]   16:     0x558dfc3df46d - core::result::Result<T,E>::expect::h90a73131262a2e99
[INFO] [stdout]                                at /rustc/53fd98ca776cb875bc9e5514f56b52eb74f9e7a9/library/core/src/result.rs:1241:23
[INFO] [stdout]   17:     0x558dfc79b1c6 - ate::mesh::registry::DnsClient::connect::{{closure}}::hc66b7447542891ba
[INFO] [stdout]                                at /opt/rustwide/cargo-home/registry/src/github.com-1ecc6299db9ec823/ate-0.8.0/src/mesh/registry.rs:69:15
[INFO] [stdout]   18:     0x558dfc5b6639 - <core::future::from_generator::GenFuture<T> as core::future::future::Future>::poll::hc8aa780b76903671
[INFO] [stdout]                                at /rustc/53fd98ca776cb875bc9e5514f56b52eb74f9e7a9/library/core/src/future/mod.rs:80:19
[INFO] [stdout]   19:     0x558dfbed8deb - ate::mesh::registry::Registry::new::{{closure}}::h9a56e12f4038d326
[INFO] [stdout]                                at /opt/rustwide/cargo-home/registry/src/github.com-1ecc6299db9ec823/ate-0.8.0/src/mesh/registry.rs:142:19
[INFO] [stdout]   20:     0x558dfc096a79 - <core::future::from_generator::GenFuture<T> as core::future::future::Future>::poll::h53c1c1d50146425b
[INFO] [stdout]                                at /rustc/53fd98ca776cb875bc9e5514f56b52eb74f9e7a9/library/core/src/future/mod.rs:80:19
[INFO] [stdout]   21:     0x558dfc07eae5 - ate::mesh::server::MeshRoot<F>::new::{{closure}}::h19cdaf135fba9a3c
[INFO] [stdout]                                at /opt/rustwide/cargo-home/registry/src/github.com-1ecc6299db9ec823/ate-0.8.0/src/mesh/server.rs:127:34
[INFO] [stdout]   22:     0x558dfc097959 - <core::future::from_generator::GenFuture<T> as core::future::future::Future>::poll::h6c095a03a0ee5fb2
[INFO] [stdout]                                at /rustc/53fd98ca776cb875bc9e5514f56b52eb74f9e7a9/library/core/src/future/mod.rs:80:19
[INFO] [stdout]   23:     0x558dfbed8b5a - ate::mesh::create_server::{{closure}}::hb65b4eb23d7c8111
[INFO] [stdout]                                at /opt/rustwide/cargo-home/registry/src/github.com-1ecc6299db9ec823/ate-0.8.0/src/mesh/mod.rs:105:5
[INFO] [stdout]   24:     0x558dfc0966a9 - <core::future::from_generator::GenFuture<T> as core::future::future::Future>::poll::h51c1f092229fc6e0
[INFO] [stdout]                                at /rustc/53fd98ca776cb875bc9e5514f56b52eb74f9e7a9/library/core/src/future/mod.rs:80:19
[INFO] [stdout]   25:     0x558dfc181efa - ate_auth::test::test_create_user_and_group::{{closure}}::h7858025e7cf4986e
[INFO] [stdout]                                at /opt/rustwide/workdir/src/test.rs:33:19
[INFO] [stdout]   26:     0x558dfc099207 - <core::future::from_generator::GenFuture<T> as core::future::future::Future>::poll::h879df9064d0aab6f
[INFO] [stdout]                                at /rustc/53fd98ca776cb875bc9e5514f56b52eb74f9e7a9/library/core/src/future/mod.rs:80:19
[INFO] [stdout]   27:     0x558dfbee6aac - tokio::park::thread::CachedParkThread::block_on::{{closure}}::h8ed8b2d04b23c110
[INFO] [stdout]                                at /opt/rustwide/cargo-home/registry/src/github.com-1ecc6299db9ec823/tokio-1.3.0/src/park/thread.rs:263:54
[INFO] [stdout]   28:     0x558dfc08af69 - tokio::coop::with_budget::{{closure}}::hc552fa74343d5480
[INFO] [stdout]                                at /opt/rustwide/cargo-home/registry/src/github.com-1ecc6299db9ec823/tokio-1.3.0/src/coop.rs:106:9
[INFO] [stdout]   29:     0x558dfbef5fc4 - std::thread::local::LocalKey<T>::try_with::h6e944b43110a1992
[INFO] [stdout]                                at /rustc/53fd98ca776cb875bc9e5514f56b52eb74f9e7a9/library/std/src/thread/local.rs:399:16
[INFO] [stdout]   30:     0x558dfbef585e - std::thread::local::LocalKey<T>::with::hd3c85538a3462431
[INFO] [stdout]                                at /rustc/53fd98ca776cb875bc9e5514f56b52eb74f9e7a9/library/std/src/thread/local.rs:375:9
[INFO] [stdout]   31:     0x558dfbee684e - tokio::coop::with_budget::h6ea0daaf5a2a9dd2
[INFO] [stdout]                                at /opt/rustwide/cargo-home/registry/src/github.com-1ecc6299db9ec823/tokio-1.3.0/src/coop.rs:99:5
[INFO] [stdout]   32:     0x558dfbee684e - tokio::coop::budget::h3a02111058974049
[INFO] [stdout]                                at /opt/rustwide/cargo-home/registry/src/github.com-1ecc6299db9ec823/tokio-1.3.0/src/coop.rs:76:5
[INFO] [stdout]   33:     0x558dfbee684e - tokio::park::thread::CachedParkThread::block_on::h872b1bde83ad0f5f
[INFO] [stdout]                                at /opt/rustwide/cargo-home/registry/src/github.com-1ecc6299db9ec823/tokio-1.3.0/src/park/thread.rs:263:31
[INFO] [stdout]   34:     0x558dfbfdc176 - tokio::runtime::enter::Enter::block_on::h9e3715a2f569c2fd
[INFO] [stdout]                                at /opt/rustwide/cargo-home/registry/src/github.com-1ecc6299db9ec823/tokio-1.3.0/src/runtime/enter.rs:151:13
[INFO] [stdout]   35:     0x558dfc16d92e - tokio::runtime::thread_pool::ThreadPool::block_on::h64acbbcd89f66fd7
[INFO] [stdout]                                at /opt/rustwide/cargo-home/registry/src/github.com-1ecc6299db9ec823/tokio-1.3.0/src/runtime/thread_pool/mod.rs:71:9
[INFO] [stdout]   36:     0x558dfbf7b877 - tokio::runtime::Runtime::block_on::hd530e815b10fcb43
[INFO] [stdout]                                at /opt/rustwide/cargo-home/registry/src/github.com-1ecc6299db9ec823/tokio-1.3.0/src/runtime/mod.rs:452:43
[INFO] [stdout]   37:     0x558dfc18128b - ate_auth::test::test_create_user_and_group::hb3fdd8ee97c4e8e9
[INFO] [stdout]                                at /opt/rustwide/workdir/src/test.rs:103:5
[INFO] [stdout]   38:     0x558dfc181187 - ate_auth::test::test_create_user_and_group::{{closure}}::hf4c278894989b03d
[INFO] [stdout]                                at /opt/rustwide/workdir/src/test.rs:10:1
[INFO] [stdout]   39:     0x558dfc12a52e - core::ops::function::FnOnce::call_once::h9d6857cd8ad9fb7f
[INFO] [stdout]                                at /rustc/53fd98ca776cb875bc9e5514f56b52eb74f9e7a9/library/core/src/ops/function.rs:227:5
[INFO] [stdout]   40:     0x558dfc254e23 - core::ops::function::FnOnce::call_once::hbb52c4519d3137b0
[INFO] [stdout]                                at /rustc/53fd98ca776cb875bc9e5514f56b52eb74f9e7a9/library/core/src/ops/function.rs:227:5
[INFO] [stdout]   41:     0x558dfc254e23 - test::__rust_begin_short_backtrace::h86fe3a2a5a5121af
[INFO] [stdout]                                at /rustc/53fd98ca776cb875bc9e5514f56b52eb74f9e7a9/library/test/src/lib.rs:578:5
[INFO] [stdout]   42:     0x558dfc2538d8 - <alloc::boxed::Box<F,A> as core::ops::function::FnOnce<Args>>::call_once::hfd956bc3d57399be
[INFO] [stdout]                                at /rustc/53fd98ca776cb875bc9e5514f56b52eb74f9e7a9/library/alloc/src/boxed.rs:1572:9
[INFO] [stdout]   43:     0x558dfc2538d8 - <std::panic::AssertUnwindSafe<F> as core::ops::function::FnOnce<()>>::call_once::h40dc93e0ddb5938a
[INFO] [stdout]                                at /rustc/53fd98ca776cb875bc9e5514f56b52eb74f9e7a9/library/std/src/panic.rs:347:9
[INFO] [stdout]   44:     0x558dfc2538d8 - std::panicking::try::do_call::h90d07750cb47c562
[INFO] [stdout]                                at /rustc/53fd98ca776cb875bc9e5514f56b52eb74f9e7a9/library/std/src/panicking.rs:401:40
[INFO] [stdout]   45:     0x558dfc2538d8 - std::panicking::try::h063c84733ad2a629
[INFO] [stdout]                                at /rustc/53fd98ca776cb875bc9e5514f56b52eb74f9e7a9/library/std/src/panicking.rs:365:19
[INFO] [stdout]   46:     0x558dfc2538d8 - std::panic::catch_unwind::h0c464836a84e7c08
[INFO] [stdout]                                at /rustc/53fd98ca776cb875bc9e5514f56b52eb74f9e7a9/library/std/src/panic.rs:434:14
[INFO] [stdout]   47:     0x558dfc2538d8 - test::run_test_in_process::h5cb06ef620b157fc
[INFO] [stdout]                                at /rustc/53fd98ca776cb875bc9e5514f56b52eb74f9e7a9/library/test/src/lib.rs:601:18
[INFO] [stdout]   48:     0x558dfc2538d8 - test::run_test::run_test_inner::{{closure}}::h76f677f4b93f9828
[INFO] [stdout]                                at /rustc/53fd98ca776cb875bc9e5514f56b52eb74f9e7a9/library/test/src/lib.rs:493:39
[INFO] [stdout]   49:     0x558dfc22206d - test::run_test::run_test_inner::{{closure}}::h366d01fe04f4d67a
[INFO] [stdout]                                at /rustc/53fd98ca776cb875bc9e5514f56b52eb74f9e7a9/library/test/src/lib.rs:520:37
[INFO] [stdout]   50:     0x558dfc22206d - std::sys_common::backtrace::__rust_begin_short_backtrace::h7dfa0de4eb395af2
[INFO] [stdout]                                at /rustc/53fd98ca776cb875bc9e5514f56b52eb74f9e7a9/library/std/src/sys_common/backtrace.rs:125:18
[INFO] [stdout]   51:     0x558dfc226838 - std::thread::Builder::spawn_unchecked::{{closure}}::{{closure}}::hf0a74bb58798037f
[INFO] [stdout]                                at /rustc/53fd98ca776cb875bc9e5514f56b52eb74f9e7a9/library/std/src/thread/mod.rs:476:17
[INFO] [stdout]   52:     0x558dfc226838 - <std::panic::AssertUnwindSafe<F> as core::ops::function::FnOnce<()>>::call_once::hb024e854818586ac
[INFO] [stdout]                                at /rustc/53fd98ca776cb875bc9e5514f56b52eb74f9e7a9/library/std/src/panic.rs:347:9
[INFO] [stdout]   53:     0x558dfc226838 - std::panicking::try::do_call::hb2dd9f1d0d48e41d
[INFO] [stdout]                                at /rustc/53fd98ca776cb875bc9e5514f56b52eb74f9e7a9/library/std/src/panicking.rs:401:40
[INFO] [stdout]   54:     0x558dfc226838 - std::panicking::try::h4717ae7bac8b2bf3
[INFO] [stdout]                                at /rustc/53fd98ca776cb875bc9e5514f56b52eb74f9e7a9/library/std/src/panicking.rs:365:19
[INFO] [stdout]   55:     0x558dfc226838 - std::panic::catch_unwind::h0dc8a061326ce8d8
[INFO] [stdout]                                at /rustc/53fd98ca776cb875bc9e5514f56b52eb74f9e7a9/library/std/src/panic.rs:434:14
[INFO] [stdout]   56:     0x558dfc226838 - std::thread::Builder::spawn_unchecked::{{closure}}::haa369e2d6fd00aa1
[INFO] [stdout]                                at /rustc/53fd98ca776cb875bc9e5514f56b52eb74f9e7a9/library/std/src/thread/mod.rs:475:30
[INFO] [stdout]   57:     0x558dfc226838 - core::ops::function::FnOnce::call_once{{vtable.shim}}::h36dcf3de8b056f17
[INFO] [stdout]                                at /rustc/53fd98ca776cb875bc9e5514f56b52eb74f9e7a9/library/core/src/ops/function.rs:227:5
[INFO] [stdout]   58:     0x558dfd06b657 - <alloc::boxed::Box<F,A> as core::ops::function::FnOnce<Args>>::call_once::h65c29e4642be2358
[INFO] [stdout]                                at /rustc/53fd98ca776cb875bc9e5514f56b52eb74f9e7a9/library/alloc/src/boxed.rs:1572:9
[INFO] [stdout]   59:     0x558dfd06b657 - <alloc::boxed::Box<F,A> as core::ops::function::FnOnce<Args>>::call_once::hd0f8f7fbbd9fffbf
[INFO] [stdout]                                at /rustc/53fd98ca776cb875bc9e5514f56b52eb74f9e7a9/library/alloc/src/boxed.rs:1572:9
[INFO] [stdout]   60:     0x558dfd06b657 - std::sys::unix::thread::Thread::new::thread_start::h2fd22fee3ca77b65
[INFO] [stdout]                                at /rustc/53fd98ca776cb875bc9e5514f56b52eb74f9e7a9/library/std/src/sys/unix/thread.rs:74:17
[INFO] [stdout]   61:     0x7f75b1e0a609 - start_thread
[INFO] [stdout]   62:     0x7f75b20b0293 - clone
[INFO] [stdout]   63:                0x0 - <unknown>
[INFO] [stdout] 
[INFO] [stdout] 
[INFO] [stdout] failures:
[INFO] [stdout]     test::test_create_user_and_group
[INFO] [stdout] 
[INFO] [stdout] test result: FAILED. 0 passed; 1 failed; 0 ignored; 0 measured; 0 filtered out; finished in 0.30s
[INFO] [stdout] 
[INFO] [stderr] error: test failed, to rerun pass '--lib'
[INFO] running `Command { std: "docker" "inspect" "7d7e556dd7e881f258d325351f8da1dac402bf2e0347fcc87021a8b3a46c8dbf", kill_on_drop: false }`
[INFO] running `Command { std: "docker" "rm" "-f" "7d7e556dd7e881f258d325351f8da1dac402bf2e0347fcc87021a8b3a46c8dbf", kill_on_drop: false }`
[INFO] [stdout] 7d7e556dd7e881f258d325351f8da1dac402bf2e0347fcc87021a8b3a46c8dbf
