[INFO] fetching crate async_kraken_ws 0.1.3...
[INFO] testing async_kraken_ws-0.1.3 against 1.54.0 for beta-1.55-1
[INFO] extracting crate async_kraken_ws 0.1.3 into /workspace/builds/worker-3/source
[INFO] validating manifest of crates.io crate async_kraken_ws 0.1.3 on toolchain 1.54.0
[INFO] running `Command { std: "/workspace/cargo-home/bin/cargo" "+1.54.0" "metadata" "--manifest-path" "Cargo.toml" "--no-deps", kill_on_drop: false }`
[INFO] started tweaking crates.io crate async_kraken_ws 0.1.3
[INFO] finished tweaking crates.io crate async_kraken_ws 0.1.3
[INFO] tweaked toml for crates.io crate async_kraken_ws 0.1.3 written to /workspace/builds/worker-3/source/Cargo.toml
[INFO] crate crates.io crate async_kraken_ws 0.1.3 already has a lockfile, it will not be regenerated
[INFO] running `Command { std: "/workspace/cargo-home/bin/cargo" "+1.54.0" "fetch" "--manifest-path" "Cargo.toml", kill_on_drop: false }`
[INFO] running `Command { std: "docker" "create" "-v" "/var/lib/crater-agent-workspace/builds/worker-3/target:/opt/rustwide/target:rw,Z" "-v" "/var/lib/crater-agent-workspace/builds/worker-3/source:/opt/rustwide/workdir:ro,Z" "-v" "/var/lib/crater-agent-workspace/cargo-home:/opt/rustwide/cargo-home:ro,Z" "-v" "/var/lib/crater-agent-workspace/rustup-home:/opt/rustwide/rustup-home:ro,Z" "-e" "SOURCE_DIR=/opt/rustwide/workdir" "-e" "CARGO_TARGET_DIR=/opt/rustwide/target" "-e" "CARGO_HOME=/opt/rustwide/cargo-home" "-e" "RUSTUP_HOME=/opt/rustwide/rustup-home" "-w" "/opt/rustwide/workdir" "-m" "1610612736" "--user" "0:0" "--network" "none" "ghcr.io/rust-lang/crates-build-env/linux@sha256:34b6a614d2c27851fe6cbf88fbd1137609cefab8b10d0615aaeb6fd47975d74e" "/opt/rustwide/cargo-home/bin/cargo" "+1.54.0" "metadata" "--no-deps" "--format-version=1", kill_on_drop: false }`
[INFO] [stdout] 26cda66798f979cf584371353ddb72cb68b99684b1910bfa4d3e619d00ce1cd5
[INFO] [stderr] WARNING: Your kernel does not support swap limit capabilities or the cgroup is not mounted. Memory limited without swap.
[INFO] running `Command { std: "docker" "start" "-a" "26cda66798f979cf584371353ddb72cb68b99684b1910bfa4d3e619d00ce1cd5", kill_on_drop: false }`
[INFO] running `Command { std: "docker" "inspect" "26cda66798f979cf584371353ddb72cb68b99684b1910bfa4d3e619d00ce1cd5", kill_on_drop: false }`
[INFO] running `Command { std: "docker" "rm" "-f" "26cda66798f979cf584371353ddb72cb68b99684b1910bfa4d3e619d00ce1cd5", kill_on_drop: false }`
[INFO] [stdout] 26cda66798f979cf584371353ddb72cb68b99684b1910bfa4d3e619d00ce1cd5
[INFO] running `Command { std: "docker" "create" "-v" "/var/lib/crater-agent-workspace/builds/worker-3/target:/opt/rustwide/target:rw,Z" "-v" "/var/lib/crater-agent-workspace/builds/worker-3/source:/opt/rustwide/workdir:ro,Z" "-v" "/var/lib/crater-agent-workspace/cargo-home:/opt/rustwide/cargo-home:ro,Z" "-v" "/var/lib/crater-agent-workspace/rustup-home:/opt/rustwide/rustup-home:ro,Z" "-e" "SOURCE_DIR=/opt/rustwide/workdir" "-e" "CARGO_TARGET_DIR=/opt/rustwide/target" "-e" "CARGO_INCREMENTAL=0" "-e" "RUST_BACKTRACE=full" "-e" "RUSTFLAGS=--cap-lints=warn" "-e" "CARGO_HOME=/opt/rustwide/cargo-home" "-e" "RUSTUP_HOME=/opt/rustwide/rustup-home" "-w" "/opt/rustwide/workdir" "-m" "1610612736" "--user" "0:0" "--network" "none" "ghcr.io/rust-lang/crates-build-env/linux@sha256:34b6a614d2c27851fe6cbf88fbd1137609cefab8b10d0615aaeb6fd47975d74e" "/opt/rustwide/cargo-home/bin/cargo" "+1.54.0" "build" "--frozen" "--message-format=json", kill_on_drop: false }`
[INFO] [stderr] WARNING: Your kernel does not support swap limit capabilities or the cgroup is not mounted. Memory limited without swap.
[INFO] [stdout] 03ea273a15ba2e63781d0dc36e0d309ef5fddf6924857ac84af7df59fde6bf75
[INFO] running `Command { std: "docker" "start" "-a" "03ea273a15ba2e63781d0dc36e0d309ef5fddf6924857ac84af7df59fde6bf75", kill_on_drop: false }`
[INFO] [stderr]    Compiling syn v1.0.72
[INFO] [stderr]    Compiling futures-core v0.3.15
[INFO] [stderr]    Compiling pin-project-lite v0.2.6
[INFO] [stderr]    Compiling futures-io v0.3.15
[INFO] [stderr]    Compiling fastrand v1.4.1
[INFO] [stderr]    Compiling subtle v2.4.0
[INFO] [stderr]    Compiling futures-channel v0.3.15
[INFO] [stderr]    Compiling futures-sink v0.3.15
[INFO] [stderr]    Compiling cpufeatures v0.1.4
[INFO] [stderr]    Compiling futures-task v0.3.15
[INFO] [stderr]    Compiling curl v0.4.38
[INFO] [stderr]    Compiling anyhow v1.0.40
[INFO] [stderr]    Compiling isahc v0.9.14
[INFO] [stderr]    Compiling http-types v2.11.1
[INFO] [stderr]    Compiling async-trait v0.1.50
[INFO] [stderr]    Compiling openssl v0.10.34
[INFO] [stderr]    Compiling infer v0.2.3
[INFO] [stderr]    Compiling utf-8 v0.7.6
[INFO] [stderr]    Compiling standback v0.2.17
[INFO] [stderr]    Compiling time v0.2.26
[INFO] [stderr]    Compiling cookie v0.14.4
[INFO] [stderr]    Compiling openssl-sys v0.9.63
[INFO] [stderr]    Compiling libnghttp2-sys v0.1.6+1.43.0
[INFO] [stderr]    Compiling libz-sys v1.1.3
[INFO] [stderr]    Compiling ring v0.16.20
[INFO] [stderr]    Compiling crossbeam-utils v0.8.4
[INFO] [stderr]    Compiling curl-sys v0.4.44+curl-7.77.0
[INFO] [stderr]    Compiling futures-macro v0.3.15
[INFO] [stderr]    Compiling futures-util v0.3.15
[INFO] [stderr]    Compiling tinyvec v1.2.0
[INFO] [stderr]    Compiling input_buffer v0.4.0
[INFO] [stderr]    Compiling spinning_top v0.2.4
[INFO] [stderr]    Compiling getrandom v0.2.3
[INFO] [stderr]    Compiling socket2 v0.4.0
[INFO] [stderr]    Compiling num_cpus v1.13.0
[INFO] [stderr]    Compiling getrandom v0.1.16
[INFO] [stderr]    Compiling cipher v0.2.5
[INFO] [stderr]    Compiling universal-hash v0.4.0
[INFO] [stderr]    Compiling crypto-mac v0.10.0
[INFO] [stderr]    Compiling aead v0.3.2
[INFO] [stderr]    Compiling rand_core v0.6.2
[INFO] [stderr]    Compiling sha2 v0.9.5
[INFO] [stderr]    Compiling sha-1 v0.9.6
[INFO] [stderr]    Compiling dashmap v4.0.2
[INFO] [stderr]    Compiling rand_core v0.5.1
[INFO] [stderr]    Compiling futures-lite v1.11.3
[INFO] [stderr]    Compiling async-channel v1.6.1
[INFO] [stderr]    Compiling flume v0.9.2
[INFO] [stderr]    Compiling polyval v0.4.5
[INFO] [stderr]    Compiling hmac v0.10.1
[INFO] [stderr]    Compiling aes-soft v0.6.4
[INFO] [stderr]    Compiling ctr v0.6.0
[INFO] [stderr]    Compiling rand_chacha v0.3.0
[INFO] [stderr]    Compiling rand_chacha v0.2.2
[INFO] [stderr]    Compiling sluice v0.5.4
[INFO] [stderr]    Compiling hkdf v0.10.0
[INFO] [stderr]    Compiling ghash v0.3.1
[INFO] [stderr]    Compiling native-tls v0.2.7
[INFO] [stderr]    Compiling unicode-normalization v0.1.17
[INFO] [stderr]    Compiling rand v0.8.3
[INFO] [stderr]    Compiling rand v0.7.3
[INFO] [stderr]    Compiling aes v0.6.0
[INFO] [stderr]    Compiling aes-gcm v0.8.0
[INFO] [stderr]    Compiling async-executor v1.4.1
[INFO] [stderr]    Compiling blocking v1.0.2
[INFO] [stderr]    Compiling idna v0.2.3
[INFO] [stderr]    Compiling webpki v0.21.4
[INFO] [stderr]    Compiling sct v0.6.1
[INFO] [stderr]    Compiling webpki-roots v0.21.1
[INFO] [stderr]    Compiling ctor v0.1.20
[INFO] [stderr]    Compiling serde_derive v1.0.126
[INFO] [stderr]    Compiling thiserror-impl v1.0.25
[INFO] [stderr]    Compiling time-macros-impl v0.1.1
[INFO] [stderr]    Compiling tracing-attributes v0.1.15
[INFO] [stderr]    Compiling async-attributes v1.1.2
[INFO] [stderr]    Compiling pin-project-internal v1.0.7
[INFO] [stderr]    Compiling value-bag v1.0.0-alpha.7
[INFO] [stderr]    Compiling time-macros v0.1.1
[INFO] [stderr]    Compiling log v0.4.14
[INFO] [stderr]    Compiling polling v2.0.3
[INFO] [stderr]    Compiling kv-log-macro v1.0.7
[INFO] [stderr]    Compiling rustls v0.19.1
[INFO] [stderr]    Compiling tracing v0.1.26
[INFO] [stderr]    Compiling thiserror v1.0.25
[INFO] [stderr]    Compiling pin-project v1.0.7
[INFO] [stderr]    Compiling async-io v1.4.1
[INFO] [stderr]    Compiling tracing-futures v0.2.5
[INFO] [stderr]    Compiling async-global-executor v2.0.2
[INFO] [stderr]    Compiling async-std v1.9.0
[INFO] [stderr]    Compiling async-tls v0.11.0
[INFO] [stderr]    Compiling serde v1.0.126
[INFO] [stderr]    Compiling futures-executor v0.3.15
[INFO] [stderr]    Compiling futures v0.3.15
[INFO] [stderr]    Compiling url v2.2.2
[INFO] [stderr]    Compiling serde_qs v0.7.2
[INFO] [stderr]    Compiling serde_json v1.0.64
[INFO] [stderr]    Compiling serde_urlencoded v0.7.0
[INFO] [stderr]    Compiling tungstenite v0.13.0
[INFO] [stderr]    Compiling async-tungstenite v0.13.1
[INFO] [stderr]    Compiling http-client v6.4.1
[INFO] [stderr]    Compiling surf v2.2.0
[INFO] [stderr]    Compiling async_kraken v0.1.3
[INFO] [stderr]    Compiling async_kraken_ws v0.1.3 (/opt/rustwide/workdir)
[INFO] [stderr]     Finished dev [unoptimized + debuginfo] target(s) in 1m 22s
[INFO] running `Command { std: "docker" "inspect" "03ea273a15ba2e63781d0dc36e0d309ef5fddf6924857ac84af7df59fde6bf75", kill_on_drop: false }`
[INFO] running `Command { std: "docker" "rm" "-f" "03ea273a15ba2e63781d0dc36e0d309ef5fddf6924857ac84af7df59fde6bf75", kill_on_drop: false }`
[INFO] [stdout] 03ea273a15ba2e63781d0dc36e0d309ef5fddf6924857ac84af7df59fde6bf75
[INFO] running `Command { std: "docker" "create" "-v" "/var/lib/crater-agent-workspace/builds/worker-3/target:/opt/rustwide/target:rw,Z" "-v" "/var/lib/crater-agent-workspace/builds/worker-3/source:/opt/rustwide/workdir:ro,Z" "-v" "/var/lib/crater-agent-workspace/cargo-home:/opt/rustwide/cargo-home:ro,Z" "-v" "/var/lib/crater-agent-workspace/rustup-home:/opt/rustwide/rustup-home:ro,Z" "-e" "SOURCE_DIR=/opt/rustwide/workdir" "-e" "CARGO_TARGET_DIR=/opt/rustwide/target" "-e" "CARGO_INCREMENTAL=0" "-e" "RUST_BACKTRACE=full" "-e" "RUSTFLAGS=--cap-lints=warn" "-e" "CARGO_HOME=/opt/rustwide/cargo-home" "-e" "RUSTUP_HOME=/opt/rustwide/rustup-home" "-w" "/opt/rustwide/workdir" "-m" "1610612736" "--user" "0:0" "--network" "none" "ghcr.io/rust-lang/crates-build-env/linux@sha256:34b6a614d2c27851fe6cbf88fbd1137609cefab8b10d0615aaeb6fd47975d74e" "/opt/rustwide/cargo-home/bin/cargo" "+1.54.0" "test" "--frozen" "--no-run" "--message-format=json", kill_on_drop: false }`
[INFO] [stdout] 518502e97f66ad4741496329f0ffdb2192462fe0f0bea81dff3208811128c25b
[INFO] [stderr] WARNING: Your kernel does not support swap limit capabilities or the cgroup is not mounted. Memory limited without swap.
[INFO] running `Command { std: "docker" "start" "-a" "518502e97f66ad4741496329f0ffdb2192462fe0f0bea81dff3208811128c25b", kill_on_drop: false }`
[INFO] [stderr]    Compiling async_kraken_ws v0.1.3 (/opt/rustwide/workdir)
[INFO] [stderr]     Finished test [unoptimized + debuginfo] target(s) in 1.56s
[INFO] running `Command { std: "docker" "inspect" "518502e97f66ad4741496329f0ffdb2192462fe0f0bea81dff3208811128c25b", kill_on_drop: false }`
[INFO] running `Command { std: "docker" "rm" "-f" "518502e97f66ad4741496329f0ffdb2192462fe0f0bea81dff3208811128c25b", kill_on_drop: false }`
[INFO] [stdout] 518502e97f66ad4741496329f0ffdb2192462fe0f0bea81dff3208811128c25b
[INFO] running `Command { std: "docker" "create" "-v" "/var/lib/crater-agent-workspace/builds/worker-3/target:/opt/rustwide/target:rw,Z" "-v" "/var/lib/crater-agent-workspace/builds/worker-3/source:/opt/rustwide/workdir:ro,Z" "-v" "/var/lib/crater-agent-workspace/cargo-home:/opt/rustwide/cargo-home:ro,Z" "-v" "/var/lib/crater-agent-workspace/rustup-home:/opt/rustwide/rustup-home:ro,Z" "-e" "SOURCE_DIR=/opt/rustwide/workdir" "-e" "CARGO_TARGET_DIR=/opt/rustwide/target" "-e" "CARGO_INCREMENTAL=0" "-e" "RUST_BACKTRACE=full" "-e" "RUSTFLAGS=--cap-lints=warn" "-e" "CARGO_HOME=/opt/rustwide/cargo-home" "-e" "RUSTUP_HOME=/opt/rustwide/rustup-home" "-w" "/opt/rustwide/workdir" "-m" "1610612736" "--user" "0:0" "--network" "none" "ghcr.io/rust-lang/crates-build-env/linux@sha256:34b6a614d2c27851fe6cbf88fbd1137609cefab8b10d0615aaeb6fd47975d74e" "/opt/rustwide/cargo-home/bin/cargo" "+1.54.0" "test" "--frozen", kill_on_drop: false }`
[INFO] [stdout] 9fc506fd9e729fec764b4c446de65193686b92dd83e0a1289d187e9cf8fe6151
[INFO] [stderr] WARNING: Your kernel does not support swap limit capabilities or the cgroup is not mounted. Memory limited without swap.
[INFO] running `Command { std: "docker" "start" "-a" "9fc506fd9e729fec764b4c446de65193686b92dd83e0a1289d187e9cf8fe6151", kill_on_drop: false }`
[INFO] [stderr]     Finished test [unoptimized + debuginfo] target(s) in 0.18s
[INFO] [stderr]      Running unittests (/opt/rustwide/target/debug/deps/async_kraken_ws-7a0aa904deb6035c)
[INFO] [stderr]      Running unittests (/opt/rustwide/target/debug/deps/async_kraken_ws-a870b900ac1a15cd)
[INFO] [stdout] 
[INFO] [stdout] running 0 tests
[INFO] [stdout] 
[INFO] [stdout] test result: ok. 0 passed; 0 failed; 0 ignored; 0 measured; 0 filtered out; finished in 0.00s
[INFO] [stdout] 
[INFO] [stderr]    Doc-tests async_kraken_ws
[INFO] [stdout] 
[INFO] [stdout] running 0 tests
[INFO] [stdout] 
[INFO] [stdout] test result: ok. 0 passed; 0 failed; 0 ignored; 0 measured; 0 filtered out; finished in 0.00s
[INFO] [stdout] 
[INFO] [stdout] 
[INFO] [stdout] running 1 test
[INFO] [stdout] test src/lib.rs - (line 22) ... FAILED
[INFO] [stdout] 
[INFO] [stdout] failures:
[INFO] [stdout] 
[INFO] [stdout] ---- src/lib.rs - (line 22) stdout ----
[INFO] [stdout] Test executable failed (exit code 101).
[INFO] [stdout] 
[INFO] [stdout] stderr:
[INFO] [stdout] thread 'main' panicked at 'File not found: Os { code: 2, kind: NotFound, message: "No such file or directory" }', src/lib.rs:6:50
[INFO] [stdout] stack backtrace:
[INFO] [stdout]    0:     0x560179a03c50 - std::backtrace_rs::backtrace::libunwind::trace::h34055254b57d8e79
[INFO] [stdout]                                at /rustc/a178d0322ce20e33eac124758e837cbd80a6f633/library/std/src/../../backtrace/src/backtrace/libunwind.rs:90:5
[INFO] [stdout]    1:     0x560179a03c50 - std::backtrace_rs::backtrace::trace_unsynchronized::h8f1e3fbd9afff6ec
[INFO] [stdout]                                at /rustc/a178d0322ce20e33eac124758e837cbd80a6f633/library/std/src/../../backtrace/src/backtrace/mod.rs:66:5
[INFO] [stdout]    2:     0x560179a03c50 - std::sys_common::backtrace::_print_fmt::h3a99a796b770c360
[INFO] [stdout]                                at /rustc/a178d0322ce20e33eac124758e837cbd80a6f633/library/std/src/sys_common/backtrace.rs:67:5
[INFO] [stdout]    3:     0x560179a03c50 - <std::sys_common::backtrace::_print::DisplayBacktrace as core::fmt::Display>::fmt::h32d1f94a80615d18
[INFO] [stdout]                                at /rustc/a178d0322ce20e33eac124758e837cbd80a6f633/library/std/src/sys_common/backtrace.rs:46:22
[INFO] [stdout]    4:     0x560179a243dc - core::fmt::write::h306731c068f7162c
[INFO] [stdout]                                at /rustc/a178d0322ce20e33eac124758e837cbd80a6f633/library/core/src/fmt/mod.rs:1110:17
[INFO] [stdout]    5:     0x5601799fe815 - std::io::Write::write_fmt::hd2fa90334eee2a21
[INFO] [stdout]                                at /rustc/a178d0322ce20e33eac124758e837cbd80a6f633/library/std/src/io/mod.rs:1588:15
[INFO] [stdout]    6:     0x560179a05c4b - std::sys_common::backtrace::_print::h5abaa2601a852287
[INFO] [stdout]                                at /rustc/a178d0322ce20e33eac124758e837cbd80a6f633/library/std/src/sys_common/backtrace.rs:49:5
[INFO] [stdout]    7:     0x560179a05c4b - std::sys_common::backtrace::print::h8d81445442bb638f
[INFO] [stdout]                                at /rustc/a178d0322ce20e33eac124758e837cbd80a6f633/library/std/src/sys_common/backtrace.rs:36:9
[INFO] [stdout]    8:     0x560179a05c4b - std::panicking::default_hook::{{closure}}::hcfe804496a9fa747
[INFO] [stdout]                                at /rustc/a178d0322ce20e33eac124758e837cbd80a6f633/library/std/src/panicking.rs:208:50
[INFO] [stdout]    9:     0x560179a05721 - std::panicking::default_hook::hbea8e3ccf2ba8901
[INFO] [stdout]                                at /rustc/a178d0322ce20e33eac124758e837cbd80a6f633/library/std/src/panicking.rs:225:9
[INFO] [stdout]   10:     0x560179a06314 - std::panicking::rust_panic_with_hook::h7ee9e1a2d0f8975a
[INFO] [stdout]                                at /rustc/a178d0322ce20e33eac124758e837cbd80a6f633/library/std/src/panicking.rs:622:17
[INFO] [stdout]   11:     0x560179a05df7 - std::panicking::begin_panic_handler::{{closure}}::h8ab3b4491718b2c7
[INFO] [stdout]                                at /rustc/a178d0322ce20e33eac124758e837cbd80a6f633/library/std/src/panicking.rs:519:13
[INFO] [stdout]   12:     0x560179a0414c - std::sys_common::backtrace::__rust_end_short_backtrace::hd489062ffa586a9f
[INFO] [stdout]                                at /rustc/a178d0322ce20e33eac124758e837cbd80a6f633/library/std/src/sys_common/backtrace.rs:141:18
[INFO] [stdout]   13:     0x560179a05d59 - rust_begin_unwind
[INFO] [stdout]                                at /rustc/a178d0322ce20e33eac124758e837cbd80a6f633/library/std/src/panicking.rs:515:5
[INFO] [stdout]   14:     0x5601794257b1 - core::panicking::panic_fmt::hca6330e3e14086b4
[INFO] [stdout]                                at /rustc/a178d0322ce20e33eac124758e837cbd80a6f633/library/core/src/panicking.rs:92:14
[INFO] [stdout]   15:     0x5601794258a3 - core::result::unwrap_failed::h6160d2b4bfbb0e87
[INFO] [stdout]                                at /rustc/a178d0322ce20e33eac124758e837cbd80a6f633/library/core/src/result.rs:1355:5
[INFO] [stdout]   16:     0x56017946804c - core::result::Result<T,E>::expect::hb8a3e51586654e08
[INFO] [stdout]   17:     0x560179490ef9 - rust_out::get_keys::h95d57d8f0c5e7b5a
[INFO] [stdout]   18:     0x5601794915c0 - rust_out::main::main::{{closure}}::h840b61a584175964
[INFO] [stdout]   19:     0x56017948b2cc - <core::future::from_generator::GenFuture<T> as core::future::future::Future>::poll::ha9e832ce03cbc639
[INFO] [stdout]   20:     0x56017949127a - rust_out::main::{{closure}}::hc0c66177d1e91e31
[INFO] [stdout]   21:     0x56017948a5ec - <core::future::from_generator::GenFuture<T> as core::future::future::Future>::poll::h1f7279f8b0ae241b
[INFO] [stdout]   22:     0x560179426c95 - <async_std::task::builder::SupportTaskLocals<F> as core::future::future::Future>::poll::{{closure}}::h7fdba01323b84b16
[INFO] [stdout]   23:     0x56017948e816 - async_std::task::task_locals_wrapper::TaskLocalsWrapper::set_current::{{closure}}::h844b759964e5193d
[INFO] [stdout]   24:     0x560179459bb6 - std::thread::local::LocalKey<T>::try_with::h47712c28d638384e
[INFO] [stdout]   25:     0x560179459148 - std::thread::local::LocalKey<T>::with::h355b171f7f6634ee
[INFO] [stdout]   26:     0x56017948e71e - async_std::task::task_locals_wrapper::TaskLocalsWrapper::set_current::hf51ad81561feee2d
[INFO] [stdout]   27:     0x560179426c15 - <async_std::task::builder::SupportTaskLocals<F> as core::future::future::Future>::poll::had09b37d74b2c47e
[INFO] [stdout]   28:     0x560179481797 - <futures_lite::future::Or<F1,F2> as core::future::future::Future>::poll::h9504a7c2026ea1ea
[INFO] [stdout]   29:     0x560179444a47 - async_executor::Executor::run::{{closure}}::h8a3a5f8cbdb2e28a
[INFO] [stdout]   30:     0x56017948be4c - <core::future::from_generator::GenFuture<T> as core::future::future::Future>::poll::he7d8016dba8701fb
[INFO] [stdout]   31:     0x560179444603 - async_executor::LocalExecutor::run::{{closure}}::hbf6617b817002b86
[INFO] [stdout]   32:     0x56017948b34c - <core::future::from_generator::GenFuture<T> as core::future::future::Future>::poll::hb85589dbbb7c3ff6
[INFO] [stdout]   33:     0x560179482de5 - async_io::driver::block_on::h15ea532cfcdd68e6
[INFO] [stdout]   34:     0x5601794566a9 - async_global_executor::reactor::block_on::{{closure}}::h86f590034a6503fa
[INFO] [stdout]   35:     0x560179456673 - async_global_executor::reactor::block_on::h01696d11eafab6a4
[INFO] [stdout]   36:     0x560179456829 - async_global_executor::executor::block_on::{{closure}}::hb6669760ab037adc
[INFO] [stdout]   37:     0x560179459638 - std::thread::local::LocalKey<T>::try_with::h06331a6ea6fc458e
[INFO] [stdout]   38:     0x5601794591f0 - std::thread::local::LocalKey<T>::with::h69664da8e9e61792
[INFO] [stdout]   39:     0x5601794567d0 - async_global_executor::executor::block_on::h56c012e906bb27ed
[INFO] [stdout]   40:     0x56017948fa96 - async_std::task::builder::Builder::blocking::{{closure}}::{{closure}}::h08d8476bb63928df
[INFO] [stdout]   41:     0x56017948ea41 - async_std::task::task_locals_wrapper::TaskLocalsWrapper::set_current::{{closure}}::hc90075f8f5869f3d
[INFO] [stdout]   42:     0x560179459798 - std::thread::local::LocalKey<T>::try_with::h0707acd7e5defa19
[INFO] [stdout]   43:     0x5601794593ae - std::thread::local::LocalKey<T>::with::hf28241383e8c5d06
[INFO] [stdout]   44:     0x56017948e770 - async_std::task::task_locals_wrapper::TaskLocalsWrapper::set_current::hfebfcdf251559104
[INFO] [stdout]   45:     0x56017948fa00 - async_std::task::builder::Builder::blocking::{{closure}}::h8b786baf1dbb7dd9
[INFO] [stdout]   46:     0x560179459cf0 - std::thread::local::LocalKey<T>::try_with::h70049dd82d48a668
[INFO] [stdout]   47:     0x560179459260 - std::thread::local::LocalKey<T>::with::h6fd917abb2155b01
[INFO] [stdout]   48:     0x56017948f87b - async_std::task::builder::Builder::blocking::h14646f152cdc51e8
[INFO] [stdout]   49:     0x56017948fba0 - async_std::task::block_on::block_on::hdcc775823caf8565
[INFO] [stdout]   50:     0x560179491111 - rust_out::main::h2a38bb51b9580a7d
[INFO] [stdout]   51:     0x56017945c9b3 - core::ops::function::FnOnce::call_once::hb73b95e6982fd3f0
[INFO] [stdout]   52:     0x560179456849 - std::sys_common::backtrace::__rust_begin_short_backtrace::h8371d112165838d3
[INFO] [stdout]   53:     0x560179458cb9 - std::rt::lang_start::{{closure}}::h783adf50233ec5ec
[INFO] [stdout]   54:     0x560179a06819 - core::ops::function::impls::<impl core::ops::function::FnOnce<A> for &F>::call_once::h2aabc384aab89b7b
[INFO] [stdout]                                at /rustc/a178d0322ce20e33eac124758e837cbd80a6f633/library/core/src/ops/function.rs:259:13
[INFO] [stdout]   55:     0x560179a06819 - std::panicking::try::do_call::hc5fcacb7a85fc7b1
[INFO] [stdout]                                at /rustc/a178d0322ce20e33eac124758e837cbd80a6f633/library/std/src/panicking.rs:401:40
[INFO] [stdout]   56:     0x560179a06819 - std::panicking::try::hb5d9603af3abbe3a
[INFO] [stdout]                                at /rustc/a178d0322ce20e33eac124758e837cbd80a6f633/library/std/src/panicking.rs:365:19
[INFO] [stdout]   57:     0x560179a06819 - std::panic::catch_unwind::h98fe6ac3925e64b4
[INFO] [stdout]                                at /rustc/a178d0322ce20e33eac124758e837cbd80a6f633/library/std/src/panic.rs:434:14
[INFO] [stdout]   58:     0x560179a06819 - std::rt::lang_start_internal::h22ac7383c516f93e
[INFO] [stdout]                                at /rustc/a178d0322ce20e33eac124758e837cbd80a6f633/library/std/src/rt.rs:34:21
[INFO] [stdout]   59:     0x560179458ca1 - std::rt::lang_start::h11b9716471e37ff8
[INFO] [stdout]   60:     0x560179492993 - main
[INFO] [stdout]   61:     0x7f1e980ef0b3 - __libc_start_main
[INFO] [stdout]   62:     0x560179426a0e - _start
[INFO] [stdout]   63:                0x0 - <unknown>
[INFO] [stdout] 
[INFO] [stdout] 
[INFO] [stdout] 
[INFO] [stdout] failures:
[INFO] [stdout]     src/lib.rs - (line 22)
[INFO] [stdout] 
[INFO] [stdout] test result: FAILED. 0 passed; 1 failed; 0 ignored; 0 measured; 0 filtered out; finished in 7.51s
[INFO] [stdout] 
[INFO] [stderr] error: test failed, to rerun pass '--doc'
[INFO] running `Command { std: "docker" "inspect" "9fc506fd9e729fec764b4c446de65193686b92dd83e0a1289d187e9cf8fe6151", kill_on_drop: false }`
[INFO] running `Command { std: "docker" "rm" "-f" "9fc506fd9e729fec764b4c446de65193686b92dd83e0a1289d187e9cf8fe6151", kill_on_drop: false }`
[INFO] [stdout] 9fc506fd9e729fec764b4c446de65193686b92dd83e0a1289d187e9cf8fe6151
