[INFO] fetching crate async_kraken 0.1.3...
[INFO] testing async_kraken-0.1.3 against 1.54.0 for beta-1.55-1
[INFO] extracting crate async_kraken 0.1.3 into /workspace/builds/worker-5/source
[INFO] validating manifest of crates.io crate async_kraken 0.1.3 on toolchain 1.54.0
[INFO] running `Command { std: "/workspace/cargo-home/bin/cargo" "+1.54.0" "metadata" "--manifest-path" "Cargo.toml" "--no-deps", kill_on_drop: false }`
[INFO] started tweaking crates.io crate async_kraken 0.1.3
[INFO] finished tweaking crates.io crate async_kraken 0.1.3
[INFO] tweaked toml for crates.io crate async_kraken 0.1.3 written to /workspace/builds/worker-5/source/Cargo.toml
[INFO] crate crates.io crate async_kraken 0.1.3 already has a lockfile, it will not be regenerated
[INFO] running `Command { std: "/workspace/cargo-home/bin/cargo" "+1.54.0" "fetch" "--manifest-path" "Cargo.toml", kill_on_drop: false }`
[INFO] running `Command { std: "docker" "create" "-v" "/var/lib/crater-agent-workspace/builds/worker-5/target:/opt/rustwide/target:rw,Z" "-v" "/var/lib/crater-agent-workspace/builds/worker-5/source:/opt/rustwide/workdir:ro,Z" "-v" "/var/lib/crater-agent-workspace/cargo-home:/opt/rustwide/cargo-home:ro,Z" "-v" "/var/lib/crater-agent-workspace/rustup-home:/opt/rustwide/rustup-home:ro,Z" "-e" "SOURCE_DIR=/opt/rustwide/workdir" "-e" "CARGO_TARGET_DIR=/opt/rustwide/target" "-e" "CARGO_HOME=/opt/rustwide/cargo-home" "-e" "RUSTUP_HOME=/opt/rustwide/rustup-home" "-w" "/opt/rustwide/workdir" "-m" "1610612736" "--user" "0:0" "--network" "none" "ghcr.io/rust-lang/crates-build-env/linux@sha256:34b6a614d2c27851fe6cbf88fbd1137609cefab8b10d0615aaeb6fd47975d74e" "/opt/rustwide/cargo-home/bin/cargo" "+1.54.0" "metadata" "--no-deps" "--format-version=1", kill_on_drop: false }`
[INFO] [stderr] WARNING: Your kernel does not support swap limit capabilities or the cgroup is not mounted. Memory limited without swap.
[INFO] [stdout] ae5fc4bc2ac63373b1d62c25533e8a1122924a7525c7fbaf750326c5c155e754
[INFO] running `Command { std: "docker" "start" "-a" "ae5fc4bc2ac63373b1d62c25533e8a1122924a7525c7fbaf750326c5c155e754", kill_on_drop: false }`
[INFO] running `Command { std: "docker" "inspect" "ae5fc4bc2ac63373b1d62c25533e8a1122924a7525c7fbaf750326c5c155e754", kill_on_drop: false }`
[INFO] running `Command { std: "docker" "rm" "-f" "ae5fc4bc2ac63373b1d62c25533e8a1122924a7525c7fbaf750326c5c155e754", kill_on_drop: false }`
[INFO] [stdout] ae5fc4bc2ac63373b1d62c25533e8a1122924a7525c7fbaf750326c5c155e754
[INFO] running `Command { std: "docker" "create" "-v" "/var/lib/crater-agent-workspace/builds/worker-5/target:/opt/rustwide/target:rw,Z" "-v" "/var/lib/crater-agent-workspace/builds/worker-5/source:/opt/rustwide/workdir:ro,Z" "-v" "/var/lib/crater-agent-workspace/cargo-home:/opt/rustwide/cargo-home:ro,Z" "-v" "/var/lib/crater-agent-workspace/rustup-home:/opt/rustwide/rustup-home:ro,Z" "-e" "SOURCE_DIR=/opt/rustwide/workdir" "-e" "CARGO_TARGET_DIR=/opt/rustwide/target" "-e" "CARGO_INCREMENTAL=0" "-e" "RUST_BACKTRACE=full" "-e" "RUSTFLAGS=--cap-lints=warn" "-e" "CARGO_HOME=/opt/rustwide/cargo-home" "-e" "RUSTUP_HOME=/opt/rustwide/rustup-home" "-w" "/opt/rustwide/workdir" "-m" "1610612736" "--user" "0:0" "--network" "none" "ghcr.io/rust-lang/crates-build-env/linux@sha256:34b6a614d2c27851fe6cbf88fbd1137609cefab8b10d0615aaeb6fd47975d74e" "/opt/rustwide/cargo-home/bin/cargo" "+1.54.0" "build" "--frozen" "--message-format=json", kill_on_drop: false }`
[INFO] [stdout] 88e32bfa27b2f65c4ccaa5bfa37296d3dc0ebc584abb7a90d79bc12624cb17a6
[INFO] [stderr] WARNING: Your kernel does not support swap limit capabilities or the cgroup is not mounted. Memory limited without swap.
[INFO] running `Command { std: "docker" "start" "-a" "88e32bfa27b2f65c4ccaa5bfa37296d3dc0ebc584abb7a90d79bc12624cb17a6", kill_on_drop: false }`
[INFO] [stderr]    Compiling syn v1.0.72
[INFO] [stderr]    Compiling libc v0.2.95
[INFO] [stderr]    Compiling subtle v2.4.0
[INFO] [stderr]    Compiling cpuid-bool v0.2.0
[INFO] [stderr]    Compiling futures-channel v0.3.15
[INFO] [stderr]    Compiling cpufeatures v0.1.4
[INFO] [stderr]    Compiling anyhow v1.0.40
[INFO] [stderr]    Compiling curl v0.4.38
[INFO] [stderr]    Compiling http-types v2.11.1
[INFO] [stderr]    Compiling async-trait v0.1.50
[INFO] [stderr]    Compiling isahc v0.9.14
[INFO] [stderr]    Compiling futures-sink v0.3.15
[INFO] [stderr]    Compiling futures-task v0.3.15
[INFO] [stderr]    Compiling infer v0.2.3
[INFO] [stderr]    Compiling time v0.2.26
[INFO] [stderr]    Compiling cookie v0.14.4
[INFO] [stderr]    Compiling libnghttp2-sys v0.1.6+1.43.0
[INFO] [stderr]    Compiling openssl-sys v0.9.63
[INFO] [stderr]    Compiling libz-sys v1.1.3
[INFO] [stderr]    Compiling curl-sys v0.4.44+curl-7.77.0
[INFO] [stderr]    Compiling crossbeam-utils v0.8.4
[INFO] [stderr]    Compiling futures-util v0.3.15
[INFO] [stderr]    Compiling ring v0.16.20
[INFO] [stderr]    Compiling unicode-normalization v0.1.17
[INFO] [stderr]    Compiling spinning_top v0.2.4
[INFO] [stderr]    Compiling futures-lite v1.11.3
[INFO] [stderr]    Compiling cipher v0.2.5
[INFO] [stderr]    Compiling universal-hash v0.4.0
[INFO] [stderr]    Compiling crypto-mac v0.10.0
[INFO] [stderr]    Compiling aead v0.3.2
[INFO] [stderr]    Compiling flume v0.9.2
[INFO] [stderr]    Compiling sha2 v0.9.5
[INFO] [stderr]    Compiling polyval v0.4.5
[INFO] [stderr]    Compiling hmac v0.10.1
[INFO] [stderr]    Compiling aes-soft v0.6.4
[INFO] [stderr]    Compiling ctr v0.6.0
[INFO] [stderr]    Compiling sluice v0.5.4
[INFO] [stderr]    Compiling hkdf v0.10.0
[INFO] [stderr]    Compiling ghash v0.3.1
[INFO] [stderr]    Compiling aes v0.6.0
[INFO] [stderr]    Compiling aes-gcm v0.8.0
[INFO] [stderr]    Compiling blocking v1.0.2
[INFO] [stderr]    Compiling async-executor v1.4.1
[INFO] [stderr]    Compiling idna v0.2.3
[INFO] [stderr]    Compiling socket2 v0.4.0
[INFO] [stderr]    Compiling getrandom v0.2.3
[INFO] [stderr]    Compiling getrandom v0.1.16
[INFO] [stderr]    Compiling num_cpus v1.13.0
[INFO] [stderr]    Compiling dashmap v4.0.2
[INFO] [stderr]    Compiling rand_core v0.6.2
[INFO] [stderr]    Compiling rand_core v0.5.1
[INFO] [stderr]    Compiling rand_chacha v0.3.0
[INFO] [stderr]    Compiling rand_chacha v0.2.2
[INFO] [stderr]    Compiling rand v0.8.3
[INFO] [stderr]    Compiling rand v0.7.3
[INFO] [stderr]    Compiling ctor v0.1.20
[INFO] [stderr]    Compiling serde_derive v1.0.126
[INFO] [stderr]    Compiling time-macros-impl v0.1.1
[INFO] [stderr]    Compiling thiserror-impl v1.0.25
[INFO] [stderr]    Compiling tracing-attributes v0.1.15
[INFO] [stderr]    Compiling pin-project-internal v1.0.7
[INFO] [stderr]    Compiling async-attributes v1.1.2
[INFO] [stderr]    Compiling futures-macro v0.3.15
[INFO] [stderr]    Compiling time-macros v0.1.1
[INFO] [stderr]    Compiling value-bag v1.0.0-alpha.7
[INFO] [stderr]    Compiling log v0.4.14
[INFO] [stderr]    Compiling thiserror v1.0.25
[INFO] [stderr]    Compiling pin-project v1.0.7
[INFO] [stderr]    Compiling polling v2.0.3
[INFO] [stderr]    Compiling kv-log-macro v1.0.7
[INFO] [stderr]    Compiling tracing v0.1.26
[INFO] [stderr]    Compiling tracing-futures v0.2.5
[INFO] [stderr]    Compiling async-io v1.4.1
[INFO] [stderr]    Compiling async-global-executor v2.0.2
[INFO] [stderr]    Compiling async-std v1.9.0
[INFO] [stderr]    Compiling serde v1.0.126
[INFO] [stderr]    Compiling url v2.2.2
[INFO] [stderr]    Compiling serde_json v1.0.64
[INFO] [stderr]    Compiling serde_urlencoded v0.7.0
[INFO] [stderr]    Compiling serde_qs v0.7.2
[INFO] [stderr]    Compiling http-client v6.4.1
[INFO] [stderr]    Compiling surf v2.2.0
[INFO] [stderr]    Compiling async_kraken v0.1.3 (/opt/rustwide/workdir)
[INFO] [stderr]     Finished dev [unoptimized + debuginfo] target(s) in 1m 13s
[INFO] running `Command { std: "docker" "inspect" "88e32bfa27b2f65c4ccaa5bfa37296d3dc0ebc584abb7a90d79bc12624cb17a6", kill_on_drop: false }`
[INFO] running `Command { std: "docker" "rm" "-f" "88e32bfa27b2f65c4ccaa5bfa37296d3dc0ebc584abb7a90d79bc12624cb17a6", kill_on_drop: false }`
[INFO] [stdout] 88e32bfa27b2f65c4ccaa5bfa37296d3dc0ebc584abb7a90d79bc12624cb17a6
[INFO] running `Command { std: "docker" "create" "-v" "/var/lib/crater-agent-workspace/builds/worker-5/target:/opt/rustwide/target:rw,Z" "-v" "/var/lib/crater-agent-workspace/builds/worker-5/source:/opt/rustwide/workdir:ro,Z" "-v" "/var/lib/crater-agent-workspace/cargo-home:/opt/rustwide/cargo-home:ro,Z" "-v" "/var/lib/crater-agent-workspace/rustup-home:/opt/rustwide/rustup-home:ro,Z" "-e" "SOURCE_DIR=/opt/rustwide/workdir" "-e" "CARGO_TARGET_DIR=/opt/rustwide/target" "-e" "CARGO_INCREMENTAL=0" "-e" "RUST_BACKTRACE=full" "-e" "RUSTFLAGS=--cap-lints=warn" "-e" "CARGO_HOME=/opt/rustwide/cargo-home" "-e" "RUSTUP_HOME=/opt/rustwide/rustup-home" "-w" "/opt/rustwide/workdir" "-m" "1610612736" "--user" "0:0" "--network" "none" "ghcr.io/rust-lang/crates-build-env/linux@sha256:34b6a614d2c27851fe6cbf88fbd1137609cefab8b10d0615aaeb6fd47975d74e" "/opt/rustwide/cargo-home/bin/cargo" "+1.54.0" "test" "--frozen" "--no-run" "--message-format=json", kill_on_drop: false }`
[INFO] [stdout] 11da0b16c5aa5d95c0ef1944b8598226bee341428ba74dd33ba430f406e8c507
[INFO] [stderr] WARNING: Your kernel does not support swap limit capabilities or the cgroup is not mounted. Memory limited without swap.
[INFO] running `Command { std: "docker" "start" "-a" "11da0b16c5aa5d95c0ef1944b8598226bee341428ba74dd33ba430f406e8c507", kill_on_drop: false }`
[INFO] [stderr]    Compiling async_kraken v0.1.3 (/opt/rustwide/workdir)
[INFO] [stderr]     Finished test [unoptimized + debuginfo] target(s) in 1.48s
[INFO] running `Command { std: "docker" "inspect" "11da0b16c5aa5d95c0ef1944b8598226bee341428ba74dd33ba430f406e8c507", kill_on_drop: false }`
[INFO] running `Command { std: "docker" "rm" "-f" "11da0b16c5aa5d95c0ef1944b8598226bee341428ba74dd33ba430f406e8c507", kill_on_drop: false }`
[INFO] [stdout] 11da0b16c5aa5d95c0ef1944b8598226bee341428ba74dd33ba430f406e8c507
[INFO] running `Command { std: "docker" "create" "-v" "/var/lib/crater-agent-workspace/builds/worker-5/target:/opt/rustwide/target:rw,Z" "-v" "/var/lib/crater-agent-workspace/builds/worker-5/source:/opt/rustwide/workdir:ro,Z" "-v" "/var/lib/crater-agent-workspace/cargo-home:/opt/rustwide/cargo-home:ro,Z" "-v" "/var/lib/crater-agent-workspace/rustup-home:/opt/rustwide/rustup-home:ro,Z" "-e" "SOURCE_DIR=/opt/rustwide/workdir" "-e" "CARGO_TARGET_DIR=/opt/rustwide/target" "-e" "CARGO_INCREMENTAL=0" "-e" "RUST_BACKTRACE=full" "-e" "RUSTFLAGS=--cap-lints=warn" "-e" "CARGO_HOME=/opt/rustwide/cargo-home" "-e" "RUSTUP_HOME=/opt/rustwide/rustup-home" "-w" "/opt/rustwide/workdir" "-m" "1610612736" "--user" "0:0" "--network" "none" "ghcr.io/rust-lang/crates-build-env/linux@sha256:34b6a614d2c27851fe6cbf88fbd1137609cefab8b10d0615aaeb6fd47975d74e" "/opt/rustwide/cargo-home/bin/cargo" "+1.54.0" "test" "--frozen", kill_on_drop: false }`
[INFO] [stderr] WARNING: Your kernel does not support swap limit capabilities or the cgroup is not mounted. Memory limited without swap.
[INFO] [stdout] a57a297231c15eaf73e2712360f83eaf7da12284d8f96bb31d25e56fc917432d
[INFO] running `Command { std: "docker" "start" "-a" "a57a297231c15eaf73e2712360f83eaf7da12284d8f96bb31d25e56fc917432d", kill_on_drop: false }`
[INFO] [stderr]     Finished test [unoptimized + debuginfo] target(s) in 0.15s
[INFO] [stderr]      Running unittests (/opt/rustwide/target/debug/deps/async_kraken-9f8c00688dea740b)
[INFO] [stdout] 
[INFO] [stdout] running 0 tests
[INFO] [stdout] 
[INFO] [stdout] test result: ok. 0 passed; 0 failed; 0 ignored; 0 measured; 0 filtered out; finished in 0.00s
[INFO] [stdout] 
[INFO] [stderr]      Running unittests (/opt/rustwide/target/debug/deps/async_kraken-4e4521cd1b962a1f)
[INFO] [stdout] 
[INFO] [stderr]    Doc-tests async_kraken
[INFO] [stdout] running 0 tests
[INFO] [stdout] 
[INFO] [stdout] test result: ok. 0 passed; 0 failed; 0 ignored; 0 measured; 0 filtered out; finished in 0.00s
[INFO] [stdout] 
[INFO] [stdout] 
[INFO] [stdout] running 1 test
[INFO] [stdout] test src/lib.rs - (line 66) ... FAILED
[INFO] [stdout] 
[INFO] [stdout] failures:
[INFO] [stdout] 
[INFO] [stdout] ---- src/lib.rs - (line 66) stdout ----
[INFO] [stdout] Test executable failed (exit code 101).
[INFO] [stdout] 
[INFO] [stdout] stderr:
[INFO] [stdout] thread 'main' panicked at 'File not found: Os { code: 2, kind: NotFound, message: "No such file or directory" }', src/lib.rs:6:50
[INFO] [stdout] stack backtrace:
[INFO] [stdout]    0:     0x56300f00c150 - std::backtrace_rs::backtrace::libunwind::trace::h34055254b57d8e79
[INFO] [stdout]                                at /rustc/a178d0322ce20e33eac124758e837cbd80a6f633/library/std/src/../../backtrace/src/backtrace/libunwind.rs:90:5
[INFO] [stdout]    1:     0x56300f00c150 - std::backtrace_rs::backtrace::trace_unsynchronized::h8f1e3fbd9afff6ec
[INFO] [stdout]                                at /rustc/a178d0322ce20e33eac124758e837cbd80a6f633/library/std/src/../../backtrace/src/backtrace/mod.rs:66:5
[INFO] [stdout]    2:     0x56300f00c150 - std::sys_common::backtrace::_print_fmt::h3a99a796b770c360
[INFO] [stdout]                                at /rustc/a178d0322ce20e33eac124758e837cbd80a6f633/library/std/src/sys_common/backtrace.rs:67:5
[INFO] [stdout]    3:     0x56300f00c150 - <std::sys_common::backtrace::_print::DisplayBacktrace as core::fmt::Display>::fmt::h32d1f94a80615d18
[INFO] [stdout]                                at /rustc/a178d0322ce20e33eac124758e837cbd80a6f633/library/std/src/sys_common/backtrace.rs:46:22
[INFO] [stdout]    4:     0x56300f02c87c - core::fmt::write::h306731c068f7162c
[INFO] [stdout]                                at /rustc/a178d0322ce20e33eac124758e837cbd80a6f633/library/core/src/fmt/mod.rs:1110:17
[INFO] [stdout]    5:     0x56300f007195 - std::io::Write::write_fmt::hd2fa90334eee2a21
[INFO] [stdout]                                at /rustc/a178d0322ce20e33eac124758e837cbd80a6f633/library/std/src/io/mod.rs:1588:15
[INFO] [stdout]    6:     0x56300f00e14b - std::sys_common::backtrace::_print::h5abaa2601a852287
[INFO] [stdout]                                at /rustc/a178d0322ce20e33eac124758e837cbd80a6f633/library/std/src/sys_common/backtrace.rs:49:5
[INFO] [stdout]    7:     0x56300f00e14b - std::sys_common::backtrace::print::h8d81445442bb638f
[INFO] [stdout]                                at /rustc/a178d0322ce20e33eac124758e837cbd80a6f633/library/std/src/sys_common/backtrace.rs:36:9
[INFO] [stdout]    8:     0x56300f00e14b - std::panicking::default_hook::{{closure}}::hcfe804496a9fa747
[INFO] [stdout]                                at /rustc/a178d0322ce20e33eac124758e837cbd80a6f633/library/std/src/panicking.rs:208:50
[INFO] [stdout]    9:     0x56300f00dc21 - std::panicking::default_hook::hbea8e3ccf2ba8901
[INFO] [stdout]                                at /rustc/a178d0322ce20e33eac124758e837cbd80a6f633/library/std/src/panicking.rs:225:9
[INFO] [stdout]   10:     0x56300f00e814 - std::panicking::rust_panic_with_hook::h7ee9e1a2d0f8975a
[INFO] [stdout]                                at /rustc/a178d0322ce20e33eac124758e837cbd80a6f633/library/std/src/panicking.rs:622:17
[INFO] [stdout]   11:     0x56300f00e2f7 - std::panicking::begin_panic_handler::{{closure}}::h8ab3b4491718b2c7
[INFO] [stdout]                                at /rustc/a178d0322ce20e33eac124758e837cbd80a6f633/library/std/src/panicking.rs:519:13
[INFO] [stdout]   12:     0x56300f00c64c - std::sys_common::backtrace::__rust_end_short_backtrace::hd489062ffa586a9f
[INFO] [stdout]                                at /rustc/a178d0322ce20e33eac124758e837cbd80a6f633/library/std/src/sys_common/backtrace.rs:141:18
[INFO] [stdout]   13:     0x56300f00e259 - rust_begin_unwind
[INFO] [stdout]                                at /rustc/a178d0322ce20e33eac124758e837cbd80a6f633/library/std/src/panicking.rs:515:5
[INFO] [stdout]   14:     0x56300ec753d1 - core::panicking::panic_fmt::hca6330e3e14086b4
[INFO] [stdout]                                at /rustc/a178d0322ce20e33eac124758e837cbd80a6f633/library/core/src/panicking.rs:92:14
[INFO] [stdout]   15:     0x56300ec754c3 - core::result::unwrap_failed::h6160d2b4bfbb0e87
[INFO] [stdout]                                at /rustc/a178d0322ce20e33eac124758e837cbd80a6f633/library/core/src/result.rs:1355:5
[INFO] [stdout]   16:     0x56300ec875bc - core::result::Result<T,E>::expect::hb8a3e51586654e08
[INFO] [stdout]   17:     0x56300eca04e9 - rust_out::get_keys::h95d57d8f0c5e7b5a
[INFO] [stdout]   18:     0x56300eca0998 - rust_out::main::main::{{closure}}::h7305dcc7cfd8c6d5
[INFO] [stdout]   19:     0x56300ec9f16c - <core::future::from_generator::GenFuture<T> as core::future::future::Future>::poll::ha0eeefa2f247451f
[INFO] [stdout]   20:     0x56300eca0864 - rust_out::main::{{closure}}::hff6a2ef3ab2538b6
[INFO] [stdout]   21:     0x56300ec9eefc - <core::future::from_generator::GenFuture<T> as core::future::future::Future>::poll::h733977f0ec4bcedb
[INFO] [stdout]   22:     0x56300ec767f5 - <async_std::task::builder::SupportTaskLocals<F> as core::future::future::Future>::poll::{{closure}}::hb5e51337c471d11d
[INFO] [stdout]   23:     0x56300ec9f906 - async_std::task::task_locals_wrapper::TaskLocalsWrapper::set_current::{{closure}}::h653ed0dfcaa32ac6
[INFO] [stdout]   24:     0x56300ec829f6 - std::thread::local::LocalKey<T>::try_with::h754b0a7020f18a99
[INFO] [stdout]   25:     0x56300ec822e8 - std::thread::local::LocalKey<T>::with::hbb87d5c035a0c0c9
[INFO] [stdout]   26:     0x56300ec9f85e - async_std::task::task_locals_wrapper::TaskLocalsWrapper::set_current::h0957770d4d1c25f2
[INFO] [stdout]   27:     0x56300ec767b5 - <async_std::task::builder::SupportTaskLocals<F> as core::future::future::Future>::poll::hfcde08a0e1848639
[INFO] [stdout]   28:     0x56300ec989c7 - <futures_lite::future::Or<F1,F2> as core::future::future::Future>::poll::h5d18c734f6623036
[INFO] [stdout]   29:     0x56300ec7f797 - async_executor::Executor::run::{{closure}}::hb5a2e6a4cdd02d6e
[INFO] [stdout]   30:     0x56300ec9ef7c - <core::future::from_generator::GenFuture<T> as core::future::future::Future>::poll::h8af08fd8aa88d73e
[INFO] [stdout]   31:     0x56300ec7f353 - async_executor::LocalExecutor::run::{{closure}}::h64c2c3ac170dce03
[INFO] [stdout]   32:     0x56300ec9f0ec - <core::future::from_generator::GenFuture<T> as core::future::future::Future>::poll::h98c38fddefcb6553
[INFO] [stdout]   33:     0x56300ec98ee5 - async_io::driver::block_on::h4bd8ced1fadea367
[INFO] [stdout]   34:     0x56300ec81b19 - async_global_executor::reactor::block_on::{{closure}}::he8d43b6c53225b91
[INFO] [stdout]   35:     0x56300ec81ae3 - async_global_executor::reactor::block_on::h02f71b450f9903c9
[INFO] [stdout]   36:     0x56300ec81be9 - async_global_executor::executor::block_on::{{closure}}::h35b66622b68e0a60
[INFO] [stdout]   37:     0x56300ec82dd2 - std::thread::local::LocalKey<T>::try_with::hff4599aa948b7b84
[INFO] [stdout]   38:     0x56300ec8220a - std::thread::local::LocalKey<T>::with::ha66ba384c9ceb21c
[INFO] [stdout]   39:     0x56300ec81b8a - async_global_executor::executor::block_on::h5a55b000fefa35c9
[INFO] [stdout]   40:     0x56300eca0346 - async_std::task::builder::Builder::blocking::{{closure}}::{{closure}}::hc64c23fd35919526
[INFO] [stdout]   41:     0x56300ec9fa2b - async_std::task::task_locals_wrapper::TaskLocalsWrapper::set_current::{{closure}}::h9638970f69668af0
[INFO] [stdout]   42:     0x56300ec82c82 - std::thread::local::LocalKey<T>::try_with::hfe76d581b107d413
[INFO] [stdout]   43:     0x56300ec820c8 - std::thread::local::LocalKey<T>::with::h531fc2a784a05af8
[INFO] [stdout]   44:     0x56300ec9f81a - async_std::task::task_locals_wrapper::TaskLocalsWrapper::set_current::h0012bf291ebb9703
[INFO] [stdout]   45:     0x56300eca02aa - async_std::task::builder::Builder::blocking::{{closure}}::h108b95bfb8d4888b
[INFO] [stdout]   46:     0x56300ec82b2a - std::thread::local::LocalKey<T>::try_with::hccc76f0aabf225d3
[INFO] [stdout]   47:     0x56300ec821aa - std::thread::local::LocalKey<T>::with::h9a4563eada9b5c4d
[INFO] [stdout]   48:     0x56300eca013b - async_std::task::builder::Builder::blocking::h1a4418c84a0dd17f
[INFO] [stdout]   49:     0x56300eca044a - async_std::task::block_on::block_on::h1d19fd89f430e6cc
[INFO] [stdout]   50:     0x56300eca0701 - rust_out::main::h2a38bb51b9580a7d
[INFO] [stdout]   51:     0x56300ec83c63 - core::ops::function::FnOnce::call_once::hb73b95e6982fd3f0
[INFO] [stdout]   52:     0x56300ec81c09 - std::sys_common::backtrace::__rust_begin_short_backtrace::h8371d112165838d3
[INFO] [stdout]   53:     0x56300ec81ee9 - std::rt::lang_start::{{closure}}::h783adf50233ec5ec
[INFO] [stdout]   54:     0x56300f00ed19 - core::ops::function::impls::<impl core::ops::function::FnOnce<A> for &F>::call_once::h2aabc384aab89b7b
[INFO] [stdout]                                at /rustc/a178d0322ce20e33eac124758e837cbd80a6f633/library/core/src/ops/function.rs:259:13
[INFO] [stdout]   55:     0x56300f00ed19 - std::panicking::try::do_call::hc5fcacb7a85fc7b1
[INFO] [stdout]                                at /rustc/a178d0322ce20e33eac124758e837cbd80a6f633/library/std/src/panicking.rs:401:40
[INFO] [stdout]   56:     0x56300f00ed19 - std::panicking::try::hb5d9603af3abbe3a
[INFO] [stdout]                                at /rustc/a178d0322ce20e33eac124758e837cbd80a6f633/library/std/src/panicking.rs:365:19
[INFO] [stdout]   57:     0x56300f00ed19 - std::panic::catch_unwind::h98fe6ac3925e64b4
[INFO] [stdout]                                at /rustc/a178d0322ce20e33eac124758e837cbd80a6f633/library/std/src/panic.rs:434:14
[INFO] [stdout]   58:     0x56300f00ed19 - std::rt::lang_start_internal::h22ac7383c516f93e
[INFO] [stdout]                                at /rustc/a178d0322ce20e33eac124758e837cbd80a6f633/library/std/src/rt.rs:34:21
[INFO] [stdout]   59:     0x56300ec81ed1 - std::rt::lang_start::h11b9716471e37ff8
[INFO] [stdout]   60:     0x56300eca1b23 - main
[INFO] [stdout]   61:     0x7f7624d500b3 - __libc_start_main
[INFO] [stdout]   62:     0x56300ec7662e - _start
[INFO] [stdout]   63:                0x0 - <unknown>
[INFO] [stdout] 
[INFO] [stdout] 
[INFO] [stdout] 
[INFO] [stdout] failures:
[INFO] [stdout]     src/lib.rs - (line 66)
[INFO] [stdout] 
[INFO] [stdout] test result: FAILED. 0 passed; 1 failed; 0 ignored; 0 measured; 0 filtered out; finished in 5.13s
[INFO] [stdout] 
[INFO] [stderr] error: test failed, to rerun pass '--doc'
[INFO] running `Command { std: "docker" "inspect" "a57a297231c15eaf73e2712360f83eaf7da12284d8f96bb31d25e56fc917432d", kill_on_drop: false }`
[INFO] running `Command { std: "docker" "rm" "-f" "a57a297231c15eaf73e2712360f83eaf7da12284d8f96bb31d25e56fc917432d", kill_on_drop: false }`
[INFO] [stdout] a57a297231c15eaf73e2712360f83eaf7da12284d8f96bb31d25e56fc917432d
