[INFO] fetching crate async-zmq-types 0.3.2...
[INFO] testing async-zmq-types-0.3.2 against 1.54.0 for beta-1.55-1
[INFO] extracting crate async-zmq-types 0.3.2 into /workspace/builds/worker-4/source
[INFO] validating manifest of crates.io crate async-zmq-types 0.3.2 on toolchain 1.54.0
[INFO] running `Command { std: "/workspace/cargo-home/bin/cargo" "+1.54.0" "metadata" "--manifest-path" "Cargo.toml" "--no-deps", kill_on_drop: false }`
[INFO] started tweaking crates.io crate async-zmq-types 0.3.2
[INFO] finished tweaking crates.io crate async-zmq-types 0.3.2
[INFO] tweaked toml for crates.io crate async-zmq-types 0.3.2 written to /workspace/builds/worker-4/source/Cargo.toml
[INFO] running `Command { std: "/workspace/cargo-home/bin/cargo" "+1.54.0" "generate-lockfile" "--manifest-path" "Cargo.toml" "-Zno-index-update", kill_on_drop: false }`
[INFO] [stderr]     Blocking waiting for file lock on package cache
[INFO] running `Command { std: "/workspace/cargo-home/bin/cargo" "+1.54.0" "fetch" "--manifest-path" "Cargo.toml", kill_on_drop: false }`
[INFO] running `Command { std: "docker" "create" "-v" "/var/lib/crater-agent-workspace/builds/worker-4/target:/opt/rustwide/target:rw,Z" "-v" "/var/lib/crater-agent-workspace/builds/worker-4/source:/opt/rustwide/workdir:ro,Z" "-v" "/var/lib/crater-agent-workspace/cargo-home:/opt/rustwide/cargo-home:ro,Z" "-v" "/var/lib/crater-agent-workspace/rustup-home:/opt/rustwide/rustup-home:ro,Z" "-e" "SOURCE_DIR=/opt/rustwide/workdir" "-e" "CARGO_TARGET_DIR=/opt/rustwide/target" "-e" "CARGO_HOME=/opt/rustwide/cargo-home" "-e" "RUSTUP_HOME=/opt/rustwide/rustup-home" "-w" "/opt/rustwide/workdir" "-m" "1610612736" "--user" "0:0" "--network" "none" "ghcr.io/rust-lang/crates-build-env/linux@sha256:34b6a614d2c27851fe6cbf88fbd1137609cefab8b10d0615aaeb6fd47975d74e" "/opt/rustwide/cargo-home/bin/cargo" "+1.54.0" "metadata" "--no-deps" "--format-version=1", kill_on_drop: false }`
[INFO] [stdout] 9990974ed4c5301b9780f5d71261defc80b183b8aa5dcec555a9013613ab31c2
[INFO] [stderr] WARNING: Your kernel does not support swap limit capabilities or the cgroup is not mounted. Memory limited without swap.
[INFO] running `Command { std: "docker" "start" "-a" "9990974ed4c5301b9780f5d71261defc80b183b8aa5dcec555a9013613ab31c2", kill_on_drop: false }`
[INFO] running `Command { std: "docker" "inspect" "9990974ed4c5301b9780f5d71261defc80b183b8aa5dcec555a9013613ab31c2", kill_on_drop: false }`
[INFO] running `Command { std: "docker" "rm" "-f" "9990974ed4c5301b9780f5d71261defc80b183b8aa5dcec555a9013613ab31c2", kill_on_drop: false }`
[INFO] [stdout] 9990974ed4c5301b9780f5d71261defc80b183b8aa5dcec555a9013613ab31c2
[INFO] running `Command { std: "docker" "create" "-v" "/var/lib/crater-agent-workspace/builds/worker-4/target:/opt/rustwide/target:rw,Z" "-v" "/var/lib/crater-agent-workspace/builds/worker-4/source:/opt/rustwide/workdir:ro,Z" "-v" "/var/lib/crater-agent-workspace/cargo-home:/opt/rustwide/cargo-home:ro,Z" "-v" "/var/lib/crater-agent-workspace/rustup-home:/opt/rustwide/rustup-home:ro,Z" "-e" "SOURCE_DIR=/opt/rustwide/workdir" "-e" "CARGO_TARGET_DIR=/opt/rustwide/target" "-e" "CARGO_INCREMENTAL=0" "-e" "RUST_BACKTRACE=full" "-e" "RUSTFLAGS=--cap-lints=warn" "-e" "CARGO_HOME=/opt/rustwide/cargo-home" "-e" "RUSTUP_HOME=/opt/rustwide/rustup-home" "-w" "/opt/rustwide/workdir" "-m" "1610612736" "--user" "0:0" "--network" "none" "ghcr.io/rust-lang/crates-build-env/linux@sha256:34b6a614d2c27851fe6cbf88fbd1137609cefab8b10d0615aaeb6fd47975d74e" "/opt/rustwide/cargo-home/bin/cargo" "+1.54.0" "build" "--frozen" "--message-format=json", kill_on_drop: false }`
[INFO] [stderr] WARNING: Your kernel does not support swap limit capabilities or the cgroup is not mounted. Memory limited without swap.
[INFO] [stdout] 300649736bfd1702eaaf48a57cb7390052ea673dd241632d34cf9f85b77a7374
[INFO] running `Command { std: "docker" "start" "-a" "300649736bfd1702eaaf48a57cb7390052ea673dd241632d34cf9f85b77a7374", kill_on_drop: false }`
[INFO] [stderr]    Compiling toml v0.2.1
[INFO] [stderr]    Compiling error-chain v0.10.0
[INFO] [stderr]    Compiling zmq v0.9.2
[INFO] [stderr]    Compiling metadeps v1.1.2
[INFO] [stderr]    Compiling zmq-sys v0.11.0
[INFO] [stderr]    Compiling async-zmq-types v0.3.2 (/opt/rustwide/workdir)
[INFO] [stderr]     Finished dev [unoptimized + debuginfo] target(s) in 2.61s
[INFO] running `Command { std: "docker" "inspect" "300649736bfd1702eaaf48a57cb7390052ea673dd241632d34cf9f85b77a7374", kill_on_drop: false }`
[INFO] running `Command { std: "docker" "rm" "-f" "300649736bfd1702eaaf48a57cb7390052ea673dd241632d34cf9f85b77a7374", kill_on_drop: false }`
[INFO] [stdout] 300649736bfd1702eaaf48a57cb7390052ea673dd241632d34cf9f85b77a7374
[INFO] running `Command { std: "docker" "create" "-v" "/var/lib/crater-agent-workspace/builds/worker-4/target:/opt/rustwide/target:rw,Z" "-v" "/var/lib/crater-agent-workspace/builds/worker-4/source:/opt/rustwide/workdir:ro,Z" "-v" "/var/lib/crater-agent-workspace/cargo-home:/opt/rustwide/cargo-home:ro,Z" "-v" "/var/lib/crater-agent-workspace/rustup-home:/opt/rustwide/rustup-home:ro,Z" "-e" "SOURCE_DIR=/opt/rustwide/workdir" "-e" "CARGO_TARGET_DIR=/opt/rustwide/target" "-e" "CARGO_INCREMENTAL=0" "-e" "RUST_BACKTRACE=full" "-e" "RUSTFLAGS=--cap-lints=warn" "-e" "CARGO_HOME=/opt/rustwide/cargo-home" "-e" "RUSTUP_HOME=/opt/rustwide/rustup-home" "-w" "/opt/rustwide/workdir" "-m" "1610612736" "--user" "0:0" "--network" "none" "ghcr.io/rust-lang/crates-build-env/linux@sha256:34b6a614d2c27851fe6cbf88fbd1137609cefab8b10d0615aaeb6fd47975d74e" "/opt/rustwide/cargo-home/bin/cargo" "+1.54.0" "test" "--frozen" "--no-run" "--message-format=json", kill_on_drop: false }`
[INFO] [stdout] 78cb3987491107387c3a886b41df9ca3975715cb84cd6ca23b8a5cc2bfc27327
[INFO] [stderr] WARNING: Your kernel does not support swap limit capabilities or the cgroup is not mounted. Memory limited without swap.
[INFO] running `Command { std: "docker" "start" "-a" "78cb3987491107387c3a886b41df9ca3975715cb84cd6ca23b8a5cc2bfc27327", kill_on_drop: false }`
[INFO] [stderr]    Compiling bytes v0.4.12
[INFO] [stderr]    Compiling mio-uds v0.6.8
[INFO] [stderr]    Compiling tokio-io v0.1.13
[INFO] [stderr]    Compiling tokio-reactor v0.1.12
[INFO] [stderr]    Compiling tokio-codec v0.1.2
[INFO] [stderr]    Compiling tokio-fs v0.1.7
[INFO] [stderr]    Compiling tokio-uds v0.2.7
[INFO] [stderr]    Compiling tokio-tcp v0.1.4
[INFO] [stderr]    Compiling tokio-udp v0.1.6
[INFO] [stderr]    Compiling tokio v0.1.22
[INFO] [stderr]    Compiling async-zmq-types v0.3.2 (/opt/rustwide/workdir)
[INFO] [stderr]     Finished test [unoptimized + debuginfo] target(s) in 3.67s
[INFO] running `Command { std: "docker" "inspect" "78cb3987491107387c3a886b41df9ca3975715cb84cd6ca23b8a5cc2bfc27327", kill_on_drop: false }`
[INFO] running `Command { std: "docker" "rm" "-f" "78cb3987491107387c3a886b41df9ca3975715cb84cd6ca23b8a5cc2bfc27327", kill_on_drop: false }`
[INFO] [stdout] 78cb3987491107387c3a886b41df9ca3975715cb84cd6ca23b8a5cc2bfc27327
[INFO] running `Command { std: "docker" "create" "-v" "/var/lib/crater-agent-workspace/builds/worker-4/target:/opt/rustwide/target:rw,Z" "-v" "/var/lib/crater-agent-workspace/builds/worker-4/source:/opt/rustwide/workdir:ro,Z" "-v" "/var/lib/crater-agent-workspace/cargo-home:/opt/rustwide/cargo-home:ro,Z" "-v" "/var/lib/crater-agent-workspace/rustup-home:/opt/rustwide/rustup-home:ro,Z" "-e" "SOURCE_DIR=/opt/rustwide/workdir" "-e" "CARGO_TARGET_DIR=/opt/rustwide/target" "-e" "CARGO_INCREMENTAL=0" "-e" "RUST_BACKTRACE=full" "-e" "RUSTFLAGS=--cap-lints=warn" "-e" "CARGO_HOME=/opt/rustwide/cargo-home" "-e" "RUSTUP_HOME=/opt/rustwide/rustup-home" "-w" "/opt/rustwide/workdir" "-m" "1610612736" "--user" "0:0" "--network" "none" "ghcr.io/rust-lang/crates-build-env/linux@sha256:34b6a614d2c27851fe6cbf88fbd1137609cefab8b10d0615aaeb6fd47975d74e" "/opt/rustwide/cargo-home/bin/cargo" "+1.54.0" "test" "--frozen", kill_on_drop: false }`
[INFO] [stdout] bd2e83c94cc3e38dd3f54800967a7b8fc89468c0225dda40e1e0573ea8fc70bf
[INFO] [stderr] WARNING: Your kernel does not support swap limit capabilities or the cgroup is not mounted. Memory limited without swap.
[INFO] running `Command { std: "docker" "start" "-a" "bd2e83c94cc3e38dd3f54800967a7b8fc89468c0225dda40e1e0573ea8fc70bf", kill_on_drop: false }`
[INFO] [stderr]     Finished test [unoptimized + debuginfo] target(s) in 0.04s
[INFO] [stderr]      Running unittests (/opt/rustwide/target/debug/deps/async_zmq_types-f8ea61ba240cc86d)
[INFO] [stdout] 
[INFO] [stdout] running 0 tests
[INFO] [stdout] 
[INFO] [stdout] test result: ok. 0 passed; 0 failed; 0 ignored; 0 measured; 0 filtered out; finished in 0.00s
[INFO] [stdout] 
[INFO] [stderr]    Doc-tests async-zmq-types
[INFO] [stdout] 
[INFO] [stdout] running 8 tests
[INFO] [stdout] test src/lib.rs - Controllable::controlled (line 382) ... FAILED
[INFO] [stdout] test src/message.rs - message::Multipart (line 36) ... FAILED
[INFO] [stdout] test src/lib.rs - WithEndHandler::with_end_handler (line 332) ... FAILED
[INFO] [stdout] test src/lib.rs - SinkStreamSocket::sink_stream (line 294) ... FAILED
[INFO] [stdout] test src/lib.rs - SinkSocket::sink (line 248) ... FAILED
[INFO] [stdout] test src/lib.rs - StreamSocket::stream (line 165) ... FAILED
[INFO] [stdout] test src/lib.rs - StreamSocket::recv (line 123) ... FAILED
[INFO] [stdout] test src/lib.rs - SinkSocket::send (line 210) ... FAILED
[INFO] [stdout] 
[INFO] [stdout] failures:
[INFO] [stdout] 
[INFO] [stdout] ---- src/lib.rs - Controllable::controlled (line 382) stdout ----
[INFO] [stdout] error[E0463]: can't find crate for `tokio_zmq`
[INFO] [stdout]  --> src/lib.rs:384:1
[INFO] [stdout]   |
[INFO] [stdout] 3 | extern crate tokio_zmq;
[INFO] [stdout]   | ^^^^^^^^^^^^^^^^^^^^^^^ can't find crate
[INFO] [stdout] 
[INFO] [stdout] error: aborting due to previous error
[INFO] [stdout] 
[INFO] [stdout] For more information about this error, try `rustc --explain E0463`.
[INFO] [stdout] Couldn't compile the test.
[INFO] [stdout] ---- src/message.rs - message::Multipart (line 36) stdout ----
[INFO] [stdout] error[E0463]: can't find crate for `tokio_zmq`
[INFO] [stdout]  --> src/message.rs:38:1
[INFO] [stdout]   |
[INFO] [stdout] 3 | extern crate tokio_zmq;
[INFO] [stdout]   | ^^^^^^^^^^^^^^^^^^^^^^^ can't find crate
[INFO] [stdout] 
[INFO] [stdout] error: aborting due to previous error
[INFO] [stdout] 
[INFO] [stdout] For more information about this error, try `rustc --explain E0463`.
[INFO] [stdout] Couldn't compile the test.
[INFO] [stdout] ---- src/lib.rs - WithEndHandler::with_end_handler (line 332) stdout ----
[INFO] [stdout] error[E0463]: can't find crate for `tokio_zmq`
[INFO] [stdout]  --> src/lib.rs:334:1
[INFO] [stdout]   |
[INFO] [stdout] 3 | extern crate tokio_zmq;
[INFO] [stdout]   | ^^^^^^^^^^^^^^^^^^^^^^^ can't find crate
[INFO] [stdout] 
[INFO] [stdout] error: aborting due to previous error
[INFO] [stdout] 
[INFO] [stdout] For more information about this error, try `rustc --explain E0463`.
[INFO] [stdout] Couldn't compile the test.
[INFO] [stdout] ---- src/lib.rs - SinkStreamSocket::sink_stream (line 294) stdout ----
[INFO] [stdout] error[E0463]: can't find crate for `tokio_zmq`
[INFO] [stdout]  --> src/lib.rs:296:1
[INFO] [stdout]   |
[INFO] [stdout] 3 | extern crate tokio_zmq;
[INFO] [stdout]   | ^^^^^^^^^^^^^^^^^^^^^^^ can't find crate
[INFO] [stdout] 
[INFO] [stdout] error: aborting due to previous error
[INFO] [stdout] 
[INFO] [stdout] For more information about this error, try `rustc --explain E0463`.
[INFO] [stdout] Couldn't compile the test.
[INFO] [stdout] ---- src/lib.rs - SinkSocket::sink (line 248) stdout ----
[INFO] [stdout] error[E0463]: can't find crate for `tokio_zmq`
[INFO] [stdout]  --> src/lib.rs:252:1
[INFO] [stdout]   |
[INFO] [stdout] 5 | extern crate tokio_zmq;
[INFO] [stdout]   | ^^^^^^^^^^^^^^^^^^^^^^^ can't find crate
[INFO] [stdout] 
[INFO] [stdout] error: aborting due to previous error
[INFO] [stdout] 
[INFO] [stdout] For more information about this error, try `rustc --explain E0463`.
[INFO] [stdout] Couldn't compile the test.
[INFO] [stdout] ---- src/lib.rs - StreamSocket::stream (line 165) stdout ----
[INFO] [stdout] error[E0463]: can't find crate for `tokio_zmq`
[INFO] [stdout]  --> src/lib.rs:169:1
[INFO] [stdout]   |
[INFO] [stdout] 5 | extern crate tokio_zmq;
[INFO] [stdout]   | ^^^^^^^^^^^^^^^^^^^^^^^ can't find crate
[INFO] [stdout] 
[INFO] [stdout] error: aborting due to previous error
[INFO] [stdout] 
[INFO] [stdout] For more information about this error, try `rustc --explain E0463`.
[INFO] [stdout] Couldn't compile the test.
[INFO] [stdout] ---- src/lib.rs - StreamSocket::recv (line 123) stdout ----
[INFO] [stdout] error[E0463]: can't find crate for `tokio_zmq`
[INFO] [stdout]  --> src/lib.rs:126:1
[INFO] [stdout]   |
[INFO] [stdout] 4 | extern crate tokio_zmq;
[INFO] [stdout]   | ^^^^^^^^^^^^^^^^^^^^^^^ can't find crate
[INFO] [stdout] 
[INFO] [stdout] error: aborting due to previous error
[INFO] [stdout] 
[INFO] [stdout] For more information about this error, try `rustc --explain E0463`.
[INFO] [stdout] Couldn't compile the test.
[INFO] [stdout] ---- src/lib.rs - SinkSocket::send (line 210) stdout ----
[INFO] [stdout] error[E0463]: can't find crate for `tokio_zmq`
[INFO] [stdout]  --> src/lib.rs:214:1
[INFO] [stdout]   |
[INFO] [stdout] 5 | extern crate tokio_zmq;
[INFO] [stdout]   | ^^^^^^^^^^^^^^^^^^^^^^^ can't find crate
[INFO] [stdout] 
[INFO] [stdout] error: aborting due to previous error
[INFO] [stdout] 
[INFO] [stdout] For more information about this error, try `rustc --explain E0463`.
[INFO] [stdout] Couldn't compile the test.
[INFO] [stdout] 
[INFO] [stdout] failures:
[INFO] [stdout]     src/lib.rs - Controllable::controlled (line 382)
[INFO] [stdout]     src/lib.rs - SinkSocket::send (line 210)
[INFO] [stdout]     src/lib.rs - SinkSocket::sink (line 248)
[INFO] [stdout]     src/lib.rs - SinkStreamSocket::sink_stream (line 294)
[INFO] [stdout]     src/lib.rs - StreamSocket::recv (line 123)
[INFO] [stdout]     src/lib.rs - StreamSocket::stream (line 165)
[INFO] [stdout]     src/lib.rs - WithEndHandler::with_end_handler (line 332)
[INFO] [stdout]     src/message.rs - message::Multipart (line 36)
[INFO] [stdout] 
[INFO] [stdout] test result: FAILED. 0 passed; 8 failed; 0 ignored; 0 measured; 0 filtered out; finished in 0.11s
[INFO] [stdout] 
[INFO] [stderr] error: test failed, to rerun pass '--doc'
[INFO] running `Command { std: "docker" "inspect" "bd2e83c94cc3e38dd3f54800967a7b8fc89468c0225dda40e1e0573ea8fc70bf", kill_on_drop: false }`
[INFO] running `Command { std: "docker" "rm" "-f" "bd2e83c94cc3e38dd3f54800967a7b8fc89468c0225dda40e1e0573ea8fc70bf", kill_on_drop: false }`
[INFO] [stdout] bd2e83c94cc3e38dd3f54800967a7b8fc89468c0225dda40e1e0573ea8fc70bf
