[INFO] fetching crate async-std-utp 0.1.1...
[INFO] testing async-std-utp-0.1.1 against 1.54.0 for beta-1.55-1
[INFO] extracting crate async-std-utp 0.1.1 into /workspace/builds/worker-6/source
[INFO] validating manifest of crates.io crate async-std-utp 0.1.1 on toolchain 1.54.0
[INFO] running `Command { std: "/workspace/cargo-home/bin/cargo" "+1.54.0" "metadata" "--manifest-path" "Cargo.toml" "--no-deps", kill_on_drop: false }`
[INFO] started tweaking crates.io crate async-std-utp 0.1.1
[INFO] finished tweaking crates.io crate async-std-utp 0.1.1
[INFO] tweaked toml for crates.io crate async-std-utp 0.1.1 written to /workspace/builds/worker-6/source/Cargo.toml
[INFO] crate crates.io crate async-std-utp 0.1.1 already has a lockfile, it will not be regenerated
[INFO] running `Command { std: "/workspace/cargo-home/bin/cargo" "+1.54.0" "fetch" "--manifest-path" "Cargo.toml", kill_on_drop: false }`
[INFO] [stderr]  Downloading crates ...
[INFO] [stderr]   Downloaded async-recursion v0.3.2
[INFO] running `Command { std: "docker" "create" "-v" "/var/lib/crater-agent-workspace/builds/worker-6/target:/opt/rustwide/target:rw,Z" "-v" "/var/lib/crater-agent-workspace/builds/worker-6/source:/opt/rustwide/workdir:ro,Z" "-v" "/var/lib/crater-agent-workspace/cargo-home:/opt/rustwide/cargo-home:ro,Z" "-v" "/var/lib/crater-agent-workspace/rustup-home:/opt/rustwide/rustup-home:ro,Z" "-e" "SOURCE_DIR=/opt/rustwide/workdir" "-e" "CARGO_TARGET_DIR=/opt/rustwide/target" "-e" "CARGO_HOME=/opt/rustwide/cargo-home" "-e" "RUSTUP_HOME=/opt/rustwide/rustup-home" "-w" "/opt/rustwide/workdir" "-m" "1610612736" "--user" "0:0" "--network" "none" "ghcr.io/rust-lang/crates-build-env/linux@sha256:34b6a614d2c27851fe6cbf88fbd1137609cefab8b10d0615aaeb6fd47975d74e" "/opt/rustwide/cargo-home/bin/cargo" "+1.54.0" "metadata" "--no-deps" "--format-version=1", kill_on_drop: false }`
[INFO] [stdout] 3743183e058d090416f4b6609e2d27d1a93392ce7a1664da45912dad26b50bfc
[INFO] [stderr] WARNING: Your kernel does not support swap limit capabilities or the cgroup is not mounted. Memory limited without swap.
[INFO] running `Command { std: "docker" "start" "-a" "3743183e058d090416f4b6609e2d27d1a93392ce7a1664da45912dad26b50bfc", kill_on_drop: false }`
[INFO] running `Command { std: "docker" "inspect" "3743183e058d090416f4b6609e2d27d1a93392ce7a1664da45912dad26b50bfc", kill_on_drop: false }`
[INFO] running `Command { std: "docker" "rm" "-f" "3743183e058d090416f4b6609e2d27d1a93392ce7a1664da45912dad26b50bfc", kill_on_drop: false }`
[INFO] [stdout] 3743183e058d090416f4b6609e2d27d1a93392ce7a1664da45912dad26b50bfc
[INFO] running `Command { std: "docker" "create" "-v" "/var/lib/crater-agent-workspace/builds/worker-6/target:/opt/rustwide/target:rw,Z" "-v" "/var/lib/crater-agent-workspace/builds/worker-6/source:/opt/rustwide/workdir:ro,Z" "-v" "/var/lib/crater-agent-workspace/cargo-home:/opt/rustwide/cargo-home:ro,Z" "-v" "/var/lib/crater-agent-workspace/rustup-home:/opt/rustwide/rustup-home:ro,Z" "-e" "SOURCE_DIR=/opt/rustwide/workdir" "-e" "CARGO_TARGET_DIR=/opt/rustwide/target" "-e" "CARGO_INCREMENTAL=0" "-e" "RUST_BACKTRACE=full" "-e" "RUSTFLAGS=--cap-lints=warn" "-e" "CARGO_HOME=/opt/rustwide/cargo-home" "-e" "RUSTUP_HOME=/opt/rustwide/rustup-home" "-w" "/opt/rustwide/workdir" "-m" "1610612736" "--user" "0:0" "--network" "none" "ghcr.io/rust-lang/crates-build-env/linux@sha256:34b6a614d2c27851fe6cbf88fbd1137609cefab8b10d0615aaeb6fd47975d74e" "/opt/rustwide/cargo-home/bin/cargo" "+1.54.0" "build" "--frozen" "--message-format=json", kill_on_drop: false }`
[INFO] [stderr] WARNING: Your kernel does not support swap limit capabilities or the cgroup is not mounted. Memory limited without swap.
[INFO] [stdout] b1db53ea39e9b7f1e403f33727b4e84f994eced98e417fa6d23446e9fe56e8f8
[INFO] running `Command { std: "docker" "start" "-a" "b1db53ea39e9b7f1e403f33727b4e84f994eced98e417fa6d23446e9fe56e8f8", kill_on_drop: false }`
[INFO] [stderr]     Blocking waiting for file lock on package cache
[INFO] [stderr]     Blocking waiting for file lock on package cache
[INFO] [stderr]    Compiling syn v1.0.72
[INFO] [stderr]    Compiling libc v0.2.95
[INFO] [stderr]    Compiling log v0.4.14
[INFO] [stderr]    Compiling futures-sink v0.3.15
[INFO] [stderr]    Compiling futures-macro v0.3.15
[INFO] [stderr]    Compiling futures-util v0.3.15
[INFO] [stderr]    Compiling futures-lite v1.11.3
[INFO] [stderr]    Compiling futures-channel v0.3.15
[INFO] [stderr]    Compiling blocking v1.0.2
[INFO] [stderr]    Compiling async-executor v1.4.1
[INFO] [stderr]    Compiling getrandom v0.2.3
[INFO] [stderr]    Compiling socket2 v0.4.0
[INFO] [stderr]    Compiling num_cpus v1.13.0
[INFO] [stderr]    Compiling rand_core v0.6.2
[INFO] [stderr]    Compiling rand_chacha v0.3.0
[INFO] [stderr]    Compiling rand v0.8.3
[INFO] [stderr]    Compiling ctor v0.1.20
[INFO] [stderr]    Compiling async-attributes v1.1.2
[INFO] [stderr]    Compiling async-recursion v0.3.2
[INFO] [stderr]    Compiling value-bag v1.0.0-alpha.7
[INFO] [stderr]    Compiling polling v2.0.3
[INFO] [stderr]    Compiling kv-log-macro v1.0.7
[INFO] [stderr]    Compiling async-io v1.4.1
[INFO] [stderr]    Compiling async-global-executor v2.0.2
[INFO] [stderr]    Compiling async-std v1.9.0
[INFO] [stderr]    Compiling futures-executor v0.3.15
[INFO] [stderr]    Compiling futures v0.3.15
[INFO] [stderr]    Compiling async-std-utp v0.1.1 (/opt/rustwide/workdir)
[INFO] [stderr]     Finished dev [unoptimized + debuginfo] target(s) in 21.04s
[INFO] running `Command { std: "docker" "inspect" "b1db53ea39e9b7f1e403f33727b4e84f994eced98e417fa6d23446e9fe56e8f8", kill_on_drop: false }`
[INFO] running `Command { std: "docker" "rm" "-f" "b1db53ea39e9b7f1e403f33727b4e84f994eced98e417fa6d23446e9fe56e8f8", kill_on_drop: false }`
[INFO] [stdout] b1db53ea39e9b7f1e403f33727b4e84f994eced98e417fa6d23446e9fe56e8f8
[INFO] running `Command { std: "docker" "create" "-v" "/var/lib/crater-agent-workspace/builds/worker-6/target:/opt/rustwide/target:rw,Z" "-v" "/var/lib/crater-agent-workspace/builds/worker-6/source:/opt/rustwide/workdir:ro,Z" "-v" "/var/lib/crater-agent-workspace/cargo-home:/opt/rustwide/cargo-home:ro,Z" "-v" "/var/lib/crater-agent-workspace/rustup-home:/opt/rustwide/rustup-home:ro,Z" "-e" "SOURCE_DIR=/opt/rustwide/workdir" "-e" "CARGO_TARGET_DIR=/opt/rustwide/target" "-e" "CARGO_INCREMENTAL=0" "-e" "RUST_BACKTRACE=full" "-e" "RUSTFLAGS=--cap-lints=warn" "-e" "CARGO_HOME=/opt/rustwide/cargo-home" "-e" "RUSTUP_HOME=/opt/rustwide/rustup-home" "-w" "/opt/rustwide/workdir" "-m" "1610612736" "--user" "0:0" "--network" "none" "ghcr.io/rust-lang/crates-build-env/linux@sha256:34b6a614d2c27851fe6cbf88fbd1137609cefab8b10d0615aaeb6fd47975d74e" "/opt/rustwide/cargo-home/bin/cargo" "+1.54.0" "test" "--frozen" "--no-run" "--message-format=json", kill_on_drop: false }`
[INFO] [stdout] 8991d4e55c5ed09ee52ca860a454d1639652cb6097d4ca57431fac70861e09e9
[INFO] [stderr] WARNING: Your kernel does not support swap limit capabilities or the cgroup is not mounted. Memory limited without swap.
[INFO] running `Command { std: "docker" "start" "-a" "8991d4e55c5ed09ee52ca860a454d1639652cb6097d4ca57431fac70861e09e9", kill_on_drop: false }`
[INFO] [stderr]    Compiling atty v0.2.14
[INFO] [stderr]    Compiling env_logger v0.8.3
[INFO] [stderr]    Compiling quickcheck v1.0.3
[INFO] [stderr]    Compiling async-std-utp v0.1.1 (/opt/rustwide/workdir)
[INFO] [stderr]     Finished test [unoptimized + debuginfo] target(s) in 12.01s
[INFO] running `Command { std: "docker" "inspect" "8991d4e55c5ed09ee52ca860a454d1639652cb6097d4ca57431fac70861e09e9", kill_on_drop: false }`
[INFO] running `Command { std: "docker" "rm" "-f" "8991d4e55c5ed09ee52ca860a454d1639652cb6097d4ca57431fac70861e09e9", kill_on_drop: false }`
[INFO] [stdout] 8991d4e55c5ed09ee52ca860a454d1639652cb6097d4ca57431fac70861e09e9
[INFO] running `Command { std: "docker" "create" "-v" "/var/lib/crater-agent-workspace/builds/worker-6/target:/opt/rustwide/target:rw,Z" "-v" "/var/lib/crater-agent-workspace/builds/worker-6/source:/opt/rustwide/workdir:ro,Z" "-v" "/var/lib/crater-agent-workspace/cargo-home:/opt/rustwide/cargo-home:ro,Z" "-v" "/var/lib/crater-agent-workspace/rustup-home:/opt/rustwide/rustup-home:ro,Z" "-e" "SOURCE_DIR=/opt/rustwide/workdir" "-e" "CARGO_TARGET_DIR=/opt/rustwide/target" "-e" "CARGO_INCREMENTAL=0" "-e" "RUST_BACKTRACE=full" "-e" "RUSTFLAGS=--cap-lints=warn" "-e" "CARGO_HOME=/opt/rustwide/cargo-home" "-e" "RUSTUP_HOME=/opt/rustwide/rustup-home" "-w" "/opt/rustwide/workdir" "-m" "1610612736" "--user" "0:0" "--network" "none" "ghcr.io/rust-lang/crates-build-env/linux@sha256:34b6a614d2c27851fe6cbf88fbd1137609cefab8b10d0615aaeb6fd47975d74e" "/opt/rustwide/cargo-home/bin/cargo" "+1.54.0" "test" "--frozen", kill_on_drop: false }`
[INFO] [stderr] WARNING: Your kernel does not support swap limit capabilities or the cgroup is not mounted. Memory limited without swap.
[INFO] [stdout] 0b752ea3f977ca2c11335caf065573713d2bea92f8da071298fd66772da87e74
[INFO] running `Command { std: "docker" "start" "-a" "0b752ea3f977ca2c11335caf065573713d2bea92f8da071298fd66772da87e74", kill_on_drop: false }`
[INFO] [stderr]     Finished test [unoptimized + debuginfo] target(s) in 0.07s
[INFO] [stderr]      Running unittests (/opt/rustwide/target/debug/deps/async_std_utp-c2ced55011fac6b4)
[INFO] [stdout] 
[INFO] [stdout] running 50 tests
[INFO] [stdout] test bit_iterator::test_iterator ... ok
[INFO] [stdout] test packet::tests::test_decode_empty_packet ... ok
[INFO] [stdout] test packet::tests::test_decode_evil_sequence ... ok
[INFO] [stdout] test packet::tests::extension_iterator ... ok
[INFO] [stdout] test packet::tests::test_packet_decode ... ok
[INFO] [stdout] test packet::tests::test_decode_packet_with_unknown_extensions ... ok
[INFO] [stdout] test packet::tests::test_packet_encode ... ok
[INFO] [stdout] test packet::tests::test_packet_decode_with_malformed_extension ... ok
[INFO] [stdout] test packet::tests::test_packet_encode_with_payload ... ok
[INFO] [stdout] test packet::tests::test_packet_set_type ... ok
[INFO] [stdout] test packet::tests::test_packet_decode_with_missing_extension ... ok
[INFO] [stdout] test packet::tests::test_packet_set_selective_acknowledgment ... ok
[INFO] [stdout] test packet::tests::test_reversible ... ok
[INFO] [stdout] test packet::tests::test_decode_packet_with_extension ... ok
[INFO] [stdout] test socket::test::test_local_addr ... ok
[INFO] [stdout] test socket::test::test_listener_local_addr ... ok
[INFO] [stdout] test socket::test::test_handle_packet ... ok
[INFO] [stdout] test socket::test::test_drop_unused_socket ... ok
[INFO] [stdout] test socket::test::test_base_delay_calculation ... ok
[INFO] [stdout] test socket::test::test_acks_on_socket ... ok
[INFO] [stdout] test socket::test::test_invalid_packet_on_connect ... ok
[INFO] [stdout] test socket::test::test_receive_unexpected_reply_type_on_connect ... ok
[INFO] [stdout] test socket::test::test_peer_addr ... ok
[INFO] [stdout] test socket::test::test_response_to_wrong_connection_id ... ok
[INFO] [stdout] test socket::test::test_response_to_keepalive_ack ... ok
[INFO] [stdout] test socket::test::test_listener_listener_clone ... ok
[INFO] [stdout] test socket::test::test_sendto_on_closed_socket ... ok
[INFO] [stdout] test socket::test::test_socket_ipv4 ... ok
[INFO] [stdout] test socket::test::test_receiving_reset_on_established_connection ... ok
[INFO] [stdout] test socket::test::test_response_to_triple_ack ... ok
[INFO] [stdout] test socket::test::test_duplicate_packet_handling ... ok
[INFO] [stdout] test socket::test::test_sorted_buffer_insertion ... ok
[INFO] [stdout] test socket::test::test_sequence_number_rollover ... ok
[INFO] [stdout] test util::test::test_ewma_empty_vector ... ok
[INFO] [stdout] test util::test::test_ewma_one_element ... ok
[INFO] [stdout] test util::test::test_exponential_smoothed_moving_average ... ok
[INFO] [stdout] test socket::test::test_recvfrom_on_closed_socket ... ok
[INFO] [stdout] test socket::test::test_premature_fin ... ok
[INFO] [stdout] test socket::test::test_receiving_syn_on_established_connection ... ok
[INFO] [stdout] test socket::test::test_unordered_packets ... ok
[INFO] [stdout] test socket::test::test_tolerance_to_small_buffers ... ok
[INFO] [stdout] test util::test::test_abs_diff ... ok
[INFO] [stdout] test socket::test::test_take_address ... ok
[INFO] [stdout] test socket::test::test_connection_loss_data ... ok
[INFO] [stdout] test socket::test::test_connection_loss_fin ... ok
[INFO] [stdout] test socket::test::test_connection_loss_waiting ... ok
[INFO] [stdout] test socket::test::test_socket_ipv6 ... FAILED
[INFO] [stdout] test socket::test::test_socket_timeout_request ... ok
[INFO] [stdout] test packet::tests::quicktest ... ok
[INFO] [stdout] test socket::test::test_correct_packet_loss ... ok
[INFO] [stdout] 
[INFO] [stdout] failures:
[INFO] [stdout] 
[INFO] [stdout] ---- socket::test::test_socket_ipv6 stdout ----
[INFO] [stdout] thread 'socket::test::test_socket_ipv6' panicked at 'Os { code: 99, kind: AddrNotAvailable, message: "Cannot assign requested address" }', src/socket.rs:1383:26
[INFO] [stdout] stack backtrace:
[INFO] [stdout]    0:     0x55bfd2ba00b0 - std::backtrace_rs::backtrace::libunwind::trace::h34055254b57d8e79
[INFO] [stdout]                                at /rustc/a178d0322ce20e33eac124758e837cbd80a6f633/library/std/src/../../backtrace/src/backtrace/libunwind.rs:90:5
[INFO] [stdout]    1:     0x55bfd2ba00b0 - std::backtrace_rs::backtrace::trace_unsynchronized::h8f1e3fbd9afff6ec
[INFO] [stdout]                                at /rustc/a178d0322ce20e33eac124758e837cbd80a6f633/library/std/src/../../backtrace/src/backtrace/mod.rs:66:5
[INFO] [stdout]    2:     0x55bfd2ba00b0 - std::sys_common::backtrace::_print_fmt::h3a99a796b770c360
[INFO] [stdout]                                at /rustc/a178d0322ce20e33eac124758e837cbd80a6f633/library/std/src/sys_common/backtrace.rs:67:5
[INFO] [stdout]    3:     0x55bfd2ba00b0 - <std::sys_common::backtrace::_print::DisplayBacktrace as core::fmt::Display>::fmt::h32d1f94a80615d18
[INFO] [stdout]                                at /rustc/a178d0322ce20e33eac124758e837cbd80a6f633/library/std/src/sys_common/backtrace.rs:46:22
[INFO] [stdout]    4:     0x55bfd2bc36ec - core::fmt::write::h306731c068f7162c
[INFO] [stdout]                                at /rustc/a178d0322ce20e33eac124758e837cbd80a6f633/library/core/src/fmt/mod.rs:1110:17
[INFO] [stdout]    5:     0x55bfd2b997a5 - std::io::Write::write_fmt::h87f19b0a2cd190bc
[INFO] [stdout]                                at /rustc/a178d0322ce20e33eac124758e837cbd80a6f633/library/std/src/io/mod.rs:1588:15
[INFO] [stdout]    6:     0x55bfd2ba22db - std::sys_common::backtrace::_print::h5abaa2601a852287
[INFO] [stdout]                                at /rustc/a178d0322ce20e33eac124758e837cbd80a6f633/library/std/src/sys_common/backtrace.rs:49:5
[INFO] [stdout]    7:     0x55bfd2ba22db - std::sys_common::backtrace::print::h8d81445442bb638f
[INFO] [stdout]                                at /rustc/a178d0322ce20e33eac124758e837cbd80a6f633/library/std/src/sys_common/backtrace.rs:36:9
[INFO] [stdout]    8:     0x55bfd2ba22db - std::panicking::default_hook::{{closure}}::hcfe804496a9fa747
[INFO] [stdout]                                at /rustc/a178d0322ce20e33eac124758e837cbd80a6f633/library/std/src/panicking.rs:208:50
[INFO] [stdout]    9:     0x55bfd2ba1dec - std::panicking::default_hook::hbea8e3ccf2ba8901
[INFO] [stdout]                                at /rustc/a178d0322ce20e33eac124758e837cbd80a6f633/library/std/src/panicking.rs:222:9
[INFO] [stdout]   10:     0x55bfd2ba29a4 - std::panicking::rust_panic_with_hook::h7ee9e1a2d0f8975a
[INFO] [stdout]                                at /rustc/a178d0322ce20e33eac124758e837cbd80a6f633/library/std/src/panicking.rs:622:17
[INFO] [stdout]   11:     0x55bfd2ba2487 - std::panicking::begin_panic_handler::{{closure}}::h8ab3b4491718b2c7
[INFO] [stdout]                                at /rustc/a178d0322ce20e33eac124758e837cbd80a6f633/library/std/src/panicking.rs:519:13
[INFO] [stdout]   12:     0x55bfd2ba05ac - std::sys_common::backtrace::__rust_end_short_backtrace::hd489062ffa586a9f
[INFO] [stdout]                                at /rustc/a178d0322ce20e33eac124758e837cbd80a6f633/library/std/src/sys_common/backtrace.rs:141:18
[INFO] [stdout]   13:     0x55bfd2ba23e9 - rust_begin_unwind
[INFO] [stdout]                                at /rustc/a178d0322ce20e33eac124758e837cbd80a6f633/library/std/src/panicking.rs:515:5
[INFO] [stdout]   14:     0x55bfd263700b - std::panicking::begin_panic_fmt::h5479575e112541f8
[INFO] [stdout]                                at /rustc/a178d0322ce20e33eac124758e837cbd80a6f633/library/std/src/panicking.rs:457:5
[INFO] [stdout]   15:     0x55bfd26ff3d6 - async_std_utp::socket::test::test_socket_ipv6::{{closure}}::h0655deaaf9c149d6
[INFO] [stdout]                                at /opt/rustwide/workdir/src/socket.rs:1383:26
[INFO] [stdout]   16:     0x55bfd26c7d8b - <core::future::from_generator::GenFuture<T> as core::future::future::Future>::poll::hce8e80e915e824a2
[INFO] [stdout]                                at /rustc/a178d0322ce20e33eac124758e837cbd80a6f633/library/core/src/future/mod.rs:80:19
[INFO] [stdout]   17:     0x55bfd276acc9 - <async_std::task::builder::SupportTaskLocals<F> as core::future::future::Future>::poll::{{closure}}::hc3abbdf757ad81b0
[INFO] [stdout]                                at /opt/rustwide/cargo-home/registry/src/github.com-1ecc6299db9ec823/async-std-1.9.0/src/task/builder.rs:199:17
[INFO] [stdout]   18:     0x55bfd27641d6 - async_std::task::task_locals_wrapper::TaskLocalsWrapper::set_current::{{closure}}::h5f98e8a6e67852b9
[INFO] [stdout]                                at /opt/rustwide/cargo-home/registry/src/github.com-1ecc6299db9ec823/async-std-1.9.0/src/task/task_locals_wrapper.rs:60:13
[INFO] [stdout]   19:     0x55bfd26b8be1 - std::thread::local::LocalKey<T>::try_with::hdabb14e381c8ac77
[INFO] [stdout]                                at /rustc/a178d0322ce20e33eac124758e837cbd80a6f633/library/std/src/thread/local.rs:400:16
[INFO] [stdout]   20:     0x55bfd269fbad - std::thread::local::LocalKey<T>::with::hab41ad93a685934d
[INFO] [stdout]                                at /rustc/a178d0322ce20e33eac124758e837cbd80a6f633/library/std/src/thread/local.rs:376:9
[INFO] [stdout]   21:     0x55bfd27619d8 - async_std::task::task_locals_wrapper::TaskLocalsWrapper::set_current::hfa9793eb73efb958
[INFO] [stdout]                                at /opt/rustwide/cargo-home/registry/src/github.com-1ecc6299db9ec823/async-std-1.9.0/src/task/task_locals_wrapper.rs:55:9
[INFO] [stdout]   22:     0x55bfd2769e65 - <async_std::task::builder::SupportTaskLocals<F> as core::future::future::Future>::poll::hf4c613e60dec931e
[INFO] [stdout]                                at /opt/rustwide/cargo-home/registry/src/github.com-1ecc6299db9ec823/async-std-1.9.0/src/task/builder.rs:197:13
[INFO] [stdout]   23:     0x55bfd273c2cb - <futures_lite::future::Or<F1,F2> as core::future::future::Future>::poll::h3b10bedb5dad16c9
[INFO] [stdout]                                at /opt/rustwide/cargo-home/registry/src/github.com-1ecc6299db9ec823/futures-lite-1.11.3/src/future.rs:526:33
[INFO] [stdout]   24:     0x55bfd27d819a - async_executor::Executor::run::{{closure}}::ha08a0facc6b77920
[INFO] [stdout]                                at /opt/rustwide/cargo-home/registry/src/github.com-1ecc6299db9ec823/async-executor-1.4.1/src/lib.rs:242:9
[INFO] [stdout]   25:     0x55bfd26c538b - <core::future::from_generator::GenFuture<T> as core::future::future::Future>::poll::h798799ace4a2a39a
[INFO] [stdout]                                at /rustc/a178d0322ce20e33eac124758e837cbd80a6f633/library/core/src/future/mod.rs:80:19
[INFO] [stdout]   26:     0x55bfd27ce5e6 - async_executor::LocalExecutor::run::{{closure}}::h2ea9b24feb6cfe42
[INFO] [stdout]                                at /opt/rustwide/cargo-home/registry/src/github.com-1ecc6299db9ec823/async-executor-1.4.1/src/lib.rs:447:9
[INFO] [stdout]   27:     0x55bfd26c2d6b - <core::future::from_generator::GenFuture<T> as core::future::future::Future>::poll::h4393657e217c79f6
[INFO] [stdout]                                at /rustc/a178d0322ce20e33eac124758e837cbd80a6f633/library/core/src/future/mod.rs:80:19
[INFO] [stdout]   28:     0x55bfd284eaad - async_io::driver::block_on::hd4f504c4ddacc6e8
[INFO] [stdout]                                at /opt/rustwide/cargo-home/registry/src/github.com-1ecc6299db9ec823/async-io-1.4.1/src/driver.rs:142:33
[INFO] [stdout]   29:     0x55bfd27442e9 - async_global_executor::reactor::block_on::{{closure}}::haa79db6d187b8ff8
[INFO] [stdout]                                at /opt/rustwide/cargo-home/registry/src/github.com-1ecc6299db9ec823/async-global-executor-2.0.2/src/reactor.rs:3:18
[INFO] [stdout]   30:     0x55bfd2743c03 - async_global_executor::reactor::block_on::hc173f22c09a599a5
[INFO] [stdout]                                at /opt/rustwide/cargo-home/registry/src/github.com-1ecc6299db9ec823/async-global-executor-2.0.2/src/reactor.rs:12:5
[INFO] [stdout]   31:     0x55bfd27efe33 - async_global_executor::executor::block_on::{{closure}}::hdae8823376068cab
[INFO] [stdout]                                at /opt/rustwide/cargo-home/registry/src/github.com-1ecc6299db9ec823/async-global-executor-2.0.2/src/executor.rs:26:36
[INFO] [stdout]   32:     0x55bfd26a2d0a - std::thread::local::LocalKey<T>::try_with::h0866c9ba6825fa4e
[INFO] [stdout]                                at /rustc/a178d0322ce20e33eac124758e837cbd80a6f633/library/std/src/thread/local.rs:400:16
[INFO] [stdout]   33:     0x55bfd269ceb0 - std::thread::local::LocalKey<T>::with::h42a33e72b1f55b5e
[INFO] [stdout]                                at /rustc/a178d0322ce20e33eac124758e837cbd80a6f633/library/std/src/thread/local.rs:376:9
[INFO] [stdout]   34:     0x55bfd27eecfa - async_global_executor::executor::block_on::h2532ceb77d30a11e
[INFO] [stdout]                                at /opt/rustwide/cargo-home/registry/src/github.com-1ecc6299db9ec823/async-global-executor-2.0.2/src/executor.rs:26:5
[INFO] [stdout]   35:     0x55bfd278e0c0 - async_std::task::builder::Builder::blocking::{{closure}}::{{closure}}::ha69feb92a6b41180
[INFO] [stdout]                                at /opt/rustwide/cargo-home/registry/src/github.com-1ecc6299db9ec823/async-std-1.9.0/src/task/builder.rs:171:25
[INFO] [stdout]   36:     0x55bfd276577b - async_std::task::task_locals_wrapper::TaskLocalsWrapper::set_current::{{closure}}::h987fd03a5ce70452
[INFO] [stdout]                                at /opt/rustwide/cargo-home/registry/src/github.com-1ecc6299db9ec823/async-std-1.9.0/src/task/task_locals_wrapper.rs:60:13
[INFO] [stdout]   37:     0x55bfd26a8d1a - std::thread::local::LocalKey<T>::try_with::h441f2fa3a4c2a095
[INFO] [stdout]                                at /rustc/a178d0322ce20e33eac124758e837cbd80a6f633/library/std/src/thread/local.rs:400:16
[INFO] [stdout]   38:     0x55bfd269c6e2 - std::thread::local::LocalKey<T>::with::h2f865877780f7cd9
[INFO] [stdout]                                at /rustc/a178d0322ce20e33eac124758e837cbd80a6f633/library/std/src/thread/local.rs:376:9
[INFO] [stdout]   39:     0x55bfd27614ca - async_std::task::task_locals_wrapper::TaskLocalsWrapper::set_current::hc7faf32315e89afb
[INFO] [stdout]                                at /opt/rustwide/cargo-home/registry/src/github.com-1ecc6299db9ec823/async-std-1.9.0/src/task/task_locals_wrapper.rs:55:9
[INFO] [stdout]   40:     0x55bfd278a694 - async_std::task::builder::Builder::blocking::{{closure}}::h1d80e54cfba996e6
[INFO] [stdout]                                at /opt/rustwide/cargo-home/registry/src/github.com-1ecc6299db9ec823/async-std-1.9.0/src/task/builder.rs:168:17
[INFO] [stdout]   41:     0x55bfd26a8f82 - std::thread::local::LocalKey<T>::try_with::h4616e0140ed128b2
[INFO] [stdout]                                at /rustc/a178d0322ce20e33eac124758e837cbd80a6f633/library/std/src/thread/local.rs:400:16
[INFO] [stdout]   42:     0x55bfd269d1e0 - std::thread::local::LocalKey<T>::with::h48d361aff837a437
[INFO] [stdout]                                at /rustc/a178d0322ce20e33eac124758e837cbd80a6f633/library/std/src/thread/local.rs:376:9
[INFO] [stdout]   43:     0x55bfd2786cbb - async_std::task::builder::Builder::blocking::h8c89c2d54cab216c
[INFO] [stdout]                                at /opt/rustwide/cargo-home/registry/src/github.com-1ecc6299db9ec823/async-std-1.9.0/src/task/builder.rs:161:9
[INFO] [stdout]   44:     0x55bfd26fb94a - async_std::task::block_on::block_on::h7eb5087fea2b7227
[INFO] [stdout]                                at /opt/rustwide/cargo-home/registry/src/github.com-1ecc6299db9ec823/async-std-1.9.0/src/task/block_on.rs:33:5
[INFO] [stdout]   45:     0x55bfd26fe45b - async_std_utp::socket::test::test_socket_ipv6::h07de64eac64a5143
[INFO] [stdout]                                at /opt/rustwide/workdir/src/socket.rs:1379:5
[INFO] [stdout]   46:     0x55bfd26fe41a - async_std_utp::socket::test::test_socket_ipv6::{{closure}}::h61fde4e5df5303b8
[INFO] [stdout]                                at /opt/rustwide/workdir/src/socket.rs:1379:5
[INFO] [stdout]   47:     0x55bfd280fe8e - core::ops::function::FnOnce::call_once::h8eca8f2fb997ec60
[INFO] [stdout]                                at /rustc/a178d0322ce20e33eac124758e837cbd80a6f633/library/core/src/ops/function.rs:227:5
[INFO] [stdout]   48:     0x55bfd287f933 - core::ops::function::FnOnce::call_once::h152e7e439ff59e19
[INFO] [stdout]                                at /rustc/a178d0322ce20e33eac124758e837cbd80a6f633/library/core/src/ops/function.rs:227:5
[INFO] [stdout]   49:     0x55bfd287f933 - test::__rust_begin_short_backtrace::h0908f3b1fdbb72ab
[INFO] [stdout]                                at /rustc/a178d0322ce20e33eac124758e837cbd80a6f633/library/test/src/lib.rs:577:5
[INFO] [stdout]   50:     0x55bfd287e3f0 - <alloc::boxed::Box<F,A> as core::ops::function::FnOnce<Args>>::call_once::hf6d2a51e5587546c
[INFO] [stdout]                                at /rustc/a178d0322ce20e33eac124758e837cbd80a6f633/library/alloc/src/boxed.rs:1575:9
[INFO] [stdout]   51:     0x55bfd287e3f0 - <std::panic::AssertUnwindSafe<F> as core::ops::function::FnOnce<()>>::call_once::h8af660f3a89ef593
[INFO] [stdout]                                at /rustc/a178d0322ce20e33eac124758e837cbd80a6f633/library/std/src/panic.rs:347:9
[INFO] [stdout]   52:     0x55bfd287e3f0 - std::panicking::try::do_call::hd36aef60f84b6d36
[INFO] [stdout]                                at /rustc/a178d0322ce20e33eac124758e837cbd80a6f633/library/std/src/panicking.rs:401:40
[INFO] [stdout]   53:     0x55bfd287e3f0 - std::panicking::try::h9932b4480e69817c
[INFO] [stdout]                                at /rustc/a178d0322ce20e33eac124758e837cbd80a6f633/library/std/src/panicking.rs:365:19
[INFO] [stdout]   54:     0x55bfd287e3f0 - std::panic::catch_unwind::h6aa177099cfff5f8
[INFO] [stdout]                                at /rustc/a178d0322ce20e33eac124758e837cbd80a6f633/library/std/src/panic.rs:434:14
[INFO] [stdout]   55:     0x55bfd287e3f0 - test::run_test_in_process::h5884d6f2d99e20c3
[INFO] [stdout]                                at /rustc/a178d0322ce20e33eac124758e837cbd80a6f633/library/test/src/lib.rs:600:18
[INFO] [stdout]   56:     0x55bfd287e3f0 - test::run_test::run_test_inner::{{closure}}::h6fdc58c6d5f5b6e3
[INFO] [stdout]                                at /rustc/a178d0322ce20e33eac124758e837cbd80a6f633/library/test/src/lib.rs:492:39
[INFO] [stdout]   57:     0x55bfd2857aa2 - test::run_test::run_test_inner::{{closure}}::h408365d67a78ade8
[INFO] [stdout]                                at /rustc/a178d0322ce20e33eac124758e837cbd80a6f633/library/test/src/lib.rs:519:37
[INFO] [stdout]   58:     0x55bfd2857aa2 - std::sys_common::backtrace::__rust_begin_short_backtrace::hb560b77c4f701523
[INFO] [stdout]                                at /rustc/a178d0322ce20e33eac124758e837cbd80a6f633/library/std/src/sys_common/backtrace.rs:125:18
[INFO] [stdout]   59:     0x55bfd285b658 - std::thread::Builder::spawn_unchecked::{{closure}}::{{closure}}::hf2e7831dad93c597
[INFO] [stdout]                                at /rustc/a178d0322ce20e33eac124758e837cbd80a6f633/library/std/src/thread/mod.rs:481:17
[INFO] [stdout]   60:     0x55bfd285b658 - <std::panic::AssertUnwindSafe<F> as core::ops::function::FnOnce<()>>::call_once::hd2e08783d8be4d02
[INFO] [stdout]                                at /rustc/a178d0322ce20e33eac124758e837cbd80a6f633/library/std/src/panic.rs:347:9
[INFO] [stdout]   61:     0x55bfd285b658 - std::panicking::try::do_call::h062597b7acfd6b82
[INFO] [stdout]                                at /rustc/a178d0322ce20e33eac124758e837cbd80a6f633/library/std/src/panicking.rs:401:40
[INFO] [stdout]   62:     0x55bfd285b658 - std::panicking::try::h0d7b79db04c14552
[INFO] [stdout]                                at /rustc/a178d0322ce20e33eac124758e837cbd80a6f633/library/std/src/panicking.rs:365:19
[INFO] [stdout]   63:     0x55bfd285b658 - std::panic::catch_unwind::hb01a0b5e7c8cd43b
[INFO] [stdout]                                at /rustc/a178d0322ce20e33eac124758e837cbd80a6f633/library/std/src/panic.rs:434:14
[INFO] [stdout]   64:     0x55bfd285b658 - std::thread::Builder::spawn_unchecked::{{closure}}::h5bde48cc887e0d1e
[INFO] [stdout]                                at /rustc/a178d0322ce20e33eac124758e837cbd80a6f633/library/std/src/thread/mod.rs:480:30
[INFO] [stdout]   65:     0x55bfd285b658 - core::ops::function::FnOnce::call_once{{vtable.shim}}::h745ea30807a29e55
[INFO] [stdout]                                at /rustc/a178d0322ce20e33eac124758e837cbd80a6f633/library/core/src/ops/function.rs:227:5
[INFO] [stdout]   66:     0x55bfd2ba7ff7 - <alloc::boxed::Box<F,A> as core::ops::function::FnOnce<Args>>::call_once::h7ece6cfefaff1005
[INFO] [stdout]                                at /rustc/a178d0322ce20e33eac124758e837cbd80a6f633/library/alloc/src/boxed.rs:1575:9
[INFO] [stdout]   67:     0x55bfd2ba7ff7 - <alloc::boxed::Box<F,A> as core::ops::function::FnOnce<Args>>::call_once::hb8b48e55c21f193e
[INFO] [stdout]                                at /rustc/a178d0322ce20e33eac124758e837cbd80a6f633/library/alloc/src/boxed.rs:1575:9
[INFO] [stdout]   68:     0x55bfd2ba7ff7 - std::sys::unix::thread::Thread::new::thread_start::h8c7c4450dba62914
[INFO] [stdout]                                at /rustc/a178d0322ce20e33eac124758e837cbd80a6f633/library/std/src/sys/unix/thread.rs:71:17
[INFO] [stdout]   69:     0x7f6072cd4609 - start_thread
[INFO] [stdout]   70:     0x7f6072aa6293 - clone
[INFO] [stdout]   71:                0x0 - <unknown>
[INFO] [stdout] 
[INFO] [stdout] 
[INFO] [stdout] failures:
[INFO] [stdout]     socket::test::test_socket_ipv6
[INFO] [stdout] 
[INFO] [stdout] test result: FAILED. 49 passed; 1 failed; 0 ignored; 0 measured; 0 filtered out; finished in 1.01s
[INFO] [stdout] 
[INFO] [stderr] error: test failed, to rerun pass '--lib'
[INFO] running `Command { std: "docker" "inspect" "0b752ea3f977ca2c11335caf065573713d2bea92f8da071298fd66772da87e74", kill_on_drop: false }`
[INFO] running `Command { std: "docker" "rm" "-f" "0b752ea3f977ca2c11335caf065573713d2bea92f8da071298fd66772da87e74", kill_on_drop: false }`
[INFO] [stdout] 0b752ea3f977ca2c11335caf065573713d2bea92f8da071298fd66772da87e74
