[INFO] fetching crate async-smtp 0.4.0...
[INFO] testing async-smtp-0.4.0 against beta-2021-08-01 for beta-1.55-1
[INFO] extracting crate async-smtp 0.4.0 into /workspace/builds/worker-6/source
[INFO] validating manifest of crates.io crate async-smtp 0.4.0 on toolchain beta-2021-08-01
[INFO] running `Command { std: "/workspace/cargo-home/bin/cargo" "+beta-2021-08-01" "metadata" "--manifest-path" "Cargo.toml" "--no-deps", kill_on_drop: false }`
[INFO] started tweaking crates.io crate async-smtp 0.4.0
[INFO] removed 0 missing examples
[INFO] finished tweaking crates.io crate async-smtp 0.4.0
[INFO] tweaked toml for crates.io crate async-smtp 0.4.0 written to /workspace/builds/worker-6/source/Cargo.toml
[INFO] crate crates.io crate async-smtp 0.4.0 already has a lockfile, it will not be regenerated
[INFO] running `Command { std: "/workspace/cargo-home/bin/cargo" "+beta-2021-08-01" "fetch" "--manifest-path" "Cargo.toml", kill_on_drop: false }`
[INFO] [stderr]     Blocking waiting for file lock on package cache
[INFO] [stderr]  Downloading crates ...
[INFO] [stderr]   Downloaded fast-socks5 v0.4.2
[INFO] running `Command { std: "docker" "create" "-v" "/var/lib/crater-agent-workspace/builds/worker-6/target:/opt/rustwide/target:rw,Z" "-v" "/var/lib/crater-agent-workspace/builds/worker-6/source:/opt/rustwide/workdir:ro,Z" "-v" "/var/lib/crater-agent-workspace/cargo-home:/opt/rustwide/cargo-home:ro,Z" "-v" "/var/lib/crater-agent-workspace/rustup-home:/opt/rustwide/rustup-home:ro,Z" "-e" "SOURCE_DIR=/opt/rustwide/workdir" "-e" "CARGO_TARGET_DIR=/opt/rustwide/target" "-e" "CARGO_HOME=/opt/rustwide/cargo-home" "-e" "RUSTUP_HOME=/opt/rustwide/rustup-home" "-w" "/opt/rustwide/workdir" "-m" "1610612736" "--user" "0:0" "--network" "none" "ghcr.io/rust-lang/crates-build-env/linux@sha256:34b6a614d2c27851fe6cbf88fbd1137609cefab8b10d0615aaeb6fd47975d74e" "/opt/rustwide/cargo-home/bin/cargo" "+beta-2021-08-01" "metadata" "--no-deps" "--format-version=1", kill_on_drop: false }`
[INFO] [stderr] WARNING: Your kernel does not support swap limit capabilities or the cgroup is not mounted. Memory limited without swap.
[INFO] [stdout] 96a323db6a7785ca244bdd9ebf392fd011972a10f4cd3d49467f8ca0f95c319e
[INFO] running `Command { std: "docker" "start" "-a" "96a323db6a7785ca244bdd9ebf392fd011972a10f4cd3d49467f8ca0f95c319e", kill_on_drop: false }`
[INFO] running `Command { std: "docker" "inspect" "96a323db6a7785ca244bdd9ebf392fd011972a10f4cd3d49467f8ca0f95c319e", kill_on_drop: false }`
[INFO] running `Command { std: "docker" "rm" "-f" "96a323db6a7785ca244bdd9ebf392fd011972a10f4cd3d49467f8ca0f95c319e", kill_on_drop: false }`
[INFO] [stdout] 96a323db6a7785ca244bdd9ebf392fd011972a10f4cd3d49467f8ca0f95c319e
[INFO] running `Command { std: "docker" "create" "-v" "/var/lib/crater-agent-workspace/builds/worker-6/target:/opt/rustwide/target:rw,Z" "-v" "/var/lib/crater-agent-workspace/builds/worker-6/source:/opt/rustwide/workdir:ro,Z" "-v" "/var/lib/crater-agent-workspace/cargo-home:/opt/rustwide/cargo-home:ro,Z" "-v" "/var/lib/crater-agent-workspace/rustup-home:/opt/rustwide/rustup-home:ro,Z" "-e" "SOURCE_DIR=/opt/rustwide/workdir" "-e" "CARGO_TARGET_DIR=/opt/rustwide/target" "-e" "CARGO_INCREMENTAL=0" "-e" "RUST_BACKTRACE=full" "-e" "RUSTFLAGS=--cap-lints=warn" "-e" "CARGO_HOME=/opt/rustwide/cargo-home" "-e" "RUSTUP_HOME=/opt/rustwide/rustup-home" "-w" "/opt/rustwide/workdir" "-m" "1610612736" "--user" "0:0" "--network" "none" "ghcr.io/rust-lang/crates-build-env/linux@sha256:34b6a614d2c27851fe6cbf88fbd1137609cefab8b10d0615aaeb6fd47975d74e" "/opt/rustwide/cargo-home/bin/cargo" "+beta-2021-08-01" "build" "--frozen" "--message-format=json", kill_on_drop: false }`
[INFO] [stdout] 1431cf1b1abd2f7f605ff8ff8f3af5db9c4940b11b4c29332826c9135c856b9f
[INFO] [stderr] WARNING: Your kernel does not support swap limit capabilities or the cgroup is not mounted. Memory limited without swap.
[INFO] running `Command { std: "docker" "start" "-a" "1431cf1b1abd2f7f605ff8ff8f3af5db9c4940b11b4c29332826c9135c856b9f", kill_on_drop: false }`
[INFO] [stderr]    Compiling syn v1.0.67
[INFO] [stderr]    Compiling libc v0.2.91
[INFO] [stderr]    Compiling value-bag v1.0.0-alpha.6
[INFO] [stderr]    Compiling log v0.4.14
[INFO] [stderr]    Compiling futures-core v0.3.13
[INFO] [stderr]    Compiling fastrand v1.4.0
[INFO] [stderr]    Compiling cc v1.0.67
[INFO] [stderr]    Compiling futures-io v0.3.13
[INFO] [stderr]    Compiling vec-arena v1.1.0
[INFO] [stderr]    Compiling signal-hook v0.3.7
[INFO] [stderr]    Compiling openssl v0.10.33
[INFO] [stderr]    Compiling lexical-core v0.7.5
[INFO] [stderr]    Compiling serde v1.0.125
[INFO] [stderr]    Compiling arrayvec v0.5.2
[INFO] [stderr]    Compiling async-trait v0.1.48
[INFO] [stderr]    Compiling ascii_utils v0.9.3
[INFO] [stderr]    Compiling bufstream v0.1.4
[INFO] [stderr]    Compiling crossbeam-utils v0.8.3
[INFO] [stderr]    Compiling async-lock v2.3.0
[INFO] [stderr]    Compiling tinyvec v1.1.1
[INFO] [stderr]    Compiling fast_chemail v0.9.6
[INFO] [stderr]    Compiling async-channel v1.6.1
[INFO] [stderr]    Compiling quote v1.0.9
[INFO] [stderr]    Compiling futures-lite v1.11.3
[INFO] [stderr]    Compiling openssl-sys v0.9.61
[INFO] [stderr]    Compiling unicode-normalization v0.1.17
[INFO] [stderr]    Compiling async-executor v1.4.0
[INFO] [stderr]    Compiling blocking v1.0.2
[INFO] [stderr]    Compiling socket2 v0.4.0
[INFO] [stderr]    Compiling signal-hook-registry v1.3.0
[INFO] [stderr]    Compiling num_cpus v1.13.0
[INFO] [stderr]    Compiling hostname v0.1.5
[INFO] [stderr]    Compiling nb-connect v1.1.0
[INFO] [stderr]    Compiling nom v5.1.2
[INFO] [stderr]    Compiling native-tls v0.2.7
[INFO] [stderr]    Compiling idna v0.2.2
[INFO] [stderr]    Compiling url v2.2.1
[INFO] [stderr]    Compiling serde_json v1.0.64
[INFO] [stderr]    Compiling ctor v0.1.20
[INFO] [stderr]    Compiling thiserror-impl v1.0.24
[INFO] [stderr]    Compiling pin-project-internal v1.0.6
[INFO] [stderr]    Compiling serde_derive v1.0.125
[INFO] [stderr]    Compiling thiserror v1.0.24
[INFO] [stderr]    Compiling polling v2.0.3
[INFO] [stderr]    Compiling kv-log-macro v1.0.7
[INFO] [stderr]    Compiling async-io v1.3.1
[INFO] [stderr]    Compiling pin-project v1.0.6
[INFO] [stderr]    Compiling async-process v1.0.2
[INFO] [stderr]    Compiling async-global-executor v2.0.2
[INFO] [stderr]    Compiling async-std v1.9.0
[INFO] [stderr]    Compiling async-native-tls v0.3.3
[INFO] [stderr]    Compiling async-smtp v0.4.0 (/opt/rustwide/workdir)
[INFO] [stderr]     Finished dev [unoptimized + debuginfo] target(s) in 29.72s
[INFO] running `Command { std: "docker" "inspect" "1431cf1b1abd2f7f605ff8ff8f3af5db9c4940b11b4c29332826c9135c856b9f", kill_on_drop: false }`
[INFO] running `Command { std: "docker" "rm" "-f" "1431cf1b1abd2f7f605ff8ff8f3af5db9c4940b11b4c29332826c9135c856b9f", kill_on_drop: false }`
[INFO] [stdout] 1431cf1b1abd2f7f605ff8ff8f3af5db9c4940b11b4c29332826c9135c856b9f
[INFO] running `Command { std: "docker" "create" "-v" "/var/lib/crater-agent-workspace/builds/worker-6/target:/opt/rustwide/target:rw,Z" "-v" "/var/lib/crater-agent-workspace/builds/worker-6/source:/opt/rustwide/workdir:ro,Z" "-v" "/var/lib/crater-agent-workspace/cargo-home:/opt/rustwide/cargo-home:ro,Z" "-v" "/var/lib/crater-agent-workspace/rustup-home:/opt/rustwide/rustup-home:ro,Z" "-e" "SOURCE_DIR=/opt/rustwide/workdir" "-e" "CARGO_TARGET_DIR=/opt/rustwide/target" "-e" "CARGO_INCREMENTAL=0" "-e" "RUST_BACKTRACE=full" "-e" "RUSTFLAGS=--cap-lints=warn" "-e" "CARGO_HOME=/opt/rustwide/cargo-home" "-e" "RUSTUP_HOME=/opt/rustwide/rustup-home" "-w" "/opt/rustwide/workdir" "-m" "1610612736" "--user" "0:0" "--network" "none" "ghcr.io/rust-lang/crates-build-env/linux@sha256:34b6a614d2c27851fe6cbf88fbd1137609cefab8b10d0615aaeb6fd47975d74e" "/opt/rustwide/cargo-home/bin/cargo" "+beta-2021-08-01" "test" "--frozen" "--no-run" "--message-format=json", kill_on_drop: false }`
[INFO] [stderr] WARNING: Your kernel does not support swap limit capabilities or the cgroup is not mounted. Memory limited without swap.
[INFO] [stdout] 50dafcf7bfbb4964811ed87013d927d3f9f5f61bba7600ca89e780bfba2f0430
[INFO] running `Command { std: "docker" "start" "-a" "50dafcf7bfbb4964811ed87013d927d3f9f5f61bba7600ca89e780bfba2f0430", kill_on_drop: false }`
[INFO] [stderr]    Compiling rayon-core v1.9.0
[INFO] [stderr]    Compiling plotters-backend v0.3.0
[INFO] [stderr]    Compiling regex-syntax v0.6.23
[INFO] [stderr]    Compiling memoffset v0.6.3
[INFO] [stderr]    Compiling rayon v1.5.0
[INFO] [stderr]    Compiling regex-automata v0.1.9
[INFO] [stderr]    Compiling itertools v0.10.0
[INFO] [stderr]    Compiling csv-core v0.1.10
[INFO] [stderr]    Compiling atty v0.2.14
[INFO] [stderr]    Compiling cast v0.2.3
[INFO] [stderr]    Compiling crossbeam-channel v0.5.0
[INFO] [stderr]    Compiling serde_cbor v0.11.1
[INFO] [stderr]    Compiling async-attributes v1.1.2
[INFO] [stderr]    Compiling tinytemplate v1.2.1
[INFO] [stderr]    Compiling plotters-svg v0.3.0
[INFO] [stderr]    Compiling bstr v0.2.15
[INFO] [stderr]    Compiling plotters v0.3.0
[INFO] [stderr]    Compiling crossbeam-epoch v0.9.3
[INFO] [stderr]    Compiling criterion-plot v0.4.3
[INFO] [stderr]    Compiling csv v1.1.6
[INFO] [stderr]    Compiling crossbeam-deque v0.8.0
[INFO] [stderr]    Compiling regex v1.4.5
[INFO] [stderr]    Compiling env_logger v0.8.3
[INFO] [stderr]    Compiling criterion v0.3.4
[INFO] [stderr]    Compiling async-smtp v0.4.0 (/opt/rustwide/workdir)
[INFO] [stderr]     Finished test [unoptimized + debuginfo] target(s) in 22.03s
[INFO] running `Command { std: "docker" "inspect" "50dafcf7bfbb4964811ed87013d927d3f9f5f61bba7600ca89e780bfba2f0430", kill_on_drop: false }`
[INFO] running `Command { std: "docker" "rm" "-f" "50dafcf7bfbb4964811ed87013d927d3f9f5f61bba7600ca89e780bfba2f0430", kill_on_drop: false }`
[INFO] [stdout] 50dafcf7bfbb4964811ed87013d927d3f9f5f61bba7600ca89e780bfba2f0430
[INFO] running `Command { std: "docker" "create" "-v" "/var/lib/crater-agent-workspace/builds/worker-6/target:/opt/rustwide/target:rw,Z" "-v" "/var/lib/crater-agent-workspace/builds/worker-6/source:/opt/rustwide/workdir:ro,Z" "-v" "/var/lib/crater-agent-workspace/cargo-home:/opt/rustwide/cargo-home:ro,Z" "-v" "/var/lib/crater-agent-workspace/rustup-home:/opt/rustwide/rustup-home:ro,Z" "-e" "SOURCE_DIR=/opt/rustwide/workdir" "-e" "CARGO_TARGET_DIR=/opt/rustwide/target" "-e" "CARGO_INCREMENTAL=0" "-e" "RUST_BACKTRACE=full" "-e" "RUSTFLAGS=--cap-lints=warn" "-e" "CARGO_HOME=/opt/rustwide/cargo-home" "-e" "RUSTUP_HOME=/opt/rustwide/rustup-home" "-w" "/opt/rustwide/workdir" "-m" "1610612736" "--user" "0:0" "--network" "none" "ghcr.io/rust-lang/crates-build-env/linux@sha256:34b6a614d2c27851fe6cbf88fbd1137609cefab8b10d0615aaeb6fd47975d74e" "/opt/rustwide/cargo-home/bin/cargo" "+beta-2021-08-01" "test" "--frozen", kill_on_drop: false }`
[INFO] [stdout] 9309c2787091b5cbb1f35d5a00e71ed62c00c46eaa91c4737fa0ada03e92c191
[INFO] [stderr] WARNING: Your kernel does not support swap limit capabilities or the cgroup is not mounted. Memory limited without swap.
[INFO] running `Command { std: "docker" "start" "-a" "9309c2787091b5cbb1f35d5a00e71ed62c00c46eaa91c4737fa0ada03e92c191", kill_on_drop: false }`
[INFO] [stderr]     Finished test [unoptimized + debuginfo] target(s) in 0.12s
[INFO] [stderr]      Running unittests (/opt/rustwide/target/debug/deps/async_smtp-23d89a7fe1bfaec8)
[INFO] [stdout] 
[INFO] [stdout] running 24 tests
[INFO] [stdout] test smtp::response::test::test_code_new ... ok
[INFO] [stdout] test smtp::extension::test::test_clientid_fmt ... ok
[INFO] [stdout] test smtp::response::test::test_response_first_word ... ok
[INFO] [stdout] test smtp::response::test::test_response_from_str ... ok
[INFO] [stdout] test smtp::client::inner::test::test_codec ... ok
[INFO] [stdout] test smtp::client::mock::test::read_with_vec_test ... ok
[INFO] [stdout] test smtp::response::test::test_response_incomplete ... ok
[INFO] [stdout] test smtp::client::mock::test::write_take_test ... ok
[INFO] [stdout] test smtp::util::tests::test ... ok
[INFO] [stdout] test smtp::response::test::test_response_is_positive ... ok
[INFO] [stdout] test smtp::response::test::test_response_has_code ... ok
[INFO] [stdout] test smtp::authentication::test::test_plain ... ok
[INFO] [stdout] test smtp::authentication::test::test_xoauth2 ... ok
[INFO] [stdout] test smtp::response::test::test_response_first_line ... ok
[INFO] [stdout] test smtp::response::test::test_severity_fmt ... ok
[INFO] [stdout] test smtp::client::inner::test::test_escape_crlf ... ok
[INFO] [stdout] test smtp::commands::test::test_display ... ok
[INFO] [stdout] test smtp::extension::test::test_extension_fmt ... ok
[INFO] [stdout] test smtp::extension::test::test_serverinfo ... ok
[INFO] [stdout] test smtp::response::test::test_category_fmt ... ok
[INFO] [stdout] test smtp::authentication::test::test_login ... ok
[INFO] [stdout] test smtp::client::mock::test::swap_test ... ok
[INFO] [stdout] test smtp::response::test::test_code_display ... ok
[INFO] [stdout] test smtp::extension::test::test_serverinfo_fmt ... ok
[INFO] [stdout] 
[INFO] [stdout] test result: ok. 24 passed; 0 failed; 0 ignored; 0 measured; 0 filtered out; finished in 0.00s
[INFO] [stdout] 
[INFO] [stderr]      Running tests/transport_file.rs (/opt/rustwide/target/debug/deps/transport_file-dfd1bf8537f2e171)
[INFO] [stdout] 
[INFO] [stdout] running 1 test
[INFO] [stdout] test test::file_transport ... ok
[INFO] [stdout] 
[INFO] [stdout] test result: ok. 1 passed; 0 failed; 0 ignored; 0 measured; 0 filtered out; finished in 0.01s
[INFO] [stdout] 
[INFO] [stderr]      Running tests/transport_sendmail.rs (/opt/rustwide/target/debug/deps/transport_sendmail-407108a8e3cac9d5)
[INFO] [stdout] 
[INFO] [stdout] running 1 test
[INFO] [stdout] test test::sendmail_transport_simple ... FAILED
[INFO] [stdout] 
[INFO] [stdout] failures:
[INFO] [stdout] 
[INFO] [stdout] ---- test::sendmail_transport_simple stdout ----
[INFO] [stdout] Err(Io(Os { code: 2, kind: NotFound, message: "No such file or directory" }))
[INFO] [stdout] thread 'test::sendmail_transport_simple' panicked at 'assertion failed: result.is_ok()', tests/transport_sendmail.rs:22:9
[INFO] [stdout] stack backtrace:
[INFO] [stdout]    0:     0x5647dc867ec0 - std::backtrace_rs::backtrace::libunwind::trace::hff4d1766e93f64f1
[INFO] [stdout]                                at /rustc/53fd98ca776cb875bc9e5514f56b52eb74f9e7a9/library/std/src/../../backtrace/src/backtrace/libunwind.rs:90:5
[INFO] [stdout]    1:     0x5647dc867ec0 - std::backtrace_rs::backtrace::trace_unsynchronized::h56bbc8eb78770bcb
[INFO] [stdout]                                at /rustc/53fd98ca776cb875bc9e5514f56b52eb74f9e7a9/library/std/src/../../backtrace/src/backtrace/mod.rs:66:5
[INFO] [stdout]    2:     0x5647dc867ec0 - std::sys_common::backtrace::_print_fmt::h5c8e75464faca780
[INFO] [stdout]                                at /rustc/53fd98ca776cb875bc9e5514f56b52eb74f9e7a9/library/std/src/sys_common/backtrace.rs:67:5
[INFO] [stdout]    3:     0x5647dc867ec0 - <std::sys_common::backtrace::_print::DisplayBacktrace as core::fmt::Display>::fmt::h48b88277def8b362
[INFO] [stdout]                                at /rustc/53fd98ca776cb875bc9e5514f56b52eb74f9e7a9/library/std/src/sys_common/backtrace.rs:46:22
[INFO] [stdout]    4:     0x5647dc88abbc - core::fmt::write::h3381b3176fe2b3d3
[INFO] [stdout]                                at /rustc/53fd98ca776cb875bc9e5514f56b52eb74f9e7a9/library/core/src/fmt/mod.rs:1115:17
[INFO] [stdout]    5:     0x5647dc864a15 - std::io::Write::write_fmt::h5f34a676f60246b5
[INFO] [stdout]                                at /rustc/53fd98ca776cb875bc9e5514f56b52eb74f9e7a9/library/std/src/io/mod.rs:1665:15
[INFO] [stdout]    6:     0x5647dc86a0fb - std::sys_common::backtrace::_print::ha537687d6c17dd0d
[INFO] [stdout]                                at /rustc/53fd98ca776cb875bc9e5514f56b52eb74f9e7a9/library/std/src/sys_common/backtrace.rs:49:5
[INFO] [stdout]    7:     0x5647dc86a0fb - std::sys_common::backtrace::print::h61376ae57d131d72
[INFO] [stdout]                                at /rustc/53fd98ca776cb875bc9e5514f56b52eb74f9e7a9/library/std/src/sys_common/backtrace.rs:36:9
[INFO] [stdout]    8:     0x5647dc86a0fb - std::panicking::default_hook::{{closure}}::h0f7208c0b9644a54
[INFO] [stdout]                                at /rustc/53fd98ca776cb875bc9e5514f56b52eb74f9e7a9/library/std/src/panicking.rs:208:50
[INFO] [stdout]    9:     0x5647dc869c0c - std::panicking::default_hook::hdac7fc06578c14ce
[INFO] [stdout]                                at /rustc/53fd98ca776cb875bc9e5514f56b52eb74f9e7a9/library/std/src/panicking.rs:222:9
[INFO] [stdout]   10:     0x5647dc86a7c4 - std::panicking::rust_panic_with_hook::h72b21c283da3d1ef
[INFO] [stdout]                                at /rustc/53fd98ca776cb875bc9e5514f56b52eb74f9e7a9/library/std/src/panicking.rs:622:17
[INFO] [stdout]   11:     0x5647dc86a277 - std::panicking::begin_panic_handler::{{closure}}::he5778f1729cff84a
[INFO] [stdout]                                at /rustc/53fd98ca776cb875bc9e5514f56b52eb74f9e7a9/library/std/src/panicking.rs:517:13
[INFO] [stdout]   12:     0x5647dc86839c - std::sys_common::backtrace::__rust_end_short_backtrace::h2d11ca8b453b4b1d
[INFO] [stdout]                                at /rustc/53fd98ca776cb875bc9e5514f56b52eb74f9e7a9/library/std/src/sys_common/backtrace.rs:141:18
[INFO] [stdout]   13:     0x5647dc86a209 - rust_begin_unwind
[INFO] [stdout]                                at /rustc/53fd98ca776cb875bc9e5514f56b52eb74f9e7a9/library/std/src/panicking.rs:515:5
[INFO] [stdout]   14:     0x5647dc726431 - core::panicking::panic_fmt::hf9de31d4acbce4db
[INFO] [stdout]                                at /rustc/53fd98ca776cb875bc9e5514f56b52eb74f9e7a9/library/core/src/panicking.rs:92:14
[INFO] [stdout]   15:     0x5647dc72637d - core::panicking::panic::h8a6bc58a21c6c095
[INFO] [stdout]                                at /rustc/53fd98ca776cb875bc9e5514f56b52eb74f9e7a9/library/core/src/panicking.rs:50:5
[INFO] [stdout]   16:     0x5647dc72ed21 - transport_sendmail::test::sendmail_transport_simple::{{closure}}::h1b2796e87ccb4f53
[INFO] [stdout]                                at /opt/rustwide/workdir/tests/transport_sendmail.rs:22:9
[INFO] [stdout]   17:     0x5647dc72f5db - <core::future::from_generator::GenFuture<T> as core::future::future::Future>::poll::hf402b2d22592a416
[INFO] [stdout]                                at /rustc/53fd98ca776cb875bc9e5514f56b52eb74f9e7a9/library/core/src/future/mod.rs:80:19
[INFO] [stdout]   18:     0x5647dc72bba9 - <async_std::task::builder::SupportTaskLocals<F> as core::future::future::Future>::poll::{{closure}}::h7a1ad4a5829e6f62
[INFO] [stdout]                                at /opt/rustwide/cargo-home/registry/src/github.com-1ecc6299db9ec823/async-std-1.9.0/src/task/builder.rs:199:17
[INFO] [stdout]   19:     0x5647dc72e266 - async_std::task::task_locals_wrapper::TaskLocalsWrapper::set_current::{{closure}}::hb3a26937852ac5c2
[INFO] [stdout]                                at /opt/rustwide/cargo-home/registry/src/github.com-1ecc6299db9ec823/async-std-1.9.0/src/task/task_locals_wrapper.rs:60:13
[INFO] [stdout]   20:     0x5647dc7283d1 - std::thread::local::LocalKey<T>::try_with::ha11ccb3af1fdb219
[INFO] [stdout]                                at /rustc/53fd98ca776cb875bc9e5514f56b52eb74f9e7a9/library/std/src/thread/local.rs:399:16
[INFO] [stdout]   21:     0x5647dc72774d - std::thread::local::LocalKey<T>::with::h3d7b5953c3ffef06
[INFO] [stdout]                                at /rustc/53fd98ca776cb875bc9e5514f56b52eb74f9e7a9/library/std/src/thread/local.rs:375:9
[INFO] [stdout]   22:     0x5647dc72e1b8 - async_std::task::task_locals_wrapper::TaskLocalsWrapper::set_current::hc3eb3c80783f31ac
[INFO] [stdout]                                at /opt/rustwide/cargo-home/registry/src/github.com-1ecc6299db9ec823/async-std-1.9.0/src/task/task_locals_wrapper.rs:55:9
[INFO] [stdout]   23:     0x5647dc72bb55 - <async_std::task::builder::SupportTaskLocals<F> as core::future::future::Future>::poll::h711e6dbbb108192e
[INFO] [stdout]                                at /opt/rustwide/cargo-home/registry/src/github.com-1ecc6299db9ec823/async-std-1.9.0/src/task/builder.rs:197:13
[INFO] [stdout]   24:     0x5647dc72fdcb - <futures_lite::future::Or<F1,F2> as core::future::future::Future>::poll::h5243a2cd848671b3
[INFO] [stdout]                                at /opt/rustwide/cargo-home/registry/src/github.com-1ecc6299db9ec823/futures-lite-1.11.3/src/future.rs:526:33
[INFO] [stdout]   25:     0x5647dc72b0d0 - async_executor::Executor::run::{{closure}}::h30adfaed9c6af793
[INFO] [stdout]                                at /opt/rustwide/cargo-home/registry/src/github.com-1ecc6299db9ec823/async-executor-1.4.0/src/lib.rs:236:9
[INFO] [stdout]   26:     0x5647dc72f54b - <core::future::from_generator::GenFuture<T> as core::future::future::Future>::poll::hab8e2c1767dab1e8
[INFO] [stdout]                                at /rustc/53fd98ca776cb875bc9e5514f56b52eb74f9e7a9/library/core/src/future/mod.rs:80:19
[INFO] [stdout]   27:     0x5647dc72ac1a - async_executor::LocalExecutor::run::{{closure}}::h228369cb6e4f8206
[INFO] [stdout]                                at /opt/rustwide/cargo-home/registry/src/github.com-1ecc6299db9ec823/async-executor-1.4.0/src/lib.rs:437:9
[INFO] [stdout]   28:     0x5647dc72f4bb - <core::future::from_generator::GenFuture<T> as core::future::future::Future>::poll::ha084f0ddec6f6f9d
[INFO] [stdout]                                at /rustc/53fd98ca776cb875bc9e5514f56b52eb74f9e7a9/library/core/src/future/mod.rs:80:19
[INFO] [stdout]   29:     0x5647dc728b37 - async_io::driver::block_on::h37ed93004ba2f682
[INFO] [stdout]                                at /opt/rustwide/cargo-home/registry/src/github.com-1ecc6299db9ec823/async-io-1.3.1/src/driver.rs:142:33
[INFO] [stdout]   30:     0x5647dc72b5af - async_global_executor::reactor::block_on::{{closure}}::h98b522fb34559e84
[INFO] [stdout]                                at /opt/rustwide/cargo-home/registry/src/github.com-1ecc6299db9ec823/async-global-executor-2.0.2/src/reactor.rs:3:18
[INFO] [stdout]   31:     0x5647dc72b57d - async_global_executor::reactor::block_on::hf3868e556fb3944e
[INFO] [stdout]                                at /opt/rustwide/cargo-home/registry/src/github.com-1ecc6299db9ec823/async-global-executor-2.0.2/src/reactor.rs:12:5
[INFO] [stdout]   32:     0x5647dc72a03d - async_global_executor::executor::block_on::{{closure}}::ha96703c60b56ce39
[INFO] [stdout]                                at /opt/rustwide/cargo-home/registry/src/github.com-1ecc6299db9ec823/async-global-executor-2.0.2/src/executor.rs:26:36
[INFO] [stdout]   33:     0x5647dc727f13 - std::thread::local::LocalKey<T>::try_with::h5a769c3e50dc0d2b
[INFO] [stdout]                                at /rustc/53fd98ca776cb875bc9e5514f56b52eb74f9e7a9/library/std/src/thread/local.rs:399:16
[INFO] [stdout]   34:     0x5647dc72798c - std::thread::local::LocalKey<T>::with::hf1bb27f1ec586793
[INFO] [stdout]                                at /rustc/53fd98ca776cb875bc9e5514f56b52eb74f9e7a9/library/std/src/thread/local.rs:375:9
[INFO] [stdout]   35:     0x5647dc729fe3 - async_global_executor::executor::block_on::hcdf9954922bd1984
[INFO] [stdout]                                at /opt/rustwide/cargo-home/registry/src/github.com-1ecc6299db9ec823/async-global-executor-2.0.2/src/executor.rs:26:5
[INFO] [stdout]   36:     0x5647dc72c3da - async_std::task::builder::Builder::blocking::{{closure}}::{{closure}}::h467fa4bcf713df9d
[INFO] [stdout]                                at /opt/rustwide/cargo-home/registry/src/github.com-1ecc6299db9ec823/async-std-1.9.0/src/task/builder.rs:171:25
[INFO] [stdout]   37:     0x5647dc72e3b8 - async_std::task::task_locals_wrapper::TaskLocalsWrapper::set_current::{{closure}}::hf65785db3d65bad3
[INFO] [stdout]                                at /opt/rustwide/cargo-home/registry/src/github.com-1ecc6299db9ec823/async-std-1.9.0/src/task/task_locals_wrapper.rs:60:13
[INFO] [stdout]   38:     0x5647dc727c52 - std::thread::local::LocalKey<T>::try_with::h18e44426ac82cad4
[INFO] [stdout]                                at /rustc/53fd98ca776cb875bc9e5514f56b52eb74f9e7a9/library/std/src/thread/local.rs:399:16
[INFO] [stdout]   39:     0x5647dc727840 - std::thread::local::LocalKey<T>::with::hade72722e4e68192
[INFO] [stdout]                                at /rustc/53fd98ca776cb875bc9e5514f56b52eb74f9e7a9/library/std/src/thread/local.rs:375:9
[INFO] [stdout]   40:     0x5647dc72e174 - async_std::task::task_locals_wrapper::TaskLocalsWrapper::set_current::h60731604f21d21ad
[INFO] [stdout]                                at /opt/rustwide/cargo-home/registry/src/github.com-1ecc6299db9ec823/async-std-1.9.0/src/task/task_locals_wrapper.rs:55:9
[INFO] [stdout]   41:     0x5647dc72c35a - async_std::task::builder::Builder::blocking::{{closure}}::h7f7d3f7a53ed4a6c
[INFO] [stdout]                                at /opt/rustwide/cargo-home/registry/src/github.com-1ecc6299db9ec823/async-std-1.9.0/src/task/builder.rs:168:17
[INFO] [stdout]   42:     0x5647dc72808b - std::thread::local::LocalKey<T>::try_with::h69b772338058134f
[INFO] [stdout]                                at /rustc/53fd98ca776cb875bc9e5514f56b52eb74f9e7a9/library/std/src/thread/local.rs:399:16
[INFO] [stdout]   43:     0x5647dc7278ac - std::thread::local::LocalKey<T>::with::hc940a245d770c95d
[INFO] [stdout]                                at /rustc/53fd98ca776cb875bc9e5514f56b52eb74f9e7a9/library/std/src/thread/local.rs:375:9
[INFO] [stdout]   44:     0x5647dc72c1a7 - async_std::task::builder::Builder::blocking::h9ded3365076233cd
[INFO] [stdout]                                at /opt/rustwide/cargo-home/registry/src/github.com-1ecc6299db9ec823/async-std-1.9.0/src/task/builder.rs:161:9
[INFO] [stdout]   45:     0x5647dc72ca60 - async_std::task::block_on::block_on::h753b91d81564dd06
[INFO] [stdout]                                at /opt/rustwide/cargo-home/registry/src/github.com-1ecc6299db9ec823/async-std-1.9.0/src/task/block_on.rs:33:5
[INFO] [stdout]   46:     0x5647dc72e5a2 - transport_sendmail::test::sendmail_transport_simple::h738c73ad248a32ad
[INFO] [stdout]                                at /opt/rustwide/workdir/tests/transport_sendmail.rs:7:5
[INFO] [stdout]   47:     0x5647dc72e56a - transport_sendmail::test::sendmail_transport_simple::{{closure}}::h3ccd1d288d505b76
[INFO] [stdout]                                at /opt/rustwide/workdir/tests/transport_sendmail.rs:7:5
[INFO] [stdout]   48:     0x5647dc72ff3e - core::ops::function::FnOnce::call_once::hddb694a06dbd8850
[INFO] [stdout]                                at /rustc/53fd98ca776cb875bc9e5514f56b52eb74f9e7a9/library/core/src/ops/function.rs:227:5
[INFO] [stdout]   49:     0x5647dc763713 - core::ops::function::FnOnce::call_once::hbb52c4519d3137b0
[INFO] [stdout]                                at /rustc/53fd98ca776cb875bc9e5514f56b52eb74f9e7a9/library/core/src/ops/function.rs:227:5
[INFO] [stdout]   50:     0x5647dc763713 - test::__rust_begin_short_backtrace::h86fe3a2a5a5121af
[INFO] [stdout]                                at /rustc/53fd98ca776cb875bc9e5514f56b52eb74f9e7a9/library/test/src/lib.rs:578:5
[INFO] [stdout]   51:     0x5647dc7621c8 - <alloc::boxed::Box<F,A> as core::ops::function::FnOnce<Args>>::call_once::hfd956bc3d57399be
[INFO] [stdout]                                at /rustc/53fd98ca776cb875bc9e5514f56b52eb74f9e7a9/library/alloc/src/boxed.rs:1572:9
[INFO] [stdout]   52:     0x5647dc7621c8 - <std::panic::AssertUnwindSafe<F> as core::ops::function::FnOnce<()>>::call_once::h40dc93e0ddb5938a
[INFO] [stdout]                                at /rustc/53fd98ca776cb875bc9e5514f56b52eb74f9e7a9/library/std/src/panic.rs:347:9
[INFO] [stdout]   53:     0x5647dc7621c8 - std::panicking::try::do_call::h90d07750cb47c562
[INFO] [stdout]                                at /rustc/53fd98ca776cb875bc9e5514f56b52eb74f9e7a9/library/std/src/panicking.rs:401:40
[INFO] [stdout]   54:     0x5647dc7621c8 - std::panicking::try::h063c84733ad2a629
[INFO] [stdout]                                at /rustc/53fd98ca776cb875bc9e5514f56b52eb74f9e7a9/library/std/src/panicking.rs:365:19
[INFO] [stdout]   55:     0x5647dc7621c8 - std::panic::catch_unwind::h0c464836a84e7c08
[INFO] [stdout]                                at /rustc/53fd98ca776cb875bc9e5514f56b52eb74f9e7a9/library/std/src/panic.rs:434:14
[INFO] [stdout]   56:     0x5647dc7621c8 - test::run_test_in_process::h5cb06ef620b157fc
[INFO] [stdout]                                at /rustc/53fd98ca776cb875bc9e5514f56b52eb74f9e7a9/library/test/src/lib.rs:601:18
[INFO] [stdout]   57:     0x5647dc7621c8 - test::run_test::run_test_inner::{{closure}}::h76f677f4b93f9828
[INFO] [stdout]                                at /rustc/53fd98ca776cb875bc9e5514f56b52eb74f9e7a9/library/test/src/lib.rs:493:39
[INFO] [stdout]   58:     0x5647dc73095d - test::run_test::run_test_inner::{{closure}}::h366d01fe04f4d67a
[INFO] [stdout]                                at /rustc/53fd98ca776cb875bc9e5514f56b52eb74f9e7a9/library/test/src/lib.rs:520:37
[INFO] [stdout]   59:     0x5647dc73095d - std::sys_common::backtrace::__rust_begin_short_backtrace::h7dfa0de4eb395af2
[INFO] [stdout]                                at /rustc/53fd98ca776cb875bc9e5514f56b52eb74f9e7a9/library/std/src/sys_common/backtrace.rs:125:18
[INFO] [stdout]   60:     0x5647dc735128 - std::thread::Builder::spawn_unchecked::{{closure}}::{{closure}}::hf0a74bb58798037f
[INFO] [stdout]                                at /rustc/53fd98ca776cb875bc9e5514f56b52eb74f9e7a9/library/std/src/thread/mod.rs:476:17
[INFO] [stdout]   61:     0x5647dc735128 - <std::panic::AssertUnwindSafe<F> as core::ops::function::FnOnce<()>>::call_once::hb024e854818586ac
[INFO] [stdout]                                at /rustc/53fd98ca776cb875bc9e5514f56b52eb74f9e7a9/library/std/src/panic.rs:347:9
[INFO] [stdout]   62:     0x5647dc735128 - std::panicking::try::do_call::hb2dd9f1d0d48e41d
[INFO] [stdout]                                at /rustc/53fd98ca776cb875bc9e5514f56b52eb74f9e7a9/library/std/src/panicking.rs:401:40
[INFO] [stdout]   63:     0x5647dc735128 - std::panicking::try::h4717ae7bac8b2bf3
[INFO] [stdout]                                at /rustc/53fd98ca776cb875bc9e5514f56b52eb74f9e7a9/library/std/src/panicking.rs:365:19
[INFO] [stdout]   64:     0x5647dc735128 - std::panic::catch_unwind::h0dc8a061326ce8d8
[INFO] [stdout]                                at /rustc/53fd98ca776cb875bc9e5514f56b52eb74f9e7a9/library/std/src/panic.rs:434:14
[INFO] [stdout]   65:     0x5647dc735128 - std::thread::Builder::spawn_unchecked::{{closure}}::haa369e2d6fd00aa1
[INFO] [stdout]                                at /rustc/53fd98ca776cb875bc9e5514f56b52eb74f9e7a9/library/std/src/thread/mod.rs:475:30
[INFO] [stdout]   66:     0x5647dc735128 - core::ops::function::FnOnce::call_once{{vtable.shim}}::h36dcf3de8b056f17
[INFO] [stdout]                                at /rustc/53fd98ca776cb875bc9e5514f56b52eb74f9e7a9/library/core/src/ops/function.rs:227:5
[INFO] [stdout]   67:     0x5647dc86f5d7 - <alloc::boxed::Box<F,A> as core::ops::function::FnOnce<Args>>::call_once::h65c29e4642be2358
[INFO] [stdout]                                at /rustc/53fd98ca776cb875bc9e5514f56b52eb74f9e7a9/library/alloc/src/boxed.rs:1572:9
[INFO] [stdout]   68:     0x5647dc86f5d7 - <alloc::boxed::Box<F,A> as core::ops::function::FnOnce<Args>>::call_once::hd0f8f7fbbd9fffbf
[INFO] [stdout]                                at /rustc/53fd98ca776cb875bc9e5514f56b52eb74f9e7a9/library/alloc/src/boxed.rs:1572:9
[INFO] [stdout]   69:     0x5647dc86f5d7 - std::sys::unix::thread::Thread::new::thread_start::h2fd22fee3ca77b65
[INFO] [stdout]                                at /rustc/53fd98ca776cb875bc9e5514f56b52eb74f9e7a9/library/std/src/sys/unix/thread.rs:74:17
[INFO] [stdout]   70:     0x7f403ddc4609 - start_thread
[INFO] [stdout]   71:     0x7f403db94293 - clone
[INFO] [stdout]   72:                0x0 - <unknown>
[INFO] [stdout] 
[INFO] [stdout] 
[INFO] [stdout] failures:
[INFO] [stdout]     test::sendmail_transport_simple
[INFO] [stdout] 
[INFO] [stdout] test result: FAILED. 0 passed; 1 failed; 0 ignored; 0 measured; 0 filtered out; finished in 0.04s
[INFO] [stdout] 
[INFO] [stderr] error: test failed, to rerun pass '--test transport_sendmail'
[INFO] running `Command { std: "docker" "inspect" "9309c2787091b5cbb1f35d5a00e71ed62c00c46eaa91c4737fa0ada03e92c191", kill_on_drop: false }`
[INFO] running `Command { std: "docker" "rm" "-f" "9309c2787091b5cbb1f35d5a00e71ed62c00c46eaa91c4737fa0ada03e92c191", kill_on_drop: false }`
[INFO] [stdout] 9309c2787091b5cbb1f35d5a00e71ed62c00c46eaa91c4737fa0ada03e92c191
