[INFO] fetching crate async-injector 0.17.0...
[INFO] testing async-injector-0.17.0 against beta-2021-08-01 for beta-1.55-1
[INFO] extracting crate async-injector 0.17.0 into /workspace/builds/worker-3/source
[INFO] validating manifest of crates.io crate async-injector 0.17.0 on toolchain beta-2021-08-01
[INFO] running `Command { std: "/workspace/cargo-home/bin/cargo" "+beta-2021-08-01" "metadata" "--manifest-path" "Cargo.toml" "--no-deps", kill_on_drop: false }`
[INFO] started tweaking crates.io crate async-injector 0.17.0
[INFO] finished tweaking crates.io crate async-injector 0.17.0
[INFO] tweaked toml for crates.io crate async-injector 0.17.0 written to /workspace/builds/worker-3/source/Cargo.toml
[INFO] crate crates.io crate async-injector 0.17.0 already has a lockfile, it will not be regenerated
[INFO] running `Command { std: "/workspace/cargo-home/bin/cargo" "+beta-2021-08-01" "fetch" "--manifest-path" "Cargo.toml", kill_on_drop: false }`
[INFO] [stderr]     Blocking waiting for file lock on package cache
[INFO] [stderr]     Blocking waiting for file lock on package cache
[INFO] [stderr]  Downloading crates ...
[INFO] [stderr]   Downloaded darling_macro v0.12.0
[INFO] [stderr]   Downloaded darling v0.12.0
[INFO] [stderr]   Downloaded serde_derive v1.0.121
[INFO] [stderr]   Downloaded ahash v0.4.7
[INFO] [stderr]   Downloaded darling_core v0.12.0
[INFO] [stderr]   Downloaded async-injector-derive v0.17.0
[INFO] [stderr]   Downloaded tokio v1.1.0
[INFO] [stderr]   Downloaded serde v1.0.121
[INFO] [stderr]   Downloaded syn v1.0.59
[INFO] [stderr]   Downloaded serde-hashkey v0.4.0
[INFO] running `Command { std: "docker" "create" "-v" "/var/lib/crater-agent-workspace/builds/worker-3/target:/opt/rustwide/target:rw,Z" "-v" "/var/lib/crater-agent-workspace/builds/worker-3/source:/opt/rustwide/workdir:ro,Z" "-v" "/var/lib/crater-agent-workspace/cargo-home:/opt/rustwide/cargo-home:ro,Z" "-v" "/var/lib/crater-agent-workspace/rustup-home:/opt/rustwide/rustup-home:ro,Z" "-e" "SOURCE_DIR=/opt/rustwide/workdir" "-e" "CARGO_TARGET_DIR=/opt/rustwide/target" "-e" "CARGO_HOME=/opt/rustwide/cargo-home" "-e" "RUSTUP_HOME=/opt/rustwide/rustup-home" "-w" "/opt/rustwide/workdir" "-m" "1610612736" "--user" "0:0" "--network" "none" "ghcr.io/rust-lang/crates-build-env/linux@sha256:34b6a614d2c27851fe6cbf88fbd1137609cefab8b10d0615aaeb6fd47975d74e" "/opt/rustwide/cargo-home/bin/cargo" "+beta-2021-08-01" "metadata" "--no-deps" "--format-version=1", kill_on_drop: false }`
[INFO] [stdout] 25a9b3a7f30b3e25942cfa2dc1036bfad1bfe39f739370c2732e72f0107eac54
[INFO] running `Command { std: "docker" "start" "-a" "25a9b3a7f30b3e25942cfa2dc1036bfad1bfe39f739370c2732e72f0107eac54", kill_on_drop: false }`
[INFO] running `Command { std: "docker" "inspect" "25a9b3a7f30b3e25942cfa2dc1036bfad1bfe39f739370c2732e72f0107eac54", kill_on_drop: false }`
[INFO] running `Command { std: "docker" "rm" "-f" "25a9b3a7f30b3e25942cfa2dc1036bfad1bfe39f739370c2732e72f0107eac54", kill_on_drop: false }`
[INFO] [stdout] 25a9b3a7f30b3e25942cfa2dc1036bfad1bfe39f739370c2732e72f0107eac54
[INFO] running `Command { std: "docker" "create" "-v" "/var/lib/crater-agent-workspace/builds/worker-3/target:/opt/rustwide/target:rw,Z" "-v" "/var/lib/crater-agent-workspace/builds/worker-3/source:/opt/rustwide/workdir:ro,Z" "-v" "/var/lib/crater-agent-workspace/cargo-home:/opt/rustwide/cargo-home:ro,Z" "-v" "/var/lib/crater-agent-workspace/rustup-home:/opt/rustwide/rustup-home:ro,Z" "-e" "SOURCE_DIR=/opt/rustwide/workdir" "-e" "CARGO_TARGET_DIR=/opt/rustwide/target" "-e" "CARGO_INCREMENTAL=0" "-e" "RUST_BACKTRACE=full" "-e" "RUSTFLAGS=--cap-lints=warn" "-e" "CARGO_HOME=/opt/rustwide/cargo-home" "-e" "RUSTUP_HOME=/opt/rustwide/rustup-home" "-w" "/opt/rustwide/workdir" "-m" "1610612736" "--user" "0:0" "--network" "none" "ghcr.io/rust-lang/crates-build-env/linux@sha256:34b6a614d2c27851fe6cbf88fbd1137609cefab8b10d0615aaeb6fd47975d74e" "/opt/rustwide/cargo-home/bin/cargo" "+beta-2021-08-01" "build" "--frozen" "--message-format=json", kill_on_drop: false }`
[INFO] [stdout] baa704d990ea76ab6a089f35f283955c770eddcb6877cfeb9ec8946404f0caaf
[INFO] running `Command { std: "docker" "start" "-a" "baa704d990ea76ab6a089f35f283955c770eddcb6877cfeb9ec8946404f0caaf", kill_on_drop: false }`
[INFO] [stderr]     Blocking waiting for file lock on package cache
[INFO] [stderr]    Compiling proc-macro2 v1.0.24
[INFO] [stderr]    Compiling syn v1.0.59
[INFO] [stderr]    Compiling strsim v0.10.0
[INFO] [stderr]    Compiling libc v0.2.81
[INFO] [stderr]    Compiling serde_derive v1.0.121
[INFO] [stderr]    Compiling ident_case v1.0.1
[INFO] [stderr]    Compiling serde v1.0.121
[INFO] [stderr]    Compiling ahash v0.4.7
[INFO] [stderr]    Compiling pin-project-lite v0.2.0
[INFO] [stderr]    Compiling tokio v1.1.0
[INFO] [stderr]    Compiling hashbrown v0.9.1
[INFO] [stderr]    Compiling quote v1.0.8
[INFO] [stderr]    Compiling num_cpus v1.13.0
[INFO] [stderr]    Compiling darling_core v0.12.0
[INFO] [stderr]    Compiling tokio-macros v1.0.0
[INFO] [stderr]    Compiling darling_macro v0.12.0
[INFO] [stderr]    Compiling darling v0.12.0
[INFO] [stderr]    Compiling async-injector-derive v0.17.0
[INFO] [stderr]    Compiling serde-hashkey v0.4.0
[INFO] [stderr]    Compiling async-injector v0.17.0 (/opt/rustwide/workdir)
[INFO] [stderr]     Finished dev [unoptimized + debuginfo] target(s) in 26.00s
[INFO] running `Command { std: "docker" "inspect" "baa704d990ea76ab6a089f35f283955c770eddcb6877cfeb9ec8946404f0caaf", kill_on_drop: false }`
[INFO] running `Command { std: "docker" "rm" "-f" "baa704d990ea76ab6a089f35f283955c770eddcb6877cfeb9ec8946404f0caaf", kill_on_drop: false }`
[INFO] [stdout] baa704d990ea76ab6a089f35f283955c770eddcb6877cfeb9ec8946404f0caaf
[INFO] running `Command { std: "docker" "create" "-v" "/var/lib/crater-agent-workspace/builds/worker-3/target:/opt/rustwide/target:rw,Z" "-v" "/var/lib/crater-agent-workspace/builds/worker-3/source:/opt/rustwide/workdir:ro,Z" "-v" "/var/lib/crater-agent-workspace/cargo-home:/opt/rustwide/cargo-home:ro,Z" "-v" "/var/lib/crater-agent-workspace/rustup-home:/opt/rustwide/rustup-home:ro,Z" "-e" "SOURCE_DIR=/opt/rustwide/workdir" "-e" "CARGO_TARGET_DIR=/opt/rustwide/target" "-e" "CARGO_INCREMENTAL=0" "-e" "RUST_BACKTRACE=full" "-e" "RUSTFLAGS=--cap-lints=warn" "-e" "CARGO_HOME=/opt/rustwide/cargo-home" "-e" "RUSTUP_HOME=/opt/rustwide/rustup-home" "-w" "/opt/rustwide/workdir" "-m" "1610612736" "--user" "0:0" "--network" "none" "ghcr.io/rust-lang/crates-build-env/linux@sha256:34b6a614d2c27851fe6cbf88fbd1137609cefab8b10d0615aaeb6fd47975d74e" "/opt/rustwide/cargo-home/bin/cargo" "+beta-2021-08-01" "test" "--frozen" "--no-run" "--message-format=json", kill_on_drop: false }`
[INFO] [stdout] 9d9b7bebd58674094cafb43c75a532379e687a7c5d436917f1226ef53391ab89
[INFO] running `Command { std: "docker" "start" "-a" "9d9b7bebd58674094cafb43c75a532379e687a7c5d436917f1226ef53391ab89", kill_on_drop: false }`
[INFO] [stderr]    Compiling anyhow v1.0.38
[INFO] [stderr]    Compiling async-injector v0.17.0 (/opt/rustwide/workdir)
[INFO] [stderr]     Finished test [unoptimized + debuginfo] target(s) in 5.07s
[INFO] running `Command { std: "docker" "inspect" "9d9b7bebd58674094cafb43c75a532379e687a7c5d436917f1226ef53391ab89", kill_on_drop: false }`
[INFO] running `Command { std: "docker" "rm" "-f" "9d9b7bebd58674094cafb43c75a532379e687a7c5d436917f1226ef53391ab89", kill_on_drop: false }`
[INFO] [stdout] 9d9b7bebd58674094cafb43c75a532379e687a7c5d436917f1226ef53391ab89
[INFO] running `Command { std: "docker" "create" "-v" "/var/lib/crater-agent-workspace/builds/worker-3/target:/opt/rustwide/target:rw,Z" "-v" "/var/lib/crater-agent-workspace/builds/worker-3/source:/opt/rustwide/workdir:ro,Z" "-v" "/var/lib/crater-agent-workspace/cargo-home:/opt/rustwide/cargo-home:ro,Z" "-v" "/var/lib/crater-agent-workspace/rustup-home:/opt/rustwide/rustup-home:ro,Z" "-e" "SOURCE_DIR=/opt/rustwide/workdir" "-e" "CARGO_TARGET_DIR=/opt/rustwide/target" "-e" "CARGO_INCREMENTAL=0" "-e" "RUST_BACKTRACE=full" "-e" "RUSTFLAGS=--cap-lints=warn" "-e" "CARGO_HOME=/opt/rustwide/cargo-home" "-e" "RUSTUP_HOME=/opt/rustwide/rustup-home" "-w" "/opt/rustwide/workdir" "-m" "1610612736" "--user" "0:0" "--network" "none" "ghcr.io/rust-lang/crates-build-env/linux@sha256:34b6a614d2c27851fe6cbf88fbd1137609cefab8b10d0615aaeb6fd47975d74e" "/opt/rustwide/cargo-home/bin/cargo" "+beta-2021-08-01" "test" "--frozen", kill_on_drop: false }`
[INFO] [stdout] e444b37ee42f91bd3ee4d25e86376f6b31484e34ddd51615be78d09d920988ff
[INFO] running `Command { std: "docker" "start" "-a" "e444b37ee42f91bd3ee4d25e86376f6b31484e34ddd51615be78d09d920988ff", kill_on_drop: false }`
[INFO] [stderr]     Blocking waiting for file lock on package cache
[INFO] [stderr]     Finished test [unoptimized + debuginfo] target(s) in 0.14s
[INFO] [stderr]      Running unittests (/opt/rustwide/target/debug/deps/async_injector-ae2452a7f8e3d3e6)
[INFO] [stdout] 
[INFO] [stdout] running 1 test
[INFO] [stdout] test tests::test_clone ... ok
[INFO] [stdout] 
[INFO] [stdout] test result: ok. 1 passed; 0 failed; 0 ignored; 0 measured; 0 filtered out; finished in 0.00s
[INFO] [stdout] 
[INFO] [stderr]      Running tests/database_test.rs (/opt/rustwide/target/debug/deps/database_test-c7a04153be1cf431)
[INFO] [stdout] 
[INFO] [stdout] running 1 test
[INFO] [stderr]      Running tests/provider_tests.rs (/opt/rustwide/target/debug/deps/provider_tests-b606b90e3b9b3070)
[INFO] [stdout] test test_provider ... ok
[INFO] [stdout] 
[INFO] [stdout] test result: ok. 1 passed; 0 failed; 0 ignored; 0 measured; 0 filtered out; finished in 0.00s
[INFO] [stdout] 
[INFO] [stderr]    Doc-tests async-injector
[INFO] [stdout] 
[INFO] [stdout] running 1 test
[INFO] [stdout] test test_something ... ok
[INFO] [stdout] 
[INFO] [stdout] test result: ok. 1 passed; 0 failed; 0 ignored; 0 measured; 0 filtered out; finished in 0.00s
[INFO] [stdout] 
[INFO] [stdout] 
[INFO] [stdout] running 23 tests
[INFO] [stdout] test src/lib.rs - (line 154) - compile ... ok
[INFO] [stdout] test src/lib.rs - (line 28) - compile ... ok
[INFO] [stdout] test src/lib.rs - (line 74) - compile ... ok
[INFO] [stdout] test src/lib.rs - Key<T>::of (line 1118) ... ok
[INFO] [stdout] test src/lib.rs - Key<T>::tagged (line 1136) ... ok
[INFO] [stdout] test src/lib.rs - Injector::stream_key (line 896) ... FAILED
[INFO] [stdout] test src/lib.rs - Injector::stream (line 856) ... FAILED
[INFO] [stdout] test src/lib.rs - Injector::var (line 963) ... ok
[INFO] [stdout] test src/lib.rs - Injector::get (line 786) ... ok
[INFO] [stdout] test src/lib.rs - Injector::exists (line 653) ... ok
[INFO] [stdout] test src/lib.rs - Injector::update_key (line 619) ... ok
[INFO] [stdout] test src/lib.rs - Injector::get_key (line 807) ... ok
[INFO] [stdout] test src/lib.rs - Ref<T>::read (line 1210) ... ok
[INFO] [stdout] test src/lib.rs - Injector::mutate (line 708) ... ok
[INFO] [stdout] test src/lib.rs - Injector::clear (line 522) ... ok
[INFO] [stdout] test src/lib.rs - Injector::exists_key (line 674) ... ok
[INFO] [stdout] test src/lib.rs - Injector::mutate_key (line 736) ... ok
[INFO] [stdout] test src/lib.rs - Ref<T>::load (line 1247) ... ok
[INFO] [stdout] test src/lib.rs - Injector::new (line 486) ... ok
[INFO] [stdout] test src/lib.rs - Injector::clear_key (line 551) ... ok
[INFO] [stdout] test src/lib.rs - Injector::new (line 471) ... ok
[INFO] [stdout] test src/lib.rs - Injector::update (line 592) ... ok
[INFO] [stdout] test src/lib.rs - Injector::var_key (line 992) ... ok
[INFO] [stdout] 
[INFO] [stdout] failures:
[INFO] [stdout] 
[INFO] [stdout] ---- src/lib.rs - Injector::stream_key (line 896) stdout ----
[INFO] [stdout] Couldn't compile the test.
[INFO] [stdout] ---- src/lib.rs - Injector::stream (line 856) stdout ----
[INFO] [stdout] Couldn't compile the test.
[INFO] [stdout] 
[INFO] [stdout] failures:
[INFO] [stdout]     src/lib.rs - Injector::stream (line 856)
[INFO] [stdout]     src/lib.rs - Injector::stream_key (line 896)
[INFO] [stdout] 
[INFO] [stdout] test result: FAILED. 21 passed; 2 failed; 0 ignored; 0 measured; 0 filtered out; finished in 2.88s
[INFO] [stdout] 
[INFO] [stderr] error: test failed, to rerun pass '--doc'
[INFO] running `Command { std: "docker" "inspect" "e444b37ee42f91bd3ee4d25e86376f6b31484e34ddd51615be78d09d920988ff", kill_on_drop: false }`
[INFO] running `Command { std: "docker" "rm" "-f" "e444b37ee42f91bd3ee4d25e86376f6b31484e34ddd51615be78d09d920988ff", kill_on_drop: false }`
[INFO] [stdout] e444b37ee42f91bd3ee4d25e86376f6b31484e34ddd51615be78d09d920988ff
