[INFO] fetching crate async-injector-derive 0.17.0...
[INFO] testing async-injector-derive-0.17.0 against beta-2021-08-01 for beta-1.55-1
[INFO] extracting crate async-injector-derive 0.17.0 into /workspace/builds/worker-69/source
[INFO] validating manifest of crates.io crate async-injector-derive 0.17.0 on toolchain beta-2021-08-01
[INFO] running `Command { std: "/workspace/cargo-home/bin/cargo" "+beta-2021-08-01" "metadata" "--manifest-path" "Cargo.toml" "--no-deps", kill_on_drop: false }`
[INFO] started tweaking crates.io crate async-injector-derive 0.17.0
[INFO] finished tweaking crates.io crate async-injector-derive 0.17.0
[INFO] tweaked toml for crates.io crate async-injector-derive 0.17.0 written to /workspace/builds/worker-69/source/Cargo.toml
[INFO] running `Command { std: "/workspace/cargo-home/bin/cargo" "+beta-2021-08-01" "generate-lockfile" "--manifest-path" "Cargo.toml" "-Zno-index-update", kill_on_drop: false }`
[INFO] [stderr]     Blocking waiting for file lock on package cache
[INFO] running `Command { std: "/workspace/cargo-home/bin/cargo" "+beta-2021-08-01" "fetch" "--manifest-path" "Cargo.toml", kill_on_drop: false }`
[INFO] [stderr]     Blocking waiting for file lock on package cache
[INFO] [stderr]     Blocking waiting for file lock on package cache
[INFO] running `Command { std: "docker" "create" "-v" "/var/lib/crater-agent-workspace/builds/worker-69/target:/opt/rustwide/target:rw,Z" "-v" "/var/lib/crater-agent-workspace/builds/worker-69/source:/opt/rustwide/workdir:ro,Z" "-v" "/var/lib/crater-agent-workspace/cargo-home:/opt/rustwide/cargo-home:ro,Z" "-v" "/var/lib/crater-agent-workspace/rustup-home:/opt/rustwide/rustup-home:ro,Z" "-e" "SOURCE_DIR=/opt/rustwide/workdir" "-e" "CARGO_TARGET_DIR=/opt/rustwide/target" "-e" "CARGO_HOME=/opt/rustwide/cargo-home" "-e" "RUSTUP_HOME=/opt/rustwide/rustup-home" "-w" "/opt/rustwide/workdir" "-m" "1610612736" "--user" "0:0" "--network" "none" "ghcr.io/rust-lang/crates-build-env/linux@sha256:34b6a614d2c27851fe6cbf88fbd1137609cefab8b10d0615aaeb6fd47975d74e" "/opt/rustwide/cargo-home/bin/cargo" "+beta-2021-08-01" "metadata" "--no-deps" "--format-version=1", kill_on_drop: false }`
[INFO] [stdout] 5211303c840462cbd286579697efd58ae28a90fa3135fe912e9225fcbbd0f7ca
[INFO] running `Command { std: "docker" "start" "-a" "5211303c840462cbd286579697efd58ae28a90fa3135fe912e9225fcbbd0f7ca", kill_on_drop: false }`
[INFO] running `Command { std: "docker" "inspect" "5211303c840462cbd286579697efd58ae28a90fa3135fe912e9225fcbbd0f7ca", kill_on_drop: false }`
[INFO] running `Command { std: "docker" "rm" "-f" "5211303c840462cbd286579697efd58ae28a90fa3135fe912e9225fcbbd0f7ca", kill_on_drop: false }`
[INFO] [stdout] 5211303c840462cbd286579697efd58ae28a90fa3135fe912e9225fcbbd0f7ca
[INFO] running `Command { std: "docker" "create" "-v" "/var/lib/crater-agent-workspace/builds/worker-69/target:/opt/rustwide/target:rw,Z" "-v" "/var/lib/crater-agent-workspace/builds/worker-69/source:/opt/rustwide/workdir:ro,Z" "-v" "/var/lib/crater-agent-workspace/cargo-home:/opt/rustwide/cargo-home:ro,Z" "-v" "/var/lib/crater-agent-workspace/rustup-home:/opt/rustwide/rustup-home:ro,Z" "-e" "SOURCE_DIR=/opt/rustwide/workdir" "-e" "CARGO_TARGET_DIR=/opt/rustwide/target" "-e" "CARGO_INCREMENTAL=0" "-e" "RUST_BACKTRACE=full" "-e" "RUSTFLAGS=--cap-lints=warn" "-e" "CARGO_HOME=/opt/rustwide/cargo-home" "-e" "RUSTUP_HOME=/opt/rustwide/rustup-home" "-w" "/opt/rustwide/workdir" "-m" "1610612736" "--user" "0:0" "--network" "none" "ghcr.io/rust-lang/crates-build-env/linux@sha256:34b6a614d2c27851fe6cbf88fbd1137609cefab8b10d0615aaeb6fd47975d74e" "/opt/rustwide/cargo-home/bin/cargo" "+beta-2021-08-01" "build" "--frozen" "--message-format=json", kill_on_drop: false }`
[INFO] [stdout] 04057f7c263261a6c7b23fe760c45120bdd7da6fa477125a882b5b603bed58db
[INFO] running `Command { std: "docker" "start" "-a" "04057f7c263261a6c7b23fe760c45120bdd7da6fa477125a882b5b603bed58db", kill_on_drop: false }`
[INFO] [stderr]    Compiling syn v1.0.74
[INFO] [stderr]    Compiling ident_case v1.0.1
[INFO] [stderr]    Compiling strsim v0.10.0
[INFO] [stderr]    Compiling darling_core v0.12.4
[INFO] [stderr]    Compiling darling_macro v0.12.4
[INFO] [stderr]    Compiling darling v0.12.4
[INFO] [stderr]    Compiling async-injector-derive v0.17.0 (/opt/rustwide/workdir)
[INFO] [stderr]     Finished dev [unoptimized + debuginfo] target(s) in 17.44s
[INFO] running `Command { std: "docker" "inspect" "04057f7c263261a6c7b23fe760c45120bdd7da6fa477125a882b5b603bed58db", kill_on_drop: false }`
[INFO] running `Command { std: "docker" "rm" "-f" "04057f7c263261a6c7b23fe760c45120bdd7da6fa477125a882b5b603bed58db", kill_on_drop: false }`
[INFO] [stdout] 04057f7c263261a6c7b23fe760c45120bdd7da6fa477125a882b5b603bed58db
[INFO] running `Command { std: "docker" "create" "-v" "/var/lib/crater-agent-workspace/builds/worker-69/target:/opt/rustwide/target:rw,Z" "-v" "/var/lib/crater-agent-workspace/builds/worker-69/source:/opt/rustwide/workdir:ro,Z" "-v" "/var/lib/crater-agent-workspace/cargo-home:/opt/rustwide/cargo-home:ro,Z" "-v" "/var/lib/crater-agent-workspace/rustup-home:/opt/rustwide/rustup-home:ro,Z" "-e" "SOURCE_DIR=/opt/rustwide/workdir" "-e" "CARGO_TARGET_DIR=/opt/rustwide/target" "-e" "CARGO_INCREMENTAL=0" "-e" "RUST_BACKTRACE=full" "-e" "RUSTFLAGS=--cap-lints=warn" "-e" "CARGO_HOME=/opt/rustwide/cargo-home" "-e" "RUSTUP_HOME=/opt/rustwide/rustup-home" "-w" "/opt/rustwide/workdir" "-m" "1610612736" "--user" "0:0" "--network" "none" "ghcr.io/rust-lang/crates-build-env/linux@sha256:34b6a614d2c27851fe6cbf88fbd1137609cefab8b10d0615aaeb6fd47975d74e" "/opt/rustwide/cargo-home/bin/cargo" "+beta-2021-08-01" "test" "--frozen" "--no-run" "--message-format=json", kill_on_drop: false }`
[INFO] [stdout] f36f5b8e93b804201adc1012b6f6f0ce606175822a338a27b9fcc193afa7ced8
[INFO] running `Command { std: "docker" "start" "-a" "f36f5b8e93b804201adc1012b6f6f0ce606175822a338a27b9fcc193afa7ced8", kill_on_drop: false }`
[INFO] [stderr]    Compiling serde_derive v1.0.127
[INFO] [stderr]    Compiling serde v1.0.127
[INFO] [stderr]    Compiling futures-core v0.3.16
[INFO] [stderr]    Compiling ahash v0.4.7
[INFO] [stderr]    Compiling tokio v1.9.0
[INFO] [stderr]    Compiling tokio-macros v1.3.0
[INFO] [stderr]    Compiling async-injector-derive v0.17.0
[INFO] [stderr]    Compiling hashbrown v0.9.1
[INFO] [stderr]    Compiling tokio-stream v0.1.7
[INFO] [stderr]    Compiling serde-hashkey v0.4.0
[INFO] [stderr]    Compiling async-injector v0.17.0
[INFO] [stderr]    Compiling async-injector-derive v0.17.0 (/opt/rustwide/workdir)
[INFO] [stderr]     Finished test [unoptimized + debuginfo] target(s) in 11.20s
[INFO] running `Command { std: "docker" "inspect" "f36f5b8e93b804201adc1012b6f6f0ce606175822a338a27b9fcc193afa7ced8", kill_on_drop: false }`
[INFO] running `Command { std: "docker" "rm" "-f" "f36f5b8e93b804201adc1012b6f6f0ce606175822a338a27b9fcc193afa7ced8", kill_on_drop: false }`
[INFO] [stdout] f36f5b8e93b804201adc1012b6f6f0ce606175822a338a27b9fcc193afa7ced8
[INFO] running `Command { std: "docker" "create" "-v" "/var/lib/crater-agent-workspace/builds/worker-69/target:/opt/rustwide/target:rw,Z" "-v" "/var/lib/crater-agent-workspace/builds/worker-69/source:/opt/rustwide/workdir:ro,Z" "-v" "/var/lib/crater-agent-workspace/cargo-home:/opt/rustwide/cargo-home:ro,Z" "-v" "/var/lib/crater-agent-workspace/rustup-home:/opt/rustwide/rustup-home:ro,Z" "-e" "SOURCE_DIR=/opt/rustwide/workdir" "-e" "CARGO_TARGET_DIR=/opt/rustwide/target" "-e" "CARGO_INCREMENTAL=0" "-e" "RUST_BACKTRACE=full" "-e" "RUSTFLAGS=--cap-lints=warn" "-e" "CARGO_HOME=/opt/rustwide/cargo-home" "-e" "RUSTUP_HOME=/opt/rustwide/rustup-home" "-w" "/opt/rustwide/workdir" "-m" "1610612736" "--user" "0:0" "--network" "none" "ghcr.io/rust-lang/crates-build-env/linux@sha256:34b6a614d2c27851fe6cbf88fbd1137609cefab8b10d0615aaeb6fd47975d74e" "/opt/rustwide/cargo-home/bin/cargo" "+beta-2021-08-01" "test" "--frozen", kill_on_drop: false }`
[INFO] [stdout] 5030489a19e9091ab34f71686cd13048fbe944ae25402cf5913a52a94271de3a
[INFO] running `Command { std: "docker" "start" "-a" "5030489a19e9091ab34f71686cd13048fbe944ae25402cf5913a52a94271de3a", kill_on_drop: false }`
[INFO] [stderr]     Blocking waiting for file lock on package cache
[INFO] [stderr]     Finished test [unoptimized + debuginfo] target(s) in 0.12s
[INFO] [stderr]      Running unittests (/opt/rustwide/target/debug/deps/async_injector_derive-b7a31a1940a9685d)
[INFO] [stdout] 
[INFO] [stdout] running 0 tests
[INFO] [stdout] 
[INFO] [stdout] test result: ok. 0 passed; 0 failed; 0 ignored; 0 measured; 0 filtered out; finished in 0.00s
[INFO] [stdout] 
[INFO] [stderr]    Doc-tests async-injector-derive
[INFO] [stdout] 
[INFO] [stdout] running 4 tests
[INFO] [stdout] test src/lib.rs - provider_derive (line 46) - compile ... ok
[INFO] [stdout] test src/lib.rs - provider_derive (line 93) - compile ... ok
[INFO] [stdout] test src/lib.rs - provider_derive (line 107) - compile ... FAILED
[INFO] [stdout] test src/lib.rs - provider_derive (line 21) ... ok
[INFO] [stdout] 
[INFO] [stdout] failures:
[INFO] [stdout] 
[INFO] [stdout] ---- src/lib.rs - provider_derive (line 107) stdout ----
[INFO] [stdout] error[E0599]: the method `next` exists for struct `async_injector::Stream<Database>`, but its trait bounds were not satisfied
[INFO] [stdout]    --> src/lib.rs:172:6
[INFO] [stdout]     |
[INFO] [stdout] 66  |     .next()
[INFO] [stdout]     |      ^^^^ method cannot be called on `async_injector::Stream<Database>` due to unsatisfied trait bounds
[INFO] [stdout]     | 
[INFO] [stdout]    ::: /opt/rustwide/cargo-home/registry/src/github.com-1ecc6299db9ec823/async-injector-0.17.0/src/lib.rs:315:1
[INFO] [stdout]     |
[INFO] [stdout] 315 | pub struct Stream<T> {
[INFO] [stdout]     | --------------------
[INFO] [stdout]     | |
[INFO] [stdout]     | doesn't satisfy `_: tokio_stream::Stream`
[INFO] [stdout]     | doesn't satisfy `async_injector::Stream<Database>: StreamExt`
[INFO] [stdout]     |
[INFO] [stdout]     = note: the following trait bounds were not satisfied:
[INFO] [stdout]             `async_injector::Stream<Database>: tokio_stream::Stream`
[INFO] [stdout]             which is required by `async_injector::Stream<Database>: StreamExt`
[INFO] [stdout] 
[INFO] [stdout] error: aborting due to previous error
[INFO] [stdout] 
[INFO] [stdout] For more information about this error, try `rustc --explain E0599`.
[INFO] [stdout] Couldn't compile the test.
[INFO] [stdout] 
[INFO] [stdout] failures:
[INFO] [stdout]     src/lib.rs - provider_derive (line 107)
[INFO] [stdout] 
[INFO] [stdout] test result: FAILED. 3 passed; 1 failed; 0 ignored; 0 measured; 0 filtered out; finished in 0.57s
[INFO] [stdout] 
[INFO] [stderr] error: test failed, to rerun pass '--doc'
[INFO] running `Command { std: "docker" "inspect" "5030489a19e9091ab34f71686cd13048fbe944ae25402cf5913a52a94271de3a", kill_on_drop: false }`
[INFO] running `Command { std: "docker" "rm" "-f" "5030489a19e9091ab34f71686cd13048fbe944ae25402cf5913a52a94271de3a", kill_on_drop: false }`
[INFO] [stdout] 5030489a19e9091ab34f71686cd13048fbe944ae25402cf5913a52a94271de3a
