[INFO] fetching crate async-graphql-relay-derive 0.3.0...
[INFO] testing async-graphql-relay-derive-0.3.0 against beta-2021-08-01 for beta-1.55-1
[INFO] extracting crate async-graphql-relay-derive 0.3.0 into /workspace/builds/worker-107/source
[INFO] validating manifest of crates.io crate async-graphql-relay-derive 0.3.0 on toolchain beta-2021-08-01
[INFO] running `Command { std: "/workspace/cargo-home/bin/cargo" "+beta-2021-08-01" "metadata" "--manifest-path" "Cargo.toml" "--no-deps", kill_on_drop: false }`
[INFO] started tweaking crates.io crate async-graphql-relay-derive 0.3.0
[INFO] finished tweaking crates.io crate async-graphql-relay-derive 0.3.0
[INFO] tweaked toml for crates.io crate async-graphql-relay-derive 0.3.0 written to /workspace/builds/worker-107/source/Cargo.toml
[INFO] running `Command { std: "/workspace/cargo-home/bin/cargo" "+beta-2021-08-01" "generate-lockfile" "--manifest-path" "Cargo.toml" "-Zno-index-update", kill_on_drop: false }`
[INFO] [stderr]     Blocking waiting for file lock on package cache
[INFO] running `Command { std: "/workspace/cargo-home/bin/cargo" "+beta-2021-08-01" "fetch" "--manifest-path" "Cargo.toml", kill_on_drop: false }`
[INFO] [stderr]     Blocking waiting for file lock on package cache
[INFO] running `Command { std: "docker" "create" "-v" "/var/lib/crater-agent-workspace/builds/worker-107/target:/opt/rustwide/target:rw,Z" "-v" "/var/lib/crater-agent-workspace/builds/worker-107/source:/opt/rustwide/workdir:ro,Z" "-v" "/var/lib/crater-agent-workspace/cargo-home:/opt/rustwide/cargo-home:ro,Z" "-v" "/var/lib/crater-agent-workspace/rustup-home:/opt/rustwide/rustup-home:ro,Z" "-e" "SOURCE_DIR=/opt/rustwide/workdir" "-e" "CARGO_TARGET_DIR=/opt/rustwide/target" "-e" "CARGO_HOME=/opt/rustwide/cargo-home" "-e" "RUSTUP_HOME=/opt/rustwide/rustup-home" "-w" "/opt/rustwide/workdir" "-m" "1610612736" "--user" "0:0" "--network" "none" "ghcr.io/rust-lang/crates-build-env/linux@sha256:34b6a614d2c27851fe6cbf88fbd1137609cefab8b10d0615aaeb6fd47975d74e" "/opt/rustwide/cargo-home/bin/cargo" "+beta-2021-08-01" "metadata" "--no-deps" "--format-version=1", kill_on_drop: false }`
[INFO] [stdout] 7d9c49e6a77d81fd6bf3213628751d56bede823e740550f704a9cf45a8815476
[INFO] running `Command { std: "docker" "start" "-a" "7d9c49e6a77d81fd6bf3213628751d56bede823e740550f704a9cf45a8815476", kill_on_drop: false }`
[INFO] running `Command { std: "docker" "inspect" "7d9c49e6a77d81fd6bf3213628751d56bede823e740550f704a9cf45a8815476", kill_on_drop: false }`
[INFO] running `Command { std: "docker" "rm" "-f" "7d9c49e6a77d81fd6bf3213628751d56bede823e740550f704a9cf45a8815476", kill_on_drop: false }`
[INFO] [stdout] 7d9c49e6a77d81fd6bf3213628751d56bede823e740550f704a9cf45a8815476
[INFO] running `Command { std: "docker" "create" "-v" "/var/lib/crater-agent-workspace/builds/worker-107/target:/opt/rustwide/target:rw,Z" "-v" "/var/lib/crater-agent-workspace/builds/worker-107/source:/opt/rustwide/workdir:ro,Z" "-v" "/var/lib/crater-agent-workspace/cargo-home:/opt/rustwide/cargo-home:ro,Z" "-v" "/var/lib/crater-agent-workspace/rustup-home:/opt/rustwide/rustup-home:ro,Z" "-e" "SOURCE_DIR=/opt/rustwide/workdir" "-e" "CARGO_TARGET_DIR=/opt/rustwide/target" "-e" "CARGO_INCREMENTAL=0" "-e" "RUST_BACKTRACE=full" "-e" "RUSTFLAGS=--cap-lints=warn" "-e" "CARGO_HOME=/opt/rustwide/cargo-home" "-e" "RUSTUP_HOME=/opt/rustwide/rustup-home" "-w" "/opt/rustwide/workdir" "-m" "1610612736" "--user" "0:0" "--network" "none" "ghcr.io/rust-lang/crates-build-env/linux@sha256:34b6a614d2c27851fe6cbf88fbd1137609cefab8b10d0615aaeb6fd47975d74e" "/opt/rustwide/cargo-home/bin/cargo" "+beta-2021-08-01" "build" "--frozen" "--message-format=json", kill_on_drop: false }`
[INFO] [stdout] 47d7e9a886f8fecbe20e3b1b6bf21776485e62b4e9b17d1c5a21774ae1d8c5e9
[INFO] running `Command { std: "docker" "start" "-a" "47d7e9a886f8fecbe20e3b1b6bf21776485e62b4e9b17d1c5a21774ae1d8c5e9", kill_on_drop: false }`
[INFO] [stderr]     Blocking waiting for file lock on package cache
[INFO] [stderr]    Compiling proc-macro2 v1.0.28
[INFO] [stderr]    Compiling quote v1.0.9
[INFO] [stderr]    Compiling syn v1.0.74
[INFO] [stderr]    Compiling async-graphql-relay-derive v0.3.0 (/opt/rustwide/workdir)
[INFO] [stderr]     Finished dev [unoptimized + debuginfo] target(s) in 12.06s
[INFO] running `Command { std: "docker" "inspect" "47d7e9a886f8fecbe20e3b1b6bf21776485e62b4e9b17d1c5a21774ae1d8c5e9", kill_on_drop: false }`
[INFO] running `Command { std: "docker" "rm" "-f" "47d7e9a886f8fecbe20e3b1b6bf21776485e62b4e9b17d1c5a21774ae1d8c5e9", kill_on_drop: false }`
[INFO] [stdout] 47d7e9a886f8fecbe20e3b1b6bf21776485e62b4e9b17d1c5a21774ae1d8c5e9
[INFO] running `Command { std: "docker" "create" "-v" "/var/lib/crater-agent-workspace/builds/worker-107/target:/opt/rustwide/target:rw,Z" "-v" "/var/lib/crater-agent-workspace/builds/worker-107/source:/opt/rustwide/workdir:ro,Z" "-v" "/var/lib/crater-agent-workspace/cargo-home:/opt/rustwide/cargo-home:ro,Z" "-v" "/var/lib/crater-agent-workspace/rustup-home:/opt/rustwide/rustup-home:ro,Z" "-e" "SOURCE_DIR=/opt/rustwide/workdir" "-e" "CARGO_TARGET_DIR=/opt/rustwide/target" "-e" "CARGO_INCREMENTAL=0" "-e" "RUST_BACKTRACE=full" "-e" "RUSTFLAGS=--cap-lints=warn" "-e" "CARGO_HOME=/opt/rustwide/cargo-home" "-e" "RUSTUP_HOME=/opt/rustwide/rustup-home" "-w" "/opt/rustwide/workdir" "-m" "1610612736" "--user" "0:0" "--network" "none" "ghcr.io/rust-lang/crates-build-env/linux@sha256:34b6a614d2c27851fe6cbf88fbd1137609cefab8b10d0615aaeb6fd47975d74e" "/opt/rustwide/cargo-home/bin/cargo" "+beta-2021-08-01" "test" "--frozen" "--no-run" "--message-format=json", kill_on_drop: false }`
[INFO] [stdout] 40f2461992108c944ffe0e99a2cd948c92d05e180b9dbb8022dae731060d29c9
[INFO] running `Command { std: "docker" "start" "-a" "40f2461992108c944ffe0e99a2cd948c92d05e180b9dbb8022dae731060d29c9", kill_on_drop: false }`
[INFO] [stderr]    Compiling async-graphql-relay-derive v0.3.0 (/opt/rustwide/workdir)
[INFO] [stderr]     Finished test [unoptimized + debuginfo] target(s) in 0.56s
[INFO] running `Command { std: "docker" "inspect" "40f2461992108c944ffe0e99a2cd948c92d05e180b9dbb8022dae731060d29c9", kill_on_drop: false }`
[INFO] running `Command { std: "docker" "rm" "-f" "40f2461992108c944ffe0e99a2cd948c92d05e180b9dbb8022dae731060d29c9", kill_on_drop: false }`
[INFO] [stdout] 40f2461992108c944ffe0e99a2cd948c92d05e180b9dbb8022dae731060d29c9
[INFO] running `Command { std: "docker" "create" "-v" "/var/lib/crater-agent-workspace/builds/worker-107/target:/opt/rustwide/target:rw,Z" "-v" "/var/lib/crater-agent-workspace/builds/worker-107/source:/opt/rustwide/workdir:ro,Z" "-v" "/var/lib/crater-agent-workspace/cargo-home:/opt/rustwide/cargo-home:ro,Z" "-v" "/var/lib/crater-agent-workspace/rustup-home:/opt/rustwide/rustup-home:ro,Z" "-e" "SOURCE_DIR=/opt/rustwide/workdir" "-e" "CARGO_TARGET_DIR=/opt/rustwide/target" "-e" "CARGO_INCREMENTAL=0" "-e" "RUST_BACKTRACE=full" "-e" "RUSTFLAGS=--cap-lints=warn" "-e" "CARGO_HOME=/opt/rustwide/cargo-home" "-e" "RUSTUP_HOME=/opt/rustwide/rustup-home" "-w" "/opt/rustwide/workdir" "-m" "1610612736" "--user" "0:0" "--network" "none" "ghcr.io/rust-lang/crates-build-env/linux@sha256:34b6a614d2c27851fe6cbf88fbd1137609cefab8b10d0615aaeb6fd47975d74e" "/opt/rustwide/cargo-home/bin/cargo" "+beta-2021-08-01" "test" "--frozen", kill_on_drop: false }`
[INFO] [stdout] 1ca5db4c4a371181d33d81c4a7652972f63851fde233643be124beefb9c3b193
[INFO] running `Command { std: "docker" "start" "-a" "1ca5db4c4a371181d33d81c4a7652972f63851fde233643be124beefb9c3b193", kill_on_drop: false }`
[INFO] [stderr]     Blocking waiting for file lock on package cache
[INFO] [stderr]     Finished test [unoptimized + debuginfo] target(s) in 0.05s
[INFO] [stderr]      Running unittests (/opt/rustwide/target/debug/deps/async_graphql_relay_derive-dff4120fef0350ee)
[INFO] [stdout] 
[INFO] [stdout] running 0 tests
[INFO] [stdout] 
[INFO] [stdout] test result: ok. 0 passed; 0 failed; 0 ignored; 0 measured; 0 filtered out; finished in 0.00s
[INFO] [stdout] 
[INFO] [stderr]    Doc-tests async-graphql-relay-derive
[INFO] [stdout] 
[INFO] [stdout] running 2 tests
[INFO] [stdout] test src/lib.rs - derive_relay_global_id (line 10) ... FAILED
[INFO] [stdout] test src/lib.rs - derive_relay_node (line 62) ... FAILED
[INFO] [stdout] 
[INFO] [stdout] failures:
[INFO] [stdout] 
[INFO] [stdout] ---- src/lib.rs - derive_relay_global_id (line 10) stdout ----
[INFO] [stdout] error: cannot find derive macro `SimpleObject` in this scope
[INFO] [stdout]   --> src/lib.rs:19:10
[INFO] [stdout]    |
[INFO] [stdout] 11 | #[derive(SimpleObject)]
[INFO] [stdout]    |          ^^^^^^^^^^^^
[INFO] [stdout] 
[INFO] [stdout] error: cannot find derive macro `RelayGlobalID` in this scope
[INFO] [stdout]  --> src/lib.rs:11:10
[INFO] [stdout]   |
[INFO] [stdout] 3 | #[derive(RelayGlobalID)]
[INFO] [stdout]   |          ^^^^^^^^^^^^^
[INFO] [stdout] 
[INFO] [stdout] error[E0412]: cannot find type `SchemaNodeTypes` in this scope
[INFO] [stdout]  --> src/lib.rs:15:9
[INFO] [stdout]   |
[INFO] [stdout] 7 |     pub SchemaNodeTypes,
[INFO] [stdout]   |         ^^^^^^^^^^^^^^^ not found in this scope
[INFO] [stdout] 
[INFO] [stdout] error: aborting due to 3 previous errors
[INFO] [stdout] 
[INFO] [stdout] For more information about this error, try `rustc --explain E0412`.
[INFO] [stdout] Couldn't compile the test.
[INFO] [stdout] ---- src/lib.rs - derive_relay_node (line 62) stdout ----
[INFO] [stdout] error: cannot find attribute `Object` in this scope
[INFO] [stdout]   --> src/lib.rs:91:3
[INFO] [stdout]    |
[INFO] [stdout] 31 | #[Object]
[INFO] [stdout]    |   ^^^^^^
[INFO] [stdout] 
[INFO] [stdout] error: cannot find derive macro `SimpleObject` in this scope
[INFO] [stdout]   --> src/lib.rs:70:10
[INFO] [stdout]    |
[INFO] [stdout] 10 | #[derive(SimpleObject)]
[INFO] [stdout]    |          ^^^^^^^^^^^^
[INFO] [stdout] 
[INFO] [stdout] error: cannot find derive macro `Interface` in this scope
[INFO] [stdout]  --> src/lib.rs:63:10
[INFO] [stdout]   |
[INFO] [stdout] 3 | #[derive(Interface, RelayNodeEnum)]
[INFO] [stdout]   |          ^^^^^^^^^
[INFO] [stdout] 
[INFO] [stdout] error: cannot find derive macro `RelayNodeEnum` in this scope
[INFO] [stdout]  --> src/lib.rs:63:21
[INFO] [stdout]   |
[INFO] [stdout] 3 | #[derive(Interface, RelayNodeEnum)]
[INFO] [stdout]   |                     ^^^^^^^^^^^^^
[INFO] [stdout] 
[INFO] [stdout] error: cannot find attribute `graphql` in this scope
[INFO] [stdout]  --> src/lib.rs:64:3
[INFO] [stdout]   |
[INFO] [stdout] 4 | #[graphql(field(name = "id", type = "String"))]
[INFO] [stdout]   |   ^^^^^^^
[INFO] [stdout] 
[INFO] [stdout] error[E0433]: failed to resolve: use of undeclared type `SchemaNodeTypes`
[INFO] [stdout]   --> src/lib.rs:82:28
[INFO] [stdout]    |
[INFO] [stdout] 22 |                 id: ID(id, SchemaNodeTypes::User),
[INFO] [stdout]    |                            ^^^^^^^^^^^^^^^ use of undeclared type `SchemaNodeTypes`
[INFO] [stdout] 
[INFO] [stdout] error[E0433]: failed to resolve: use of undeclared type `RelayContext`
[INFO] [stdout]   --> src/lib.rs:95:19
[INFO] [stdout]    |
[INFO] [stdout] 35 |         Node::get(RelayContext::nil(), id).await
[INFO] [stdout]    |                   ^^^^^^^^^^^^ use of undeclared type `RelayContext`
[INFO] [stdout] 
[INFO] [stdout] error[E0412]: cannot find type `ID` in this scope
[INFO] [stdout]   --> src/lib.rs:72:13
[INFO] [stdout]    |
[INFO] [stdout] 12 |     pub id: ID,
[INFO] [stdout]    |             ^^ not found in this scope
[INFO] [stdout] 
[INFO] [stdout] error[E0412]: cannot find type `RelayContext` in this scope
[INFO] [stdout]   --> src/lib.rs:78:28
[INFO] [stdout]    |
[INFO] [stdout] 18 |     pub async fn get(_ctx: RelayContext, id: String) -> Option<Node> {
[INFO] [stdout]    |                            ^^^^^^^^^^^^ not found in this scope
[INFO] [stdout] 
[INFO] [stdout] error[E0425]: cannot find function, tuple struct or tuple variant `ID` in this scope
[INFO] [stdout]   --> src/lib.rs:82:21
[INFO] [stdout]    |
[INFO] [stdout] 22 |                 id: ID(id, SchemaNodeTypes::User),
[INFO] [stdout]    |                     ^^ not found in this scope
[INFO] [stdout] 
[INFO] [stdout] error[E0412]: cannot find type `QueryRoot` in this scope
[INFO] [stdout]   --> src/lib.rs:92:6
[INFO] [stdout]    |
[INFO] [stdout] 32 | impl QueryRoot {
[INFO] [stdout]    |      ^^^^^^^^^ not found in this scope
[INFO] [stdout] 
[INFO] [stdout] error[E0277]: the trait bound `Node: From<User>` is not satisfied
[INFO] [stdout]   --> src/lib.rs:81:13
[INFO] [stdout]    |
[INFO] [stdout] 21 | /             User {
[INFO] [stdout] 22 | |                 id: ID(id, SchemaNodeTypes::User),
[INFO] [stdout] 23 | |                 name: "Oscar".to_string(),
[INFO] [stdout] 24 | |             }
[INFO] [stdout] 25 | |             .into(),
[INFO] [stdout]    | |___________________^ the trait `From<User>` is not implemented for `Node`
[INFO] [stdout]    |
[INFO] [stdout]    = note: required because of the requirements on the impl of `Into<Node>` for `User`
[INFO] [stdout] 
[INFO] [stdout] error[E0599]: no variant or associated item named `get` found for enum `Node` in the current scope
[INFO] [stdout]   --> src/lib.rs:95:15
[INFO] [stdout]    |
[INFO] [stdout] 5  | pub enum Node {
[INFO] [stdout]    | ------------- variant or associated item `get` not found here
[INFO] [stdout] ...
[INFO] [stdout] 35 |         Node::get(RelayContext::nil(), id).await
[INFO] [stdout]    |               ^^^ variant or associated item not found in `Node`
[INFO] [stdout]    |
[INFO] [stdout]    = help: items from traits can only be used if the trait is implemented and in scope
[INFO] [stdout]    = note: the following trait defines an item `get`, perhaps you need to implement it:
[INFO] [stdout]            candidate #1: `SliceIndex`
[INFO] [stdout] 
[INFO] [stdout] error: aborting due to 13 previous errors
[INFO] [stdout] 
[INFO] [stdout] Some errors have detailed explanations: E0277, E0412, E0425, E0433, E0599.
[INFO] [stdout] For more information about an error, try `rustc --explain E0277`.
[INFO] [stdout] Couldn't compile the test.
[INFO] [stdout] 
[INFO] [stdout] failures:
[INFO] [stdout]     src/lib.rs - derive_relay_global_id (line 10)
[INFO] [stdout]     src/lib.rs - derive_relay_node (line 62)
[INFO] [stdout] 
[INFO] [stdout] test result: FAILED. 0 passed; 2 failed; 0 ignored; 0 measured; 0 filtered out; finished in 0.24s
[INFO] [stdout] 
[INFO] [stderr] error: test failed, to rerun pass '--doc'
[INFO] running `Command { std: "docker" "inspect" "1ca5db4c4a371181d33d81c4a7652972f63851fde233643be124beefb9c3b193", kill_on_drop: false }`
[INFO] running `Command { std: "docker" "rm" "-f" "1ca5db4c4a371181d33d81c4a7652972f63851fde233643be124beefb9c3b193", kill_on_drop: false }`
[INFO] [stdout] 1ca5db4c4a371181d33d81c4a7652972f63851fde233643be124beefb9c3b193
