[INFO] fetching crate async-gitlib 0.0.2...
[INFO] testing async-gitlib-0.0.2 against beta-2021-08-01 for beta-1.55-1
[INFO] extracting crate async-gitlib 0.0.2 into /workspace/builds/worker-45/source
[INFO] validating manifest of crates.io crate async-gitlib 0.0.2 on toolchain beta-2021-08-01
[INFO] running `Command { std: "/workspace/cargo-home/bin/cargo" "+beta-2021-08-01" "metadata" "--manifest-path" "Cargo.toml" "--no-deps", kill_on_drop: false }`
[INFO] started tweaking crates.io crate async-gitlib 0.0.2
[INFO] finished tweaking crates.io crate async-gitlib 0.0.2
[INFO] tweaked toml for crates.io crate async-gitlib 0.0.2 written to /workspace/builds/worker-45/source/Cargo.toml
[INFO] running `Command { std: "/workspace/cargo-home/bin/cargo" "+beta-2021-08-01" "generate-lockfile" "--manifest-path" "Cargo.toml" "-Zno-index-update", kill_on_drop: false }`
[INFO] [stderr]     Blocking waiting for file lock on package cache
[INFO] running `Command { std: "/workspace/cargo-home/bin/cargo" "+beta-2021-08-01" "fetch" "--manifest-path" "Cargo.toml", kill_on_drop: false }`
[INFO] [stderr]     Blocking waiting for file lock on package cache
[INFO] [stderr]  Downloading crates ...
[INFO] [stderr]   Downloaded jobserver v0.1.23
[INFO] [stderr]   Downloaded libssh2-sys v0.2.21
[INFO] [stderr]   Downloaded git2 v0.13.20
[INFO] [stderr]   Downloaded libz-sys v1.1.3
[INFO] [stderr]   Downloaded libgit2-sys v0.12.21+1.1.0
[INFO] running `Command { std: "docker" "create" "-v" "/var/lib/crater-agent-workspace/builds/worker-45/target:/opt/rustwide/target:rw,Z" "-v" "/var/lib/crater-agent-workspace/builds/worker-45/source:/opt/rustwide/workdir:ro,Z" "-v" "/var/lib/crater-agent-workspace/cargo-home:/opt/rustwide/cargo-home:ro,Z" "-v" "/var/lib/crater-agent-workspace/rustup-home:/opt/rustwide/rustup-home:ro,Z" "-e" "SOURCE_DIR=/opt/rustwide/workdir" "-e" "CARGO_TARGET_DIR=/opt/rustwide/target" "-e" "CARGO_HOME=/opt/rustwide/cargo-home" "-e" "RUSTUP_HOME=/opt/rustwide/rustup-home" "-w" "/opt/rustwide/workdir" "-m" "1610612736" "--user" "0:0" "--network" "none" "ghcr.io/rust-lang/crates-build-env/linux@sha256:34b6a614d2c27851fe6cbf88fbd1137609cefab8b10d0615aaeb6fd47975d74e" "/opt/rustwide/cargo-home/bin/cargo" "+beta-2021-08-01" "metadata" "--no-deps" "--format-version=1", kill_on_drop: false }`
[INFO] [stdout] bc8db75821a54d5dd2c2dd014248ff825a8608d3cdd33bf8b7264cc985b6bf8a
[INFO] running `Command { std: "docker" "start" "-a" "bc8db75821a54d5dd2c2dd014248ff825a8608d3cdd33bf8b7264cc985b6bf8a", kill_on_drop: false }`
[INFO] running `Command { std: "docker" "inspect" "bc8db75821a54d5dd2c2dd014248ff825a8608d3cdd33bf8b7264cc985b6bf8a", kill_on_drop: false }`
[INFO] running `Command { std: "docker" "rm" "-f" "bc8db75821a54d5dd2c2dd014248ff825a8608d3cdd33bf8b7264cc985b6bf8a", kill_on_drop: false }`
[INFO] [stdout] bc8db75821a54d5dd2c2dd014248ff825a8608d3cdd33bf8b7264cc985b6bf8a
[INFO] running `Command { std: "docker" "create" "-v" "/var/lib/crater-agent-workspace/builds/worker-45/target:/opt/rustwide/target:rw,Z" "-v" "/var/lib/crater-agent-workspace/builds/worker-45/source:/opt/rustwide/workdir:ro,Z" "-v" "/var/lib/crater-agent-workspace/cargo-home:/opt/rustwide/cargo-home:ro,Z" "-v" "/var/lib/crater-agent-workspace/rustup-home:/opt/rustwide/rustup-home:ro,Z" "-e" "SOURCE_DIR=/opt/rustwide/workdir" "-e" "CARGO_TARGET_DIR=/opt/rustwide/target" "-e" "CARGO_INCREMENTAL=0" "-e" "RUST_BACKTRACE=full" "-e" "RUSTFLAGS=--cap-lints=warn" "-e" "CARGO_HOME=/opt/rustwide/cargo-home" "-e" "RUSTUP_HOME=/opt/rustwide/rustup-home" "-w" "/opt/rustwide/workdir" "-m" "1610612736" "--user" "0:0" "--network" "none" "ghcr.io/rust-lang/crates-build-env/linux@sha256:34b6a614d2c27851fe6cbf88fbd1137609cefab8b10d0615aaeb6fd47975d74e" "/opt/rustwide/cargo-home/bin/cargo" "+beta-2021-08-01" "build" "--frozen" "--message-format=json", kill_on_drop: false }`
[INFO] [stdout] c7dc97818bdd4a659a296b18d42f6b257d9a69d08d0603993ce978765db22a9a
[INFO] running `Command { std: "docker" "start" "-a" "c7dc97818bdd4a659a296b18d42f6b257d9a69d08d0603993ce978765db22a9a", kill_on_drop: false }`
[INFO] [stderr]     Blocking waiting for file lock on package cache
[INFO] [stderr]    Compiling futures-core v0.3.16
[INFO] [stderr]    Compiling log v0.4.14
[INFO] [stderr]    Compiling cache-padded v1.1.1
[INFO] [stderr]    Compiling futures-io v0.3.16
[INFO] [stderr]    Compiling waker-fn v1.1.0
[INFO] [stderr]    Compiling fastrand v1.5.0
[INFO] [stderr]    Compiling event-listener v2.5.1
[INFO] [stderr]    Compiling parking v2.0.0
[INFO] [stderr]    Compiling signal-hook v0.3.9
[INFO] [stderr]    Compiling async-task v4.0.3
[INFO] [stderr]    Compiling atomic-waker v1.0.0
[INFO] [stderr]    Compiling openssl-probe v0.1.4
[INFO] [stderr]    Compiling value-bag v1.0.0-alpha.7
[INFO] [stderr]    Compiling tinyvec v1.3.1
[INFO] [stderr]    Compiling unicode-bidi v0.3.5
[INFO] [stderr]    Compiling jobserver v0.1.23
[INFO] [stderr]    Compiling socket2 v0.4.1
[INFO] [stderr]    Compiling ctor v0.1.20
[INFO] [stderr]    Compiling async-attributes v1.1.2
[INFO] [stderr]    Compiling concurrent-queue v1.2.2
[INFO] [stderr]    Compiling async-mutex v1.4.0
[INFO] [stderr]    Compiling async-lock v2.4.0
[INFO] [stderr]    Compiling cc v1.0.69
[INFO] [stderr]    Compiling futures-lite v1.12.0
[INFO] [stderr]    Compiling async-channel v1.6.1
[INFO] [stderr]    Compiling unicode-normalization v0.1.19
[INFO] [stderr]    Compiling openssl-sys v0.9.65
[INFO] [stderr]    Compiling libz-sys v1.1.3
[INFO] [stderr]    Compiling libssh2-sys v0.2.21
[INFO] [stderr]    Compiling libgit2-sys v0.12.21+1.1.0
[INFO] [stderr]    Compiling blocking v1.0.2
[INFO] [stderr]    Compiling async-executor v1.4.1
[INFO] [stderr]    Compiling idna v0.2.3
[INFO] [stderr]    Compiling polling v2.1.0
[INFO] [stderr]    Compiling kv-log-macro v1.0.7
[INFO] [stderr]    Compiling async-io v1.6.0
[INFO] [stderr]    Compiling url v2.2.2
[INFO] [stderr]    Compiling async-global-executor v2.0.2
[INFO] [stderr]    Compiling async-process v1.1.0
[INFO] [stderr]    Compiling async-std v1.9.0
[INFO] [stderr]    Compiling git2 v0.13.20
[INFO] [stderr]    Compiling async-gitlib v0.0.2 (/opt/rustwide/workdir)
[INFO] [stderr]     Finished dev [unoptimized + debuginfo] target(s) in 13.90s
[INFO] running `Command { std: "docker" "inspect" "c7dc97818bdd4a659a296b18d42f6b257d9a69d08d0603993ce978765db22a9a", kill_on_drop: false }`
[INFO] running `Command { std: "docker" "rm" "-f" "c7dc97818bdd4a659a296b18d42f6b257d9a69d08d0603993ce978765db22a9a", kill_on_drop: false }`
[INFO] [stdout] c7dc97818bdd4a659a296b18d42f6b257d9a69d08d0603993ce978765db22a9a
[INFO] running `Command { std: "docker" "create" "-v" "/var/lib/crater-agent-workspace/builds/worker-45/target:/opt/rustwide/target:rw,Z" "-v" "/var/lib/crater-agent-workspace/builds/worker-45/source:/opt/rustwide/workdir:ro,Z" "-v" "/var/lib/crater-agent-workspace/cargo-home:/opt/rustwide/cargo-home:ro,Z" "-v" "/var/lib/crater-agent-workspace/rustup-home:/opt/rustwide/rustup-home:ro,Z" "-e" "SOURCE_DIR=/opt/rustwide/workdir" "-e" "CARGO_TARGET_DIR=/opt/rustwide/target" "-e" "CARGO_INCREMENTAL=0" "-e" "RUST_BACKTRACE=full" "-e" "RUSTFLAGS=--cap-lints=warn" "-e" "CARGO_HOME=/opt/rustwide/cargo-home" "-e" "RUSTUP_HOME=/opt/rustwide/rustup-home" "-w" "/opt/rustwide/workdir" "-m" "1610612736" "--user" "0:0" "--network" "none" "ghcr.io/rust-lang/crates-build-env/linux@sha256:34b6a614d2c27851fe6cbf88fbd1137609cefab8b10d0615aaeb6fd47975d74e" "/opt/rustwide/cargo-home/bin/cargo" "+beta-2021-08-01" "test" "--frozen" "--no-run" "--message-format=json", kill_on_drop: false }`
[INFO] [stdout] 88d6573a04d38f8733242037dea34a74d7bfd09bcce3765d50f37a960fc26e84
[INFO] running `Command { std: "docker" "start" "-a" "88d6573a04d38f8733242037dea34a74d7bfd09bcce3765d50f37a960fc26e84", kill_on_drop: false }`
[INFO] [stderr]    Compiling remove_dir_all v0.5.3
[INFO] [stderr]    Compiling getrandom v0.2.3
[INFO] [stderr]    Compiling rand_core v0.6.3
[INFO] [stderr]    Compiling rand_chacha v0.3.1
[INFO] [stderr]    Compiling rand v0.8.4
[INFO] [stderr]    Compiling tempfile v3.2.0
[INFO] [stderr]    Compiling async-gitlib v0.0.2 (/opt/rustwide/workdir)
[INFO] [stderr]     Finished test [unoptimized + debuginfo] target(s) in 5.15s
[INFO] running `Command { std: "docker" "inspect" "88d6573a04d38f8733242037dea34a74d7bfd09bcce3765d50f37a960fc26e84", kill_on_drop: false }`
[INFO] running `Command { std: "docker" "rm" "-f" "88d6573a04d38f8733242037dea34a74d7bfd09bcce3765d50f37a960fc26e84", kill_on_drop: false }`
[INFO] [stdout] 88d6573a04d38f8733242037dea34a74d7bfd09bcce3765d50f37a960fc26e84
[INFO] running `Command { std: "docker" "create" "-v" "/var/lib/crater-agent-workspace/builds/worker-45/target:/opt/rustwide/target:rw,Z" "-v" "/var/lib/crater-agent-workspace/builds/worker-45/source:/opt/rustwide/workdir:ro,Z" "-v" "/var/lib/crater-agent-workspace/cargo-home:/opt/rustwide/cargo-home:ro,Z" "-v" "/var/lib/crater-agent-workspace/rustup-home:/opt/rustwide/rustup-home:ro,Z" "-e" "SOURCE_DIR=/opt/rustwide/workdir" "-e" "CARGO_TARGET_DIR=/opt/rustwide/target" "-e" "CARGO_INCREMENTAL=0" "-e" "RUST_BACKTRACE=full" "-e" "RUSTFLAGS=--cap-lints=warn" "-e" "CARGO_HOME=/opt/rustwide/cargo-home" "-e" "RUSTUP_HOME=/opt/rustwide/rustup-home" "-w" "/opt/rustwide/workdir" "-m" "1610612736" "--user" "0:0" "--network" "none" "ghcr.io/rust-lang/crates-build-env/linux@sha256:34b6a614d2c27851fe6cbf88fbd1137609cefab8b10d0615aaeb6fd47975d74e" "/opt/rustwide/cargo-home/bin/cargo" "+beta-2021-08-01" "test" "--frozen", kill_on_drop: false }`
[INFO] [stdout] 4f235148197687da4a78601b3786bcfab4314aa0e4f5b5d664c9a6f739e0c24d
[INFO] running `Command { std: "docker" "start" "-a" "4f235148197687da4a78601b3786bcfab4314aa0e4f5b5d664c9a6f739e0c24d", kill_on_drop: false }`
[INFO] [stderr]     Finished test [unoptimized + debuginfo] target(s) in 0.09s
[INFO] [stderr]      Running unittests (/opt/rustwide/target/debug/deps/async_gitlib-a1858d156432c303)
[INFO] [stdout] 
[INFO] [stdout] running 2 tests
[INFO] [stdout] test repo_init::tests::initializes ... ok
[INFO] [stdout] test repo_clone::tests::clones_public ... FAILED
[INFO] [stdout] 
[INFO] [stdout] failures:
[INFO] [stdout] 
[INFO] [stdout] ---- repo_clone::tests::clones_public stdout ----
[INFO] [stdout] thread 'repo_clone::tests::clones_public' panicked at 'called `Result::unwrap()` on an `Err` value: Error { code: -1, klass: 12, message: "failed to resolve address for github.com: Temporary failure in name resolution" }', src/repo_clone.rs:95:44
[INFO] [stdout] stack backtrace:
[INFO] [stdout]    0:     0x55baf30d45e0 - std::backtrace_rs::backtrace::libunwind::trace::hff4d1766e93f64f1
[INFO] [stdout]                                at /rustc/53fd98ca776cb875bc9e5514f56b52eb74f9e7a9/library/std/src/../../backtrace/src/backtrace/libunwind.rs:90:5
[INFO] [stdout]    1:     0x55baf30d45e0 - std::backtrace_rs::backtrace::trace_unsynchronized::h56bbc8eb78770bcb
[INFO] [stdout]                                at /rustc/53fd98ca776cb875bc9e5514f56b52eb74f9e7a9/library/std/src/../../backtrace/src/backtrace/mod.rs:66:5
[INFO] [stdout]    2:     0x55baf30d45e0 - std::sys_common::backtrace::_print_fmt::h5c8e75464faca780
[INFO] [stdout]                                at /rustc/53fd98ca776cb875bc9e5514f56b52eb74f9e7a9/library/std/src/sys_common/backtrace.rs:67:5
[INFO] [stdout]    3:     0x55baf30d45e0 - <std::sys_common::backtrace::_print::DisplayBacktrace as core::fmt::Display>::fmt::h48b88277def8b362
[INFO] [stdout]                                at /rustc/53fd98ca776cb875bc9e5514f56b52eb74f9e7a9/library/std/src/sys_common/backtrace.rs:46:22
[INFO] [stdout]    4:     0x55baf30f813c - core::fmt::write::h3381b3176fe2b3d3
[INFO] [stdout]                                at /rustc/53fd98ca776cb875bc9e5514f56b52eb74f9e7a9/library/core/src/fmt/mod.rs:1115:17
[INFO] [stdout]    5:     0x55baf30d10c5 - std::io::Write::write_fmt::h5f34a676f60246b5
[INFO] [stdout]                                at /rustc/53fd98ca776cb875bc9e5514f56b52eb74f9e7a9/library/std/src/io/mod.rs:1665:15
[INFO] [stdout]    6:     0x55baf30d6cab - std::sys_common::backtrace::_print::ha537687d6c17dd0d
[INFO] [stdout]                                at /rustc/53fd98ca776cb875bc9e5514f56b52eb74f9e7a9/library/std/src/sys_common/backtrace.rs:49:5
[INFO] [stdout]    7:     0x55baf30d6cab - std::sys_common::backtrace::print::h61376ae57d131d72
[INFO] [stdout]                                at /rustc/53fd98ca776cb875bc9e5514f56b52eb74f9e7a9/library/std/src/sys_common/backtrace.rs:36:9
[INFO] [stdout]    8:     0x55baf30d6cab - std::panicking::default_hook::{{closure}}::h0f7208c0b9644a54
[INFO] [stdout]                                at /rustc/53fd98ca776cb875bc9e5514f56b52eb74f9e7a9/library/std/src/panicking.rs:208:50
[INFO] [stdout]    9:     0x55baf30d67bc - std::panicking::default_hook::hdac7fc06578c14ce
[INFO] [stdout]                                at /rustc/53fd98ca776cb875bc9e5514f56b52eb74f9e7a9/library/std/src/panicking.rs:222:9
[INFO] [stdout]   10:     0x55baf30d7374 - std::panicking::rust_panic_with_hook::h72b21c283da3d1ef
[INFO] [stdout]                                at /rustc/53fd98ca776cb875bc9e5514f56b52eb74f9e7a9/library/std/src/panicking.rs:622:17
[INFO] [stdout]   11:     0x55baf30d6e57 - std::panicking::begin_panic_handler::{{closure}}::he5778f1729cff84a
[INFO] [stdout]                                at /rustc/53fd98ca776cb875bc9e5514f56b52eb74f9e7a9/library/std/src/panicking.rs:519:13
[INFO] [stdout]   12:     0x55baf30d4abc - std::sys_common::backtrace::__rust_end_short_backtrace::h2d11ca8b453b4b1d
[INFO] [stdout]                                at /rustc/53fd98ca776cb875bc9e5514f56b52eb74f9e7a9/library/std/src/sys_common/backtrace.rs:141:18
[INFO] [stdout]   13:     0x55baf30d6db9 - rust_begin_unwind
[INFO] [stdout]                                at /rustc/53fd98ca776cb875bc9e5514f56b52eb74f9e7a9/library/std/src/panicking.rs:515:5
[INFO] [stdout]   14:     0x55baf2e3f8c1 - core::panicking::panic_fmt::hf9de31d4acbce4db
[INFO] [stdout]                                at /rustc/53fd98ca776cb875bc9e5514f56b52eb74f9e7a9/library/core/src/panicking.rs:92:14
[INFO] [stdout]   15:     0x55baf2e3f9b3 - core::result::unwrap_failed::ha0c84e81219e5878
[INFO] [stdout]                                at /rustc/53fd98ca776cb875bc9e5514f56b52eb74f9e7a9/library/core/src/result.rs:1599:5
[INFO] [stdout]   16:     0x55baf2e69692 - core::result::Result<T,E>::unwrap::habb9318a390e17a9
[INFO] [stdout]                                at /rustc/53fd98ca776cb875bc9e5514f56b52eb74f9e7a9/library/core/src/result.rs:1281:23
[INFO] [stdout]   17:     0x55baf2e613c4 - async_gitlib::repo_clone::tests::clones_public::{{closure}}::h9a99e5919b89f561
[INFO] [stdout]                                at /opt/rustwide/workdir/src/repo_clone.rs:95:9
[INFO] [stdout]   18:     0x55baf2e6820b - <core::future::from_generator::GenFuture<T> as core::future::future::Future>::poll::h914b018d8cfde88e
[INFO] [stdout]                                at /rustc/53fd98ca776cb875bc9e5514f56b52eb74f9e7a9/library/core/src/future/mod.rs:80:19
[INFO] [stdout]   19:     0x55baf2e5a799 - <async_std::task::builder::SupportTaskLocals<F> as core::future::future::Future>::poll::{{closure}}::h7765f43f250c0f57
[INFO] [stdout]                                at /opt/rustwide/cargo-home/registry/src/github.com-1ecc6299db9ec823/async-std-1.9.0/src/task/builder.rs:199:17
[INFO] [stdout]   20:     0x55baf2e6e006 - async_std::task::task_locals_wrapper::TaskLocalsWrapper::set_current::{{closure}}::h7924b2064a66f74f
[INFO] [stdout]                                at /opt/rustwide/cargo-home/registry/src/github.com-1ecc6299db9ec823/async-std-1.9.0/src/task/task_locals_wrapper.rs:60:13
[INFO] [stdout]   21:     0x55baf2e535e1 - std::thread::local::LocalKey<T>::try_with::h560920b15c033aba
[INFO] [stdout]                                at /rustc/53fd98ca776cb875bc9e5514f56b52eb74f9e7a9/library/std/src/thread/local.rs:399:16
[INFO] [stdout]   22:     0x55baf2e5239d - std::thread::local::LocalKey<T>::with::h555b2baf0fcb7b6a
[INFO] [stdout]                                at /rustc/53fd98ca776cb875bc9e5514f56b52eb74f9e7a9/library/std/src/thread/local.rs:375:9
[INFO] [stdout]   23:     0x55baf2e6dcc8 - async_std::task::task_locals_wrapper::TaskLocalsWrapper::set_current::h6d013afe2e89882f
[INFO] [stdout]                                at /opt/rustwide/cargo-home/registry/src/github.com-1ecc6299db9ec823/async-std-1.9.0/src/task/task_locals_wrapper.rs:55:9
[INFO] [stdout]   24:     0x55baf2e5a625 - <async_std::task::builder::SupportTaskLocals<F> as core::future::future::Future>::poll::hc7b3514ca0a30a27
[INFO] [stdout]                                at /opt/rustwide/cargo-home/registry/src/github.com-1ecc6299db9ec823/async-std-1.9.0/src/task/builder.rs:197:13
[INFO] [stdout]   25:     0x55baf2e6d1bb - <futures_lite::future::Or<F1,F2> as core::future::future::Future>::poll::h4b0a69c8e8fcede1
[INFO] [stdout]                                at /opt/rustwide/cargo-home/registry/src/github.com-1ecc6299db9ec823/futures-lite-1.12.0/src/future.rs:526:33
[INFO] [stdout]   26:     0x55baf2e5b394 - async_executor::Executor::run::{{closure}}::h8fb77a41f9f696ea
[INFO] [stdout]                                at /opt/rustwide/cargo-home/registry/src/github.com-1ecc6299db9ec823/async-executor-1.4.1/src/lib.rs:242:9
[INFO] [stdout]   27:     0x55baf2e674cb - <core::future::from_generator::GenFuture<T> as core::future::future::Future>::poll::h22f7ece35ce85346
[INFO] [stdout]                                at /rustc/53fd98ca776cb875bc9e5514f56b52eb74f9e7a9/library/core/src/future/mod.rs:80:19
[INFO] [stdout]   28:     0x55baf2e5abe0 - async_executor::LocalExecutor::run::{{closure}}::h7e4b9034bdce719c
[INFO] [stdout]                                at /opt/rustwide/cargo-home/registry/src/github.com-1ecc6299db9ec823/async-executor-1.4.1/src/lib.rs:447:9
[INFO] [stdout]   29:     0x55baf2e67bfb - <core::future::from_generator::GenFuture<T> as core::future::future::Future>::poll::h6d2eb635a9dcd241
[INFO] [stdout]                                at /rustc/53fd98ca776cb875bc9e5514f56b52eb74f9e7a9/library/core/src/future/mod.rs:80:19
[INFO] [stdout]   30:     0x55baf2e63407 - async_io::driver::block_on::hc5a5afd48d639efa
[INFO] [stdout]                                at /opt/rustwide/cargo-home/registry/src/github.com-1ecc6299db9ec823/async-io-1.6.0/src/driver.rs:142:33
[INFO] [stdout]   31:     0x55baf2e6898f - async_global_executor::reactor::block_on::{{closure}}::h551a6057fb7acaaf
[INFO] [stdout]                                at /opt/rustwide/cargo-home/registry/src/github.com-1ecc6299db9ec823/async-global-executor-2.0.2/src/reactor.rs:3:18
[INFO] [stdout]   32:     0x55baf2e6895d - async_global_executor::reactor::block_on::ha7acc6b2ed9800bc
[INFO] [stdout]                                at /opt/rustwide/cargo-home/registry/src/github.com-1ecc6299db9ec823/async-global-executor-2.0.2/src/reactor.rs:12:5
[INFO] [stdout]   33:     0x55baf2e5f60d - async_global_executor::executor::block_on::{{closure}}::hf5bd6d2e4a3364f2
[INFO] [stdout]                                at /opt/rustwide/cargo-home/registry/src/github.com-1ecc6299db9ec823/async-global-executor-2.0.2/src/executor.rs:26:36
[INFO] [stdout]   34:     0x55baf2e5403a - std::thread::local::LocalKey<T>::try_with::hd3ca44a0e76d578f
[INFO] [stdout]                                at /rustc/53fd98ca776cb875bc9e5514f56b52eb74f9e7a9/library/std/src/thread/local.rs:399:16
[INFO] [stdout]   35:     0x55baf2e526b2 - std::thread::local::LocalKey<T>::with::hbd7fd650e87bd539
[INFO] [stdout]                                at /rustc/53fd98ca776cb875bc9e5514f56b52eb74f9e7a9/library/std/src/thread/local.rs:375:9
[INFO] [stdout]   36:     0x55baf2e5f556 - async_global_executor::executor::block_on::hd80411f452879547
[INFO] [stdout]                                at /opt/rustwide/cargo-home/registry/src/github.com-1ecc6299db9ec823/async-global-executor-2.0.2/src/executor.rs:26:5
[INFO] [stdout]   37:     0x55baf2e5ead0 - async_std::task::builder::Builder::blocking::{{closure}}::{{closure}}::h4ae178409fd99050
[INFO] [stdout]                                at /opt/rustwide/cargo-home/registry/src/github.com-1ecc6299db9ec823/async-std-1.9.0/src/task/builder.rs:171:25
[INFO] [stdout]   38:     0x55baf2e6dee9 - async_std::task::task_locals_wrapper::TaskLocalsWrapper::set_current::{{closure}}::h2426f29fec47825f
[INFO] [stdout]                                at /opt/rustwide/cargo-home/registry/src/github.com-1ecc6299db9ec823/async-std-1.9.0/src/task/task_locals_wrapper.rs:60:13
[INFO] [stdout]   39:     0x55baf2e53dca - std::thread::local::LocalKey<T>::try_with::ha0a2683c205a0cfb
[INFO] [stdout]                                at /rustc/53fd98ca776cb875bc9e5514f56b52eb74f9e7a9/library/std/src/thread/local.rs:399:16
[INFO] [stdout]   40:     0x55baf2e522c0 - std::thread::local::LocalKey<T>::with::h40cc44d63e0dbb48
[INFO] [stdout]                                at /rustc/53fd98ca776cb875bc9e5514f56b52eb74f9e7a9/library/std/src/thread/local.rs:375:9
[INFO] [stdout]   41:     0x55baf2e6dc87 - async_std::task::task_locals_wrapper::TaskLocalsWrapper::set_current::h60edd98a51bbad69
[INFO] [stdout]                                at /opt/rustwide/cargo-home/registry/src/github.com-1ecc6299db9ec823/async-std-1.9.0/src/task/task_locals_wrapper.rs:55:9
[INFO] [stdout]   42:     0x55baf2e5e8e2 - async_std::task::builder::Builder::blocking::{{closure}}::ha5459eb74c3136c9
[INFO] [stdout]                                at /opt/rustwide/cargo-home/registry/src/github.com-1ecc6299db9ec823/async-std-1.9.0/src/task/builder.rs:168:17
[INFO] [stdout]   43:     0x55baf2e53c62 - std::thread::local::LocalKey<T>::try_with::h9de7841bb0b66a9a
[INFO] [stdout]                                at /rustc/53fd98ca776cb875bc9e5514f56b52eb74f9e7a9/library/std/src/thread/local.rs:399:16
[INFO] [stdout]   44:     0x55baf2e524c2 - std::thread::local::LocalKey<T>::with::h734a2a5e7b7654d5
[INFO] [stdout]                                at /rustc/53fd98ca776cb875bc9e5514f56b52eb74f9e7a9/library/std/src/thread/local.rs:375:9
[INFO] [stdout]   45:     0x55baf2e5e425 - async_std::task::builder::Builder::blocking::h1b0736cc052f6b9b
[INFO] [stdout]                                at /opt/rustwide/cargo-home/registry/src/github.com-1ecc6299db9ec823/async-std-1.9.0/src/task/builder.rs:161:9
[INFO] [stdout]   46:     0x55baf2e606ff - async_std::task::block_on::block_on::h6f6edf146674c909
[INFO] [stdout]                                at /opt/rustwide/cargo-home/registry/src/github.com-1ecc6299db9ec823/async-std-1.9.0/src/task/block_on.rs:33:5
[INFO] [stdout]   47:     0x55baf2e6106b - async_gitlib::repo_clone::tests::clones_public::hf729eccb9f38a673
[INFO] [stdout]                                at /opt/rustwide/workdir/src/repo_clone.rs:90:5
[INFO] [stdout]   48:     0x55baf2e6102a - async_gitlib::repo_clone::tests::clones_public::{{closure}}::hd3178e5255ac16e1
[INFO] [stdout]                                at /opt/rustwide/workdir/src/repo_clone.rs:90:5
[INFO] [stdout]   49:     0x55baf2e6a31e - core::ops::function::FnOnce::call_once::h595130b10d6c306c
[INFO] [stdout]                                at /rustc/53fd98ca776cb875bc9e5514f56b52eb74f9e7a9/library/core/src/ops/function.rs:227:5
[INFO] [stdout]   50:     0x55baf2ea2d23 - core::ops::function::FnOnce::call_once::hbb52c4519d3137b0
[INFO] [stdout]                                at /rustc/53fd98ca776cb875bc9e5514f56b52eb74f9e7a9/library/core/src/ops/function.rs:227:5
[INFO] [stdout]   51:     0x55baf2ea2d23 - test::__rust_begin_short_backtrace::h86fe3a2a5a5121af
[INFO] [stdout]                                at /rustc/53fd98ca776cb875bc9e5514f56b52eb74f9e7a9/library/test/src/lib.rs:578:5
[INFO] [stdout]   52:     0x55baf2ea17d8 - <alloc::boxed::Box<F,A> as core::ops::function::FnOnce<Args>>::call_once::hfd956bc3d57399be
[INFO] [stdout]                                at /rustc/53fd98ca776cb875bc9e5514f56b52eb74f9e7a9/library/alloc/src/boxed.rs:1572:9
[INFO] [stdout]   53:     0x55baf2ea17d8 - <std::panic::AssertUnwindSafe<F> as core::ops::function::FnOnce<()>>::call_once::h40dc93e0ddb5938a
[INFO] [stdout]                                at /rustc/53fd98ca776cb875bc9e5514f56b52eb74f9e7a9/library/std/src/panic.rs:347:9
[INFO] [stdout]   54:     0x55baf2ea17d8 - std::panicking::try::do_call::h90d07750cb47c562
[INFO] [stdout]                                at /rustc/53fd98ca776cb875bc9e5514f56b52eb74f9e7a9/library/std/src/panicking.rs:401:40
[INFO] [stdout]   55:     0x55baf2ea17d8 - std::panicking::try::h063c84733ad2a629
[INFO] [stdout]                                at /rustc/53fd98ca776cb875bc9e5514f56b52eb74f9e7a9/library/std/src/panicking.rs:365:19
[INFO] [stdout]   56:     0x55baf2ea17d8 - std::panic::catch_unwind::h0c464836a84e7c08
[INFO] [stdout]                                at /rustc/53fd98ca776cb875bc9e5514f56b52eb74f9e7a9/library/std/src/panic.rs:434:14
[INFO] [stdout]   57:     0x55baf2ea17d8 - test::run_test_in_process::h5cb06ef620b157fc
[INFO] [stdout]                                at /rustc/53fd98ca776cb875bc9e5514f56b52eb74f9e7a9/library/test/src/lib.rs:601:18
[INFO] [stdout]   58:     0x55baf2ea17d8 - test::run_test::run_test_inner::{{closure}}::h76f677f4b93f9828
[INFO] [stdout]                                at /rustc/53fd98ca776cb875bc9e5514f56b52eb74f9e7a9/library/test/src/lib.rs:493:39
[INFO] [stdout]   59:     0x55baf2e6ff6d - test::run_test::run_test_inner::{{closure}}::h366d01fe04f4d67a
[INFO] [stdout]                                at /rustc/53fd98ca776cb875bc9e5514f56b52eb74f9e7a9/library/test/src/lib.rs:520:37
[INFO] [stdout]   60:     0x55baf2e6ff6d - std::sys_common::backtrace::__rust_begin_short_backtrace::h7dfa0de4eb395af2
[INFO] [stdout]                                at /rustc/53fd98ca776cb875bc9e5514f56b52eb74f9e7a9/library/std/src/sys_common/backtrace.rs:125:18
[INFO] [stdout]   61:     0x55baf2e74738 - std::thread::Builder::spawn_unchecked::{{closure}}::{{closure}}::hf0a74bb58798037f
[INFO] [stdout]                                at /rustc/53fd98ca776cb875bc9e5514f56b52eb74f9e7a9/library/std/src/thread/mod.rs:476:17
[INFO] [stdout]   62:     0x55baf2e74738 - <std::panic::AssertUnwindSafe<F> as core::ops::function::FnOnce<()>>::call_once::hb024e854818586ac
[INFO] [stdout]                                at /rustc/53fd98ca776cb875bc9e5514f56b52eb74f9e7a9/library/std/src/panic.rs:347:9
[INFO] [stdout]   63:     0x55baf2e74738 - std::panicking::try::do_call::hb2dd9f1d0d48e41d
[INFO] [stdout]                                at /rustc/53fd98ca776cb875bc9e5514f56b52eb74f9e7a9/library/std/src/panicking.rs:401:40
[INFO] [stdout]   64:     0x55baf2e74738 - std::panicking::try::h4717ae7bac8b2bf3
[INFO] [stdout]                                at /rustc/53fd98ca776cb875bc9e5514f56b52eb74f9e7a9/library/std/src/panicking.rs:365:19
[INFO] [stdout]   65:     0x55baf2e74738 - std::panic::catch_unwind::h0dc8a061326ce8d8
[INFO] [stdout]                                at /rustc/53fd98ca776cb875bc9e5514f56b52eb74f9e7a9/library/std/src/panic.rs:434:14
[INFO] [stdout]   66:     0x55baf2e74738 - std::thread::Builder::spawn_unchecked::{{closure}}::haa369e2d6fd00aa1
[INFO] [stdout]                                at /rustc/53fd98ca776cb875bc9e5514f56b52eb74f9e7a9/library/std/src/thread/mod.rs:475:30
[INFO] [stdout]   67:     0x55baf2e74738 - core::ops::function::FnOnce::call_once{{vtable.shim}}::h36dcf3de8b056f17
[INFO] [stdout]                                at /rustc/53fd98ca776cb875bc9e5514f56b52eb74f9e7a9/library/core/src/ops/function.rs:227:5
[INFO] [stdout]   68:     0x55baf30dcce7 - <alloc::boxed::Box<F,A> as core::ops::function::FnOnce<Args>>::call_once::h65c29e4642be2358
[INFO] [stdout]                                at /rustc/53fd98ca776cb875bc9e5514f56b52eb74f9e7a9/library/alloc/src/boxed.rs:1572:9
[INFO] [stdout]   69:     0x55baf30dcce7 - <alloc::boxed::Box<F,A> as core::ops::function::FnOnce<Args>>::call_once::hd0f8f7fbbd9fffbf
[INFO] [stdout]                                at /rustc/53fd98ca776cb875bc9e5514f56b52eb74f9e7a9/library/alloc/src/boxed.rs:1572:9
[INFO] [stdout]   70:     0x55baf30dcce7 - std::sys::unix::thread::Thread::new::thread_start::h2fd22fee3ca77b65
[INFO] [stdout]                                at /rustc/53fd98ca776cb875bc9e5514f56b52eb74f9e7a9/library/std/src/sys/unix/thread.rs:74:17
[INFO] [stdout]   71:     0x7f4d00365609 - start_thread
[INFO] [stdout]   72:     0x7f4d00135293 - clone
[INFO] [stdout]   73:                0x0 - <unknown>
[INFO] [stdout] 
[INFO] [stdout] 
[INFO] [stdout] failures:
[INFO] [stdout]     repo_clone::tests::clones_public
[INFO] [stdout] 
[INFO] [stdout] test result: FAILED. 1 passed; 1 failed; 0 ignored; 0 measured; 0 filtered out; finished in 0.23s
[INFO] [stdout] 
[INFO] [stderr] error: test failed, to rerun pass '--lib'
[INFO] running `Command { std: "docker" "inspect" "4f235148197687da4a78601b3786bcfab4314aa0e4f5b5d664c9a6f739e0c24d", kill_on_drop: false }`
[INFO] running `Command { std: "docker" "rm" "-f" "4f235148197687da4a78601b3786bcfab4314aa0e4f5b5d664c9a6f739e0c24d", kill_on_drop: false }`
[INFO] [stdout] 4f235148197687da4a78601b3786bcfab4314aa0e4f5b5d664c9a6f739e0c24d
