[INFO] fetching crate async-ecs 0.1.0...
[INFO] testing async-ecs-0.1.0 against 1.54.0 for beta-1.55-1
[INFO] extracting crate async-ecs 0.1.0 into /workspace/builds/worker-94/source
[INFO] validating manifest of crates.io crate async-ecs 0.1.0 on toolchain 1.54.0
[INFO] running `Command { std: "/workspace/cargo-home/bin/cargo" "+1.54.0" "metadata" "--manifest-path" "Cargo.toml" "--no-deps", kill_on_drop: false }`
[INFO] started tweaking crates.io crate async-ecs 0.1.0
[INFO] finished tweaking crates.io crate async-ecs 0.1.0
[INFO] tweaked toml for crates.io crate async-ecs 0.1.0 written to /workspace/builds/worker-94/source/Cargo.toml
[INFO] running `Command { std: "/workspace/cargo-home/bin/cargo" "+1.54.0" "generate-lockfile" "--manifest-path" "Cargo.toml" "-Zno-index-update", kill_on_drop: false }`
[INFO] [stderr]     Blocking waiting for file lock on package cache
[INFO] running `Command { std: "/workspace/cargo-home/bin/cargo" "+1.54.0" "fetch" "--manifest-path" "Cargo.toml", kill_on_drop: false }`
[INFO] [stderr]     Blocking waiting for file lock on package cache
[INFO] [stderr]     Blocking waiting for file lock on package cache
[INFO] running `Command { std: "docker" "create" "-v" "/var/lib/crater-agent-workspace/builds/worker-94/target:/opt/rustwide/target:rw,Z" "-v" "/var/lib/crater-agent-workspace/builds/worker-94/source:/opt/rustwide/workdir:ro,Z" "-v" "/var/lib/crater-agent-workspace/cargo-home:/opt/rustwide/cargo-home:ro,Z" "-v" "/var/lib/crater-agent-workspace/rustup-home:/opt/rustwide/rustup-home:ro,Z" "-e" "SOURCE_DIR=/opt/rustwide/workdir" "-e" "CARGO_TARGET_DIR=/opt/rustwide/target" "-e" "CARGO_HOME=/opt/rustwide/cargo-home" "-e" "RUSTUP_HOME=/opt/rustwide/rustup-home" "-w" "/opt/rustwide/workdir" "-m" "1610612736" "--user" "0:0" "--network" "none" "ghcr.io/rust-lang/crates-build-env/linux@sha256:34b6a614d2c27851fe6cbf88fbd1137609cefab8b10d0615aaeb6fd47975d74e" "/opt/rustwide/cargo-home/bin/cargo" "+1.54.0" "metadata" "--no-deps" "--format-version=1", kill_on_drop: false }`
[INFO] [stdout] e6b981896741bbb4972041d3a919a42c6043e3c4aff4eab0388f647fe7351d89
[INFO] running `Command { std: "docker" "start" "-a" "e6b981896741bbb4972041d3a919a42c6043e3c4aff4eab0388f647fe7351d89", kill_on_drop: false }`
[INFO] running `Command { std: "docker" "inspect" "e6b981896741bbb4972041d3a919a42c6043e3c4aff4eab0388f647fe7351d89", kill_on_drop: false }`
[INFO] running `Command { std: "docker" "rm" "-f" "e6b981896741bbb4972041d3a919a42c6043e3c4aff4eab0388f647fe7351d89", kill_on_drop: false }`
[INFO] [stdout] e6b981896741bbb4972041d3a919a42c6043e3c4aff4eab0388f647fe7351d89
[INFO] running `Command { std: "docker" "create" "-v" "/var/lib/crater-agent-workspace/builds/worker-94/target:/opt/rustwide/target:rw,Z" "-v" "/var/lib/crater-agent-workspace/builds/worker-94/source:/opt/rustwide/workdir:ro,Z" "-v" "/var/lib/crater-agent-workspace/cargo-home:/opt/rustwide/cargo-home:ro,Z" "-v" "/var/lib/crater-agent-workspace/rustup-home:/opt/rustwide/rustup-home:ro,Z" "-e" "SOURCE_DIR=/opt/rustwide/workdir" "-e" "CARGO_TARGET_DIR=/opt/rustwide/target" "-e" "CARGO_INCREMENTAL=0" "-e" "RUST_BACKTRACE=full" "-e" "RUSTFLAGS=--cap-lints=warn" "-e" "CARGO_HOME=/opt/rustwide/cargo-home" "-e" "RUSTUP_HOME=/opt/rustwide/rustup-home" "-w" "/opt/rustwide/workdir" "-m" "1610612736" "--user" "0:0" "--network" "none" "ghcr.io/rust-lang/crates-build-env/linux@sha256:34b6a614d2c27851fe6cbf88fbd1137609cefab8b10d0615aaeb6fd47975d74e" "/opt/rustwide/cargo-home/bin/cargo" "+1.54.0" "build" "--frozen" "--message-format=json", kill_on_drop: false }`
[INFO] [stdout] 47214816b6a3bac90380ba2b778a20bc17614067921c9dbe05e371288f007497
[INFO] running `Command { std: "docker" "start" "-a" "47214816b6a3bac90380ba2b778a20bc17614067921c9dbe05e371288f007497", kill_on_drop: false }`
[INFO] [stderr]    Compiling syn v1.0.74
[INFO] [stderr]    Compiling futures-channel v0.3.16
[INFO] [stderr]    Compiling futures-sink v0.3.16
[INFO] [stderr]    Compiling futures-io v0.3.16
[INFO] [stderr]    Compiling crossbeam-queue v0.3.2
[INFO] [stderr]    Compiling atom v0.3.6
[INFO] [stderr]    Compiling ahash v0.4.7
[INFO] [stderr]    Compiling mopa v0.2.2
[INFO] [stderr]    Compiling asparit v0.1.0
[INFO] [stderr]    Compiling futures-util v0.3.16
[INFO] [stderr]    Compiling tokio v0.3.7
[INFO] [stderr]    Compiling parking_lot_core v0.8.3
[INFO] [stderr]    Compiling mio v0.7.13
[INFO] [stderr]    Compiling signal-hook-registry v1.4.0
[INFO] [stderr]    Compiling hibitset v0.6.3
[INFO] [stderr]    Compiling hashbrown v0.9.1
[INFO] [stderr]    Compiling parking_lot v0.11.1
[INFO] [stderr]    Compiling futures-macro v0.3.16
[INFO] [stderr]    Compiling tokio-macros v0.3.2
[INFO] [stderr]    Compiling thiserror-impl v1.0.26
[INFO] [stderr]    Compiling async-ecs-derive v0.1.0
[INFO] [stderr]    Compiling thiserror v1.0.26
[INFO] [stderr]    Compiling futures-executor v0.3.16
[INFO] [stderr]    Compiling futures v0.3.16
[INFO] [stderr]    Compiling async-ecs v0.1.0 (/opt/rustwide/workdir)
[INFO] [stdout] warning: use of deprecated associated function `std::sync::atomic::AtomicUsize::compare_and_swap`: Use `compare_exchange` or `compare_exchange_weak` instead
[INFO] [stdout]    --> src/resource/cell.rs:122:26
[INFO] [stdout]     |
[INFO] [stdout] 122 |             if self.flag.compare_and_swap(val, val + 1, Ordering::AcqRel) == val {
[INFO] [stdout]     |                          ^^^^^^^^^^^^^^^^
[INFO] [stdout]     |
[INFO] [stdout]     = note: `#[warn(deprecated)]` on by default
[INFO] [stdout] 
[INFO] [stdout] 
[INFO] [stdout] warning: use of deprecated associated function `std::sync::atomic::AtomicUsize::compare_and_swap`: Use `compare_exchange` or `compare_exchange_weak` instead
[INFO] [stdout]    --> src/resource/cell.rs:131:19
[INFO] [stdout]     |
[INFO] [stdout] 131 |         self.flag.compare_and_swap(0, usize::MAX, Ordering::AcqRel) == 0
[INFO] [stdout]     |                   ^^^^^^^^^^^^^^^^
[INFO] [stdout] 
[INFO] [stdout] 
[INFO] [stdout] warning: 2 warnings emitted
[INFO] [stdout] 
[INFO] [stdout] 
[INFO] [stderr]     Finished dev [unoptimized + debuginfo] target(s) in 17.69s
[INFO] running `Command { std: "docker" "inspect" "47214816b6a3bac90380ba2b778a20bc17614067921c9dbe05e371288f007497", kill_on_drop: false }`
[INFO] running `Command { std: "docker" "rm" "-f" "47214816b6a3bac90380ba2b778a20bc17614067921c9dbe05e371288f007497", kill_on_drop: false }`
[INFO] [stdout] 47214816b6a3bac90380ba2b778a20bc17614067921c9dbe05e371288f007497
[INFO] running `Command { std: "docker" "create" "-v" "/var/lib/crater-agent-workspace/builds/worker-94/target:/opt/rustwide/target:rw,Z" "-v" "/var/lib/crater-agent-workspace/builds/worker-94/source:/opt/rustwide/workdir:ro,Z" "-v" "/var/lib/crater-agent-workspace/cargo-home:/opt/rustwide/cargo-home:ro,Z" "-v" "/var/lib/crater-agent-workspace/rustup-home:/opt/rustwide/rustup-home:ro,Z" "-e" "SOURCE_DIR=/opt/rustwide/workdir" "-e" "CARGO_TARGET_DIR=/opt/rustwide/target" "-e" "CARGO_INCREMENTAL=0" "-e" "RUST_BACKTRACE=full" "-e" "RUSTFLAGS=--cap-lints=warn" "-e" "CARGO_HOME=/opt/rustwide/cargo-home" "-e" "RUSTUP_HOME=/opt/rustwide/rustup-home" "-w" "/opt/rustwide/workdir" "-m" "1610612736" "--user" "0:0" "--network" "none" "ghcr.io/rust-lang/crates-build-env/linux@sha256:34b6a614d2c27851fe6cbf88fbd1137609cefab8b10d0615aaeb6fd47975d74e" "/opt/rustwide/cargo-home/bin/cargo" "+1.54.0" "test" "--frozen" "--no-run" "--message-format=json", kill_on_drop: false }`
[INFO] [stdout] e9f65eacb6342a146a300f45a746a53bda45ce05b0a34dfbb6c124b03d90cf4c
[INFO] running `Command { std: "docker" "start" "-a" "e9f65eacb6342a146a300f45a746a53bda45ce05b0a34dfbb6c124b03d90cf4c", kill_on_drop: false }`
[INFO] [stderr]    Compiling async-ecs v0.1.0 (/opt/rustwide/workdir)
[INFO] [stdout] warning: use of deprecated associated function `std::sync::atomic::AtomicUsize::compare_and_swap`: Use `compare_exchange` or `compare_exchange_weak` instead
[INFO] [stdout]    --> src/resource/cell.rs:122:26
[INFO] [stdout]     |
[INFO] [stdout] 122 |             if self.flag.compare_and_swap(val, val + 1, Ordering::AcqRel) == val {
[INFO] [stdout]     |                          ^^^^^^^^^^^^^^^^
[INFO] [stdout]     |
[INFO] [stdout]     = note: `#[warn(deprecated)]` on by default
[INFO] [stdout] 
[INFO] [stdout] 
[INFO] [stdout] warning: use of deprecated associated function `std::sync::atomic::AtomicUsize::compare_and_swap`: Use `compare_exchange` or `compare_exchange_weak` instead
[INFO] [stdout]    --> src/resource/cell.rs:131:19
[INFO] [stdout]     |
[INFO] [stdout] 131 |         self.flag.compare_and_swap(0, usize::MAX, Ordering::AcqRel) == 0
[INFO] [stdout]     |                   ^^^^^^^^^^^^^^^^
[INFO] [stdout] 
[INFO] [stdout] 
[INFO] [stdout] warning: 2 warnings emitted
[INFO] [stdout] 
[INFO] [stdout] 
[INFO] [stdout] warning: use of deprecated associated function `std::sync::atomic::AtomicUsize::compare_and_swap`: Use `compare_exchange` or `compare_exchange_weak` instead
[INFO] [stdout]    --> src/resource/cell.rs:122:26
[INFO] [stdout]     |
[INFO] [stdout] 122 |             if self.flag.compare_and_swap(val, val + 1, Ordering::AcqRel) == val {
[INFO] [stdout]     |                          ^^^^^^^^^^^^^^^^
[INFO] [stdout]     |
[INFO] [stdout]     = note: `#[warn(deprecated)]` on by default
[INFO] [stdout] 
[INFO] [stdout] 
[INFO] [stdout] warning: use of deprecated associated function `std::sync::atomic::AtomicUsize::compare_and_swap`: Use `compare_exchange` or `compare_exchange_weak` instead
[INFO] [stdout]    --> src/resource/cell.rs:131:19
[INFO] [stdout]     |
[INFO] [stdout] 131 |         self.flag.compare_and_swap(0, usize::MAX, Ordering::AcqRel) == 0
[INFO] [stdout]     |                   ^^^^^^^^^^^^^^^^
[INFO] [stdout] 
[INFO] [stdout] 
[INFO] [stdout] warning: 2 warnings emitted
[INFO] [stdout] 
[INFO] [stdout] 
[INFO] [stderr]     Finished test [unoptimized + debuginfo] target(s) in 5.28s
[INFO] running `Command { std: "docker" "inspect" "e9f65eacb6342a146a300f45a746a53bda45ce05b0a34dfbb6c124b03d90cf4c", kill_on_drop: false }`
[INFO] running `Command { std: "docker" "rm" "-f" "e9f65eacb6342a146a300f45a746a53bda45ce05b0a34dfbb6c124b03d90cf4c", kill_on_drop: false }`
[INFO] [stdout] e9f65eacb6342a146a300f45a746a53bda45ce05b0a34dfbb6c124b03d90cf4c
[INFO] running `Command { std: "docker" "create" "-v" "/var/lib/crater-agent-workspace/builds/worker-94/target:/opt/rustwide/target:rw,Z" "-v" "/var/lib/crater-agent-workspace/builds/worker-94/source:/opt/rustwide/workdir:ro,Z" "-v" "/var/lib/crater-agent-workspace/cargo-home:/opt/rustwide/cargo-home:ro,Z" "-v" "/var/lib/crater-agent-workspace/rustup-home:/opt/rustwide/rustup-home:ro,Z" "-e" "SOURCE_DIR=/opt/rustwide/workdir" "-e" "CARGO_TARGET_DIR=/opt/rustwide/target" "-e" "CARGO_INCREMENTAL=0" "-e" "RUST_BACKTRACE=full" "-e" "RUSTFLAGS=--cap-lints=warn" "-e" "CARGO_HOME=/opt/rustwide/cargo-home" "-e" "RUSTUP_HOME=/opt/rustwide/rustup-home" "-w" "/opt/rustwide/workdir" "-m" "1610612736" "--user" "0:0" "--network" "none" "ghcr.io/rust-lang/crates-build-env/linux@sha256:34b6a614d2c27851fe6cbf88fbd1137609cefab8b10d0615aaeb6fd47975d74e" "/opt/rustwide/cargo-home/bin/cargo" "+1.54.0" "test" "--frozen", kill_on_drop: false }`
[INFO] [stdout] 545d3e713bcca1231bba154f570986d3634ef50660e063c50a94ac903c6919c6
[INFO] running `Command { std: "docker" "start" "-a" "545d3e713bcca1231bba154f570986d3634ef50660e063c50a94ac903c6919c6", kill_on_drop: false }`
[INFO] [stderr]     Blocking waiting for file lock on package cache
[INFO] [stderr] warning: use of deprecated associated function `std::sync::atomic::AtomicUsize::compare_and_swap`: Use `compare_exchange` or `compare_exchange_weak` instead
[INFO] [stderr]    --> src/resource/cell.rs:122:26
[INFO] [stderr]     |
[INFO] [stderr] 122 |             if self.flag.compare_and_swap(val, val + 1, Ordering::AcqRel) == val {
[INFO] [stderr]     |                          ^^^^^^^^^^^^^^^^
[INFO] [stderr]     |
[INFO] [stderr]     = note: `#[warn(deprecated)]` on by default
[INFO] [stderr] 
[INFO] [stderr] warning: use of deprecated associated function `std::sync::atomic::AtomicUsize::compare_and_swap`: Use `compare_exchange` or `compare_exchange_weak` instead
[INFO] [stderr]    --> src/resource/cell.rs:131:19
[INFO] [stderr]     |
[INFO] [stderr] 131 |         self.flag.compare_and_swap(0, usize::MAX, Ordering::AcqRel) == 0
[INFO] [stderr]     |                   ^^^^^^^^^^^^^^^^
[INFO] [stderr] 
[INFO] [stderr] warning: 2 warnings emitted
[INFO] [stderr] 
[INFO] [stderr] warning: use of deprecated associated function `std::sync::atomic::AtomicUsize::compare_and_swap`: Use `compare_exchange` or `compare_exchange_weak` instead
[INFO] [stderr]    --> src/resource/cell.rs:122:26
[INFO] [stderr]     |
[INFO] [stderr] 122 |             if self.flag.compare_and_swap(val, val + 1, Ordering::AcqRel) == val {
[INFO] [stderr]     |                          ^^^^^^^^^^^^^^^^
[INFO] [stderr]     |
[INFO] [stderr]     = note: `#[warn(deprecated)]` on by default
[INFO] [stderr] 
[INFO] [stderr] warning: use of deprecated associated function `std::sync::atomic::AtomicUsize::compare_and_swap`: Use `compare_exchange` or `compare_exchange_weak` instead
[INFO] [stderr]    --> src/resource/cell.rs:131:19
[INFO] [stderr]     |
[INFO] [stderr] 131 |         self.flag.compare_and_swap(0, usize::MAX, Ordering::AcqRel) == 0
[INFO] [stderr]     |                   ^^^^^^^^^^^^^^^^
[INFO] [stderr] 
[INFO] [stderr] warning: 2 warnings emitted
[INFO] [stderr] 
[INFO] [stderr]     Finished test [unoptimized + debuginfo] target(s) in 1.78s
[INFO] [stderr]      Running unittests (/opt/rustwide/target/debug/deps/async_ecs-e3ff692d2d97bbf5)
[INFO] [stdout] 
[INFO] [stdout] running 42 tests
[INFO] [stdout] test misc::bit::iter::test_bit_average::empty_bit_average_u32 ... ok
[INFO] [stdout] test misc::bit::iter::test_bit_average::bit_average_agree_u32_u64 ... ok
[INFO] [stdout] test dispatcher::builder::tests::dependencies_on_read_and_write ... ok
[INFO] [stdout] test misc::bit::iter::test_bit_average::empty_bit_average_u64 ... ok
[INFO] [stdout] test misc::bit::iter::test_bit_average::iterator_clone ... ok
[INFO] [stdout] test misc::bit::iter::test_bit_average::singleton_bit_average_u32 ... ok
[INFO] [stdout] test misc::bit::iter::test_bit_average::singleton_bit_average_u64 ... ok
[INFO] [stdout] test misc::bit::iter::test_bit_average::specific_values ... ok
[INFO] [stdout] test resource::cell::tests::allow_clone_reads ... ok
[INFO] [stdout] test resource::cell::tests::allow_multiple_reads ... ok
[INFO] [stdout] test resource::cell::tests::allow_single_write ... ok
[INFO] [stdout] test resource::cell::tests::cloned_borrow_does_not_allow_write ... ok
[INFO] [stdout] test resource::cell::tests::ref_map_box ... ok
[INFO] [stdout] test resource::cell::tests::ref_map_drops_borrow ... ok
[INFO] [stdout] test resource::cell::tests::ref_map_preserves_flag ... ok
[INFO] [stdout] test resource::cell::tests::ref_mut_map_box ... ok
[INFO] [stdout] test resource::cell::tests::ref_map_retains_borrow ... ok
[INFO] [stdout] test resource::cell::tests::ref_mut_map_drops_borrow ... ok
[INFO] [stdout] test resource::cell::tests::ref_mut_map_preserves_flag ... ok
[INFO] [stdout] test resource::cell::tests::ref_mut_with_non_sized ... ok
[INFO] [stdout] test resource::cell::tests::ref_mut_with_trait_obj ... ok
[INFO] [stdout] test resource::cell::tests::ref_with_non_sized ... ok
[INFO] [stdout] test resource::cell::tests::ref_with_non_sized_clone ... ok
[INFO] [stdout] test resource::cell::tests::ref_with_trait_obj ... ok
[INFO] [stdout] test resource::cell::tests::try_read_and_write ... ok
[INFO] [stdout] test resource::cell::tests::try_write_and_read ... ok
[INFO] [stdout] test resource::cell::tests::try_write_and_write ... ok
[INFO] [stdout] test resource::resources::tests::insert ... ok
[INFO] [stdout] test resource::resources::tests::remove_insert ... ok
[INFO] [stdout] test world::meta::tests::test_iter_all ... ok
[INFO] [stdout] test world::meta::tests::test_iter_all_after_removal ... ok
[INFO] [stdout] test world::meta::tests::get ... ok
[INFO] [stdout] test resource::cell::tests::panic_read_and_write - should panic ... ok
[INFO] [stdout] test resource::cell::tests::panic_write_and_read - should panic ... ok
[INFO] [stdout] test resource::cell::tests::panic_write_and_write - should panic ... ok
[INFO] [stdout] test resource::cell::tests::ref_mut_map_retains_mut_borrow - should panic ... ok
[INFO] [stdout] test resource::resources::tests::read_write_fails - should panic ... ok
[INFO] [stdout] test resource::resources::tests::write_read_fails - should panic ... ok
[INFO] [stdout] test misc::bit::iter::test_bit_average::parity_0_bit_average_u32 ... ok
[INFO] [stdout] test misc::bit::iter::test_bit_average::parity_0_bit_average_u64 ... ok
[INFO] [stdout] test misc::bit::iter::test_bit_average::parity_1_bit_average_u32 ... ok
[INFO] [stdout] test misc::bit::iter::test_bit_average::parity_1_bit_average_u64 ... ok
[INFO] [stdout] 
[INFO] [stdout] test result: ok. 42 passed; 0 failed; 0 ignored; 0 measured; 0 filtered out; finished in 0.17s
[INFO] [stdout] 
[INFO] [stderr]    Doc-tests async-ecs
[INFO] [stdout] 
[INFO] [stdout] running 32 tests
[INFO] [stdout] test src/storage/mod.rs - storage::DistinctStorage (line 102) ... ok
[INFO] [stdout] test src/resource/resources.rs - resource::resources::Resources::insert (line 73) ... ok
[INFO] [stdout] test src/component/mod.rs - component::Component (line 35) ... ok
[INFO] [stdout] test src/component/mod.rs - component::Component (line 49) ... ok
[INFO] [stdout] test src/component/mod.rs - component::Component (line 22) ... ok
[INFO] [stdout] test src/access/read_storage.rs - access::read_storage::ReadStorage (line 101) ... ok
[INFO] [stdout] test src/world/meta.rs - world::meta::CastFrom (line 230) ... ok
[INFO] [stdout] test src/world/lazy.rs - world::lazy::Lazy::insert (line 78) ... ok
[INFO] [stdout] test src/resource/cell.rs - resource::cell::Ref::map (line 187) ... ok
[INFO] [stdout] test src/world/lazy.rs - world::lazy::Lazy::insert_many (line 115) ... ok
[INFO] [stdout] test src/system/system_data.rs - system::system_data::SystemData (line 18) ... ok
[INFO] [stdout] test src/resource/cell.rs - resource::cell::RefMut::map (line 297) ... ok
[INFO] [stdout] test src/world/lazy.rs - world::lazy::Lazy::remove_many (line 193) ... ok
[INFO] [stdout] test src/world/lazy.rs - world::lazy::Lazy::remove (line 157) ... ok
[INFO] [stdout] test src/world/lazy.rs - world::lazy::Lazy::exec (line 34) ... ok
[INFO] [stdout] test src/resource/cell.rs - resource::cell::RefMut::map (line 278) ... ok
[INFO] [stdout] test src/resource/cell.rs - resource::cell::Ref::map (line 168) ... ok
[INFO] [stdout] test src/join/mod.rs - join::Join::maybe (line 113) ... FAILED
[INFO] [stdout] test src/dispatcher/builder.rs - dispatcher::builder::Builder (line 40) ... FAILED
[INFO] [stdout] test src/dispatcher/builder.rs - dispatcher::builder::Builder (line 84) ... FAILED
[INFO] [stdout] test src/join/mod.rs - join::Join (line 23) ... FAILED
[INFO] [stdout] test src/join/iter.rs - join::iter::JoinIter<J>::get (line 36) ... FAILED
[INFO] [stdout] test src/entity/builder.rs - entity::builder::EntityBuilder (line 29) ... FAILED
[INFO] [stdout] test src/entity/builder.rs - entity::builder::EntityBuilder (line 60) ... FAILED
[INFO] [stdout] test src/access/write_storage.rs - access::write_storage::WriteStorage (line 52) ... FAILED
[INFO] [stdout] test src/access/write_storage.rs - access::write_storage::WriteStorage (line 30) ... FAILED
[INFO] [stdout] test src/access/read_storage.rs - access::read_storage::ReadStorage (line 69) ... FAILED
[INFO] [stdout] test src/resource/resources.rs - resource::resources::Resources::insert (line 80) ... ok
[INFO] [stdout] test src/resource/entry.rs - resource::entry::Entry (line 19) ... ok
[INFO] [stdout] test src/access/read_storage.rs - access::read_storage::ReadStorage (line 34) ... ok
[INFO] [stdout] test src/world/meta.rs - world::meta::MetaTable (line 21) ... ok
[INFO] [stdout] test src/world/lazy.rs - world::lazy::Lazy::create_entity (line 235) ... ok
[INFO] [stdout] 
[INFO] [stdout] failures:
[INFO] [stdout] 
[INFO] [stdout] ---- src/join/mod.rs - join::Join::maybe (line 113) stdout ----
[INFO] [stdout] Couldn't compile the test.
[INFO] [stdout] ---- src/dispatcher/builder.rs - dispatcher::builder::Builder (line 40) stdout ----
[INFO] [stdout] Couldn't compile the test.
[INFO] [stdout] ---- src/dispatcher/builder.rs - dispatcher::builder::Builder (line 84) stdout ----
[INFO] [stdout] Couldn't compile the test.
[INFO] [stdout] ---- src/join/mod.rs - join::Join (line 23) stdout ----
[INFO] [stdout] Couldn't compile the test.
[INFO] [stdout] ---- src/join/iter.rs - join::iter::JoinIter<J>::get (line 36) stdout ----
[INFO] [stdout] Couldn't compile the test.
[INFO] [stdout] ---- src/entity/builder.rs - entity::builder::EntityBuilder (line 29) stdout ----
[INFO] [stdout] Couldn't compile the test.
[INFO] [stdout] ---- src/entity/builder.rs - entity::builder::EntityBuilder (line 60) stdout ----
[INFO] [stdout] Couldn't compile the test.
[INFO] [stdout] ---- src/access/write_storage.rs - access::write_storage::WriteStorage (line 52) stdout ----
[INFO] [stdout] Couldn't compile the test.
[INFO] [stdout] ---- src/access/write_storage.rs - access::write_storage::WriteStorage (line 30) stdout ----
[INFO] [stdout] Couldn't compile the test.
[INFO] [stdout] ---- src/access/read_storage.rs - access::read_storage::ReadStorage (line 69) stdout ----
[INFO] [stdout] Couldn't compile the test.
[INFO] [stdout] 
[INFO] [stdout] failures:
[INFO] [stdout]     src/access/read_storage.rs - access::read_storage::ReadStorage (line 69)
[INFO] [stdout]     src/access/write_storage.rs - access::write_storage::WriteStorage (line 30)
[INFO] [stdout]     src/access/write_storage.rs - access::write_storage::WriteStorage (line 52)
[INFO] [stdout]     src/dispatcher/builder.rs - dispatcher::builder::Builder (line 40)
[INFO] [stdout]     src/dispatcher/builder.rs - dispatcher::builder::Builder (line 84)
[INFO] [stdout]     src/entity/builder.rs - entity::builder::EntityBuilder (line 29)
[INFO] [stdout]     src/entity/builder.rs - entity::builder::EntityBuilder (line 60)
[INFO] [stdout]     src/join/iter.rs - join::iter::JoinIter<J>::get (line 36)
[INFO] [stdout]     src/join/mod.rs - join::Join (line 23)
[INFO] [stdout]     src/join/mod.rs - join::Join::maybe (line 113)
[INFO] [stdout] 
[INFO] [stdout] test result: FAILED. 22 passed; 10 failed; 0 ignored; 0 measured; 0 filtered out; finished in 4.51s
[INFO] [stdout] 
[INFO] [stderr] error: test failed, to rerun pass '--doc'
[INFO] running `Command { std: "docker" "inspect" "545d3e713bcca1231bba154f570986d3634ef50660e063c50a94ac903c6919c6", kill_on_drop: false }`
[INFO] running `Command { std: "docker" "rm" "-f" "545d3e713bcca1231bba154f570986d3634ef50660e063c50a94ac903c6919c6", kill_on_drop: false }`
[INFO] [stdout] 545d3e713bcca1231bba154f570986d3634ef50660e063c50a94ac903c6919c6
