[INFO] fetching crate async-broadcast 0.3.3...
[INFO] testing async-broadcast-0.3.3 against beta-2021-08-01 for beta-1.55-1
[INFO] extracting crate async-broadcast 0.3.3 into /workspace/builds/worker-61/source
[INFO] validating manifest of crates.io crate async-broadcast 0.3.3 on toolchain beta-2021-08-01
[INFO] running `Command { std: "/workspace/cargo-home/bin/cargo" "+beta-2021-08-01" "metadata" "--manifest-path" "Cargo.toml" "--no-deps", kill_on_drop: false }`
[INFO] started tweaking crates.io crate async-broadcast 0.3.3
[INFO] finished tweaking crates.io crate async-broadcast 0.3.3
[INFO] tweaked toml for crates.io crate async-broadcast 0.3.3 written to /workspace/builds/worker-61/source/Cargo.toml
[INFO] running `Command { std: "/workspace/cargo-home/bin/cargo" "+beta-2021-08-01" "generate-lockfile" "--manifest-path" "Cargo.toml" "-Zno-index-update", kill_on_drop: false }`
[INFO] running `Command { std: "/workspace/cargo-home/bin/cargo" "+beta-2021-08-01" "fetch" "--manifest-path" "Cargo.toml", kill_on_drop: false }`
[INFO] running `Command { std: "docker" "create" "-v" "/var/lib/crater-agent-workspace/builds/worker-61/target:/opt/rustwide/target:rw,Z" "-v" "/var/lib/crater-agent-workspace/builds/worker-61/source:/opt/rustwide/workdir:ro,Z" "-v" "/var/lib/crater-agent-workspace/cargo-home:/opt/rustwide/cargo-home:ro,Z" "-v" "/var/lib/crater-agent-workspace/rustup-home:/opt/rustwide/rustup-home:ro,Z" "-e" "SOURCE_DIR=/opt/rustwide/workdir" "-e" "CARGO_TARGET_DIR=/opt/rustwide/target" "-e" "CARGO_HOME=/opt/rustwide/cargo-home" "-e" "RUSTUP_HOME=/opt/rustwide/rustup-home" "-w" "/opt/rustwide/workdir" "-m" "1610612736" "--user" "0:0" "--network" "none" "ghcr.io/rust-lang/crates-build-env/linux@sha256:34b6a614d2c27851fe6cbf88fbd1137609cefab8b10d0615aaeb6fd47975d74e" "/opt/rustwide/cargo-home/bin/cargo" "+beta-2021-08-01" "metadata" "--no-deps" "--format-version=1", kill_on_drop: false }`
[INFO] [stdout] 61395ff9225f7c66c6d71ff9d5f67efec37c022da4393fb6814ac955f339cf84
[INFO] running `Command { std: "docker" "start" "-a" "61395ff9225f7c66c6d71ff9d5f67efec37c022da4393fb6814ac955f339cf84", kill_on_drop: false }`
[INFO] running `Command { std: "docker" "inspect" "61395ff9225f7c66c6d71ff9d5f67efec37c022da4393fb6814ac955f339cf84", kill_on_drop: false }`
[INFO] running `Command { std: "docker" "rm" "-f" "61395ff9225f7c66c6d71ff9d5f67efec37c022da4393fb6814ac955f339cf84", kill_on_drop: false }`
[INFO] [stdout] 61395ff9225f7c66c6d71ff9d5f67efec37c022da4393fb6814ac955f339cf84
[INFO] running `Command { std: "docker" "create" "-v" "/var/lib/crater-agent-workspace/builds/worker-61/target:/opt/rustwide/target:rw,Z" "-v" "/var/lib/crater-agent-workspace/builds/worker-61/source:/opt/rustwide/workdir:ro,Z" "-v" "/var/lib/crater-agent-workspace/cargo-home:/opt/rustwide/cargo-home:ro,Z" "-v" "/var/lib/crater-agent-workspace/rustup-home:/opt/rustwide/rustup-home:ro,Z" "-e" "SOURCE_DIR=/opt/rustwide/workdir" "-e" "CARGO_TARGET_DIR=/opt/rustwide/target" "-e" "CARGO_INCREMENTAL=0" "-e" "RUST_BACKTRACE=full" "-e" "RUSTFLAGS=--cap-lints=warn" "-e" "CARGO_HOME=/opt/rustwide/cargo-home" "-e" "RUSTUP_HOME=/opt/rustwide/rustup-home" "-w" "/opt/rustwide/workdir" "-m" "1610612736" "--user" "0:0" "--network" "none" "ghcr.io/rust-lang/crates-build-env/linux@sha256:34b6a614d2c27851fe6cbf88fbd1137609cefab8b10d0615aaeb6fd47975d74e" "/opt/rustwide/cargo-home/bin/cargo" "+beta-2021-08-01" "build" "--frozen" "--message-format=json", kill_on_drop: false }`
[INFO] [stdout] ca9a76e61124f8e47a3e09168cdada2a1c6f3507d51da01d7ac19ba2591e42c6
[INFO] running `Command { std: "docker" "start" "-a" "ca9a76e61124f8e47a3e09168cdada2a1c6f3507d51da01d7ac19ba2591e42c6", kill_on_drop: false }`
[INFO] [stderr]     Blocking waiting for file lock on package cache
[INFO] [stderr]    Compiling futures-core v0.3.16
[INFO] [stderr]    Compiling easy-parallel v3.1.0
[INFO] [stderr]    Compiling async-broadcast v0.3.3 (/opt/rustwide/workdir)
[INFO] [stderr]     Finished dev [unoptimized + debuginfo] target(s) in 2.86s
[INFO] running `Command { std: "docker" "inspect" "ca9a76e61124f8e47a3e09168cdada2a1c6f3507d51da01d7ac19ba2591e42c6", kill_on_drop: false }`
[INFO] running `Command { std: "docker" "rm" "-f" "ca9a76e61124f8e47a3e09168cdada2a1c6f3507d51da01d7ac19ba2591e42c6", kill_on_drop: false }`
[INFO] [stdout] ca9a76e61124f8e47a3e09168cdada2a1c6f3507d51da01d7ac19ba2591e42c6
[INFO] running `Command { std: "docker" "create" "-v" "/var/lib/crater-agent-workspace/builds/worker-61/target:/opt/rustwide/target:rw,Z" "-v" "/var/lib/crater-agent-workspace/builds/worker-61/source:/opt/rustwide/workdir:ro,Z" "-v" "/var/lib/crater-agent-workspace/cargo-home:/opt/rustwide/cargo-home:ro,Z" "-v" "/var/lib/crater-agent-workspace/rustup-home:/opt/rustwide/rustup-home:ro,Z" "-e" "SOURCE_DIR=/opt/rustwide/workdir" "-e" "CARGO_TARGET_DIR=/opt/rustwide/target" "-e" "CARGO_INCREMENTAL=0" "-e" "RUST_BACKTRACE=full" "-e" "RUSTFLAGS=--cap-lints=warn" "-e" "CARGO_HOME=/opt/rustwide/cargo-home" "-e" "RUSTUP_HOME=/opt/rustwide/rustup-home" "-w" "/opt/rustwide/workdir" "-m" "1610612736" "--user" "0:0" "--network" "none" "ghcr.io/rust-lang/crates-build-env/linux@sha256:34b6a614d2c27851fe6cbf88fbd1137609cefab8b10d0615aaeb6fd47975d74e" "/opt/rustwide/cargo-home/bin/cargo" "+beta-2021-08-01" "test" "--frozen" "--no-run" "--message-format=json", kill_on_drop: false }`
[INFO] [stdout] c6a2f9c710c7e66b02a4c3bce47081f869e3e1a77f97317855bfcf8096548ce8
[INFO] running `Command { std: "docker" "start" "-a" "c6a2f9c710c7e66b02a4c3bce47081f869e3e1a77f97317855bfcf8096548ce8", kill_on_drop: false }`
[INFO] [stderr]    Compiling syn v1.0.74
[INFO] [stderr]    Compiling doc-comment v0.3.3
[INFO] [stderr]    Compiling futures-io v0.3.16
[INFO] [stderr]    Compiling fastrand v1.5.0
[INFO] [stderr]    Compiling futures-util v0.3.16
[INFO] [stderr]    Compiling futures-lite v1.12.0
[INFO] [stderr]    Compiling futures-macro v0.3.16
[INFO] [stderr]    Compiling async-broadcast v0.3.3 (/opt/rustwide/workdir)
[INFO] [stderr]     Finished test [unoptimized + debuginfo] target(s) in 17.28s
[INFO] running `Command { std: "docker" "inspect" "c6a2f9c710c7e66b02a4c3bce47081f869e3e1a77f97317855bfcf8096548ce8", kill_on_drop: false }`
[INFO] running `Command { std: "docker" "rm" "-f" "c6a2f9c710c7e66b02a4c3bce47081f869e3e1a77f97317855bfcf8096548ce8", kill_on_drop: false }`
[INFO] [stdout] c6a2f9c710c7e66b02a4c3bce47081f869e3e1a77f97317855bfcf8096548ce8
[INFO] running `Command { std: "docker" "create" "-v" "/var/lib/crater-agent-workspace/builds/worker-61/target:/opt/rustwide/target:rw,Z" "-v" "/var/lib/crater-agent-workspace/builds/worker-61/source:/opt/rustwide/workdir:ro,Z" "-v" "/var/lib/crater-agent-workspace/cargo-home:/opt/rustwide/cargo-home:ro,Z" "-v" "/var/lib/crater-agent-workspace/rustup-home:/opt/rustwide/rustup-home:ro,Z" "-e" "SOURCE_DIR=/opt/rustwide/workdir" "-e" "CARGO_TARGET_DIR=/opt/rustwide/target" "-e" "CARGO_INCREMENTAL=0" "-e" "RUST_BACKTRACE=full" "-e" "RUSTFLAGS=--cap-lints=warn" "-e" "CARGO_HOME=/opt/rustwide/cargo-home" "-e" "RUSTUP_HOME=/opt/rustwide/rustup-home" "-w" "/opt/rustwide/workdir" "-m" "1610612736" "--user" "0:0" "--network" "none" "ghcr.io/rust-lang/crates-build-env/linux@sha256:34b6a614d2c27851fe6cbf88fbd1137609cefab8b10d0615aaeb6fd47975d74e" "/opt/rustwide/cargo-home/bin/cargo" "+beta-2021-08-01" "test" "--frozen", kill_on_drop: false }`
[INFO] [stdout] 65838202cfc58d0e17bd342d8266515aca3d73a13e50aab24314292b932eb6c3
[INFO] running `Command { std: "docker" "start" "-a" "65838202cfc58d0e17bd342d8266515aca3d73a13e50aab24314292b932eb6c3", kill_on_drop: false }`
[INFO] [stderr]     Finished test [unoptimized + debuginfo] target(s) in 0.05s
[INFO] [stderr]      Running unittests (/opt/rustwide/target/debug/deps/async_broadcast-f8e080772a706154)
[INFO] [stderr]      Running tests/test.rs (/opt/rustwide/target/debug/deps/test-df055e550330f548)
[INFO] [stdout] 
[INFO] [stdout] running 0 tests
[INFO] [stdout] 
[INFO] [stdout] test result: ok. 0 passed; 0 failed; 0 ignored; 0 measured; 0 filtered out; finished in 0.00s
[INFO] [stdout] 
[INFO] [stdout] 
[INFO] [stdout] running 8 tests
[INFO] [stdout] test basic_async ... ok
[INFO] [stdout] test basic_sync ... ok
[INFO] [stdout] test inactive_drop ... ok
[INFO] [stdout] test channel_shrink ... ok
[INFO] [stdout] test parallel ... ok
[INFO] [stdout] test parallel_async ... ok
[INFO] [stdout] test open_channel ... ok
[INFO] [stdout] test overflow ... ok
[INFO] [stdout] 
[INFO] [stdout] test result: ok. 8 passed; 0 failed; 0 ignored; 0 measured; 0 filtered out; finished in 0.03s
[INFO] [stdout] 
[INFO] [stderr]    Doc-tests async-broadcast
[INFO] [stderr] warning: lint `missing_doc_code_examples` has been renamed to `rustdoc::missing_doc_code_examples`
[INFO] [stderr]   --> /opt/rustwide/workdir/src/lib.rs:96:23
[INFO] [stderr]    |
[INFO] [stderr] 96 | #![warn(missing_docs, missing_doc_code_examples, unreachable_pub)]
[INFO] [stderr]    |                       ^^^^^^^^^^^^^^^^^^^^^^^^^ help: use the new name: `rustdoc::missing_doc_code_examples`
[INFO] [stderr]    |
[INFO] [stderr]    = note: `#[warn(renamed_and_removed_lints)]` on by default
[INFO] [stderr] 
[INFO] [stderr] warning: 1 warning emitted
[INFO] [stderr] 
[INFO] [stdout] 
[INFO] [stdout] running 36 tests
[INFO] [stdout] test src/lib.rs - Receiver<T>::try_recv (line 960) ... FAILED
[INFO] [stdout] test src/lib.rs - (line 17) ... FAILED
[INFO] [stdout] test src/lib.rs - broadcast (line 124) ... FAILED
[INFO] [stdout] test src/lib.rs - doctests (line 126) ... FAILED
[INFO] [stdout] test src/lib.rs - InactiveReceiver<T>::receiver_count (line 1552) ... ok
[INFO] [stdout] test src/lib.rs - Receiver<T>::recv (line 931) ... FAILED
[INFO] [stdout] test src/lib.rs - Sender<T>::capacity (line 254) ... ok
[INFO] [stdout] test src/lib.rs - Receiver<T>::capacity (line 637) ... ok
[INFO] [stdout] test src/lib.rs - InactiveReceiver<T>::inactive_receiver_count (line 1572) ... ok
[INFO] [stdout] test src/lib.rs - InactiveReceiver<T>::activate (line 1420) ... ok
[INFO] [stdout] test src/lib.rs - Sender<T>::try_broadcast (line 545) ... ok
[INFO] [stdout] test src/lib.rs - Sender<T>::overflow (line 301) ... ok
[INFO] [stdout] test src/lib.rs - Sender<T>::receiver_count (line 447) ... ok
[INFO] [stdout] test src/lib.rs - Sender<T>::inactive_receiver_count (line 467) ... ok
[INFO] [stdout] test src/lib.rs - Receiver<T>::is_full (line 786) ... ok
[INFO] [stdout] test src/lib.rs - Receiver<T>::deactivate (line 898) ... ok
[INFO] [stdout] test src/lib.rs - Receiver<T>::overflow (line 684) ... ok
[INFO] [stdout] test src/lib.rs - Sender<T>::is_closed (line 365) ... ok
[INFO] [stdout] test src/lib.rs - Receiver<T>::is_closed (line 748) ... ok
[INFO] [stdout] test src/lib.rs - Receiver<T>::len (line 807) ... ok
[INFO] [stdout] test src/lib.rs - Receiver<T>::inactive_receiver_count (line 850) ... ok
[INFO] [stdout] test src/lib.rs - Receiver<T>::is_empty (line 767) ... ok
[INFO] [stdout] test src/lib.rs - Receiver<T>::sender_count (line 870) ... ok
[INFO] [stdout] test src/lib.rs - Sender<T>::sender_count (line 487) ... ok
[INFO] [stdout] test src/lib.rs - Receiver<T>::close (line 728) ... ok
[INFO] [stdout] test src/lib.rs - Receiver<T>::set_overflow (line 701) ... ok
[INFO] [stdout] test src/lib.rs - Sender<T>::len (line 424) ... ok
[INFO] [stdout] test src/lib.rs - Sender<T>::set_overflow (line 318) ... ok
[INFO] [stdout] test src/lib.rs - InactiveReceiver<T>::activate_cloned (line 1439) ... ok
[INFO] [stdout] test src/lib.rs - Receiver<T>::set_capacity (line 655) ... ok
[INFO] [stdout] test src/lib.rs - Sender<T>::set_capacity (line 272) ... ok
[INFO] [stdout] test src/lib.rs - Sender<T>::broadcast (line 515) ... ok
[INFO] [stdout] test src/lib.rs - Sender<T>::close (line 345) ... ok
[INFO] [stdout] test src/lib.rs - Receiver<T>::receiver_count (line 830) ... ok
[INFO] [stdout] test src/lib.rs - Sender<T>::is_full (line 403) ... ok
[INFO] [stdout] test src/lib.rs - Sender<T>::is_empty (line 384) ... ok
[INFO] [stdout] 
[INFO] [stdout] failures:
[INFO] [stdout] 
[INFO] [stdout] ---- src/lib.rs - Receiver<T>::try_recv (line 960) stdout ----
[INFO] [stdout] Couldn't compile the test.
[INFO] [stdout] ---- src/lib.rs - (line 17) stdout ----
[INFO] [stdout] Couldn't compile the test.
[INFO] [stdout] ---- src/lib.rs - broadcast (line 124) stdout ----
[INFO] [stdout] Couldn't compile the test.
[INFO] [stdout] ---- src/lib.rs - doctests (line 126) stdout ----
[INFO] [stdout] Couldn't compile the test.
[INFO] [stdout] ---- src/lib.rs - Receiver<T>::recv (line 931) stdout ----
[INFO] [stdout] Couldn't compile the test.
[INFO] [stdout] 
[INFO] [stdout] failures:
[INFO] [stdout]     src/lib.rs - (line 17)
[INFO] [stdout]     src/lib.rs - Receiver<T>::recv (line 931)
[INFO] [stdout]     src/lib.rs - Receiver<T>::try_recv (line 960)
[INFO] [stdout]     src/lib.rs - broadcast (line 124)
[INFO] [stdout]     src/lib.rs - doctests (line 126)
[INFO] [stdout] 
[INFO] [stdout] test result: FAILED. 31 passed; 5 failed; 0 ignored; 0 measured; 0 filtered out; finished in 3.99s
[INFO] [stdout] 
[INFO] [stderr] error: test failed, to rerun pass '--doc'
[INFO] running `Command { std: "docker" "inspect" "65838202cfc58d0e17bd342d8266515aca3d73a13e50aab24314292b932eb6c3", kill_on_drop: false }`
[INFO] running `Command { std: "docker" "rm" "-f" "65838202cfc58d0e17bd342d8266515aca3d73a13e50aab24314292b932eb6c3", kill_on_drop: false }`
[INFO] [stdout] 65838202cfc58d0e17bd342d8266515aca3d73a13e50aab24314292b932eb6c3
