[INFO] fetching crate async-actors 0.0.0...
[INFO] testing async-actors-0.0.0 against 1.54.0 for beta-1.55-1
[INFO] extracting crate async-actors 0.0.0 into /workspace/builds/worker-38/source
[INFO] validating manifest of crates.io crate async-actors 0.0.0 on toolchain 1.54.0
[INFO] running `Command { std: "/workspace/cargo-home/bin/cargo" "+1.54.0" "metadata" "--manifest-path" "Cargo.toml" "--no-deps", kill_on_drop: false }`
[INFO] started tweaking crates.io crate async-actors 0.0.0
[INFO] finished tweaking crates.io crate async-actors 0.0.0
[INFO] tweaked toml for crates.io crate async-actors 0.0.0 written to /workspace/builds/worker-38/source/Cargo.toml
[INFO] running `Command { std: "/workspace/cargo-home/bin/cargo" "+1.54.0" "generate-lockfile" "--manifest-path" "Cargo.toml" "-Zno-index-update", kill_on_drop: false }`
[INFO] [stderr]     Blocking waiting for file lock on package cache
[INFO] running `Command { std: "/workspace/cargo-home/bin/cargo" "+1.54.0" "fetch" "--manifest-path" "Cargo.toml", kill_on_drop: false }`
[INFO] running `Command { std: "docker" "create" "-v" "/var/lib/crater-agent-workspace/builds/worker-38/target:/opt/rustwide/target:rw,Z" "-v" "/var/lib/crater-agent-workspace/builds/worker-38/source:/opt/rustwide/workdir:ro,Z" "-v" "/var/lib/crater-agent-workspace/cargo-home:/opt/rustwide/cargo-home:ro,Z" "-v" "/var/lib/crater-agent-workspace/rustup-home:/opt/rustwide/rustup-home:ro,Z" "-e" "SOURCE_DIR=/opt/rustwide/workdir" "-e" "CARGO_TARGET_DIR=/opt/rustwide/target" "-e" "CARGO_HOME=/opt/rustwide/cargo-home" "-e" "RUSTUP_HOME=/opt/rustwide/rustup-home" "-w" "/opt/rustwide/workdir" "-m" "1610612736" "--user" "0:0" "--network" "none" "ghcr.io/rust-lang/crates-build-env/linux@sha256:34b6a614d2c27851fe6cbf88fbd1137609cefab8b10d0615aaeb6fd47975d74e" "/opt/rustwide/cargo-home/bin/cargo" "+1.54.0" "metadata" "--no-deps" "--format-version=1", kill_on_drop: false }`
[INFO] [stdout] c88ef0d16eec26accfe105a62be7689de1724b5a3ecb4d67387987683e75811b
[INFO] running `Command { std: "docker" "start" "-a" "c88ef0d16eec26accfe105a62be7689de1724b5a3ecb4d67387987683e75811b", kill_on_drop: false }`
[INFO] running `Command { std: "docker" "inspect" "c88ef0d16eec26accfe105a62be7689de1724b5a3ecb4d67387987683e75811b", kill_on_drop: false }`
[INFO] running `Command { std: "docker" "rm" "-f" "c88ef0d16eec26accfe105a62be7689de1724b5a3ecb4d67387987683e75811b", kill_on_drop: false }`
[INFO] [stdout] c88ef0d16eec26accfe105a62be7689de1724b5a3ecb4d67387987683e75811b
[INFO] running `Command { std: "docker" "create" "-v" "/var/lib/crater-agent-workspace/builds/worker-38/target:/opt/rustwide/target:rw,Z" "-v" "/var/lib/crater-agent-workspace/builds/worker-38/source:/opt/rustwide/workdir:ro,Z" "-v" "/var/lib/crater-agent-workspace/cargo-home:/opt/rustwide/cargo-home:ro,Z" "-v" "/var/lib/crater-agent-workspace/rustup-home:/opt/rustwide/rustup-home:ro,Z" "-e" "SOURCE_DIR=/opt/rustwide/workdir" "-e" "CARGO_TARGET_DIR=/opt/rustwide/target" "-e" "CARGO_INCREMENTAL=0" "-e" "RUST_BACKTRACE=full" "-e" "RUSTFLAGS=--cap-lints=warn" "-e" "CARGO_HOME=/opt/rustwide/cargo-home" "-e" "RUSTUP_HOME=/opt/rustwide/rustup-home" "-w" "/opt/rustwide/workdir" "-m" "1610612736" "--user" "0:0" "--network" "none" "ghcr.io/rust-lang/crates-build-env/linux@sha256:34b6a614d2c27851fe6cbf88fbd1137609cefab8b10d0615aaeb6fd47975d74e" "/opt/rustwide/cargo-home/bin/cargo" "+1.54.0" "build" "--frozen" "--message-format=json", kill_on_drop: false }`
[INFO] [stdout] 52f22dd924811bfed923c2927a4e589adae72b042383dd9f8b7c14551804695d
[INFO] running `Command { std: "docker" "start" "-a" "52f22dd924811bfed923c2927a4e589adae72b042383dd9f8b7c14551804695d", kill_on_drop: false }`
[INFO] [stderr]    Compiling async-actors v0.0.0 (/opt/rustwide/workdir)
[INFO] [stderr]     Finished dev [unoptimized + debuginfo] target(s) in 0.23s
[INFO] running `Command { std: "docker" "inspect" "52f22dd924811bfed923c2927a4e589adae72b042383dd9f8b7c14551804695d", kill_on_drop: false }`
[INFO] running `Command { std: "docker" "rm" "-f" "52f22dd924811bfed923c2927a4e589adae72b042383dd9f8b7c14551804695d", kill_on_drop: false }`
[INFO] [stdout] 52f22dd924811bfed923c2927a4e589adae72b042383dd9f8b7c14551804695d
[INFO] running `Command { std: "docker" "create" "-v" "/var/lib/crater-agent-workspace/builds/worker-38/target:/opt/rustwide/target:rw,Z" "-v" "/var/lib/crater-agent-workspace/builds/worker-38/source:/opt/rustwide/workdir:ro,Z" "-v" "/var/lib/crater-agent-workspace/cargo-home:/opt/rustwide/cargo-home:ro,Z" "-v" "/var/lib/crater-agent-workspace/rustup-home:/opt/rustwide/rustup-home:ro,Z" "-e" "SOURCE_DIR=/opt/rustwide/workdir" "-e" "CARGO_TARGET_DIR=/opt/rustwide/target" "-e" "CARGO_INCREMENTAL=0" "-e" "RUST_BACKTRACE=full" "-e" "RUSTFLAGS=--cap-lints=warn" "-e" "CARGO_HOME=/opt/rustwide/cargo-home" "-e" "RUSTUP_HOME=/opt/rustwide/rustup-home" "-w" "/opt/rustwide/workdir" "-m" "1610612736" "--user" "0:0" "--network" "none" "ghcr.io/rust-lang/crates-build-env/linux@sha256:34b6a614d2c27851fe6cbf88fbd1137609cefab8b10d0615aaeb6fd47975d74e" "/opt/rustwide/cargo-home/bin/cargo" "+1.54.0" "test" "--frozen" "--no-run" "--message-format=json", kill_on_drop: false }`
[INFO] [stdout] aed6e22a78476b899ca73a635af19484a21963be47f4d0d63a4b134e3a789b06
[INFO] running `Command { std: "docker" "start" "-a" "aed6e22a78476b899ca73a635af19484a21963be47f4d0d63a4b134e3a789b06", kill_on_drop: false }`
[INFO] [stderr]    Compiling async-actors v0.0.0 (/opt/rustwide/workdir)
[INFO] [stderr]     Finished test [unoptimized + debuginfo] target(s) in 0.69s
[INFO] running `Command { std: "docker" "inspect" "aed6e22a78476b899ca73a635af19484a21963be47f4d0d63a4b134e3a789b06", kill_on_drop: false }`
[INFO] running `Command { std: "docker" "rm" "-f" "aed6e22a78476b899ca73a635af19484a21963be47f4d0d63a4b134e3a789b06", kill_on_drop: false }`
[INFO] [stdout] aed6e22a78476b899ca73a635af19484a21963be47f4d0d63a4b134e3a789b06
[INFO] running `Command { std: "docker" "create" "-v" "/var/lib/crater-agent-workspace/builds/worker-38/target:/opt/rustwide/target:rw,Z" "-v" "/var/lib/crater-agent-workspace/builds/worker-38/source:/opt/rustwide/workdir:ro,Z" "-v" "/var/lib/crater-agent-workspace/cargo-home:/opt/rustwide/cargo-home:ro,Z" "-v" "/var/lib/crater-agent-workspace/rustup-home:/opt/rustwide/rustup-home:ro,Z" "-e" "SOURCE_DIR=/opt/rustwide/workdir" "-e" "CARGO_TARGET_DIR=/opt/rustwide/target" "-e" "CARGO_INCREMENTAL=0" "-e" "RUST_BACKTRACE=full" "-e" "RUSTFLAGS=--cap-lints=warn" "-e" "CARGO_HOME=/opt/rustwide/cargo-home" "-e" "RUSTUP_HOME=/opt/rustwide/rustup-home" "-w" "/opt/rustwide/workdir" "-m" "1610612736" "--user" "0:0" "--network" "none" "ghcr.io/rust-lang/crates-build-env/linux@sha256:34b6a614d2c27851fe6cbf88fbd1137609cefab8b10d0615aaeb6fd47975d74e" "/opt/rustwide/cargo-home/bin/cargo" "+1.54.0" "test" "--frozen", kill_on_drop: false }`
[INFO] [stdout] 18f285a765c4a8f5974754df7b4f151972843ccf4aa6eb8a3f2442dad5ce914c
[INFO] running `Command { std: "docker" "start" "-a" "18f285a765c4a8f5974754df7b4f151972843ccf4aa6eb8a3f2442dad5ce914c", kill_on_drop: false }`
[INFO] [stderr]     Finished test [unoptimized + debuginfo] target(s) in 0.06s
[INFO] [stderr]      Running unittests (/opt/rustwide/target/debug/deps/async_actors-9320f34a526b8567)
[INFO] [stdout] 
[INFO] [stdout] running 0 tests
[INFO] [stdout] 
[INFO] [stdout] test result: ok. 0 passed; 0 failed; 0 ignored; 0 measured; 0 filtered out; finished in 0.00s
[INFO] [stdout] 
[INFO] [stderr]    Doc-tests async-actors
[INFO] [stdout] 
[INFO] [stdout] running 1 test
[INFO] [stdout] test src/lib.rs - (line 7) ... FAILED
[INFO] [stdout] 
[INFO] [stdout] failures:
[INFO] [stdout] 
[INFO] [stdout] ---- src/lib.rs - (line 7) stdout ----
[INFO] [stdout] error[E0762]: unterminated character literal
[INFO] [stdout]    --> src/lib.rs:174:44
[INFO] [stdout]     |
[INFO] [stdout] 167 | attempt to alter or restrict the recipients' rights in the Source Code
[INFO] [stdout]     |                                            ^^^^^^^^^^^^^^^^^^^^^^^^^^^
[INFO] [stdout] 
[INFO] [stdout] error: aborting due to previous error
[INFO] [stdout] 
[INFO] [stdout] For more information about this error, try `rustc --explain E0762`.
[INFO] [stdout] Couldn't compile the test.
[INFO] [stdout] 
[INFO] [stdout] failures:
[INFO] [stdout]     src/lib.rs - (line 7)
[INFO] [stdout] 
[INFO] [stdout] test result: FAILED. 0 passed; 1 failed; 0 ignored; 0 measured; 0 filtered out; finished in 0.05s
[INFO] [stdout] 
[INFO] [stderr] error: test failed, to rerun pass '--doc'
[INFO] running `Command { std: "docker" "inspect" "18f285a765c4a8f5974754df7b4f151972843ccf4aa6eb8a3f2442dad5ce914c", kill_on_drop: false }`
[INFO] running `Command { std: "docker" "rm" "-f" "18f285a765c4a8f5974754df7b4f151972843ccf4aa6eb8a3f2442dad5ce914c", kill_on_drop: false }`
[INFO] [stdout] 18f285a765c4a8f5974754df7b4f151972843ccf4aa6eb8a3f2442dad5ce914c
