[INFO] fetching crate async-actor 0.0.0...
[INFO] testing async-actor-0.0.0 against 1.54.0 for beta-1.55-1
[INFO] extracting crate async-actor 0.0.0 into /workspace/builds/worker-30/source
[INFO] validating manifest of crates.io crate async-actor 0.0.0 on toolchain 1.54.0
[INFO] running `Command { std: "/workspace/cargo-home/bin/cargo" "+1.54.0" "metadata" "--manifest-path" "Cargo.toml" "--no-deps", kill_on_drop: false }`
[INFO] started tweaking crates.io crate async-actor 0.0.0
[INFO] finished tweaking crates.io crate async-actor 0.0.0
[INFO] tweaked toml for crates.io crate async-actor 0.0.0 written to /workspace/builds/worker-30/source/Cargo.toml
[INFO] running `Command { std: "/workspace/cargo-home/bin/cargo" "+1.54.0" "generate-lockfile" "--manifest-path" "Cargo.toml" "-Zno-index-update", kill_on_drop: false }`
[INFO] running `Command { std: "/workspace/cargo-home/bin/cargo" "+1.54.0" "fetch" "--manifest-path" "Cargo.toml", kill_on_drop: false }`
[INFO] [stderr]     Blocking waiting for file lock on package cache
[INFO] running `Command { std: "docker" "create" "-v" "/var/lib/crater-agent-workspace/builds/worker-30/target:/opt/rustwide/target:rw,Z" "-v" "/var/lib/crater-agent-workspace/builds/worker-30/source:/opt/rustwide/workdir:ro,Z" "-v" "/var/lib/crater-agent-workspace/cargo-home:/opt/rustwide/cargo-home:ro,Z" "-v" "/var/lib/crater-agent-workspace/rustup-home:/opt/rustwide/rustup-home:ro,Z" "-e" "SOURCE_DIR=/opt/rustwide/workdir" "-e" "CARGO_TARGET_DIR=/opt/rustwide/target" "-e" "CARGO_HOME=/opt/rustwide/cargo-home" "-e" "RUSTUP_HOME=/opt/rustwide/rustup-home" "-w" "/opt/rustwide/workdir" "-m" "1610612736" "--user" "0:0" "--network" "none" "ghcr.io/rust-lang/crates-build-env/linux@sha256:34b6a614d2c27851fe6cbf88fbd1137609cefab8b10d0615aaeb6fd47975d74e" "/opt/rustwide/cargo-home/bin/cargo" "+1.54.0" "metadata" "--no-deps" "--format-version=1", kill_on_drop: false }`
[INFO] [stdout] 406c17ff7c42a95fe65ce632c0d9a34ace0f02ddfa83af83484b943519ce066f
[INFO] running `Command { std: "docker" "start" "-a" "406c17ff7c42a95fe65ce632c0d9a34ace0f02ddfa83af83484b943519ce066f", kill_on_drop: false }`
[INFO] running `Command { std: "docker" "inspect" "406c17ff7c42a95fe65ce632c0d9a34ace0f02ddfa83af83484b943519ce066f", kill_on_drop: false }`
[INFO] running `Command { std: "docker" "rm" "-f" "406c17ff7c42a95fe65ce632c0d9a34ace0f02ddfa83af83484b943519ce066f", kill_on_drop: false }`
[INFO] [stdout] 406c17ff7c42a95fe65ce632c0d9a34ace0f02ddfa83af83484b943519ce066f
[INFO] running `Command { std: "docker" "create" "-v" "/var/lib/crater-agent-workspace/builds/worker-30/target:/opt/rustwide/target:rw,Z" "-v" "/var/lib/crater-agent-workspace/builds/worker-30/source:/opt/rustwide/workdir:ro,Z" "-v" "/var/lib/crater-agent-workspace/cargo-home:/opt/rustwide/cargo-home:ro,Z" "-v" "/var/lib/crater-agent-workspace/rustup-home:/opt/rustwide/rustup-home:ro,Z" "-e" "SOURCE_DIR=/opt/rustwide/workdir" "-e" "CARGO_TARGET_DIR=/opt/rustwide/target" "-e" "CARGO_INCREMENTAL=0" "-e" "RUST_BACKTRACE=full" "-e" "RUSTFLAGS=--cap-lints=warn" "-e" "CARGO_HOME=/opt/rustwide/cargo-home" "-e" "RUSTUP_HOME=/opt/rustwide/rustup-home" "-w" "/opt/rustwide/workdir" "-m" "1610612736" "--user" "0:0" "--network" "none" "ghcr.io/rust-lang/crates-build-env/linux@sha256:34b6a614d2c27851fe6cbf88fbd1137609cefab8b10d0615aaeb6fd47975d74e" "/opt/rustwide/cargo-home/bin/cargo" "+1.54.0" "build" "--frozen" "--message-format=json", kill_on_drop: false }`
[INFO] [stdout] 29ec7bc85d0d1afa8f3a87fb16efef60cf6406c719cb6565ef191a1bcc0b6433
[INFO] running `Command { std: "docker" "start" "-a" "29ec7bc85d0d1afa8f3a87fb16efef60cf6406c719cb6565ef191a1bcc0b6433", kill_on_drop: false }`
[INFO] [stderr]    Compiling async-actor v0.0.0 (/opt/rustwide/workdir)
[INFO] [stderr]     Finished dev [unoptimized + debuginfo] target(s) in 0.57s
[INFO] running `Command { std: "docker" "inspect" "29ec7bc85d0d1afa8f3a87fb16efef60cf6406c719cb6565ef191a1bcc0b6433", kill_on_drop: false }`
[INFO] running `Command { std: "docker" "rm" "-f" "29ec7bc85d0d1afa8f3a87fb16efef60cf6406c719cb6565ef191a1bcc0b6433", kill_on_drop: false }`
[INFO] [stdout] 29ec7bc85d0d1afa8f3a87fb16efef60cf6406c719cb6565ef191a1bcc0b6433
[INFO] running `Command { std: "docker" "create" "-v" "/var/lib/crater-agent-workspace/builds/worker-30/target:/opt/rustwide/target:rw,Z" "-v" "/var/lib/crater-agent-workspace/builds/worker-30/source:/opt/rustwide/workdir:ro,Z" "-v" "/var/lib/crater-agent-workspace/cargo-home:/opt/rustwide/cargo-home:ro,Z" "-v" "/var/lib/crater-agent-workspace/rustup-home:/opt/rustwide/rustup-home:ro,Z" "-e" "SOURCE_DIR=/opt/rustwide/workdir" "-e" "CARGO_TARGET_DIR=/opt/rustwide/target" "-e" "CARGO_INCREMENTAL=0" "-e" "RUST_BACKTRACE=full" "-e" "RUSTFLAGS=--cap-lints=warn" "-e" "CARGO_HOME=/opt/rustwide/cargo-home" "-e" "RUSTUP_HOME=/opt/rustwide/rustup-home" "-w" "/opt/rustwide/workdir" "-m" "1610612736" "--user" "0:0" "--network" "none" "ghcr.io/rust-lang/crates-build-env/linux@sha256:34b6a614d2c27851fe6cbf88fbd1137609cefab8b10d0615aaeb6fd47975d74e" "/opt/rustwide/cargo-home/bin/cargo" "+1.54.0" "test" "--frozen" "--no-run" "--message-format=json", kill_on_drop: false }`
[INFO] [stdout] cc42c019e09789b1b72c5efe761ccafe2193347205b89b268e0c0da1db750232
[INFO] running `Command { std: "docker" "start" "-a" "cc42c019e09789b1b72c5efe761ccafe2193347205b89b268e0c0da1db750232", kill_on_drop: false }`
[INFO] [stderr]    Compiling async-actor v0.0.0 (/opt/rustwide/workdir)
[INFO] [stderr]     Finished test [unoptimized + debuginfo] target(s) in 0.57s
[INFO] running `Command { std: "docker" "inspect" "cc42c019e09789b1b72c5efe761ccafe2193347205b89b268e0c0da1db750232", kill_on_drop: false }`
[INFO] running `Command { std: "docker" "rm" "-f" "cc42c019e09789b1b72c5efe761ccafe2193347205b89b268e0c0da1db750232", kill_on_drop: false }`
[INFO] [stdout] cc42c019e09789b1b72c5efe761ccafe2193347205b89b268e0c0da1db750232
[INFO] running `Command { std: "docker" "create" "-v" "/var/lib/crater-agent-workspace/builds/worker-30/target:/opt/rustwide/target:rw,Z" "-v" "/var/lib/crater-agent-workspace/builds/worker-30/source:/opt/rustwide/workdir:ro,Z" "-v" "/var/lib/crater-agent-workspace/cargo-home:/opt/rustwide/cargo-home:ro,Z" "-v" "/var/lib/crater-agent-workspace/rustup-home:/opt/rustwide/rustup-home:ro,Z" "-e" "SOURCE_DIR=/opt/rustwide/workdir" "-e" "CARGO_TARGET_DIR=/opt/rustwide/target" "-e" "CARGO_INCREMENTAL=0" "-e" "RUST_BACKTRACE=full" "-e" "RUSTFLAGS=--cap-lints=warn" "-e" "CARGO_HOME=/opt/rustwide/cargo-home" "-e" "RUSTUP_HOME=/opt/rustwide/rustup-home" "-w" "/opt/rustwide/workdir" "-m" "1610612736" "--user" "0:0" "--network" "none" "ghcr.io/rust-lang/crates-build-env/linux@sha256:34b6a614d2c27851fe6cbf88fbd1137609cefab8b10d0615aaeb6fd47975d74e" "/opt/rustwide/cargo-home/bin/cargo" "+1.54.0" "test" "--frozen", kill_on_drop: false }`
[INFO] [stdout] 908d56dcb5763723ce73c35b3f0f84437dbb30ae11f88ea51917e29504fb0e3a
[INFO] running `Command { std: "docker" "start" "-a" "908d56dcb5763723ce73c35b3f0f84437dbb30ae11f88ea51917e29504fb0e3a", kill_on_drop: false }`
[INFO] [stderr]     Finished test [unoptimized + debuginfo] target(s) in 0.05s
[INFO] [stderr]      Running unittests (/opt/rustwide/target/debug/deps/async_actor-6a1cdbb4b66764b0)
[INFO] [stdout] 
[INFO] [stderr]    Doc-tests async-actor
[INFO] [stdout] running 0 tests
[INFO] [stdout] 
[INFO] [stdout] test result: ok. 0 passed; 0 failed; 0 ignored; 0 measured; 0 filtered out; finished in 0.00s
[INFO] [stdout] 
[INFO] [stdout] 
[INFO] [stdout] running 1 test
[INFO] [stdout] test src/lib.rs - (line 7) ... FAILED
[INFO] [stdout] 
[INFO] [stdout] failures:
[INFO] [stdout] 
[INFO] [stdout] ---- src/lib.rs - (line 7) stdout ----
[INFO] [stdout] error[E0762]: unterminated character literal
[INFO] [stdout]    --> src/lib.rs:174:44
[INFO] [stdout]     |
[INFO] [stdout] 167 | attempt to alter or restrict the recipients' rights in the Source Code
[INFO] [stdout]     |                                            ^^^^^^^^^^^^^^^^^^^^^^^^^^^
[INFO] [stdout] 
[INFO] [stdout] error: aborting due to previous error
[INFO] [stdout] 
[INFO] [stdout] For more information about this error, try `rustc --explain E0762`.
[INFO] [stdout] Couldn't compile the test.
[INFO] [stdout] 
[INFO] [stdout] failures:
[INFO] [stdout]     src/lib.rs - (line 7)
[INFO] [stdout] 
[INFO] [stdout] test result: FAILED. 0 passed; 1 failed; 0 ignored; 0 measured; 0 filtered out; finished in 0.04s
[INFO] [stdout] 
[INFO] [stderr] error: test failed, to rerun pass '--doc'
[INFO] running `Command { std: "docker" "inspect" "908d56dcb5763723ce73c35b3f0f84437dbb30ae11f88ea51917e29504fb0e3a", kill_on_drop: false }`
[INFO] running `Command { std: "docker" "rm" "-f" "908d56dcb5763723ce73c35b3f0f84437dbb30ae11f88ea51917e29504fb0e3a", kill_on_drop: false }`
[INFO] [stdout] 908d56dcb5763723ce73c35b3f0f84437dbb30ae11f88ea51917e29504fb0e3a
