[INFO] fetching crate astrup 0.0.9...
[INFO] testing astrup-0.0.9 against 1.54.0 for beta-1.55-1
[INFO] extracting crate astrup 0.0.9 into /workspace/builds/worker-54/source
[INFO] validating manifest of crates.io crate astrup 0.0.9 on toolchain 1.54.0
[INFO] running `Command { std: "/workspace/cargo-home/bin/cargo" "+1.54.0" "metadata" "--manifest-path" "Cargo.toml" "--no-deps", kill_on_drop: false }`
[INFO] started tweaking crates.io crate astrup 0.0.9
[INFO] finished tweaking crates.io crate astrup 0.0.9
[INFO] tweaked toml for crates.io crate astrup 0.0.9 written to /workspace/builds/worker-54/source/Cargo.toml
[INFO] running `Command { std: "/workspace/cargo-home/bin/cargo" "+1.54.0" "generate-lockfile" "--manifest-path" "Cargo.toml" "-Zno-index-update", kill_on_drop: false }`
[INFO] [stderr]     Blocking waiting for file lock on package cache
[INFO] running `Command { std: "/workspace/cargo-home/bin/cargo" "+1.54.0" "fetch" "--manifest-path" "Cargo.toml", kill_on_drop: false }`
[INFO] [stderr]     Blocking waiting for file lock on package cache
[INFO] [stderr]  Downloading crates ...
[INFO] [stderr]   Downloaded phf_generator v0.7.24
[INFO] [stderr]   Downloaded num-traits v0.1.43
[INFO] [stderr]   Downloaded approx v0.1.1
[INFO] [stderr]   Downloaded siphasher v0.2.3
[INFO] [stderr]   Downloaded ndarray v0.11.2
[INFO] [stderr]   Downloaded rawpointer v0.1.0
[INFO] [stderr]   Downloaded phf v0.7.24
[INFO] [stderr]   Downloaded phf_codegen v0.7.24
[INFO] [stderr]   Downloaded gdk-pixbuf v0.3.0
[INFO] [stderr]   Downloaded atk-sys v0.5.0
[INFO] [stderr]   Downloaded gio v0.3.0
[INFO] [stderr]   Downloaded pango-sys v0.5.0
[INFO] [stderr]   Downloaded gdk-sys v0.5.0
[INFO] [stderr]   Downloaded itertools v0.7.11
[INFO] [stderr]   Downloaded gtk-sys v0.5.0
[INFO] [stderr]   Downloaded cairo-rs v0.3.0
[INFO] [stderr]   Downloaded gobject-sys v0.5.0
[INFO] [stderr]   Downloaded c_vec v1.2.1
[INFO] [stderr]   Downloaded palette v0.2.1
[INFO] [stderr]   Downloaded gtk v0.3.0
[INFO] [stderr]   Downloaded gdk v0.7.0
[INFO] [stderr]   Downloaded cairo-sys-rs v0.5.0
[INFO] [stderr]   Downloaded pango v0.3.0
[INFO] [stderr]   Downloaded glib v0.4.1
[INFO] [stderr]   Downloaded gdk-pixbuf-sys v0.5.0
[INFO] [stderr]   Downloaded gio-sys v0.5.0
[INFO] [stderr]   Downloaded glib-sys v0.5.0
[INFO] [stderr]   Downloaded matrixmultiply v0.1.15
[INFO] [stderr]   Downloaded phf_shared v0.7.24
[INFO] running `Command { std: "docker" "create" "-v" "/var/lib/crater-agent-workspace/builds/worker-54/target:/opt/rustwide/target:rw,Z" "-v" "/var/lib/crater-agent-workspace/builds/worker-54/source:/opt/rustwide/workdir:ro,Z" "-v" "/var/lib/crater-agent-workspace/cargo-home:/opt/rustwide/cargo-home:ro,Z" "-v" "/var/lib/crater-agent-workspace/rustup-home:/opt/rustwide/rustup-home:ro,Z" "-e" "SOURCE_DIR=/opt/rustwide/workdir" "-e" "CARGO_TARGET_DIR=/opt/rustwide/target" "-e" "CARGO_HOME=/opt/rustwide/cargo-home" "-e" "RUSTUP_HOME=/opt/rustwide/rustup-home" "-w" "/opt/rustwide/workdir" "-m" "1610612736" "--user" "0:0" "--network" "none" "ghcr.io/rust-lang/crates-build-env/linux@sha256:34b6a614d2c27851fe6cbf88fbd1137609cefab8b10d0615aaeb6fd47975d74e" "/opt/rustwide/cargo-home/bin/cargo" "+1.54.0" "metadata" "--no-deps" "--format-version=1", kill_on_drop: false }`
[INFO] [stdout] 41cde3e5ffaebb879d565452c6e8b238e3e43c0a5052310681b4a9b9db581234
[INFO] running `Command { std: "docker" "start" "-a" "41cde3e5ffaebb879d565452c6e8b238e3e43c0a5052310681b4a9b9db581234", kill_on_drop: false }`
[INFO] running `Command { std: "docker" "inspect" "41cde3e5ffaebb879d565452c6e8b238e3e43c0a5052310681b4a9b9db581234", kill_on_drop: false }`
[INFO] running `Command { std: "docker" "rm" "-f" "41cde3e5ffaebb879d565452c6e8b238e3e43c0a5052310681b4a9b9db581234", kill_on_drop: false }`
[INFO] [stdout] 41cde3e5ffaebb879d565452c6e8b238e3e43c0a5052310681b4a9b9db581234
[INFO] running `Command { std: "docker" "create" "-v" "/var/lib/crater-agent-workspace/builds/worker-54/target:/opt/rustwide/target:rw,Z" "-v" "/var/lib/crater-agent-workspace/builds/worker-54/source:/opt/rustwide/workdir:ro,Z" "-v" "/var/lib/crater-agent-workspace/cargo-home:/opt/rustwide/cargo-home:ro,Z" "-v" "/var/lib/crater-agent-workspace/rustup-home:/opt/rustwide/rustup-home:ro,Z" "-e" "SOURCE_DIR=/opt/rustwide/workdir" "-e" "CARGO_TARGET_DIR=/opt/rustwide/target" "-e" "CARGO_INCREMENTAL=0" "-e" "RUST_BACKTRACE=full" "-e" "RUSTFLAGS=--cap-lints=warn" "-e" "CARGO_HOME=/opt/rustwide/cargo-home" "-e" "RUSTUP_HOME=/opt/rustwide/rustup-home" "-w" "/opt/rustwide/workdir" "-m" "1610612736" "--user" "0:0" "--network" "none" "ghcr.io/rust-lang/crates-build-env/linux@sha256:34b6a614d2c27851fe6cbf88fbd1137609cefab8b10d0615aaeb6fd47975d74e" "/opt/rustwide/cargo-home/bin/cargo" "+1.54.0" "build" "--frozen" "--message-format=json", kill_on_drop: false }`
[INFO] [stdout] 7894faabfdc95964a869bbffbc5f71a39317a8d8bcca03d049fe7042c576b2c0
[INFO] running `Command { std: "docker" "start" "-a" "7894faabfdc95964a869bbffbc5f71a39317a8d8bcca03d049fe7042c576b2c0", kill_on_drop: false }`
[INFO] [stderr]     Blocking waiting for file lock on package cache
[INFO] [stderr]    Compiling memchr v2.4.0
[INFO] [stderr]    Compiling siphasher v0.2.3
[INFO] [stderr]    Compiling rustc-serialize v0.3.24
[INFO] [stderr]    Compiling gio v0.3.0
[INFO] [stderr]    Compiling gdk-pixbuf v0.3.0
[INFO] [stderr]    Compiling serde v1.0.127
[INFO] [stderr]    Compiling cairo-rs v0.3.0
[INFO] [stderr]    Compiling matrixmultiply v0.1.15
[INFO] [stderr]    Compiling gdk v0.7.0
[INFO] [stderr]    Compiling c_vec v1.2.1
[INFO] [stderr]    Compiling gtk v0.3.0
[INFO] [stderr]    Compiling ndarray v0.11.2
[INFO] [stderr]    Compiling rawpointer v0.1.0
[INFO] [stderr]    Compiling regex-automata v0.1.10
[INFO] [stderr]    Compiling either v1.6.1
[INFO] [stderr]    Compiling approx v0.1.1
[INFO] [stderr]    Compiling glib-sys v0.5.0
[INFO] [stderr]    Compiling gobject-sys v0.5.0
[INFO] [stderr]    Compiling gio-sys v0.5.0
[INFO] [stderr]    Compiling gdk-pixbuf-sys v0.5.0
[INFO] [stderr]    Compiling cairo-sys-rs v0.5.0
[INFO] [stderr]    Compiling pango-sys v0.5.0
[INFO] [stderr]    Compiling gdk-sys v0.5.0
[INFO] [stderr]    Compiling atk-sys v0.5.0
[INFO] [stderr]    Compiling gtk-sys v0.5.0
[INFO] [stderr]    Compiling num-integer v0.1.44
[INFO] [stderr]    Compiling num-iter v0.1.42
[INFO] [stderr]    Compiling rand v0.4.6
[INFO] [stderr]    Compiling num-traits v0.1.43
[INFO] [stderr]    Compiling itertools v0.7.11
[INFO] [stderr]    Compiling phf_shared v0.7.24
[INFO] [stderr]    Compiling phf_generator v0.7.24
[INFO] [stderr]    Compiling phf v0.7.24
[INFO] [stderr]    Compiling phf_codegen v0.7.24
[INFO] [stderr]    Compiling palette v0.2.1
[INFO] [stderr]    Compiling chrono v0.4.19
[INFO] [stderr]    Compiling object v0.26.0
[INFO] [stderr]    Compiling csv-core v0.1.10
[INFO] [stderr]    Compiling num-complex v0.1.43
[INFO] [stderr]    Compiling num-bigint v0.1.44
[INFO] [stderr]    Compiling glib v0.4.1
[INFO] [stderr]    Compiling num-rational v0.1.42
[INFO] [stderr]    Compiling num v0.1.42
[INFO] [stderr]    Compiling pango v0.3.0
[INFO] [stderr]    Compiling bstr v0.2.16
[INFO] [stderr]    Compiling csv v1.1.6
[INFO] [stderr]    Compiling backtrace v0.3.61
[INFO] [stderr]    Compiling failure v0.1.8
[INFO] [stderr]    Compiling astrup v0.0.9 (/opt/rustwide/workdir)
[INFO] [stdout] warning: unnecessary parentheses around type
[INFO] [stdout]   --> src/view.rs:65:56
[INFO] [stdout]    |
[INFO] [stdout] 65 |     pub fn add(mut self, mut figure: Figure) -> Result<(Self), Error> {
[INFO] [stdout]    |                                                        ^^^^^^ help: remove these parentheses
[INFO] [stdout]    |
[INFO] [stdout]    = note: `#[warn(unused_parens)]` on by default
[INFO] [stdout] 
[INFO] [stdout] 
[INFO] [stdout] warning: unnecessary parentheses around function argument
[INFO] [stdout]   --> src/view.rs:69:12
[INFO] [stdout]    |
[INFO] [stdout] 69 |         Ok((self))
[INFO] [stdout]    |            ^^^^^^ help: remove these parentheses
[INFO] [stdout] 
[INFO] [stdout] 
[INFO] [stdout] warning: unnecessary parentheses around type
[INFO] [stdout]    --> src/figure.rs:138:49
[INFO] [stdout]     |
[INFO] [stdout] 138 |     pub fn save(self, filename: &str) -> Result<(Self), Error> {
[INFO] [stdout]     |                                                 ^^^^^^ help: remove these parentheses
[INFO] [stdout] 
[INFO] [stdout] 
[INFO] [stdout] warning: unnecessary parentheses around function argument
[INFO] [stdout]    --> src/figure.rs:156:12
[INFO] [stdout]     |
[INFO] [stdout] 156 |         Ok((self))
[INFO] [stdout]     |            ^^^^^^ help: remove these parentheses
[INFO] [stdout] 
[INFO] [stdout] 
[INFO] [stdout] warning: unnecessary parentheses around block return value
[INFO] [stdout]    --> src/utils.rs:239:9
[INFO] [stdout]     |
[INFO] [stdout] 239 | /         ((old_number - old_min) / (old_max - old_min) * new_max +
[INFO] [stdout] 240 | |          (old_max - old_number) / (old_max - old_min) * new_min)
[INFO] [stdout]     | |________________________________________________________________^
[INFO] [stdout]     |
[INFO] [stdout] help: remove these parentheses
[INFO] [stdout]     |
[INFO] [stdout] 239 |         (old_number - old_min) / (old_max - old_min) * new_max +
[INFO] [stdout] 240 |          (old_max - old_number) / (old_max - old_min) * new_min
[INFO] [stdout]     |
[INFO] [stdout] 
[INFO] [stdout] 
[INFO] [stdout] warning: 5 warnings emitted
[INFO] [stdout] 
[INFO] [stdout] 
[INFO] [stderr]     Finished dev [unoptimized + debuginfo] target(s) in 50.38s
[INFO] running `Command { std: "docker" "inspect" "7894faabfdc95964a869bbffbc5f71a39317a8d8bcca03d049fe7042c576b2c0", kill_on_drop: false }`
[INFO] running `Command { std: "docker" "rm" "-f" "7894faabfdc95964a869bbffbc5f71a39317a8d8bcca03d049fe7042c576b2c0", kill_on_drop: false }`
[INFO] [stdout] 7894faabfdc95964a869bbffbc5f71a39317a8d8bcca03d049fe7042c576b2c0
[INFO] running `Command { std: "docker" "create" "-v" "/var/lib/crater-agent-workspace/builds/worker-54/target:/opt/rustwide/target:rw,Z" "-v" "/var/lib/crater-agent-workspace/builds/worker-54/source:/opt/rustwide/workdir:ro,Z" "-v" "/var/lib/crater-agent-workspace/cargo-home:/opt/rustwide/cargo-home:ro,Z" "-v" "/var/lib/crater-agent-workspace/rustup-home:/opt/rustwide/rustup-home:ro,Z" "-e" "SOURCE_DIR=/opt/rustwide/workdir" "-e" "CARGO_TARGET_DIR=/opt/rustwide/target" "-e" "CARGO_INCREMENTAL=0" "-e" "RUST_BACKTRACE=full" "-e" "RUSTFLAGS=--cap-lints=warn" "-e" "CARGO_HOME=/opt/rustwide/cargo-home" "-e" "RUSTUP_HOME=/opt/rustwide/rustup-home" "-w" "/opt/rustwide/workdir" "-m" "1610612736" "--user" "0:0" "--network" "none" "ghcr.io/rust-lang/crates-build-env/linux@sha256:34b6a614d2c27851fe6cbf88fbd1137609cefab8b10d0615aaeb6fd47975d74e" "/opt/rustwide/cargo-home/bin/cargo" "+1.54.0" "test" "--frozen" "--no-run" "--message-format=json", kill_on_drop: false }`
[INFO] [stdout] 1e3b3e66686b615cf9fcf2132fcb0e0a0326d5ffb7acf76d2e1a23ff70751926
[INFO] running `Command { std: "docker" "start" "-a" "1e3b3e66686b615cf9fcf2132fcb0e0a0326d5ffb7acf76d2e1a23ff70751926", kill_on_drop: false }`
[INFO] [stderr]    Compiling astrup v0.0.9 (/opt/rustwide/workdir)
[INFO] [stdout] warning: unnecessary parentheses around type
[INFO] [stdout]   --> src/view.rs:65:56
[INFO] [stdout]    |
[INFO] [stdout] 65 |     pub fn add(mut self, mut figure: Figure) -> Result<(Self), Error> {
[INFO] [stdout]    |                                                        ^^^^^^ help: remove these parentheses
[INFO] [stdout]    |
[INFO] [stdout]    = note: `#[warn(unused_parens)]` on by default
[INFO] [stdout] 
[INFO] [stdout] 
[INFO] [stdout] warning: unnecessary parentheses around function argument
[INFO] [stdout]   --> src/view.rs:69:12
[INFO] [stdout]    |
[INFO] [stdout] 69 |         Ok((self))
[INFO] [stdout]    |            ^^^^^^ help: remove these parentheses
[INFO] [stdout] 
[INFO] [stdout] 
[INFO] [stdout] warning: unnecessary parentheses around type
[INFO] [stdout]    --> src/figure.rs:138:49
[INFO] [stdout]     |
[INFO] [stdout] 138 |     pub fn save(self, filename: &str) -> Result<(Self), Error> {
[INFO] [stdout]     |                                                 ^^^^^^ help: remove these parentheses
[INFO] [stdout] 
[INFO] [stdout] 
[INFO] [stdout] warning: unnecessary parentheses around function argument
[INFO] [stdout]    --> src/figure.rs:156:12
[INFO] [stdout]     |
[INFO] [stdout] 156 |         Ok((self))
[INFO] [stdout]     |            ^^^^^^ help: remove these parentheses
[INFO] [stdout] 
[INFO] [stdout] 
[INFO] [stdout] warning: unnecessary parentheses around block return value
[INFO] [stdout]    --> src/utils.rs:239:9
[INFO] [stdout]     |
[INFO] [stdout] 239 | /         ((old_number - old_min) / (old_max - old_min) * new_max +
[INFO] [stdout] 240 | |          (old_max - old_number) / (old_max - old_min) * new_min)
[INFO] [stdout]     | |________________________________________________________________^
[INFO] [stdout]     |
[INFO] [stdout] help: remove these parentheses
[INFO] [stdout]     |
[INFO] [stdout] 239 |         (old_number - old_min) / (old_max - old_min) * new_max +
[INFO] [stdout] 240 |          (old_max - old_number) / (old_max - old_min) * new_min
[INFO] [stdout]     |
[INFO] [stdout] 
[INFO] [stdout] 
[INFO] [stdout] warning: 5 warnings emitted
[INFO] [stdout] 
[INFO] [stdout] 
[INFO] [stdout] warning: unnecessary parentheses around type
[INFO] [stdout]   --> src/view.rs:65:56
[INFO] [stdout]    |
[INFO] [stdout] 65 |     pub fn add(mut self, mut figure: Figure) -> Result<(Self), Error> {
[INFO] [stdout]    |                                                        ^^^^^^ help: remove these parentheses
[INFO] [stdout]    |
[INFO] [stdout]    = note: `#[warn(unused_parens)]` on by default
[INFO] [stdout] 
[INFO] [stdout] 
[INFO] [stdout] warning: unnecessary parentheses around function argument
[INFO] [stdout]   --> src/view.rs:69:12
[INFO] [stdout]    |
[INFO] [stdout] 69 |         Ok((self))
[INFO] [stdout]    |            ^^^^^^ help: remove these parentheses
[INFO] [stdout] 
[INFO] [stdout] 
[INFO] [stdout] warning: unnecessary parentheses around type
[INFO] [stdout]    --> src/figure.rs:138:49
[INFO] [stdout]     |
[INFO] [stdout] 138 |     pub fn save(self, filename: &str) -> Result<(Self), Error> {
[INFO] [stdout]     |                                                 ^^^^^^ help: remove these parentheses
[INFO] [stdout] 
[INFO] [stdout] 
[INFO] [stdout] warning: unnecessary parentheses around function argument
[INFO] [stdout]    --> src/figure.rs:156:12
[INFO] [stdout]     |
[INFO] [stdout] 156 |         Ok((self))
[INFO] [stdout]     |            ^^^^^^ help: remove these parentheses
[INFO] [stdout] 
[INFO] [stdout] 
[INFO] [stdout] warning: unnecessary parentheses around block return value
[INFO] [stdout]    --> src/utils.rs:239:9
[INFO] [stdout]     |
[INFO] [stdout] 239 | /         ((old_number - old_min) / (old_max - old_min) * new_max +
[INFO] [stdout] 240 | |          (old_max - old_number) / (old_max - old_min) * new_min)
[INFO] [stdout]     | |________________________________________________________________^
[INFO] [stdout]     |
[INFO] [stdout] help: remove these parentheses
[INFO] [stdout]     |
[INFO] [stdout] 239 |         (old_number - old_min) / (old_max - old_min) * new_max +
[INFO] [stdout] 240 |          (old_max - old_number) / (old_max - old_min) * new_min
[INFO] [stdout]     |
[INFO] [stdout] 
[INFO] [stdout] 
[INFO] [stdout] warning: 5 warnings emitted
[INFO] [stdout] 
[INFO] [stdout] 
[INFO] [stderr]     Finished test [unoptimized + debuginfo] target(s) in 9.21s
[INFO] running `Command { std: "docker" "inspect" "1e3b3e66686b615cf9fcf2132fcb0e0a0326d5ffb7acf76d2e1a23ff70751926", kill_on_drop: false }`
[INFO] running `Command { std: "docker" "rm" "-f" "1e3b3e66686b615cf9fcf2132fcb0e0a0326d5ffb7acf76d2e1a23ff70751926", kill_on_drop: false }`
[INFO] [stdout] 1e3b3e66686b615cf9fcf2132fcb0e0a0326d5ffb7acf76d2e1a23ff70751926
[INFO] running `Command { std: "docker" "create" "-v" "/var/lib/crater-agent-workspace/builds/worker-54/target:/opt/rustwide/target:rw,Z" "-v" "/var/lib/crater-agent-workspace/builds/worker-54/source:/opt/rustwide/workdir:ro,Z" "-v" "/var/lib/crater-agent-workspace/cargo-home:/opt/rustwide/cargo-home:ro,Z" "-v" "/var/lib/crater-agent-workspace/rustup-home:/opt/rustwide/rustup-home:ro,Z" "-e" "SOURCE_DIR=/opt/rustwide/workdir" "-e" "CARGO_TARGET_DIR=/opt/rustwide/target" "-e" "CARGO_INCREMENTAL=0" "-e" "RUST_BACKTRACE=full" "-e" "RUSTFLAGS=--cap-lints=warn" "-e" "CARGO_HOME=/opt/rustwide/cargo-home" "-e" "RUSTUP_HOME=/opt/rustwide/rustup-home" "-w" "/opt/rustwide/workdir" "-m" "1610612736" "--user" "0:0" "--network" "none" "ghcr.io/rust-lang/crates-build-env/linux@sha256:34b6a614d2c27851fe6cbf88fbd1137609cefab8b10d0615aaeb6fd47975d74e" "/opt/rustwide/cargo-home/bin/cargo" "+1.54.0" "test" "--frozen", kill_on_drop: false }`
[INFO] [stdout] df76e349bb93752c00ed632772e2c9440ccfa773fc3bc1a92b817f6ad47c12b4
[INFO] running `Command { std: "docker" "start" "-a" "df76e349bb93752c00ed632772e2c9440ccfa773fc3bc1a92b817f6ad47c12b4", kill_on_drop: false }`
[INFO] [stderr] warning: unnecessary parentheses around type
[INFO] [stderr]   --> src/view.rs:65:56
[INFO] [stderr]    |
[INFO] [stderr] 65 |     pub fn add(mut self, mut figure: Figure) -> Result<(Self), Error> {
[INFO] [stderr]    |                                                        ^^^^^^ help: remove these parentheses
[INFO] [stderr]    |
[INFO] [stderr]    = note: `#[warn(unused_parens)]` on by default
[INFO] [stderr] 
[INFO] [stderr] warning: unnecessary parentheses around function argument
[INFO] [stderr]   --> src/view.rs:69:12
[INFO] [stderr]    |
[INFO] [stderr] 69 |         Ok((self))
[INFO] [stderr]    |            ^^^^^^ help: remove these parentheses
[INFO] [stderr] 
[INFO] [stderr] warning: unnecessary parentheses around type
[INFO] [stderr]    --> src/figure.rs:138:49
[INFO] [stderr]     |
[INFO] [stderr] 138 |     pub fn save(self, filename: &str) -> Result<(Self), Error> {
[INFO] [stderr]     |                                                 ^^^^^^ help: remove these parentheses
[INFO] [stderr] 
[INFO] [stderr] warning: unnecessary parentheses around function argument
[INFO] [stderr]    --> src/figure.rs:156:12
[INFO] [stderr]     |
[INFO] [stderr] 156 |         Ok((self))
[INFO] [stderr]     |            ^^^^^^ help: remove these parentheses
[INFO] [stderr] 
[INFO] [stderr] warning: unnecessary parentheses around block return value
[INFO] [stderr]    --> src/utils.rs:239:9
[INFO] [stderr]     |
[INFO] [stderr] 239 | /         ((old_number - old_min) / (old_max - old_min) * new_max +
[INFO] [stderr] 240 | |          (old_max - old_number) / (old_max - old_min) * new_min)
[INFO] [stderr]     | |________________________________________________________________^
[INFO] [stderr]     |
[INFO] [stderr] help: remove these parentheses
[INFO] [stderr]     |
[INFO] [stderr] 239 |         (old_number - old_min) / (old_max - old_min) * new_max +
[INFO] [stderr] 240 |          (old_max - old_number) / (old_max - old_min) * new_min
[INFO] [stderr]     |
[INFO] [stderr] 
[INFO] [stderr] warning: 5 warnings emitted
[INFO] [stderr] 
[INFO] [stderr] warning: unnecessary parentheses around type
[INFO] [stderr]   --> src/view.rs:65:56
[INFO] [stderr]    |
[INFO] [stderr] 65 |     pub fn add(mut self, mut figure: Figure) -> Result<(Self), Error> {
[INFO] [stderr]    |                                                        ^^^^^^ help: remove these parentheses
[INFO] [stderr]    |
[INFO] [stderr]    = note: `#[warn(unused_parens)]` on by default
[INFO] [stderr] 
[INFO] [stderr] warning: unnecessary parentheses around function argument
[INFO] [stderr]   --> src/view.rs:69:12
[INFO] [stderr]    |
[INFO] [stderr] 69 |         Ok((self))
[INFO] [stderr]    |            ^^^^^^ help: remove these parentheses
[INFO] [stderr] 
[INFO] [stderr] warning: unnecessary parentheses around type
[INFO] [stderr]    --> src/figure.rs:138:49
[INFO] [stderr]     |
[INFO] [stderr] 138 |     pub fn save(self, filename: &str) -> Result<(Self), Error> {
[INFO] [stderr]     |                                                 ^^^^^^ help: remove these parentheses
[INFO] [stderr] 
[INFO] [stderr] warning: unnecessary parentheses around function argument
[INFO] [stderr]    --> src/figure.rs:156:12
[INFO] [stderr]     |
[INFO] [stderr] 156 |         Ok((self))
[INFO] [stderr]     |            ^^^^^^ help: remove these parentheses
[INFO] [stderr] 
[INFO] [stderr] warning: unnecessary parentheses around block return value
[INFO] [stderr]    --> src/utils.rs:239:9
[INFO] [stderr]     |
[INFO] [stderr] 239 | /         ((old_number - old_min) / (old_max - old_min) * new_max +
[INFO] [stderr] 240 | |          (old_max - old_number) / (old_max - old_min) * new_min)
[INFO] [stderr]     | |________________________________________________________________^
[INFO] [stderr]     |
[INFO] [stderr] help: remove these parentheses
[INFO] [stderr]     |
[INFO] [stderr] 239 |         (old_number - old_min) / (old_max - old_min) * new_max +
[INFO] [stderr] 240 |          (old_max - old_number) / (old_max - old_min) * new_min
[INFO] [stderr]     |
[INFO] [stderr] 
[INFO] [stderr] warning: 5 warnings emitted
[INFO] [stderr] 
[INFO] [stderr]     Finished test [unoptimized + debuginfo] target(s) in 0.19s
[INFO] [stderr]      Running unittests (/opt/rustwide/target/debug/deps/astrup-5f0eabf76b3f2569)
[INFO] [stdout] 
[INFO] [stderr]    Doc-tests astrup
[INFO] [stdout] running 0 tests
[INFO] [stdout] 
[INFO] [stdout] test result: ok. 0 passed; 0 failed; 0 ignored; 0 measured; 0 filtered out; finished in 0.00s
[INFO] [stdout] 
[INFO] [stderr] warning: unnecessary parentheses around type
[INFO] [stderr]   --> /opt/rustwide/workdir/src/view.rs:65:56
[INFO] [stderr]    |
[INFO] [stderr] 65 |     pub fn add(mut self, mut figure: Figure) -> Result<(Self), Error> {
[INFO] [stderr]    |                                                        ^^^^^^ help: remove these parentheses
[INFO] [stderr]    |
[INFO] [stderr]    = note: `#[warn(unused_parens)]` on by default
[INFO] [stderr] 
[INFO] [stderr] warning: unnecessary parentheses around function argument
[INFO] [stderr]   --> /opt/rustwide/workdir/src/view.rs:69:12
[INFO] [stderr]    |
[INFO] [stderr] 69 |         Ok((self))
[INFO] [stderr]    |            ^^^^^^ help: remove these parentheses
[INFO] [stderr] 
[INFO] [stderr] warning: unnecessary parentheses around type
[INFO] [stderr]    --> /opt/rustwide/workdir/src/figure.rs:138:49
[INFO] [stderr]     |
[INFO] [stderr] 138 |     pub fn save(self, filename: &str) -> Result<(Self), Error> {
[INFO] [stderr]     |                                                 ^^^^^^ help: remove these parentheses
[INFO] [stderr] 
[INFO] [stderr] warning: unnecessary parentheses around function argument
[INFO] [stderr]    --> /opt/rustwide/workdir/src/figure.rs:156:12
[INFO] [stderr]     |
[INFO] [stderr] 156 |         Ok((self))
[INFO] [stderr]     |            ^^^^^^ help: remove these parentheses
[INFO] [stderr] 
[INFO] [stderr] warning: unnecessary parentheses around block return value
[INFO] [stderr]    --> /opt/rustwide/workdir/src/utils.rs:239:9
[INFO] [stderr]     |
[INFO] [stderr] 239 | /         ((old_number - old_min) / (old_max - old_min) * new_max +
[INFO] [stderr] 240 | |          (old_max - old_number) / (old_max - old_min) * new_min)
[INFO] [stderr]     | |________________________________________________________________^
[INFO] [stderr]     |
[INFO] [stderr] help: remove these parentheses
[INFO] [stderr]     |
[INFO] [stderr] 239 |         (old_number - old_min) / (old_max - old_min) * new_max +
[INFO] [stderr] 240 |          (old_max - old_number) / (old_max - old_min) * new_min
[INFO] [stderr]     |
[INFO] [stderr] 
[INFO] [stderr] warning: 5 warnings emitted
[INFO] [stderr] 
[INFO] [stdout] 
[INFO] [stdout] running 1 test
[INFO] [stdout] test src/lib.rs - (line 12) ... FAILED
[INFO] [stdout] 
[INFO] [stdout] failures:
[INFO] [stdout] 
[INFO] [stdout] ---- src/lib.rs - (line 12) stdout ----
[INFO] [stdout] Test executable failed (exit code 101).
[INFO] [stdout] 
[INFO] [stdout] stderr:
[INFO] [stdout] thread 'main' panicked at 'Could not save frontpage_example.png: Os { code: 30, kind: Other, message: "Read-only file system" }
[INFO] [stdout] 
[INFO] [stdout]    0: failure::backtrace::internal::InternalBacktrace::new
[INFO] [stdout]              at /opt/rustwide/cargo-home/registry/src/github.com-1ecc6299db9ec823/failure-0.1.8/src/backtrace/internal.rs:46:44
[INFO] [stdout]    1: failure::backtrace::Backtrace::new
[INFO] [stdout]              at /opt/rustwide/cargo-home/registry/src/github.com-1ecc6299db9ec823/failure-0.1.8/src/backtrace/mod.rs:121:35
[INFO] [stdout]    2: <failure::error::error_impl::ErrorImpl as core::convert::From<F>>::from
[INFO] [stdout]              at /opt/rustwide/cargo-home/registry/src/github.com-1ecc6299db9ec823/failure-0.1.8/src/error/error_impl.rs:19:17
[INFO] [stdout]    3: <failure::error::Error as core::convert::From<F>>::from
[INFO] [stdout]              at /opt/rustwide/cargo-home/registry/src/github.com-1ecc6299db9ec823/failure-0.1.8/src/error/mod.rs:36:18
[INFO] [stdout]    4: <core::result::Result<T,F> as core::ops::try_trait::FromResidual<core::result::Result<core::convert::Infallible,E>>>::from_residual
[INFO] [stdout]              at /rustc/a178d0322ce20e33eac124758e837cbd80a6f633/library/core/src/result.rs:1675:27
[INFO] [stdout]    5: astrup::figure::Figure::save
[INFO] [stdout]              at src/figure.rs:153:24
[INFO] [stdout]    6: rust_out::main
[INFO] [stdout]    7: core::ops::function::FnOnce::call_once
[INFO] [stdout]    8: std::sys_common::backtrace::__rust_begin_short_backtrace
[INFO] [stdout]    9: std::rt::lang_start::{{closure}}
[INFO] [stdout]   10: core::ops::function::impls::<impl core::ops::function::FnOnce<A> for &F>::call_once
[INFO] [stdout]              at /rustc/a178d0322ce20e33eac124758e837cbd80a6f633/library/core/src/ops/function.rs:259:13
[INFO] [stdout]       std::panicking::try::do_call
[INFO] [stdout]              at /rustc/a178d0322ce20e33eac124758e837cbd80a6f633/library/std/src/panicking.rs:401:40
[INFO] [stdout]       std::panicking::try
[INFO] [stdout]              at /rustc/a178d0322ce20e33eac124758e837cbd80a6f633/library/std/src/panicking.rs:365:19
[INFO] [stdout]       std::panic::catch_unwind
[INFO] [stdout]              at /rustc/a178d0322ce20e33eac124758e837cbd80a6f633/library/std/src/panic.rs:434:14
[INFO] [stdout]       std::rt::lang_start_internal
[INFO] [stdout]              at /rustc/a178d0322ce20e33eac124758e837cbd80a6f633/library/std/src/rt.rs:34:21
[INFO] [stdout]   11: std::rt::lang_start
[INFO] [stdout]   12: main
[INFO] [stdout]   13: __libc_start_main
[INFO] [stdout]   14: _start
[INFO] [stdout] ', src/lib.rs:58:66
[INFO] [stdout] stack backtrace:
[INFO] [stdout]    0:     0x562aa3261dc0 - std::backtrace_rs::backtrace::libunwind::trace::h34055254b57d8e79
[INFO] [stdout]                                at /rustc/a178d0322ce20e33eac124758e837cbd80a6f633/library/std/src/../../backtrace/src/backtrace/libunwind.rs:90:5
[INFO] [stdout]    1:     0x562aa3261dc0 - std::backtrace_rs::backtrace::trace_unsynchronized::h8f1e3fbd9afff6ec
[INFO] [stdout]                                at /rustc/a178d0322ce20e33eac124758e837cbd80a6f633/library/std/src/../../backtrace/src/backtrace/mod.rs:66:5
[INFO] [stdout]    2:     0x562aa3261dc0 - std::sys_common::backtrace::_print_fmt::h3a99a796b770c360
[INFO] [stdout]                                at /rustc/a178d0322ce20e33eac124758e837cbd80a6f633/library/std/src/sys_common/backtrace.rs:67:5
[INFO] [stdout]    3:     0x562aa3261dc0 - <std::sys_common::backtrace::_print::DisplayBacktrace as core::fmt::Display>::fmt::h32d1f94a80615d18
[INFO] [stdout]                                at /rustc/a178d0322ce20e33eac124758e837cbd80a6f633/library/std/src/sys_common/backtrace.rs:46:22
[INFO] [stdout]    4:     0x562aa32815fc - core::fmt::write::h306731c068f7162c
[INFO] [stdout]                                at /rustc/a178d0322ce20e33eac124758e837cbd80a6f633/library/core/src/fmt/mod.rs:1110:17
[INFO] [stdout]    5:     0x562aa325fe45 - std::io::Write::write_fmt::hd2fa90334eee2a21
[INFO] [stdout]                                at /rustc/a178d0322ce20e33eac124758e837cbd80a6f633/library/std/src/io/mod.rs:1588:15
[INFO] [stdout]    6:     0x562aa3263d5b - std::sys_common::backtrace::_print::h5abaa2601a852287
[INFO] [stdout]                                at /rustc/a178d0322ce20e33eac124758e837cbd80a6f633/library/std/src/sys_common/backtrace.rs:49:5
[INFO] [stdout]    7:     0x562aa3263d5b - std::sys_common::backtrace::print::h8d81445442bb638f
[INFO] [stdout]                                at /rustc/a178d0322ce20e33eac124758e837cbd80a6f633/library/std/src/sys_common/backtrace.rs:36:9
[INFO] [stdout]    8:     0x562aa3263d5b - std::panicking::default_hook::{{closure}}::hcfe804496a9fa747
[INFO] [stdout]                                at /rustc/a178d0322ce20e33eac124758e837cbd80a6f633/library/std/src/panicking.rs:208:50
[INFO] [stdout]    9:     0x562aa3263831 - std::panicking::default_hook::hbea8e3ccf2ba8901
[INFO] [stdout]                                at /rustc/a178d0322ce20e33eac124758e837cbd80a6f633/library/std/src/panicking.rs:225:9
[INFO] [stdout]   10:     0x562aa3264424 - std::panicking::rust_panic_with_hook::h7ee9e1a2d0f8975a
[INFO] [stdout]                                at /rustc/a178d0322ce20e33eac124758e837cbd80a6f633/library/std/src/panicking.rs:622:17
[INFO] [stdout]   11:     0x562aa3263f07 - std::panicking::begin_panic_handler::{{closure}}::h8ab3b4491718b2c7
[INFO] [stdout]                                at /rustc/a178d0322ce20e33eac124758e837cbd80a6f633/library/std/src/panicking.rs:519:13
[INFO] [stdout]   12:     0x562aa32622bc - std::sys_common::backtrace::__rust_end_short_backtrace::hd489062ffa586a9f
[INFO] [stdout]                                at /rustc/a178d0322ce20e33eac124758e837cbd80a6f633/library/std/src/sys_common/backtrace.rs:141:18
[INFO] [stdout]   13:     0x562aa3263e69 - rust_begin_unwind
[INFO] [stdout]                                at /rustc/a178d0322ce20e33eac124758e837cbd80a6f633/library/std/src/panicking.rs:515:5
[INFO] [stdout]   14:     0x562aa310e321 - core::panicking::panic_fmt::hca6330e3e14086b4
[INFO] [stdout]                                at /rustc/a178d0322ce20e33eac124758e837cbd80a6f633/library/core/src/panicking.rs:92:14
[INFO] [stdout]   15:     0x562aa310e413 - core::result::unwrap_failed::h6160d2b4bfbb0e87
[INFO] [stdout]                                at /rustc/a178d0322ce20e33eac124758e837cbd80a6f633/library/core/src/result.rs:1355:5
[INFO] [stdout]   16:     0x562aa31145ee - core::result::Result<T,E>::expect::h21c6746189698c0e
[INFO] [stdout]   17:     0x562aa311c669 - rust_out::main::h2a38bb51b9580a7d
[INFO] [stdout]   18:     0x562aa3111423 - core::ops::function::FnOnce::call_once::hb73b95e6982fd3f0
[INFO] [stdout]   19:     0x562aa3110a09 - std::sys_common::backtrace::__rust_begin_short_backtrace::h8371d112165838d3
[INFO] [stdout]   20:     0x562aa3110a79 - std::rt::lang_start::{{closure}}::h783adf50233ec5ec
[INFO] [stdout]   21:     0x562aa3264929 - core::ops::function::impls::<impl core::ops::function::FnOnce<A> for &F>::call_once::h2aabc384aab89b7b
[INFO] [stdout]                                at /rustc/a178d0322ce20e33eac124758e837cbd80a6f633/library/core/src/ops/function.rs:259:13
[INFO] [stdout]   22:     0x562aa3264929 - std::panicking::try::do_call::hc5fcacb7a85fc7b1
[INFO] [stdout]                                at /rustc/a178d0322ce20e33eac124758e837cbd80a6f633/library/std/src/panicking.rs:401:40
[INFO] [stdout]   23:     0x562aa3264929 - std::panicking::try::hb5d9603af3abbe3a
[INFO] [stdout]                                at /rustc/a178d0322ce20e33eac124758e837cbd80a6f633/library/std/src/panicking.rs:365:19
[INFO] [stdout]   24:     0x562aa3264929 - std::panic::catch_unwind::h98fe6ac3925e64b4
[INFO] [stdout]                                at /rustc/a178d0322ce20e33eac124758e837cbd80a6f633/library/std/src/panic.rs:434:14
[INFO] [stdout]   25:     0x562aa3264929 - std::rt::lang_start_internal::h22ac7383c516f93e
[INFO] [stdout]                                at /rustc/a178d0322ce20e33eac124758e837cbd80a6f633/library/std/src/rt.rs:34:21
[INFO] [stdout]   26:     0x562aa3110a61 - std::rt::lang_start::h11b9716471e37ff8
[INFO] [stdout]   27:     0x562aa311c9e3 - main
[INFO] [stdout]   28:     0x7fca229660b3 - __libc_start_main
[INFO] [stdout]   29:     0x562aa310eade - _start
[INFO] [stdout]   30:                0x0 - <unknown>
[INFO] [stdout] 
[INFO] [stdout] 
[INFO] [stdout] 
[INFO] [stdout] failures:
[INFO] [stdout]     src/lib.rs - (line 12)
[INFO] [stdout] 
[INFO] [stdout] test result: FAILED. 0 passed; 1 failed; 0 ignored; 0 measured; 0 filtered out; finished in 6.27s
[INFO] [stdout] 
[INFO] [stderr] error: test failed, to rerun pass '--doc'
[INFO] running `Command { std: "docker" "inspect" "df76e349bb93752c00ed632772e2c9440ccfa773fc3bc1a92b817f6ad47c12b4", kill_on_drop: false }`
[INFO] running `Command { std: "docker" "rm" "-f" "df76e349bb93752c00ed632772e2c9440ccfa773fc3bc1a92b817f6ad47c12b4", kill_on_drop: false }`
[INFO] [stdout] df76e349bb93752c00ed632772e2c9440ccfa773fc3bc1a92b817f6ad47c12b4
