[INFO] fetching crate astrolog 0.1.0...
[INFO] testing astrolog-0.1.0 against beta-2021-08-01 for beta-1.55-1
[INFO] extracting crate astrolog 0.1.0 into /workspace/builds/worker-39/source
[INFO] validating manifest of crates.io crate astrolog 0.1.0 on toolchain beta-2021-08-01
[INFO] running `Command { std: "/workspace/cargo-home/bin/cargo" "+beta-2021-08-01" "metadata" "--manifest-path" "Cargo.toml" "--no-deps", kill_on_drop: false }`
[INFO] started tweaking crates.io crate astrolog 0.1.0
[INFO] finished tweaking crates.io crate astrolog 0.1.0
[INFO] tweaked toml for crates.io crate astrolog 0.1.0 written to /workspace/builds/worker-39/source/Cargo.toml
[INFO] running `Command { std: "/workspace/cargo-home/bin/cargo" "+beta-2021-08-01" "generate-lockfile" "--manifest-path" "Cargo.toml" "-Zno-index-update", kill_on_drop: false }`
[INFO] [stderr]     Blocking waiting for file lock on package cache
[INFO] running `Command { std: "/workspace/cargo-home/bin/cargo" "+beta-2021-08-01" "fetch" "--manifest-path" "Cargo.toml", kill_on_drop: false }`
[INFO] [stderr]     Blocking waiting for file lock on package cache
[INFO] [stderr]     Blocking waiting for file lock on package cache
[INFO] running `Command { std: "docker" "create" "-v" "/var/lib/crater-agent-workspace/builds/worker-39/target:/opt/rustwide/target:rw,Z" "-v" "/var/lib/crater-agent-workspace/builds/worker-39/source:/opt/rustwide/workdir:ro,Z" "-v" "/var/lib/crater-agent-workspace/cargo-home:/opt/rustwide/cargo-home:ro,Z" "-v" "/var/lib/crater-agent-workspace/rustup-home:/opt/rustwide/rustup-home:ro,Z" "-e" "SOURCE_DIR=/opt/rustwide/workdir" "-e" "CARGO_TARGET_DIR=/opt/rustwide/target" "-e" "CARGO_HOME=/opt/rustwide/cargo-home" "-e" "RUSTUP_HOME=/opt/rustwide/rustup-home" "-w" "/opt/rustwide/workdir" "-m" "1610612736" "--user" "0:0" "--network" "none" "ghcr.io/rust-lang/crates-build-env/linux@sha256:34b6a614d2c27851fe6cbf88fbd1137609cefab8b10d0615aaeb6fd47975d74e" "/opt/rustwide/cargo-home/bin/cargo" "+beta-2021-08-01" "metadata" "--no-deps" "--format-version=1", kill_on_drop: false }`
[INFO] [stdout] 202b21c00d27510458b6d3b5a5b4cb10749d71b6d1f5f4389fdf7f8020fee89e
[INFO] running `Command { std: "docker" "start" "-a" "202b21c00d27510458b6d3b5a5b4cb10749d71b6d1f5f4389fdf7f8020fee89e", kill_on_drop: false }`
[INFO] running `Command { std: "docker" "inspect" "202b21c00d27510458b6d3b5a5b4cb10749d71b6d1f5f4389fdf7f8020fee89e", kill_on_drop: false }`
[INFO] running `Command { std: "docker" "rm" "-f" "202b21c00d27510458b6d3b5a5b4cb10749d71b6d1f5f4389fdf7f8020fee89e", kill_on_drop: false }`
[INFO] [stdout] 202b21c00d27510458b6d3b5a5b4cb10749d71b6d1f5f4389fdf7f8020fee89e
[INFO] running `Command { std: "docker" "create" "-v" "/var/lib/crater-agent-workspace/builds/worker-39/target:/opt/rustwide/target:rw,Z" "-v" "/var/lib/crater-agent-workspace/builds/worker-39/source:/opt/rustwide/workdir:ro,Z" "-v" "/var/lib/crater-agent-workspace/cargo-home:/opt/rustwide/cargo-home:ro,Z" "-v" "/var/lib/crater-agent-workspace/rustup-home:/opt/rustwide/rustup-home:ro,Z" "-e" "SOURCE_DIR=/opt/rustwide/workdir" "-e" "CARGO_TARGET_DIR=/opt/rustwide/target" "-e" "CARGO_INCREMENTAL=0" "-e" "RUST_BACKTRACE=full" "-e" "RUSTFLAGS=--cap-lints=warn" "-e" "CARGO_HOME=/opt/rustwide/cargo-home" "-e" "RUSTUP_HOME=/opt/rustwide/rustup-home" "-w" "/opt/rustwide/workdir" "-m" "1610612736" "--user" "0:0" "--network" "none" "ghcr.io/rust-lang/crates-build-env/linux@sha256:34b6a614d2c27851fe6cbf88fbd1137609cefab8b10d0615aaeb6fd47975d74e" "/opt/rustwide/cargo-home/bin/cargo" "+beta-2021-08-01" "build" "--frozen" "--message-format=json", kill_on_drop: false }`
[INFO] [stdout] 8d2a9a74dad77b93c5a8bc11c2569b9958702f289a3ace073269a3ce7a64a8da
[INFO] running `Command { std: "docker" "start" "-a" "8d2a9a74dad77b93c5a8bc11c2569b9958702f289a3ace073269a3ce7a64a8da", kill_on_drop: false }`
[INFO] [stderr]     Blocking waiting for file lock on package cache
[INFO] [stderr]    Compiling syn v1.0.74
[INFO] [stderr]    Compiling libc v0.2.98
[INFO] [stderr]    Compiling regex v0.2.11
[INFO] [stderr]    Compiling ucd-util v0.1.8
[INFO] [stderr]    Compiling utf8-ranges v1.0.4
[INFO] [stderr]    Compiling itoa v0.4.7
[INFO] [stderr]    Compiling num-traits v0.2.14
[INFO] [stderr]    Compiling num-integer v0.1.44
[INFO] [stderr]    Compiling thread_local v0.3.6
[INFO] [stderr]    Compiling aho-corasick v0.6.10
[INFO] [stderr]    Compiling regex-syntax v0.5.6
[INFO] [stderr]    Compiling time v0.1.44
[INFO] [stderr]    Compiling serde_derive v1.0.127
[INFO] [stderr]    Compiling serde v1.0.127
[INFO] [stderr]    Compiling serde_json v1.0.66
[INFO] [stderr]    Compiling chrono v0.4.19
[INFO] [stderr]    Compiling astrolog v0.1.0 (/opt/rustwide/workdir)
[INFO] [stdout] warning: trait objects without an explicit `dyn` are deprecated
[INFO] [stdout]   --> src/errors.rs:28:20
[INFO] [stdout]    |
[INFO] [stdout] 28 |     cause: Option<Box<Error>>,
[INFO] [stdout]    |                       ^^^^^ help: use `dyn`: `dyn Error`
[INFO] [stdout]    |
[INFO] [stdout]    = note: `#[warn(bare_trait_objects)]` on by default
[INFO] [stdout]    = warning: this is accepted in the current edition (Rust 2018) but is a hard error in Rust 2021!
[INFO] [stdout]    = note: for more information, see issue #80165 <https://github.com/rust-lang/rust/issues/80165>
[INFO] [stdout] 
[INFO] [stdout] 
[INFO] [stdout] warning: trait objects without an explicit `dyn` are deprecated
[INFO] [stdout]   --> src/errors.rs:66:29
[INFO] [stdout]    |
[INFO] [stdout] 66 |     fn cause(&self) -> Option<&Error> {
[INFO] [stdout]    |                                ^^^^^ help: use `dyn`: `dyn Error`
[INFO] [stdout]    |
[INFO] [stdout]    = warning: this is accepted in the current edition (Rust 2018) but is a hard error in Rust 2021!
[INFO] [stdout]    = note: for more information, see issue #80165 <https://github.com/rust-lang/rust/issues/80165>
[INFO] [stdout] 
[INFO] [stdout] 
[INFO] [stdout] warning: trait objects without an explicit `dyn` are deprecated
[INFO] [stdout]   --> src/formatter/context/mod.rs:35:60
[INFO] [stdout]    |
[INFO] [stdout] 35 |     fn set_context_formatter(&mut self, context_renderer: Box<Formatter + Send + Sync + 'static>) -> &mut Self;
[INFO] [stdout]    |                                                               ^^^^^^^^^^^^^^^^^^^^^^^^^^^^^^^^^ help: use `dyn`: `dyn Formatter + Send + Sync + 'static`
[INFO] [stdout]    |
[INFO] [stdout]    = warning: this is accepted in the current edition (Rust 2018) but is a hard error in Rust 2021!
[INFO] [stdout]    = note: for more information, see issue #80165 <https://github.com/rust-lang/rust/issues/80165>
[INFO] [stdout] 
[INFO] [stdout] 
[INFO] [stdout] warning: trait objects without an explicit `dyn` are deprecated
[INFO] [stdout]   --> src/formatter/level/mod.rs:32:13
[INFO] [stdout]    |
[INFO] [stdout] 32 |     Custom(Box<Fn(&Level) -> String + Send + Sync + 'static>),
[INFO] [stdout]    |                ^^^^^^^^^^^^^^^^^^^^^^^^^^^^^^^^^^^^^^^^^^^^ help: use `dyn`: `dyn Fn(&Level) -> String + Send + Sync + 'static`
[INFO] [stdout]    |
[INFO] [stdout]    = warning: this is accepted in the current edition (Rust 2018) but is a hard error in Rust 2021!
[INFO] [stdout]    = note: for more information, see issue #80165 <https://github.com/rust-lang/rust/issues/80165>
[INFO] [stdout] 
[INFO] [stdout] 
[INFO] [stdout] warning: trait objects without an explicit `dyn` are deprecated
[INFO] [stdout]   --> src/formatter/record/html.rs:86:25
[INFO] [stdout]    |
[INFO] [stdout] 86 |         context_renderer: Box<context::Formatter + Send + Sync + 'static>,
[INFO] [stdout]    |                               ^^^^^^^^^^^^^^^^^^^^^^^^^^^^^^^^^^^^^^^^^^ help: use `dyn`: `dyn context::Formatter + Send + Sync + 'static`
[INFO] [stdout]    |
[INFO] [stdout]    = warning: this is accepted in the current edition (Rust 2018) but is a hard error in Rust 2021!
[INFO] [stdout]    = note: for more information, see issue #80165 <https://github.com/rust-lang/rust/issues/80165>
[INFO] [stdout] 
[INFO] [stdout] 
[INFO] [stdout] warning: trait objects without an explicit `dyn` are deprecated
[INFO] [stdout]   --> src/formatter/record/json.rs:69:45
[INFO] [stdout]    |
[INFO] [stdout] 69 |     fn set_context_formatter(&mut self, _: Box<context::Formatter + Send + Sync + 'static>) -> &mut Self {
[INFO] [stdout]    |                                                ^^^^^^^^^^^^^^^^^^^^^^^^^^^^^^^^^^^^^^^^^^ help: use `dyn`: `dyn context::Formatter + Send + Sync + 'static`
[INFO] [stdout]    |
[INFO] [stdout]    = warning: this is accepted in the current edition (Rust 2018) but is a hard error in Rust 2021!
[INFO] [stdout]    = note: for more information, see issue #80165 <https://github.com/rust-lang/rust/issues/80165>
[INFO] [stdout] 
[INFO] [stdout] 
[INFO] [stdout] warning: trait objects without an explicit `dyn` are deprecated
[INFO] [stdout]   --> src/formatter/record/line.rs:74:25
[INFO] [stdout]    |
[INFO] [stdout] 74 |         context_renderer: Box<context::Formatter + Send + Sync + 'static>,
[INFO] [stdout]    |                               ^^^^^^^^^^^^^^^^^^^^^^^^^^^^^^^^^^^^^^^^^^ help: use `dyn`: `dyn context::Formatter + Send + Sync + 'static`
[INFO] [stdout]    |
[INFO] [stdout]    = warning: this is accepted in the current edition (Rust 2018) but is a hard error in Rust 2021!
[INFO] [stdout]    = note: for more information, see issue #80165 <https://github.com/rust-lang/rust/issues/80165>
[INFO] [stdout] 
[INFO] [stdout] 
[INFO] [stdout] warning: trait objects without an explicit `dyn` are deprecated
[INFO] [stdout]   --> src/formatter/mod.rs:65:19
[INFO] [stdout]    |
[INFO] [stdout] 65 |     pub context: Box<context::Formatter>,
[INFO] [stdout]    |                      ^^^^^^^^^^^^^^^^^^ help: use `dyn`: `dyn context::Formatter`
[INFO] [stdout]    |
[INFO] [stdout]    = warning: this is accepted in the current edition (Rust 2018) but is a hard error in Rust 2021!
[INFO] [stdout]    = note: for more information, see issue #80165 <https://github.com/rust-lang/rust/issues/80165>
[INFO] [stdout] 
[INFO] [stdout] 
[INFO] [stdout] warning: trait objects without an explicit `dyn` are deprecated
[INFO] [stdout]    --> src/formatter/mod.rs:110:61
[INFO] [stdout]     |
[INFO] [stdout] 110 |     fn set_context_formatter(&mut self, context_formatter: Box<ContextFormatter + Send + Sync + 'static>) -> &mut Self {
[INFO] [stdout]     |                                                                ^^^^^^^^^^^^^^^^^^^^^^^^^^^^^^^^^^^^^^^^ help: use `dyn`: `dyn ContextFormatter + Send + Sync + 'static`
[INFO] [stdout]     |
[INFO] [stdout]     = warning: this is accepted in the current edition (Rust 2018) but is a hard error in Rust 2021!
[INFO] [stdout]     = note: for more information, see issue #80165 <https://github.com/rust-lang/rust/issues/80165>
[INFO] [stdout] 
[INFO] [stdout] 
[INFO] [stdout] warning: trait objects without an explicit `dyn` are deprecated
[INFO] [stdout]   --> src/handler/console.rs:38:17
[INFO] [stdout]    |
[INFO] [stdout] 38 |     formatter: Box<RecordFormatter>,
[INFO] [stdout]    |                    ^^^^^^^^^^^^^^^ help: use `dyn`: `dyn RecordFormatter`
[INFO] [stdout]    |
[INFO] [stdout]    = warning: this is accepted in the current edition (Rust 2018) but is a hard error in Rust 2021!
[INFO] [stdout]    = note: for more information, see issue #80165 <https://github.com/rust-lang/rust/issues/80165>
[INFO] [stdout] 
[INFO] [stdout] 
[INFO] [stdout] warning: trait objects without an explicit `dyn` are deprecated
[INFO] [stdout]   --> src/handler/mod.rs:66:27
[INFO] [stdout]    |
[INFO] [stdout] 66 |     handlers: RwLock<Vec<Box<Handler + Sync + Send + 'static>>>,
[INFO] [stdout]    |                              ^^^^^^^^^^^^^^^^^^^^^^^^^^^^^^^ help: use `dyn`: `dyn Handler + Sync + Send + 'static`
[INFO] [stdout]    |
[INFO] [stdout]    = warning: this is accepted in the current edition (Rust 2018) but is a hard error in Rust 2021!
[INFO] [stdout]    = note: for more information, see issue #80165 <https://github.com/rust-lang/rust/issues/80165>
[INFO] [stdout] 
[INFO] [stdout] 
[INFO] [stdout] warning: trait objects without an explicit `dyn` are deprecated
[INFO] [stdout]   --> src/handler/mod.rs:67:15
[INFO] [stdout]    |
[INFO] [stdout] 67 |     default: Box<Handler + Sync + Send + 'static>,
[INFO] [stdout]    |                  ^^^^^^^^^^^^^^^^^^^^^^^^^^^^^^^ help: use `dyn`: `dyn Handler + Sync + Send + 'static`
[INFO] [stdout]    |
[INFO] [stdout]    = warning: this is accepted in the current edition (Rust 2018) but is a hard error in Rust 2021!
[INFO] [stdout]    = note: for more information, see issue #80165 <https://github.com/rust-lang/rust/issues/80165>
[INFO] [stdout] 
[INFO] [stdout] 
[INFO] [stdout] warning: trait objects without an explicit `dyn` are deprecated
[INFO] [stdout]   --> src/logger/item.rs:66:34
[INFO] [stdout]    |
[INFO] [stdout] 66 |     pub fn with_error(mut self, e: &Error) -> Self {
[INFO] [stdout]    |                                     ^^^^^ help: use `dyn`: `dyn Error`
[INFO] [stdout]    |
[INFO] [stdout]    = warning: this is accepted in the current edition (Rust 2018) but is a hard error in Rust 2021!
[INFO] [stdout]    = note: for more information, see issue #80165 <https://github.com/rust-lang/rust/issues/80165>
[INFO] [stdout] 
[INFO] [stdout] 
[INFO] [stdout] warning: trait objects without an explicit `dyn` are deprecated
[INFO] [stdout]   --> src/logger/record.rs:78:34
[INFO] [stdout]    |
[INFO] [stdout] 78 |     pub fn set_error(&mut self, e: &Error) -> &mut Self {
[INFO] [stdout]    |                                     ^^^^^ help: use `dyn`: `dyn Error`
[INFO] [stdout]    |
[INFO] [stdout]    = warning: this is accepted in the current edition (Rust 2018) but is a hard error in Rust 2021!
[INFO] [stdout]    = note: for more information, see issue #80165 <https://github.com/rust-lang/rust/issues/80165>
[INFO] [stdout] 
[INFO] [stdout] 
[INFO] [stdout] warning: trait objects without an explicit `dyn` are deprecated
[INFO] [stdout]   --> src/logger/record.rs:94:34
[INFO] [stdout]    |
[INFO] [stdout] 94 |     pub fn with_error(mut self, e: &Error) -> Self {
[INFO] [stdout]    |                                     ^^^^^ help: use `dyn`: `dyn Error`
[INFO] [stdout]    |
[INFO] [stdout]    = warning: this is accepted in the current edition (Rust 2018) but is a hard error in Rust 2021!
[INFO] [stdout]    = note: for more information, see issue #80165 <https://github.com/rust-lang/rust/issues/80165>
[INFO] [stdout] 
[INFO] [stdout] 
[INFO] [stdout] warning: trait objects without an explicit `dyn` are deprecated
[INFO] [stdout]    --> src/logger/mod.rs:164:31
[INFO] [stdout]     |
[INFO] [stdout] 164 |     pub fn with_error(&self, e: &Error) -> Item {
[INFO] [stdout]     |                                  ^^^^^ help: use `dyn`: `dyn Error`
[INFO] [stdout]     |
[INFO] [stdout]     = warning: this is accepted in the current edition (Rust 2018) but is a hard error in Rust 2021!
[INFO] [stdout]     = note: for more information, see issue #80165 <https://github.com/rust-lang/rust/issues/80165>
[INFO] [stdout] 
[INFO] [stdout] 
[INFO] [stdout] warning: trait objects without an explicit `dyn` are deprecated
[INFO] [stdout]   --> src/lib.rs:73:23
[INFO] [stdout]    |
[INFO] [stdout] 73 | pub fn with_error(e: &Error) -> logger::Item {
[INFO] [stdout]    |                       ^^^^^ help: use `dyn`: `dyn Error`
[INFO] [stdout]    |
[INFO] [stdout]    = warning: this is accepted in the current edition (Rust 2018) but is a hard error in Rust 2021!
[INFO] [stdout]    = note: for more information, see issue #80165 <https://github.com/rust-lang/rust/issues/80165>
[INFO] [stdout] 
[INFO] [stdout] 
[INFO] [stdout] warning: use of deprecated associated function `std::error::Error::description`: use the Display impl or to_string()
[INFO] [stdout]   --> src/errors.rs:76:24
[INFO] [stdout]    |
[INFO] [stdout] 76 |         write!(f, "{}", self.description())
[INFO] [stdout]    |                              ^^^^^^^^^^^
[INFO] [stdout]    |
[INFO] [stdout]    = note: `#[warn(deprecated)]` on by default
[INFO] [stdout] 
[INFO] [stdout] 
[INFO] [stdout] warning: use of deprecated associated function `std::error::Error::description`: use the Display impl or to_string()
[INFO] [stdout]   --> src/logger/record.rs:79:23
[INFO] [stdout]    |
[INFO] [stdout] 79 |         self.set("error", e.description().to_owned());
[INFO] [stdout]    |                             ^^^^^^^^^^^
[INFO] [stdout] 
[INFO] [stdout] 
[INFO] [stdout] warning: use of deprecated associated function `std::error::Error::cause`: replaced by Error::source, which can support downcasting
[INFO] [stdout]   --> src/logger/record.rs:82:30
[INFO] [stdout]    |
[INFO] [stdout] 82 |         while let Some(cause) = e2.cause() {
[INFO] [stdout]    |                                    ^^^^^
[INFO] [stdout] 
[INFO] [stdout] 
[INFO] [stdout] warning: 20 warnings emitted
[INFO] [stdout] 
[INFO] [stdout] 
[INFO] [stderr]     Finished dev [unoptimized + debuginfo] target(s) in 23.23s
[INFO] running `Command { std: "docker" "inspect" "8d2a9a74dad77b93c5a8bc11c2569b9958702f289a3ace073269a3ce7a64a8da", kill_on_drop: false }`
[INFO] running `Command { std: "docker" "rm" "-f" "8d2a9a74dad77b93c5a8bc11c2569b9958702f289a3ace073269a3ce7a64a8da", kill_on_drop: false }`
[INFO] [stdout] 8d2a9a74dad77b93c5a8bc11c2569b9958702f289a3ace073269a3ce7a64a8da
[INFO] running `Command { std: "docker" "create" "-v" "/var/lib/crater-agent-workspace/builds/worker-39/target:/opt/rustwide/target:rw,Z" "-v" "/var/lib/crater-agent-workspace/builds/worker-39/source:/opt/rustwide/workdir:ro,Z" "-v" "/var/lib/crater-agent-workspace/cargo-home:/opt/rustwide/cargo-home:ro,Z" "-v" "/var/lib/crater-agent-workspace/rustup-home:/opt/rustwide/rustup-home:ro,Z" "-e" "SOURCE_DIR=/opt/rustwide/workdir" "-e" "CARGO_TARGET_DIR=/opt/rustwide/target" "-e" "CARGO_INCREMENTAL=0" "-e" "RUST_BACKTRACE=full" "-e" "RUSTFLAGS=--cap-lints=warn" "-e" "CARGO_HOME=/opt/rustwide/cargo-home" "-e" "RUSTUP_HOME=/opt/rustwide/rustup-home" "-w" "/opt/rustwide/workdir" "-m" "1610612736" "--user" "0:0" "--network" "none" "ghcr.io/rust-lang/crates-build-env/linux@sha256:34b6a614d2c27851fe6cbf88fbd1137609cefab8b10d0615aaeb6fd47975d74e" "/opt/rustwide/cargo-home/bin/cargo" "+beta-2021-08-01" "test" "--frozen" "--no-run" "--message-format=json", kill_on_drop: false }`
[INFO] [stdout] 77d24e07a95d8447588b635a87c521818fcb6c651318efc79380b97769967cac
[INFO] running `Command { std: "docker" "start" "-a" "77d24e07a95d8447588b635a87c521818fcb6c651318efc79380b97769967cac", kill_on_drop: false }`
[INFO] [stdout] warning: trait objects without an explicit `dyn` are deprecated
[INFO] [stdout]   --> src/errors.rs:28:20
[INFO] [stdout]    |
[INFO] [stdout] 28 |     cause: Option<Box<Error>>,
[INFO] [stdout]    |                       ^^^^^ help: use `dyn`: `dyn Error`
[INFO] [stdout]    |
[INFO] [stdout]    = note: `#[warn(bare_trait_objects)]` on by default
[INFO] [stdout]    = warning: this is accepted in the current edition (Rust 2018) but is a hard error in Rust 2021!
[INFO] [stdout]    = note: for more information, see issue #80165 <https://github.com/rust-lang/rust/issues/80165>
[INFO] [stdout] 
[INFO] [stdout] 
[INFO] [stdout] warning: trait objects without an explicit `dyn` are deprecated
[INFO] [stdout]   --> src/errors.rs:66:29
[INFO] [stdout]    |
[INFO] [stdout] 66 |     fn cause(&self) -> Option<&Error> {
[INFO] [stdout]    |                                ^^^^^ help: use `dyn`: `dyn Error`
[INFO] [stdout]    |
[INFO] [stdout]    = warning: this is accepted in the current edition (Rust 2018) but is a hard error in Rust 2021!
[INFO] [stdout]    = note: for more information, see issue #80165 <https://github.com/rust-lang/rust/issues/80165>
[INFO] [stdout] 
[INFO] [stdout] 
[INFO] [stdout] warning: trait objects without an explicit `dyn` are deprecated
[INFO] [stdout]   --> src/formatter/context/mod.rs:35:60
[INFO] [stdout]    |
[INFO] [stdout] 35 |     fn set_context_formatter(&mut self, context_renderer: Box<Formatter + Send + Sync + 'static>) -> &mut Self;
[INFO] [stdout]    |                                                               ^^^^^^^^^^^^^^^^^^^^^^^^^^^^^^^^^ help: use `dyn`: `dyn Formatter + Send + Sync + 'static`
[INFO] [stdout]    |
[INFO] [stdout]    = warning: this is accepted in the current edition (Rust 2018) but is a hard error in Rust 2021!
[INFO] [stdout]    = note: for more information, see issue #80165 <https://github.com/rust-lang/rust/issues/80165>
[INFO] [stdout] 
[INFO] [stdout] 
[INFO] [stdout] warning: trait objects without an explicit `dyn` are deprecated
[INFO] [stdout]   --> src/formatter/level/mod.rs:32:13
[INFO] [stdout]    |
[INFO] [stdout] 32 |     Custom(Box<Fn(&Level) -> String + Send + Sync + 'static>),
[INFO] [stdout]    |                ^^^^^^^^^^^^^^^^^^^^^^^^^^^^^^^^^^^^^^^^^^^^ help: use `dyn`: `dyn Fn(&Level) -> String + Send + Sync + 'static`
[INFO] [stdout]    |
[INFO] [stdout]    = warning: this is accepted in the current edition (Rust 2018) but is a hard error in Rust 2021!
[INFO] [stdout]    = note: for more information, see issue #80165 <https://github.com/rust-lang/rust/issues/80165>
[INFO] [stdout] 
[INFO] [stdout] 
[INFO] [stdout] warning: trait objects without an explicit `dyn` are deprecated
[INFO] [stdout]   --> src/formatter/record/html.rs:86:25
[INFO] [stdout]    |
[INFO] [stdout] 86 |         context_renderer: Box<context::Formatter + Send + Sync + 'static>,
[INFO] [stdout]    |                               ^^^^^^^^^^^^^^^^^^^^^^^^^^^^^^^^^^^^^^^^^^ help: use `dyn`: `dyn context::Formatter + Send + Sync + 'static`
[INFO] [stdout]    |
[INFO] [stdout]    = warning: this is accepted in the current edition (Rust 2018) but is a hard error in Rust 2021!
[INFO] [stdout]    = note: for more information, see issue #80165 <https://github.com/rust-lang/rust/issues/80165>
[INFO] [stdout] 
[INFO] [stdout] 
[INFO] [stdout] warning: trait objects without an explicit `dyn` are deprecated
[INFO] [stdout]   --> src/formatter/record/json.rs:69:45
[INFO] [stdout]    |
[INFO] [stdout] 69 |     fn set_context_formatter(&mut self, _: Box<context::Formatter + Send + Sync + 'static>) -> &mut Self {
[INFO] [stdout]    |                                                ^^^^^^^^^^^^^^^^^^^^^^^^^^^^^^^^^^^^^^^^^^ help: use `dyn`: `dyn context::Formatter + Send + Sync + 'static`
[INFO] [stdout]    |
[INFO] [stdout]    = warning: this is accepted in the current edition (Rust 2018) but is a hard error in Rust 2021!
[INFO] [stdout]    = note: for more information, see issue #80165 <https://github.com/rust-lang/rust/issues/80165>
[INFO] [stdout] 
[INFO] [stdout] 
[INFO] [stdout] warning: trait objects without an explicit `dyn` are deprecated
[INFO] [stdout]   --> src/formatter/record/line.rs:74:25
[INFO] [stdout]    |
[INFO] [stdout] 74 |         context_renderer: Box<context::Formatter + Send + Sync + 'static>,
[INFO] [stdout]    |                               ^^^^^^^^^^^^^^^^^^^^^^^^^^^^^^^^^^^^^^^^^^ help: use `dyn`: `dyn context::Formatter + Send + Sync + 'static`
[INFO] [stdout]    |
[INFO] [stdout]    = warning: this is accepted in the current edition (Rust 2018) but is a hard error in Rust 2021!
[INFO] [stdout]    = note: for more information, see issue #80165 <https://github.com/rust-lang/rust/issues/80165>
[INFO] [stdout] 
[INFO] [stdout] 
[INFO] [stdout] warning: trait objects without an explicit `dyn` are deprecated
[INFO] [stdout]   --> src/formatter/mod.rs:65:19
[INFO] [stdout]    |
[INFO] [stdout] 65 |     pub context: Box<context::Formatter>,
[INFO] [stdout]    |                      ^^^^^^^^^^^^^^^^^^ help: use `dyn`: `dyn context::Formatter`
[INFO] [stdout]    |
[INFO] [stdout]    = warning: this is accepted in the current edition (Rust 2018) but is a hard error in Rust 2021!
[INFO] [stdout]    = note: for more information, see issue #80165 <https://github.com/rust-lang/rust/issues/80165>
[INFO] [stdout] 
[INFO] [stdout] 
[INFO] [stdout] warning: trait objects without an explicit `dyn` are deprecated
[INFO] [stdout]    --> src/formatter/mod.rs:110:61
[INFO] [stdout]     |
[INFO] [stdout] 110 |     fn set_context_formatter(&mut self, context_formatter: Box<ContextFormatter + Send + Sync + 'static>) -> &mut Self {
[INFO] [stdout]     |                                                                ^^^^^^^^^^^^^^^^^^^^^^^^^^^^^^^^^^^^^^^^ help: use `dyn`: `dyn ContextFormatter + Send + Sync + 'static`
[INFO] [stdout]     |
[INFO] [stdout]     = warning: this is accepted in the current edition (Rust 2018) but is a hard error in Rust 2021!
[INFO] [stdout]     = note: for more information, see issue #80165 <https://github.com/rust-lang/rust/issues/80165>
[INFO] [stdout] 
[INFO] [stdout] 
[INFO] [stdout] warning: trait objects without an explicit `dyn` are deprecated
[INFO] [stdout]   --> src/handler/console.rs:38:17
[INFO] [stdout]    |
[INFO] [stdout] 38 |     formatter: Box<RecordFormatter>,
[INFO] [stdout]    |                    ^^^^^^^^^^^^^^^ help: use `dyn`: `dyn RecordFormatter`
[INFO] [stdout]    |
[INFO] [stdout]    = warning: this is accepted in the current edition (Rust 2018) but is a hard error in Rust 2021!
[INFO] [stdout]    = note: for more information, see issue #80165 <https://github.com/rust-lang/rust/issues/80165>
[INFO] [stdout] 
[INFO] [stdout] 
[INFO] [stdout] warning: trait objects without an explicit `dyn` are deprecated
[INFO] [stdout]   --> src/handler/mod.rs:66:27
[INFO] [stdout]    |
[INFO] [stdout] 66 |     handlers: RwLock<Vec<Box<Handler + Sync + Send + 'static>>>,
[INFO] [stdout]    |                              ^^^^^^^^^^^^^^^^^^^^^^^^^^^^^^^ help: use `dyn`: `dyn Handler + Sync + Send + 'static`
[INFO] [stdout]    |
[INFO] [stdout]    = warning: this is accepted in the current edition (Rust 2018) but is a hard error in Rust 2021!
[INFO] [stdout]    = note: for more information, see issue #80165 <https://github.com/rust-lang/rust/issues/80165>
[INFO] [stdout] 
[INFO] [stdout] 
[INFO] [stdout] warning: trait objects without an explicit `dyn` are deprecated
[INFO] [stdout]   --> src/handler/mod.rs:67:15
[INFO] [stdout]    |
[INFO] [stdout] 67 |     default: Box<Handler + Sync + Send + 'static>,
[INFO] [stdout]    |                  ^^^^^^^^^^^^^^^^^^^^^^^^^^^^^^^ help: use `dyn`: `dyn Handler + Sync + Send + 'static`
[INFO] [stdout]    |
[INFO] [stdout]    = warning: this is accepted in the current edition (Rust 2018) but is a hard error in Rust 2021!
[INFO] [stdout]    = note: for more information, see issue #80165 <https://github.com/rust-lang/rust/issues/80165>
[INFO] [stdout] 
[INFO] [stdout] 
[INFO] [stdout] warning: trait objects without an explicit `dyn` are deprecated
[INFO] [stdout]   --> src/logger/item.rs:66:34
[INFO] [stdout]    |
[INFO] [stdout] 66 |     pub fn with_error(mut self, e: &Error) -> Self {
[INFO] [stdout]    |                                     ^^^^^ help: use `dyn`: `dyn Error`
[INFO] [stdout]    |
[INFO] [stdout]    = warning: this is accepted in the current edition (Rust 2018) but is a hard error in Rust 2021!
[INFO] [stdout]    = note: for more information, see issue #80165 <https://github.com/rust-lang/rust/issues/80165>
[INFO] [stdout] 
[INFO] [stdout] 
[INFO] [stdout] warning: trait objects without an explicit `dyn` are deprecated
[INFO] [stdout]   --> src/logger/record.rs:78:34
[INFO] [stdout]    |
[INFO] [stdout] 78 |     pub fn set_error(&mut self, e: &Error) -> &mut Self {
[INFO] [stdout]    |                                     ^^^^^ help: use `dyn`: `dyn Error`
[INFO] [stdout]    |
[INFO] [stdout]    = warning: this is accepted in the current edition (Rust 2018) but is a hard error in Rust 2021!
[INFO] [stdout]    = note: for more information, see issue #80165 <https://github.com/rust-lang/rust/issues/80165>
[INFO] [stdout] 
[INFO] [stdout] 
[INFO] [stdout] warning: trait objects without an explicit `dyn` are deprecated
[INFO] [stdout]   --> src/logger/record.rs:94:34
[INFO] [stdout]    |
[INFO] [stdout] 94 |     pub fn with_error(mut self, e: &Error) -> Self {
[INFO] [stdout]    |                                     ^^^^^ help: use `dyn`: `dyn Error`
[INFO] [stdout]    |
[INFO] [stdout]    = warning: this is accepted in the current edition (Rust 2018) but is a hard error in Rust 2021!
[INFO] [stdout]    = note: for more information, see issue #80165 <https://github.com/rust-lang/rust/issues/80165>
[INFO] [stdout] 
[INFO] [stdout] 
[INFO] [stderr]    Compiling astrolog v0.1.0 (/opt/rustwide/workdir)
[INFO] [stdout] warning: trait objects without an explicit `dyn` are deprecated
[INFO] [stdout]    --> src/logger/mod.rs:164:31
[INFO] [stdout]     |
[INFO] [stdout] 164 |     pub fn with_error(&self, e: &Error) -> Item {
[INFO] [stdout]     |                                  ^^^^^ help: use `dyn`: `dyn Error`
[INFO] [stdout]     |
[INFO] [stdout]     = warning: this is accepted in the current edition (Rust 2018) but is a hard error in Rust 2021!
[INFO] [stdout]     = note: for more information, see issue #80165 <https://github.com/rust-lang/rust/issues/80165>
[INFO] [stdout] 
[INFO] [stdout] 
[INFO] [stdout] warning: trait objects without an explicit `dyn` are deprecated
[INFO] [stdout]   --> src/lib.rs:73:23
[INFO] [stdout]    |
[INFO] [stdout] 73 | pub fn with_error(e: &Error) -> logger::Item {
[INFO] [stdout]    |                       ^^^^^ help: use `dyn`: `dyn Error`
[INFO] [stdout]    |
[INFO] [stdout]    = warning: this is accepted in the current edition (Rust 2018) but is a hard error in Rust 2021!
[INFO] [stdout]    = note: for more information, see issue #80165 <https://github.com/rust-lang/rust/issues/80165>
[INFO] [stdout] 
[INFO] [stdout] 
[INFO] [stdout] warning: use of deprecated associated function `std::error::Error::description`: use the Display impl or to_string()
[INFO] [stdout]   --> src/errors.rs:76:24
[INFO] [stdout]    |
[INFO] [stdout] 76 |         write!(f, "{}", self.description())
[INFO] [stdout]    |                              ^^^^^^^^^^^
[INFO] [stdout]    |
[INFO] [stdout]    = note: `#[warn(deprecated)]` on by default
[INFO] [stdout] 
[INFO] [stdout] 
[INFO] [stdout] warning: use of deprecated associated function `std::error::Error::description`: use the Display impl or to_string()
[INFO] [stdout]   --> src/logger/record.rs:79:23
[INFO] [stdout]    |
[INFO] [stdout] 79 |         self.set("error", e.description().to_owned());
[INFO] [stdout]    |                             ^^^^^^^^^^^
[INFO] [stdout] 
[INFO] [stdout] 
[INFO] [stdout] warning: use of deprecated associated function `std::error::Error::cause`: replaced by Error::source, which can support downcasting
[INFO] [stdout]   --> src/logger/record.rs:82:30
[INFO] [stdout]    |
[INFO] [stdout] 82 |         while let Some(cause) = e2.cause() {
[INFO] [stdout]    |                                    ^^^^^
[INFO] [stdout] 
[INFO] [stdout] 
[INFO] [stdout] warning: 20 warnings emitted
[INFO] [stdout] 
[INFO] [stdout] 
[INFO] [stdout] warning: trait objects without an explicit `dyn` are deprecated
[INFO] [stdout]   --> examples/errors.rs:32:20
[INFO] [stdout]    |
[INFO] [stdout] 32 |     cause: Option<Box<Error>>,
[INFO] [stdout]    |                       ^^^^^ help: use `dyn`: `dyn Error`
[INFO] [stdout]    |
[INFO] [stdout]    = note: `#[warn(bare_trait_objects)]` on by default
[INFO] [stdout]    = warning: this is accepted in the current edition (Rust 2018) but is a hard error in Rust 2021!
[INFO] [stdout]    = note: for more information, see issue #80165 <https://github.com/rust-lang/rust/issues/80165>
[INFO] [stdout] 
[INFO] [stdout] 
[INFO] [stdout] warning: trait objects without an explicit `dyn` are deprecated
[INFO] [stdout]   --> examples/errors.rs:54:29
[INFO] [stdout]    |
[INFO] [stdout] 54 |     fn cause(&self) -> Option<&Error> {
[INFO] [stdout]    |                                ^^^^^ help: use `dyn`: `dyn Error`
[INFO] [stdout]    |
[INFO] [stdout]    = warning: this is accepted in the current edition (Rust 2018) but is a hard error in Rust 2021!
[INFO] [stdout]    = note: for more information, see issue #80165 <https://github.com/rust-lang/rust/issues/80165>
[INFO] [stdout] 
[INFO] [stdout] 
[INFO] [stdout] warning: use of deprecated associated function `std::error::Error::description`: use the Display impl or to_string()
[INFO] [stdout]   --> examples/errors.rs:64:24
[INFO] [stdout]    |
[INFO] [stdout] 64 |         write!(f, "{}", self.description())
[INFO] [stdout]    |                              ^^^^^^^^^^^
[INFO] [stdout]    |
[INFO] [stdout]    = note: `#[warn(deprecated)]` on by default
[INFO] [stdout] 
[INFO] [stdout] 
[INFO] [stdout] warning: use of deprecated associated function `std::error::Error::description`: use the Display impl or to_string()
[INFO] [stdout]   --> examples/errors.rs:70:24
[INFO] [stdout]    |
[INFO] [stdout] 70 |         write!(f, "{}", self.description())
[INFO] [stdout]    |                              ^^^^^^^^^^^
[INFO] [stdout] 
[INFO] [stdout] 
[INFO] [stdout] warning: unnecessary trailing semicolon
[INFO] [stdout]   --> tests/global_logger.rs:70:4
[INFO] [stdout]    |
[INFO] [stdout] 70 |         };
[INFO] [stdout]    |          ^ help: remove this semicolon
[INFO] [stdout]    |
[INFO] [stdout]    = note: `#[warn(redundant_semicolons)]` on by default
[INFO] [stdout] 
[INFO] [stdout] 
[INFO] [stdout] warning: unnecessary trailing semicolon
[INFO] [stdout]    --> tests/global_logger.rs:106:4
[INFO] [stdout]     |
[INFO] [stdout] 106 |         };
[INFO] [stdout]     |          ^ help: remove this semicolon
[INFO] [stdout] 
[INFO] [stdout] 
[INFO] [stdout] warning: unnecessary trailing semicolon
[INFO] [stdout]    --> tests/global_logger.rs:153:4
[INFO] [stdout]     |
[INFO] [stdout] 153 |         };
[INFO] [stdout]     |          ^ help: remove this semicolon
[INFO] [stdout] 
[INFO] [stdout] 
[INFO] [stdout] warning: unnecessary trailing semicolon
[INFO] [stdout]    --> tests/global_logger.rs:192:4
[INFO] [stdout]     |
[INFO] [stdout] 192 |         };
[INFO] [stdout]     |          ^ help: remove this semicolon
[INFO] [stdout] 
[INFO] [stdout] 
[INFO] [stdout] warning: trait objects without an explicit `dyn` are deprecated
[INFO] [stdout]   --> src/errors.rs:28:20
[INFO] [stdout]    |
[INFO] [stdout] 28 |     cause: Option<Box<Error>>,
[INFO] [stdout]    |                       ^^^^^ help: use `dyn`: `dyn Error`
[INFO] [stdout]    |
[INFO] [stdout]    = note: `#[warn(bare_trait_objects)]` on by default
[INFO] [stdout]    = warning: this is accepted in the current edition (Rust 2018) but is a hard error in Rust 2021!
[INFO] [stdout]    = note: for more information, see issue #80165 <https://github.com/rust-lang/rust/issues/80165>
[INFO] [stdout] 
[INFO] [stdout] 
[INFO] [stdout] warning: trait objects without an explicit `dyn` are deprecated
[INFO] [stdout]   --> src/errors.rs:66:29
[INFO] [stdout]    |
[INFO] [stdout] 66 |     fn cause(&self) -> Option<&Error> {
[INFO] [stdout]    |                                ^^^^^ help: use `dyn`: `dyn Error`
[INFO] [stdout]    |
[INFO] [stdout]    = warning: this is accepted in the current edition (Rust 2018) but is a hard error in Rust 2021!
[INFO] [stdout]    = note: for more information, see issue #80165 <https://github.com/rust-lang/rust/issues/80165>
[INFO] [stdout] 
[INFO] [stdout] 
[INFO] [stdout] warning: trait objects without an explicit `dyn` are deprecated
[INFO] [stdout]   --> src/formatter/context/mod.rs:35:60
[INFO] [stdout]    |
[INFO] [stdout] 35 |     fn set_context_formatter(&mut self, context_renderer: Box<Formatter + Send + Sync + 'static>) -> &mut Self;
[INFO] [stdout]    |                                                               ^^^^^^^^^^^^^^^^^^^^^^^^^^^^^^^^^ help: use `dyn`: `dyn Formatter + Send + Sync + 'static`
[INFO] [stdout]    |
[INFO] [stdout]    = warning: this is accepted in the current edition (Rust 2018) but is a hard error in Rust 2021!
[INFO] [stdout]    = note: for more information, see issue #80165 <https://github.com/rust-lang/rust/issues/80165>
[INFO] [stdout] 
[INFO] [stdout] 
[INFO] [stdout] warning: trait objects without an explicit `dyn` are deprecated
[INFO] [stdout]   --> src/formatter/level/mod.rs:32:13
[INFO] [stdout]    |
[INFO] [stdout] 32 |     Custom(Box<Fn(&Level) -> String + Send + Sync + 'static>),
[INFO] [stdout]    |                ^^^^^^^^^^^^^^^^^^^^^^^^^^^^^^^^^^^^^^^^^^^^ help: use `dyn`: `dyn Fn(&Level) -> String + Send + Sync + 'static`
[INFO] [stdout]    |
[INFO] [stdout]    = warning: this is accepted in the current edition (Rust 2018) but is a hard error in Rust 2021!
[INFO] [stdout]    = note: for more information, see issue #80165 <https://github.com/rust-lang/rust/issues/80165>
[INFO] [stdout] 
[INFO] [stdout] 
[INFO] [stdout] warning: trait objects without an explicit `dyn` are deprecated
[INFO] [stdout]   --> src/formatter/record/html.rs:86:25
[INFO] [stdout]    |
[INFO] [stdout] 86 |         context_renderer: Box<context::Formatter + Send + Sync + 'static>,
[INFO] [stdout]    |                               ^^^^^^^^^^^^^^^^^^^^^^^^^^^^^^^^^^^^^^^^^^ help: use `dyn`: `dyn context::Formatter + Send + Sync + 'static`
[INFO] [stdout]    |
[INFO] [stdout]    = warning: this is accepted in the current edition (Rust 2018) but is a hard error in Rust 2021!
[INFO] [stdout]    = note: for more information, see issue #80165 <https://github.com/rust-lang/rust/issues/80165>
[INFO] [stdout] 
[INFO] [stdout] 
[INFO] [stdout] warning: trait objects without an explicit `dyn` are deprecated
[INFO] [stdout]   --> src/formatter/record/json.rs:69:45
[INFO] [stdout]    |
[INFO] [stdout] 69 |     fn set_context_formatter(&mut self, _: Box<context::Formatter + Send + Sync + 'static>) -> &mut Self {
[INFO] [stdout]    |                                                ^^^^^^^^^^^^^^^^^^^^^^^^^^^^^^^^^^^^^^^^^^ help: use `dyn`: `dyn context::Formatter + Send + Sync + 'static`
[INFO] [stdout]    |
[INFO] [stdout]    = warning: this is accepted in the current edition (Rust 2018) but is a hard error in Rust 2021!
[INFO] [stdout]    = note: for more information, see issue #80165 <https://github.com/rust-lang/rust/issues/80165>
[INFO] [stdout] 
[INFO] [stdout] 
[INFO] [stdout] warning: trait objects without an explicit `dyn` are deprecated
[INFO] [stdout]   --> src/formatter/record/line.rs:74:25
[INFO] [stdout]    |
[INFO] [stdout] 74 |         context_renderer: Box<context::Formatter + Send + Sync + 'static>,
[INFO] [stdout]    |                               ^^^^^^^^^^^^^^^^^^^^^^^^^^^^^^^^^^^^^^^^^^ help: use `dyn`: `dyn context::Formatter + Send + Sync + 'static`
[INFO] [stdout]    |
[INFO] [stdout]    = warning: this is accepted in the current edition (Rust 2018) but is a hard error in Rust 2021!
[INFO] [stdout]    = note: for more information, see issue #80165 <https://github.com/rust-lang/rust/issues/80165>
[INFO] [stdout] 
[INFO] [stdout] 
[INFO] [stdout] warning: trait objects without an explicit `dyn` are deprecated
[INFO] [stdout]   --> src/formatter/mod.rs:65:19
[INFO] [stdout]    |
[INFO] [stdout] 65 |     pub context: Box<context::Formatter>,
[INFO] [stdout]    |                      ^^^^^^^^^^^^^^^^^^ help: use `dyn`: `dyn context::Formatter`
[INFO] [stdout]    |
[INFO] [stdout]    = warning: this is accepted in the current edition (Rust 2018) but is a hard error in Rust 2021!
[INFO] [stdout]    = note: for more information, see issue #80165 <https://github.com/rust-lang/rust/issues/80165>
[INFO] [stdout] 
[INFO] [stdout] 
[INFO] [stdout] warning: trait objects without an explicit `dyn` are deprecated
[INFO] [stdout]    --> src/formatter/mod.rs:110:61
[INFO] [stdout]     |
[INFO] [stdout] 110 |     fn set_context_formatter(&mut self, context_formatter: Box<ContextFormatter + Send + Sync + 'static>) -> &mut Self {
[INFO] [stdout]     |                                                                ^^^^^^^^^^^^^^^^^^^^^^^^^^^^^^^^^^^^^^^^ help: use `dyn`: `dyn ContextFormatter + Send + Sync + 'static`
[INFO] [stdout]     |
[INFO] [stdout]     = warning: this is accepted in the current edition (Rust 2018) but is a hard error in Rust 2021!
[INFO] [stdout]     = note: for more information, see issue #80165 <https://github.com/rust-lang/rust/issues/80165>
[INFO] [stdout] 
[INFO] [stdout] 
[INFO] [stdout] warning: trait objects without an explicit `dyn` are deprecated
[INFO] [stdout]   --> src/handler/console.rs:38:17
[INFO] [stdout]    |
[INFO] [stdout] 38 |     formatter: Box<RecordFormatter>,
[INFO] [stdout]    |                    ^^^^^^^^^^^^^^^ help: use `dyn`: `dyn RecordFormatter`
[INFO] [stdout]    |
[INFO] [stdout]    = warning: this is accepted in the current edition (Rust 2018) but is a hard error in Rust 2021!
[INFO] [stdout]    = note: for more information, see issue #80165 <https://github.com/rust-lang/rust/issues/80165>
[INFO] [stdout] 
[INFO] [stdout] 
[INFO] [stdout] warning: trait objects without an explicit `dyn` are deprecated
[INFO] [stdout]   --> src/handler/mod.rs:66:27
[INFO] [stdout]    |
[INFO] [stdout] 66 |     handlers: RwLock<Vec<Box<Handler + Sync + Send + 'static>>>,
[INFO] [stdout]    |                              ^^^^^^^^^^^^^^^^^^^^^^^^^^^^^^^ help: use `dyn`: `dyn Handler + Sync + Send + 'static`
[INFO] [stdout]    |
[INFO] [stdout]    = warning: this is accepted in the current edition (Rust 2018) but is a hard error in Rust 2021!
[INFO] [stdout]    = note: for more information, see issue #80165 <https://github.com/rust-lang/rust/issues/80165>
[INFO] [stdout] 
[INFO] [stdout] 
[INFO] [stdout] warning: trait objects without an explicit `dyn` are deprecated
[INFO] [stdout]   --> src/handler/mod.rs:67:15
[INFO] [stdout]    |
[INFO] [stdout] 67 |     default: Box<Handler + Sync + Send + 'static>,
[INFO] [stdout]    |                  ^^^^^^^^^^^^^^^^^^^^^^^^^^^^^^^ help: use `dyn`: `dyn Handler + Sync + Send + 'static`
[INFO] [stdout]    |
[INFO] [stdout]    = warning: this is accepted in the current edition (Rust 2018) but is a hard error in Rust 2021!
[INFO] [stdout]    = note: for more information, see issue #80165 <https://github.com/rust-lang/rust/issues/80165>
[INFO] [stdout] 
[INFO] [stdout] 
[INFO] [stdout] warning: trait objects without an explicit `dyn` are deprecated
[INFO] [stdout]   --> src/logger/item.rs:66:34
[INFO] [stdout]    |
[INFO] [stdout] 66 |     pub fn with_error(mut self, e: &Error) -> Self {
[INFO] [stdout]    |                                     ^^^^^ help: use `dyn`: `dyn Error`
[INFO] [stdout]    |
[INFO] [stdout]    = warning: this is accepted in the current edition (Rust 2018) but is a hard error in Rust 2021!
[INFO] [stdout]    = note: for more information, see issue #80165 <https://github.com/rust-lang/rust/issues/80165>
[INFO] [stdout] 
[INFO] [stdout] 
[INFO] [stdout] warning: trait objects without an explicit `dyn` are deprecated
[INFO] [stdout]   --> src/logger/record.rs:78:34
[INFO] [stdout]    |
[INFO] [stdout] 78 |     pub fn set_error(&mut self, e: &Error) -> &mut Self {
[INFO] [stdout]    |                                     ^^^^^ help: use `dyn`: `dyn Error`
[INFO] [stdout]    |
[INFO] [stdout]    = warning: this is accepted in the current edition (Rust 2018) but is a hard error in Rust 2021!
[INFO] [stdout]    = note: for more information, see issue #80165 <https://github.com/rust-lang/rust/issues/80165>
[INFO] [stdout] 
[INFO] [stdout] 
[INFO] [stdout] warning: trait objects without an explicit `dyn` are deprecated
[INFO] [stdout]   --> src/logger/record.rs:94:34
[INFO] [stdout]    |
[INFO] [stdout] 94 |     pub fn with_error(mut self, e: &Error) -> Self {
[INFO] [stdout]    |                                     ^^^^^ help: use `dyn`: `dyn Error`
[INFO] [stdout]    |
[INFO] [stdout]    = warning: this is accepted in the current edition (Rust 2018) but is a hard error in Rust 2021!
[INFO] [stdout]    = note: for more information, see issue #80165 <https://github.com/rust-lang/rust/issues/80165>
[INFO] [stdout] 
[INFO] [stdout] 
[INFO] [stdout] warning: trait objects without an explicit `dyn` are deprecated
[INFO] [stdout]    --> src/logger/mod.rs:164:31
[INFO] [stdout]     |
[INFO] [stdout] 164 |     pub fn with_error(&self, e: &Error) -> Item {
[INFO] [stdout]     |                                  ^^^^^ help: use `dyn`: `dyn Error`
[INFO] [stdout]     |
[INFO] [stdout]     = warning: this is accepted in the current edition (Rust 2018) but is a hard error in Rust 2021!
[INFO] [stdout]     = note: for more information, see issue #80165 <https://github.com/rust-lang/rust/issues/80165>
[INFO] [stdout] 
[INFO] [stdout] 
[INFO] [stdout] warning: trait objects without an explicit `dyn` are deprecated
[INFO] [stdout]   --> src/lib.rs:73:23
[INFO] [stdout]    |
[INFO] [stdout] 73 | pub fn with_error(e: &Error) -> logger::Item {
[INFO] [stdout]    |                       ^^^^^ help: use `dyn`: `dyn Error`
[INFO] [stdout]    |
[INFO] [stdout]    = warning: this is accepted in the current edition (Rust 2018) but is a hard error in Rust 2021!
[INFO] [stdout]    = note: for more information, see issue #80165 <https://github.com/rust-lang/rust/issues/80165>
[INFO] [stdout] 
[INFO] [stdout] 
[INFO] [stdout] warning: use of deprecated associated function `std::error::Error::description`: use the Display impl or to_string()
[INFO] [stdout]   --> src/errors.rs:76:24
[INFO] [stdout]    |
[INFO] [stdout] 76 |         write!(f, "{}", self.description())
[INFO] [stdout]    |                              ^^^^^^^^^^^
[INFO] [stdout]    |
[INFO] [stdout]    = note: `#[warn(deprecated)]` on by default
[INFO] [stdout] 
[INFO] [stdout] 
[INFO] [stdout] warning: use of deprecated associated function `std::error::Error::description`: use the Display impl or to_string()
[INFO] [stdout]   --> src/logger/record.rs:79:23
[INFO] [stdout]    |
[INFO] [stdout] 79 |         self.set("error", e.description().to_owned());
[INFO] [stdout]    |                             ^^^^^^^^^^^
[INFO] [stdout] 
[INFO] [stdout] 
[INFO] [stdout] warning: use of deprecated associated function `std::error::Error::cause`: replaced by Error::source, which can support downcasting
[INFO] [stdout]   --> src/logger/record.rs:82:30
[INFO] [stdout]    |
[INFO] [stdout] 82 |         while let Some(cause) = e2.cause() {
[INFO] [stdout]    |                                    ^^^^^
[INFO] [stdout] 
[INFO] [stdout] 
[INFO] [stdout] warning: 4 warnings emitted
[INFO] [stdout] 
[INFO] [stdout] 
[INFO] [stdout] warning: 4 warnings emitted
[INFO] [stdout] 
[INFO] [stdout] 
[INFO] [stdout] warning: 20 warnings emitted
[INFO] [stdout] 
[INFO] [stdout] 
[INFO] [stderr]     Finished test [unoptimized + debuginfo] target(s) in 4.69s
[INFO] running `Command { std: "docker" "inspect" "77d24e07a95d8447588b635a87c521818fcb6c651318efc79380b97769967cac", kill_on_drop: false }`
[INFO] running `Command { std: "docker" "rm" "-f" "77d24e07a95d8447588b635a87c521818fcb6c651318efc79380b97769967cac", kill_on_drop: false }`
[INFO] [stdout] 77d24e07a95d8447588b635a87c521818fcb6c651318efc79380b97769967cac
[INFO] running `Command { std: "docker" "create" "-v" "/var/lib/crater-agent-workspace/builds/worker-39/target:/opt/rustwide/target:rw,Z" "-v" "/var/lib/crater-agent-workspace/builds/worker-39/source:/opt/rustwide/workdir:ro,Z" "-v" "/var/lib/crater-agent-workspace/cargo-home:/opt/rustwide/cargo-home:ro,Z" "-v" "/var/lib/crater-agent-workspace/rustup-home:/opt/rustwide/rustup-home:ro,Z" "-e" "SOURCE_DIR=/opt/rustwide/workdir" "-e" "CARGO_TARGET_DIR=/opt/rustwide/target" "-e" "CARGO_INCREMENTAL=0" "-e" "RUST_BACKTRACE=full" "-e" "RUSTFLAGS=--cap-lints=warn" "-e" "CARGO_HOME=/opt/rustwide/cargo-home" "-e" "RUSTUP_HOME=/opt/rustwide/rustup-home" "-w" "/opt/rustwide/workdir" "-m" "1610612736" "--user" "0:0" "--network" "none" "ghcr.io/rust-lang/crates-build-env/linux@sha256:34b6a614d2c27851fe6cbf88fbd1137609cefab8b10d0615aaeb6fd47975d74e" "/opt/rustwide/cargo-home/bin/cargo" "+beta-2021-08-01" "test" "--frozen", kill_on_drop: false }`
[INFO] [stdout] 352fde35af166463bfdbc584f017c989fc6e6f21eba862a92faf4c0e3350437d
[INFO] running `Command { std: "docker" "start" "-a" "352fde35af166463bfdbc584f017c989fc6e6f21eba862a92faf4c0e3350437d", kill_on_drop: false }`
[INFO] [stderr] warning: trait objects without an explicit `dyn` are deprecated
[INFO] [stderr]   --> src/errors.rs:28:20
[INFO] [stderr]    |
[INFO] [stderr] 28 |     cause: Option<Box<Error>>,
[INFO] [stderr]    |                       ^^^^^ help: use `dyn`: `dyn Error`
[INFO] [stderr]    |
[INFO] [stderr]    = note: `#[warn(bare_trait_objects)]` on by default
[INFO] [stderr]    = warning: this is accepted in the current edition (Rust 2018) but is a hard error in Rust 2021!
[INFO] [stderr]    = note: for more information, see issue #80165 <https://github.com/rust-lang/rust/issues/80165>
[INFO] [stderr] 
[INFO] [stderr] warning: trait objects without an explicit `dyn` are deprecated
[INFO] [stderr]   --> src/errors.rs:66:29
[INFO] [stderr]    |
[INFO] [stderr] 66 |     fn cause(&self) -> Option<&Error> {
[INFO] [stderr]    |                                ^^^^^ help: use `dyn`: `dyn Error`
[INFO] [stderr]    |
[INFO] [stderr]    = warning: this is accepted in the current edition (Rust 2018) but is a hard error in Rust 2021!
[INFO] [stderr]    = note: for more information, see issue #80165 <https://github.com/rust-lang/rust/issues/80165>
[INFO] [stderr] 
[INFO] [stderr] warning: trait objects without an explicit `dyn` are deprecated
[INFO] [stderr]   --> src/formatter/context/mod.rs:35:60
[INFO] [stderr]    |
[INFO] [stderr] 35 |     fn set_context_formatter(&mut self, context_renderer: Box<Formatter + Send + Sync + 'static>) -> &mut Self;
[INFO] [stderr]    |                                                               ^^^^^^^^^^^^^^^^^^^^^^^^^^^^^^^^^ help: use `dyn`: `dyn Formatter + Send + Sync + 'static`
[INFO] [stderr]    |
[INFO] [stderr]    = warning: this is accepted in the current edition (Rust 2018) but is a hard error in Rust 2021!
[INFO] [stderr]    = note: for more information, see issue #80165 <https://github.com/rust-lang/rust/issues/80165>
[INFO] [stderr] 
[INFO] [stderr] warning: trait objects without an explicit `dyn` are deprecated
[INFO] [stderr]   --> src/formatter/level/mod.rs:32:13
[INFO] [stderr]    |
[INFO] [stderr] 32 |     Custom(Box<Fn(&Level) -> String + Send + Sync + 'static>),
[INFO] [stderr]    |                ^^^^^^^^^^^^^^^^^^^^^^^^^^^^^^^^^^^^^^^^^^^^ help: use `dyn`: `dyn Fn(&Level) -> String + Send + Sync + 'static`
[INFO] [stderr]    |
[INFO] [stderr]    = warning: this is accepted in the current edition (Rust 2018) but is a hard error in Rust 2021!
[INFO] [stderr]    = note: for more information, see issue #80165 <https://github.com/rust-lang/rust/issues/80165>
[INFO] [stderr] 
[INFO] [stderr] warning: trait objects without an explicit `dyn` are deprecated
[INFO] [stderr]   --> src/formatter/record/html.rs:86:25
[INFO] [stderr]    |
[INFO] [stderr] 86 |         context_renderer: Box<context::Formatter + Send + Sync + 'static>,
[INFO] [stderr]    |                               ^^^^^^^^^^^^^^^^^^^^^^^^^^^^^^^^^^^^^^^^^^ help: use `dyn`: `dyn context::Formatter + Send + Sync + 'static`
[INFO] [stderr]    |
[INFO] [stderr]    = warning: this is accepted in the current edition (Rust 2018) but is a hard error in Rust 2021!
[INFO] [stderr]    = note: for more information, see issue #80165 <https://github.com/rust-lang/rust/issues/80165>
[INFO] [stderr] 
[INFO] [stderr] warning: trait objects without an explicit `dyn` are deprecated
[INFO] [stderr]   --> src/formatter/record/json.rs:69:45
[INFO] [stderr]    |
[INFO] [stderr] 69 |     fn set_context_formatter(&mut self, _: Box<context::Formatter + Send + Sync + 'static>) -> &mut Self {
[INFO] [stderr]    |                                                ^^^^^^^^^^^^^^^^^^^^^^^^^^^^^^^^^^^^^^^^^^ help: use `dyn`: `dyn context::Formatter + Send + Sync + 'static`
[INFO] [stderr]    |
[INFO] [stderr]    = warning: this is accepted in the current edition (Rust 2018) but is a hard error in Rust 2021!
[INFO] [stderr]    = note: for more information, see issue #80165 <https://github.com/rust-lang/rust/issues/80165>
[INFO] [stderr] 
[INFO] [stderr] warning: trait objects without an explicit `dyn` are deprecated
[INFO] [stderr]   --> src/formatter/record/line.rs:74:25
[INFO] [stderr]    |
[INFO] [stderr] 74 |         context_renderer: Box<context::Formatter + Send + Sync + 'static>,
[INFO] [stderr]    |                               ^^^^^^^^^^^^^^^^^^^^^^^^^^^^^^^^^^^^^^^^^^ help: use `dyn`: `dyn context::Formatter + Send + Sync + 'static`
[INFO] [stderr]    |
[INFO] [stderr]    = warning: this is accepted in the current edition (Rust 2018) but is a hard error in Rust 2021!
[INFO] [stderr]    = note: for more information, see issue #80165 <https://github.com/rust-lang/rust/issues/80165>
[INFO] [stderr] 
[INFO] [stderr] warning: trait objects without an explicit `dyn` are deprecated
[INFO] [stderr]   --> src/formatter/mod.rs:65:19
[INFO] [stderr]    |
[INFO] [stderr] 65 |     pub context: Box<context::Formatter>,
[INFO] [stderr]    |                      ^^^^^^^^^^^^^^^^^^ help: use `dyn`: `dyn context::Formatter`
[INFO] [stderr]    |
[INFO] [stderr]    = warning: this is accepted in the current edition (Rust 2018) but is a hard error in Rust 2021!
[INFO] [stderr]    = note: for more information, see issue #80165 <https://github.com/rust-lang/rust/issues/80165>
[INFO] [stderr] 
[INFO] [stderr] warning: trait objects without an explicit `dyn` are deprecated
[INFO] [stderr]    --> src/formatter/mod.rs:110:61
[INFO] [stderr]     |
[INFO] [stderr] 110 |     fn set_context_formatter(&mut self, context_formatter: Box<ContextFormatter + Send + Sync + 'static>) -> &mut Self {
[INFO] [stderr]     |                                                                ^^^^^^^^^^^^^^^^^^^^^^^^^^^^^^^^^^^^^^^^ help: use `dyn`: `dyn ContextFormatter + Send + Sync + 'static`
[INFO] [stderr]     |
[INFO] [stderr]     = warning: this is accepted in the current edition (Rust 2018) but is a hard error in Rust 2021!
[INFO] [stderr]     = note: for more information, see issue #80165 <https://github.com/rust-lang/rust/issues/80165>
[INFO] [stderr] 
[INFO] [stderr] warning: trait objects without an explicit `dyn` are deprecated
[INFO] [stderr]   --> src/handler/console.rs:38:17
[INFO] [stderr]    |
[INFO] [stderr] 38 |     formatter: Box<RecordFormatter>,
[INFO] [stderr]    |                    ^^^^^^^^^^^^^^^ help: use `dyn`: `dyn RecordFormatter`
[INFO] [stderr]    |
[INFO] [stderr]    = warning: this is accepted in the current edition (Rust 2018) but is a hard error in Rust 2021!
[INFO] [stderr]    = note: for more information, see issue #80165 <https://github.com/rust-lang/rust/issues/80165>
[INFO] [stderr] 
[INFO] [stderr] warning: trait objects without an explicit `dyn` are deprecated
[INFO] [stderr]   --> src/handler/mod.rs:66:27
[INFO] [stderr]    |
[INFO] [stderr] 66 |     handlers: RwLock<Vec<Box<Handler + Sync + Send + 'static>>>,
[INFO] [stderr]    |                              ^^^^^^^^^^^^^^^^^^^^^^^^^^^^^^^ help: use `dyn`: `dyn Handler + Sync + Send + 'static`
[INFO] [stderr]    |
[INFO] [stderr]    = warning: this is accepted in the current edition (Rust 2018) but is a hard error in Rust 2021!
[INFO] [stderr]    = note: for more information, see issue #80165 <https://github.com/rust-lang/rust/issues/80165>
[INFO] [stderr] 
[INFO] [stderr] warning: trait objects without an explicit `dyn` are deprecated
[INFO] [stderr]   --> src/handler/mod.rs:67:15
[INFO] [stderr]    |
[INFO] [stderr] 67 |     default: Box<Handler + Sync + Send + 'static>,
[INFO] [stderr]    |                  ^^^^^^^^^^^^^^^^^^^^^^^^^^^^^^^ help: use `dyn`: `dyn Handler + Sync + Send + 'static`
[INFO] [stderr]    |
[INFO] [stderr]    = warning: this is accepted in the current edition (Rust 2018) but is a hard error in Rust 2021!
[INFO] [stderr]    = note: for more information, see issue #80165 <https://github.com/rust-lang/rust/issues/80165>
[INFO] [stderr] 
[INFO] [stderr] warning: trait objects without an explicit `dyn` are deprecated
[INFO] [stderr]   --> src/logger/item.rs:66:34
[INFO] [stderr]    |
[INFO] [stderr] 66 |     pub fn with_error(mut self, e: &Error) -> Self {
[INFO] [stderr]    |                                     ^^^^^ help: use `dyn`: `dyn Error`
[INFO] [stderr]    |
[INFO] [stderr]    = warning: this is accepted in the current edition (Rust 2018) but is a hard error in Rust 2021!
[INFO] [stderr]    = note: for more information, see issue #80165 <https://github.com/rust-lang/rust/issues/80165>
[INFO] [stderr] 
[INFO] [stderr] warning: trait objects without an explicit `dyn` are deprecated
[INFO] [stderr]   --> src/logger/record.rs:78:34
[INFO] [stderr]    |
[INFO] [stderr] 78 |     pub fn set_error(&mut self, e: &Error) -> &mut Self {
[INFO] [stderr]    |                                     ^^^^^ help: use `dyn`: `dyn Error`
[INFO] [stderr]    |
[INFO] [stderr]    = warning: this is accepted in the current edition (Rust 2018) but is a hard error in Rust 2021!
[INFO] [stderr]    = note: for more information, see issue #80165 <https://github.com/rust-lang/rust/issues/80165>
[INFO] [stderr] 
[INFO] [stderr] warning: trait objects without an explicit `dyn` are deprecated
[INFO] [stderr]   --> src/logger/record.rs:94:34
[INFO] [stderr]    |
[INFO] [stderr] 94 |     pub fn with_error(mut self, e: &Error) -> Self {
[INFO] [stderr]    |                                     ^^^^^ help: use `dyn`: `dyn Error`
[INFO] [stderr]    |
[INFO] [stderr]    = warning: this is accepted in the current edition (Rust 2018) but is a hard error in Rust 2021!
[INFO] [stderr]    = note: for more information, see issue #80165 <https://github.com/rust-lang/rust/issues/80165>
[INFO] [stderr] 
[INFO] [stderr] warning: trait objects without an explicit `dyn` are deprecated
[INFO] [stderr]    --> src/logger/mod.rs:164:31
[INFO] [stderr]     |
[INFO] [stderr] 164 |     pub fn with_error(&self, e: &Error) -> Item {
[INFO] [stderr]     |                                  ^^^^^ help: use `dyn`: `dyn Error`
[INFO] [stderr]     |
[INFO] [stderr]     = warning: this is accepted in the current edition (Rust 2018) but is a hard error in Rust 2021!
[INFO] [stderr]     = note: for more information, see issue #80165 <https://github.com/rust-lang/rust/issues/80165>
[INFO] [stderr] 
[INFO] [stderr] warning: trait objects without an explicit `dyn` are deprecated
[INFO] [stderr]   --> src/lib.rs:73:23
[INFO] [stderr]    |
[INFO] [stderr] 73 | pub fn with_error(e: &Error) -> logger::Item {
[INFO] [stderr]    |                       ^^^^^ help: use `dyn`: `dyn Error`
[INFO] [stderr]    |
[INFO] [stderr]    = warning: this is accepted in the current edition (Rust 2018) but is a hard error in Rust 2021!
[INFO] [stderr]    = note: for more information, see issue #80165 <https://github.com/rust-lang/rust/issues/80165>
[INFO] [stderr] 
[INFO] [stderr] warning: use of deprecated associated function `std::error::Error::description`: use the Display impl or to_string()
[INFO] [stderr]   --> src/errors.rs:76:24
[INFO] [stderr]    |
[INFO] [stderr] 76 |         write!(f, "{}", self.description())
[INFO] [stderr]    |                              ^^^^^^^^^^^
[INFO] [stderr]    |
[INFO] [stderr]    = note: `#[warn(deprecated)]` on by default
[INFO] [stderr] 
[INFO] [stderr] warning: use of deprecated associated function `std::error::Error::description`: use the Display impl or to_string()
[INFO] [stderr]   --> src/logger/record.rs:79:23
[INFO] [stderr]    |
[INFO] [stderr] 79 |         self.set("error", e.description().to_owned());
[INFO] [stderr]    |                             ^^^^^^^^^^^
[INFO] [stderr] 
[INFO] [stderr] warning: use of deprecated associated function `std::error::Error::cause`: replaced by Error::source, which can support downcasting
[INFO] [stderr]   --> src/logger/record.rs:82:30
[INFO] [stderr]    |
[INFO] [stderr] 82 |         while let Some(cause) = e2.cause() {
[INFO] [stderr]    |                                    ^^^^^
[INFO] [stderr] 
[INFO] [stderr] warning: `astrolog` (lib) generated 20 warnings
[INFO] [stderr] warning: `astrolog` (lib test) generated 20 warnings (20 duplicates)
[INFO] [stderr] warning: unnecessary trailing semicolon
[INFO] [stderr]   --> tests/global_logger.rs:70:4
[INFO] [stderr]    |
[INFO] [stderr] 70 |         };
[INFO] [stderr]    |          ^ help: remove this semicolon
[INFO] [stderr]    |
[INFO] [stderr]    = note: `#[warn(redundant_semicolons)]` on by default
[INFO] [stderr] 
[INFO] [stderr] warning: unnecessary trailing semicolon
[INFO] [stderr]    --> tests/global_logger.rs:106:4
[INFO] [stderr]     |
[INFO] [stderr] 106 |         };
[INFO] [stderr]     |          ^ help: remove this semicolon
[INFO] [stderr] 
[INFO] [stderr] warning: unnecessary trailing semicolon
[INFO] [stderr]    --> tests/global_logger.rs:153:4
[INFO] [stderr]     |
[INFO] [stderr] 153 |         };
[INFO] [stderr]     |          ^ help: remove this semicolon
[INFO] [stderr] 
[INFO] [stderr] warning: unnecessary trailing semicolon
[INFO] [stderr]    --> tests/global_logger.rs:192:4
[INFO] [stderr]     |
[INFO] [stderr] 192 |         };
[INFO] [stderr]     |          ^ help: remove this semicolon
[INFO] [stderr] 
[INFO] [stderr] warning: trait objects without an explicit `dyn` are deprecated
[INFO] [stderr]   --> examples/errors.rs:32:20
[INFO] [stderr]    |
[INFO] [stderr] 32 |     cause: Option<Box<Error>>,
[INFO] [stderr]    |                       ^^^^^ help: use `dyn`: `dyn Error`
[INFO] [stderr]    |
[INFO] [stderr]    = note: `#[warn(bare_trait_objects)]` on by default
[INFO] [stderr]    = warning: this is accepted in the current edition (Rust 2018) but is a hard error in Rust 2021!
[INFO] [stderr]    = note: for more information, see issue #80165 <https://github.com/rust-lang/rust/issues/80165>
[INFO] [stderr] 
[INFO] [stderr] warning: trait objects without an explicit `dyn` are deprecated
[INFO] [stderr]   --> examples/errors.rs:54:29
[INFO] [stderr]    |
[INFO] [stderr] 54 |     fn cause(&self) -> Option<&Error> {
[INFO] [stderr]    |                                ^^^^^ help: use `dyn`: `dyn Error`
[INFO] [stderr]    |
[INFO] [stderr]    = warning: this is accepted in the current edition (Rust 2018) but is a hard error in Rust 2021!
[INFO] [stderr]    = note: for more information, see issue #80165 <https://github.com/rust-lang/rust/issues/80165>
[INFO] [stderr] 
[INFO] [stderr] warning: use of deprecated associated function `std::error::Error::description`: use the Display impl or to_string()
[INFO] [stderr]   --> examples/errors.rs:64:24
[INFO] [stderr]    |
[INFO] [stderr] 64 |         write!(f, "{}", self.description())
[INFO] [stderr]    |                              ^^^^^^^^^^^
[INFO] [stderr]    |
[INFO] [stderr]    = note: `#[warn(deprecated)]` on by default
[INFO] [stderr] 
[INFO] [stderr] warning: use of deprecated associated function `std::error::Error::description`: use the Display impl or to_string()
[INFO] [stderr]   --> examples/errors.rs:70:24
[INFO] [stderr]    |
[INFO] [stderr] 70 |         write!(f, "{}", self.description())
[INFO] [stderr]    |                              ^^^^^^^^^^^
[INFO] [stderr] 
[INFO] [stderr] warning: `astrolog` (test "global_logger") generated 4 warnings
[INFO] [stderr] warning: `astrolog` (example "errors") generated 4 warnings
[INFO] [stderr]     Finished test [unoptimized + debuginfo] target(s) in 0.09s
[INFO] [stderr]      Running unittests (/opt/rustwide/target/debug/deps/astrolog-695c5a86314dfaea)
[INFO] [stdout] 
[INFO] [stdout] running 31 tests
[INFO] [stdout] test errors::tests::test_basic_error ... ok
[INFO] [stdout] test errors::tests::test_error_context ... ok
[INFO] [stdout] test errors::tests::test_error_wrapper ... ok
[INFO] [stdout] test formatter::record::json::tests::basic_conversion ... ok
[INFO] [stdout] test formatter::record::html::tests::string_html_special_chars ... ok
[INFO] [stdout] test formatter::record::html::tests::value_html_special_chars ... ok
[INFO] [stdout] test formatter::record::html::tests::record_html_special_chars ... ok
[INFO] [stdout] test handler::vec::tests::handler_with_levels ... ok
[INFO] [stdout] test logger::level::tests::level_print ... ok
[INFO] [stdout] test logger::level::tests::range ... ok
[INFO] [stdout] test formatter::tests::replacer_basic ... ok
[INFO] [stdout] test formatter::record::html::tests::basic ... ok
[INFO] [stdout] test logger::record::tests::test_context_merge ... ok
[INFO] [stdout] test formatter::tests::replacer_with_unknown ... ok
[INFO] [stdout] test formatter::tests::replacer_with_prefixed_message_in_message ... ok
[INFO] [stdout] test formatter::tests::replacer_with_suffixed_message_in_message ... ok
[INFO] [stdout] test formatter::tests::replacer_with_message_in_message ... ok
[INFO] [stdout] test logger::tests::multi_thread_logger ... ok
[INFO] [stdout] test logger::tests::multi_thread_logger_with_item ... ok
[INFO] [stdout] test logger::tests::multi_with_error ... ok
[INFO] [stdout] test formatter::tests::replacer_with_unknown_and_context ... ok
[INFO] [stdout] test logger::tests::test_build_with_null_handler ... ok
[INFO] [stdout] test logger::tests::test_context ... ok
[INFO] [stdout] test logger::tests::test_build_with_async_dispatcher ... ok
[INFO] [stdout] test logger::tests::test_levels_with_item ... ok
[INFO] [stdout] test logger::tests::test_with_levels ... ok
[INFO] [stdout] test logger::tests::test_levels ... ok
[INFO] [stdout] test logger::tests::test_with_handler_levels ... ok
[INFO] [stderr] [2021-08-06 21:25:02] DEBG: a debug message
[INFO] [stdout] test tests::multi_thread ... ok
[INFO] [stderr] [2021-08-06 21:25:02] EMRG: an emergency message
[INFO] [stdout] test logger::tests::test_build_with_no_handler ... ok
[INFO] [stdout] test formatter::date::tests::date_formats ... FAILED
[INFO] [stdout] 
[INFO] [stdout] failures:
[INFO] [stdout] 
[INFO] [stdout] ---- formatter::date::tests::date_formats stdout ----
[INFO] [stdout] thread 'formatter::date::tests::date_formats' panicked at 'assertion failed: `(left == right)`
[INFO] [stdout]   left: `"Thu,  6 May 2004 13:02:03 +0000"`,
[INFO] [stdout]  right: `"Thu, 06 May 2004 13:02:03 +0000"`', src/formatter/date/mod.rs:84:9
[INFO] [stdout] stack backtrace:
[INFO] [stdout]    0:     0x56490e177c80 - std::backtrace_rs::backtrace::libunwind::trace::hff4d1766e93f64f1
[INFO] [stdout]                                at /rustc/53fd98ca776cb875bc9e5514f56b52eb74f9e7a9/library/std/src/../../backtrace/src/backtrace/libunwind.rs:90:5
[INFO] [stdout]    1:     0x56490e177c80 - std::backtrace_rs::backtrace::trace_unsynchronized::h56bbc8eb78770bcb
[INFO] [stdout]                                at /rustc/53fd98ca776cb875bc9e5514f56b52eb74f9e7a9/library/std/src/../../backtrace/src/backtrace/mod.rs:66:5
[INFO] [stdout]    2:     0x56490e177c80 - std::sys_common::backtrace::_print_fmt::h5c8e75464faca780
[INFO] [stdout]                                at /rustc/53fd98ca776cb875bc9e5514f56b52eb74f9e7a9/library/std/src/sys_common/backtrace.rs:67:5
[INFO] [stdout]    3:     0x56490e177c80 - <std::sys_common::backtrace::_print::DisplayBacktrace as core::fmt::Display>::fmt::h48b88277def8b362
[INFO] [stdout]                                at /rustc/53fd98ca776cb875bc9e5514f56b52eb74f9e7a9/library/std/src/sys_common/backtrace.rs:46:22
[INFO] [stdout]    4:     0x56490e19afbc - core::fmt::write::h3381b3176fe2b3d3
[INFO] [stdout]                                at /rustc/53fd98ca776cb875bc9e5514f56b52eb74f9e7a9/library/core/src/fmt/mod.rs:1115:17
[INFO] [stdout]    5:     0x56490e174b15 - std::io::Write::write_fmt::h5f34a676f60246b5
[INFO] [stdout]                                at /rustc/53fd98ca776cb875bc9e5514f56b52eb74f9e7a9/library/std/src/io/mod.rs:1665:15
[INFO] [stdout]    6:     0x56490e179e4b - std::sys_common::backtrace::_print::ha537687d6c17dd0d
[INFO] [stdout]                                at /rustc/53fd98ca776cb875bc9e5514f56b52eb74f9e7a9/library/std/src/sys_common/backtrace.rs:49:5
[INFO] [stdout]    7:     0x56490e179e4b - std::sys_common::backtrace::print::h61376ae57d131d72
[INFO] [stdout]                                at /rustc/53fd98ca776cb875bc9e5514f56b52eb74f9e7a9/library/std/src/sys_common/backtrace.rs:36:9
[INFO] [stdout]    8:     0x56490e179e4b - std::panicking::default_hook::{{closure}}::h0f7208c0b9644a54
[INFO] [stdout]                                at /rustc/53fd98ca776cb875bc9e5514f56b52eb74f9e7a9/library/std/src/panicking.rs:208:50
[INFO] [stdout]    9:     0x56490e17995c - std::panicking::default_hook::hdac7fc06578c14ce
[INFO] [stdout]                                at /rustc/53fd98ca776cb875bc9e5514f56b52eb74f9e7a9/library/std/src/panicking.rs:222:9
[INFO] [stdout]   10:     0x56490e17a514 - std::panicking::rust_panic_with_hook::h72b21c283da3d1ef
[INFO] [stdout]                                at /rustc/53fd98ca776cb875bc9e5514f56b52eb74f9e7a9/library/std/src/panicking.rs:622:17
[INFO] [stdout]   11:     0x56490e179ff7 - std::panicking::begin_panic_handler::{{closure}}::he5778f1729cff84a
[INFO] [stdout]                                at /rustc/53fd98ca776cb875bc9e5514f56b52eb74f9e7a9/library/std/src/panicking.rs:519:13
[INFO] [stdout]   12:     0x56490e17815c - std::sys_common::backtrace::__rust_end_short_backtrace::h2d11ca8b453b4b1d
[INFO] [stdout]                                at /rustc/53fd98ca776cb875bc9e5514f56b52eb74f9e7a9/library/std/src/sys_common/backtrace.rs:141:18
[INFO] [stdout]   13:     0x56490e179f59 - rust_begin_unwind
[INFO] [stdout]                                at /rustc/53fd98ca776cb875bc9e5514f56b52eb74f9e7a9/library/std/src/panicking.rs:515:5
[INFO] [stdout]   14:     0x56490df3a8c1 - core::panicking::panic_fmt::hf9de31d4acbce4db
[INFO] [stdout]                                at /rustc/53fd98ca776cb875bc9e5514f56b52eb74f9e7a9/library/core/src/panicking.rs:92:14
[INFO] [stdout]   15:     0x56490e199628 - core::panicking::assert_failed_inner::h62e8cb2847a6e7ec
[INFO] [stdout]   16:     0x56490df6cd8e - core::panicking::assert_failed::h01077fcccac01503
[INFO] [stdout]                                at /rustc/53fd98ca776cb875bc9e5514f56b52eb74f9e7a9/library/core/src/panicking.rs:117:5
[INFO] [stdout]   17:     0x56490df56f2a - astrolog::formatter::date::tests::date_formats::h183c63d14cb671af
[INFO] [stdout]                                at /opt/rustwide/workdir/src/formatter/date/mod.rs:84:3
[INFO] [stdout]   18:     0x56490df565fa - astrolog::formatter::date::tests::date_formats::{{closure}}::h6d7e3cc6058cd8e8
[INFO] [stdout]                                at /opt/rustwide/workdir/src/formatter/date/mod.rs:78:2
[INFO] [stdout]   19:     0x56490df3c38e - core::ops::function::FnOnce::call_once::h26ce3d99c0181491
[INFO] [stdout]                                at /rustc/53fd98ca776cb875bc9e5514f56b52eb74f9e7a9/library/core/src/ops/function.rs:227:5
[INFO] [stdout]   20:     0x56490dfc1a23 - core::ops::function::FnOnce::call_once::hbb52c4519d3137b0
[INFO] [stdout]                                at /rustc/53fd98ca776cb875bc9e5514f56b52eb74f9e7a9/library/core/src/ops/function.rs:227:5
[INFO] [stdout]   21:     0x56490dfc1a23 - test::__rust_begin_short_backtrace::h86fe3a2a5a5121af
[INFO] [stdout]                                at /rustc/53fd98ca776cb875bc9e5514f56b52eb74f9e7a9/library/test/src/lib.rs:578:5
[INFO] [stdout]   22:     0x56490dfc04d8 - <alloc::boxed::Box<F,A> as core::ops::function::FnOnce<Args>>::call_once::hfd956bc3d57399be
[INFO] [stdout]                                at /rustc/53fd98ca776cb875bc9e5514f56b52eb74f9e7a9/library/alloc/src/boxed.rs:1572:9
[INFO] [stdout]   23:     0x56490dfc04d8 - <std::panic::AssertUnwindSafe<F> as core::ops::function::FnOnce<()>>::call_once::h40dc93e0ddb5938a
[INFO] [stdout]                                at /rustc/53fd98ca776cb875bc9e5514f56b52eb74f9e7a9/library/std/src/panic.rs:347:9
[INFO] [stdout]   24:     0x56490dfc04d8 - std::panicking::try::do_call::h90d07750cb47c562
[INFO] [stdout]                                at /rustc/53fd98ca776cb875bc9e5514f56b52eb74f9e7a9/library/std/src/panicking.rs:401:40
[INFO] [stdout]   25:     0x56490dfc04d8 - std::panicking::try::h063c84733ad2a629
[INFO] [stdout]                                at /rustc/53fd98ca776cb875bc9e5514f56b52eb74f9e7a9/library/std/src/panicking.rs:365:19
[INFO] [stdout]   26:     0x56490dfc04d8 - std::panic::catch_unwind::h0c464836a84e7c08
[INFO] [stdout]                                at /rustc/53fd98ca776cb875bc9e5514f56b52eb74f9e7a9/library/std/src/panic.rs:434:14
[INFO] [stdout]   27:     0x56490dfc04d8 - test::run_test_in_process::h5cb06ef620b157fc
[INFO] [stdout]                                at /rustc/53fd98ca776cb875bc9e5514f56b52eb74f9e7a9/library/test/src/lib.rs:601:18
[INFO] [stdout]   28:     0x56490dfc04d8 - test::run_test::run_test_inner::{{closure}}::h76f677f4b93f9828
[INFO] [stdout]                                at /rustc/53fd98ca776cb875bc9e5514f56b52eb74f9e7a9/library/test/src/lib.rs:493:39
[INFO] [stdout]   29:     0x56490df8ec6d - test::run_test::run_test_inner::{{closure}}::h366d01fe04f4d67a
[INFO] [stdout]                                at /rustc/53fd98ca776cb875bc9e5514f56b52eb74f9e7a9/library/test/src/lib.rs:520:37
[INFO] [stdout]   30:     0x56490df8ec6d - std::sys_common::backtrace::__rust_begin_short_backtrace::h7dfa0de4eb395af2
[INFO] [stdout]                                at /rustc/53fd98ca776cb875bc9e5514f56b52eb74f9e7a9/library/std/src/sys_common/backtrace.rs:125:18
[INFO] [stdout]   31:     0x56490df93438 - std::thread::Builder::spawn_unchecked::{{closure}}::{{closure}}::hf0a74bb58798037f
[INFO] [stdout]                                at /rustc/53fd98ca776cb875bc9e5514f56b52eb74f9e7a9/library/std/src/thread/mod.rs:476:17
[INFO] [stdout]   32:     0x56490df93438 - <std::panic::AssertUnwindSafe<F> as core::ops::function::FnOnce<()>>::call_once::hb024e854818586ac
[INFO] [stdout]                                at /rustc/53fd98ca776cb875bc9e5514f56b52eb74f9e7a9/library/std/src/panic.rs:347:9
[INFO] [stdout]   33:     0x56490df93438 - std::panicking::try::do_call::hb2dd9f1d0d48e41d
[INFO] [stdout]                                at /rustc/53fd98ca776cb875bc9e5514f56b52eb74f9e7a9/library/std/src/panicking.rs:401:40
[INFO] [stdout]   34:     0x56490df93438 - std::panicking::try::h4717ae7bac8b2bf3
[INFO] [stdout]                                at /rustc/53fd98ca776cb875bc9e5514f56b52eb74f9e7a9/library/std/src/panicking.rs:365:19
[INFO] [stdout]   35:     0x56490df93438 - std::panic::catch_unwind::h0dc8a061326ce8d8
[INFO] [stdout]                                at /rustc/53fd98ca776cb875bc9e5514f56b52eb74f9e7a9/library/std/src/panic.rs:434:14
[INFO] [stdout]   36:     0x56490df93438 - std::thread::Builder::spawn_unchecked::{{closure}}::haa369e2d6fd00aa1
[INFO] [stdout]                                at /rustc/53fd98ca776cb875bc9e5514f56b52eb74f9e7a9/library/std/src/thread/mod.rs:475:30
[INFO] [stdout]   37:     0x56490df93438 - core::ops::function::FnOnce::call_once{{vtable.shim}}::h36dcf3de8b056f17
[INFO] [stdout]                                at /rustc/53fd98ca776cb875bc9e5514f56b52eb74f9e7a9/library/core/src/ops/function.rs:227:5
[INFO] [stdout]   38:     0x56490e17f0e7 - <alloc::boxed::Box<F,A> as core::ops::function::FnOnce<Args>>::call_once::h65c29e4642be2358
[INFO] [stdout]                                at /rustc/53fd98ca776cb875bc9e5514f56b52eb74f9e7a9/library/alloc/src/boxed.rs:1572:9
[INFO] [stdout]   39:     0x56490e17f0e7 - <alloc::boxed::Box<F,A> as core::ops::function::FnOnce<Args>>::call_once::hd0f8f7fbbd9fffbf
[INFO] [stdout]                                at /rustc/53fd98ca776cb875bc9e5514f56b52eb74f9e7a9/library/alloc/src/boxed.rs:1572:9
[INFO] [stdout]   40:     0x56490e17f0e7 - std::sys::unix::thread::Thread::new::thread_start::h2fd22fee3ca77b65
[INFO] [stdout]                                at /rustc/53fd98ca776cb875bc9e5514f56b52eb74f9e7a9/library/std/src/sys/unix/thread.rs:74:17
[INFO] [stdout]   41:     0x7f5180861609 - start_thread
[INFO] [stdout]   42:     0x7f5180633293 - clone
[INFO] [stdout]   43:                0x0 - <unknown>
[INFO] [stdout] 
[INFO] [stdout] 
[INFO] [stdout] failures:
[INFO] [stdout]     formatter::date::tests::date_formats
[INFO] [stdout] 
[INFO] [stdout] test result: FAILED. 30 passed; 1 failed; 0 ignored; 0 measured; 0 filtered out; finished in 0.05s
[INFO] [stdout] 
[INFO] [stderr] error: test failed, to rerun pass '--lib'
[INFO] running `Command { std: "docker" "inspect" "352fde35af166463bfdbc584f017c989fc6e6f21eba862a92faf4c0e3350437d", kill_on_drop: false }`
[INFO] running `Command { std: "docker" "rm" "-f" "352fde35af166463bfdbc584f017c989fc6e6f21eba862a92faf4c0e3350437d", kill_on_drop: false }`
[INFO] [stdout] 352fde35af166463bfdbc584f017c989fc6e6f21eba862a92faf4c0e3350437d
