[INFO] fetching crate assure 2.1.0...
[INFO] testing assure-2.1.0 against beta-2021-08-01 for beta-1.55-1
[INFO] extracting crate assure 2.1.0 into /workspace/builds/worker-115/source
[INFO] validating manifest of crates.io crate assure 2.1.0 on toolchain beta-2021-08-01
[INFO] running `Command { std: "/workspace/cargo-home/bin/cargo" "+beta-2021-08-01" "metadata" "--manifest-path" "Cargo.toml" "--no-deps", kill_on_drop: false }`
[INFO] started tweaking crates.io crate assure 2.1.0
[INFO] finished tweaking crates.io crate assure 2.1.0
[INFO] tweaked toml for crates.io crate assure 2.1.0 written to /workspace/builds/worker-115/source/Cargo.toml
[INFO] running `Command { std: "/workspace/cargo-home/bin/cargo" "+beta-2021-08-01" "generate-lockfile" "--manifest-path" "Cargo.toml" "-Zno-index-update", kill_on_drop: false }`
[INFO] running `Command { std: "/workspace/cargo-home/bin/cargo" "+beta-2021-08-01" "fetch" "--manifest-path" "Cargo.toml", kill_on_drop: false }`
[INFO] running `Command { std: "docker" "create" "-v" "/var/lib/crater-agent-workspace/builds/worker-115/target:/opt/rustwide/target:rw,Z" "-v" "/var/lib/crater-agent-workspace/builds/worker-115/source:/opt/rustwide/workdir:ro,Z" "-v" "/var/lib/crater-agent-workspace/cargo-home:/opt/rustwide/cargo-home:ro,Z" "-v" "/var/lib/crater-agent-workspace/rustup-home:/opt/rustwide/rustup-home:ro,Z" "-e" "SOURCE_DIR=/opt/rustwide/workdir" "-e" "CARGO_TARGET_DIR=/opt/rustwide/target" "-e" "CARGO_HOME=/opt/rustwide/cargo-home" "-e" "RUSTUP_HOME=/opt/rustwide/rustup-home" "-w" "/opt/rustwide/workdir" "-m" "1610612736" "--user" "0:0" "--network" "none" "ghcr.io/rust-lang/crates-build-env/linux@sha256:34b6a614d2c27851fe6cbf88fbd1137609cefab8b10d0615aaeb6fd47975d74e" "/opt/rustwide/cargo-home/bin/cargo" "+beta-2021-08-01" "metadata" "--no-deps" "--format-version=1", kill_on_drop: false }`
[INFO] [stdout] 3988b7fd56f5160a685406ed255e5163d51ed3c1bb91d8f73b9789285f8ad32b
[INFO] running `Command { std: "docker" "start" "-a" "3988b7fd56f5160a685406ed255e5163d51ed3c1bb91d8f73b9789285f8ad32b", kill_on_drop: false }`
[INFO] running `Command { std: "docker" "inspect" "3988b7fd56f5160a685406ed255e5163d51ed3c1bb91d8f73b9789285f8ad32b", kill_on_drop: false }`
[INFO] running `Command { std: "docker" "rm" "-f" "3988b7fd56f5160a685406ed255e5163d51ed3c1bb91d8f73b9789285f8ad32b", kill_on_drop: false }`
[INFO] [stdout] 3988b7fd56f5160a685406ed255e5163d51ed3c1bb91d8f73b9789285f8ad32b
[INFO] running `Command { std: "docker" "create" "-v" "/var/lib/crater-agent-workspace/builds/worker-115/target:/opt/rustwide/target:rw,Z" "-v" "/var/lib/crater-agent-workspace/builds/worker-115/source:/opt/rustwide/workdir:ro,Z" "-v" "/var/lib/crater-agent-workspace/cargo-home:/opt/rustwide/cargo-home:ro,Z" "-v" "/var/lib/crater-agent-workspace/rustup-home:/opt/rustwide/rustup-home:ro,Z" "-e" "SOURCE_DIR=/opt/rustwide/workdir" "-e" "CARGO_TARGET_DIR=/opt/rustwide/target" "-e" "CARGO_INCREMENTAL=0" "-e" "RUST_BACKTRACE=full" "-e" "RUSTFLAGS=--cap-lints=warn" "-e" "CARGO_HOME=/opt/rustwide/cargo-home" "-e" "RUSTUP_HOME=/opt/rustwide/rustup-home" "-w" "/opt/rustwide/workdir" "-m" "1610612736" "--user" "0:0" "--network" "none" "ghcr.io/rust-lang/crates-build-env/linux@sha256:34b6a614d2c27851fe6cbf88fbd1137609cefab8b10d0615aaeb6fd47975d74e" "/opt/rustwide/cargo-home/bin/cargo" "+beta-2021-08-01" "build" "--frozen" "--message-format=json", kill_on_drop: false }`
[INFO] [stdout] 670418c13b55a0ade9ad24bc9a87865985ebd1b880f16a6b78c3a2c5712374bb
[INFO] running `Command { std: "docker" "start" "-a" "670418c13b55a0ade9ad24bc9a87865985ebd1b880f16a6b78c3a2c5712374bb", kill_on_drop: false }`
[INFO] [stderr]    Compiling assure v2.1.0 (/opt/rustwide/workdir)
[INFO] [stderr]     Finished dev [unoptimized + debuginfo] target(s) in 0.24s
[INFO] running `Command { std: "docker" "inspect" "670418c13b55a0ade9ad24bc9a87865985ebd1b880f16a6b78c3a2c5712374bb", kill_on_drop: false }`
[INFO] running `Command { std: "docker" "rm" "-f" "670418c13b55a0ade9ad24bc9a87865985ebd1b880f16a6b78c3a2c5712374bb", kill_on_drop: false }`
[INFO] [stdout] 670418c13b55a0ade9ad24bc9a87865985ebd1b880f16a6b78c3a2c5712374bb
[INFO] running `Command { std: "docker" "create" "-v" "/var/lib/crater-agent-workspace/builds/worker-115/target:/opt/rustwide/target:rw,Z" "-v" "/var/lib/crater-agent-workspace/builds/worker-115/source:/opt/rustwide/workdir:ro,Z" "-v" "/var/lib/crater-agent-workspace/cargo-home:/opt/rustwide/cargo-home:ro,Z" "-v" "/var/lib/crater-agent-workspace/rustup-home:/opt/rustwide/rustup-home:ro,Z" "-e" "SOURCE_DIR=/opt/rustwide/workdir" "-e" "CARGO_TARGET_DIR=/opt/rustwide/target" "-e" "CARGO_INCREMENTAL=0" "-e" "RUST_BACKTRACE=full" "-e" "RUSTFLAGS=--cap-lints=warn" "-e" "CARGO_HOME=/opt/rustwide/cargo-home" "-e" "RUSTUP_HOME=/opt/rustwide/rustup-home" "-w" "/opt/rustwide/workdir" "-m" "1610612736" "--user" "0:0" "--network" "none" "ghcr.io/rust-lang/crates-build-env/linux@sha256:34b6a614d2c27851fe6cbf88fbd1137609cefab8b10d0615aaeb6fd47975d74e" "/opt/rustwide/cargo-home/bin/cargo" "+beta-2021-08-01" "test" "--frozen" "--no-run" "--message-format=json", kill_on_drop: false }`
[INFO] [stdout] ab03b33ba2878a2809cef83bb7f1e2e9e1dfe0943395dc334b4f074d517d9826
[INFO] running `Command { std: "docker" "start" "-a" "ab03b33ba2878a2809cef83bb7f1e2e9e1dfe0943395dc334b4f074d517d9826", kill_on_drop: false }`
[INFO] [stderr]    Compiling assure v2.1.0 (/opt/rustwide/workdir)
[INFO] [stderr]     Finished test [unoptimized + debuginfo] target(s) in 2.70s
[INFO] running `Command { std: "docker" "inspect" "ab03b33ba2878a2809cef83bb7f1e2e9e1dfe0943395dc334b4f074d517d9826", kill_on_drop: false }`
[INFO] running `Command { std: "docker" "rm" "-f" "ab03b33ba2878a2809cef83bb7f1e2e9e1dfe0943395dc334b4f074d517d9826", kill_on_drop: false }`
[INFO] [stdout] ab03b33ba2878a2809cef83bb7f1e2e9e1dfe0943395dc334b4f074d517d9826
[INFO] running `Command { std: "docker" "create" "-v" "/var/lib/crater-agent-workspace/builds/worker-115/target:/opt/rustwide/target:rw,Z" "-v" "/var/lib/crater-agent-workspace/builds/worker-115/source:/opt/rustwide/workdir:ro,Z" "-v" "/var/lib/crater-agent-workspace/cargo-home:/opt/rustwide/cargo-home:ro,Z" "-v" "/var/lib/crater-agent-workspace/rustup-home:/opt/rustwide/rustup-home:ro,Z" "-e" "SOURCE_DIR=/opt/rustwide/workdir" "-e" "CARGO_TARGET_DIR=/opt/rustwide/target" "-e" "CARGO_INCREMENTAL=0" "-e" "RUST_BACKTRACE=full" "-e" "RUSTFLAGS=--cap-lints=warn" "-e" "CARGO_HOME=/opt/rustwide/cargo-home" "-e" "RUSTUP_HOME=/opt/rustwide/rustup-home" "-w" "/opt/rustwide/workdir" "-m" "1610612736" "--user" "0:0" "--network" "none" "ghcr.io/rust-lang/crates-build-env/linux@sha256:34b6a614d2c27851fe6cbf88fbd1137609cefab8b10d0615aaeb6fd47975d74e" "/opt/rustwide/cargo-home/bin/cargo" "+beta-2021-08-01" "test" "--frozen", kill_on_drop: false }`
[INFO] [stdout] 9eebc3f8ed05a8b836931b339c9c5b33ec5b73d715ad19aab7164d8e7c6f9d1c
[INFO] running `Command { std: "docker" "start" "-a" "9eebc3f8ed05a8b836931b339c9c5b33ec5b73d715ad19aab7164d8e7c6f9d1c", kill_on_drop: false }`
[INFO] [stderr]     Finished test [unoptimized + debuginfo] target(s) in 0.01s
[INFO] [stderr]      Running unittests (/opt/rustwide/target/debug/deps/assure-185016a200a0cc6c)
[INFO] [stdout] 
[INFO] [stdout] running 120 tests
[INFO] [stdout] test assure::tests::test_assure_x_arity_2_return_err ... ok
[INFO] [stdout] test assure::tests::test_assure_x_arity_2_return_ok ... ok
[INFO] [stdout] test assure::tests::test_assure_x_arity_3_return_err ... ok
[INFO] [stdout] test assure::tests::test_assure_x_arity_3_return_ok ... ok
[INFO] [stdout] test assure_bag_eq::tests::test_assure_bag_eq_x_array_arity_2_return_ok ... ok
[INFO] [stdout] test assure_bag_eq::tests::test_assure_bag_eq_x_array_arity_2_return_err ... ok
[INFO] [stdout] test assure_bag_eq::tests::test_assure_bag_eq_x_array_arity_3_return_err ... ok
[INFO] [stdout] test assure_bag_eq::tests::test_assure_bag_eq_x_array_arity_3_return_ok ... ok
[INFO] [stdout] test assure_bag_eq::tests::test_assure_bag_eq_x_list_arity_2_return_err ... ok
[INFO] [stdout] test assure_bag_eq::tests::test_assure_bag_eq_x_list_arity_2_return_ok ... ok
[INFO] [stdout] test assure_bag_eq::tests::test_assure_bag_eq_x_list_arity_3_return_err ... ok
[INFO] [stdout] test assure_bag_eq::tests::test_assure_bag_eq_x_vec_arity_2_return_err ... ok
[INFO] [stdout] test assure_bag_eq::tests::test_assure_bag_eq_x_vec_arity_2_return_ok ... ok
[INFO] [stdout] test assure_bag_eq::tests::test_assure_bag_eq_x_vec_arity_3_return_err ... ok
[INFO] [stdout] test assure_bag_eq::tests::test_assure_bag_eq_x_vec_arity_3_return_ok ... ok
[INFO] [stdout] test assure_bag_eq::tests::test_assure_bag_eq_x_list_arity_3_return_ok ... ok
[INFO] [stdout] test assure_bag_ne::tests::test_assure_bag_ne_x_array_arity_2_return_err ... ok
[INFO] [stdout] test assure_bag_ne::tests::test_assure_bag_ne_x_array_arity_2_return_ok ... ok
[INFO] [stdout] test assure_bag_ne::tests::test_assure_bag_ne_x_array_arity_3_return_ok ... ok
[INFO] [stderr]      Running tests/format_error_message_test.rs (/opt/rustwide/target/debug/deps/format_error_message_test-e5f518a8d7d512a4)
[INFO] [stdout] test assure_bag_ne::tests::test_assure_bag_ne_x_array_arity_3_return_err ... ok
[INFO] [stderr]      Running tests/return_quation_mark_test.rs (/opt/rustwide/target/debug/deps/return_quation_mark_test-b9bb6486f891def9)
[INFO] [stdout] test assure_bag_ne::tests::test_assure_bag_ne_x_list_arity_2_return_err ... ok
[INFO] [stderr]    Doc-tests assure
[INFO] [stdout] test assure_bag_ne::tests::test_assure_bag_ne_x_list_arity_2_return_ok ... ok
[INFO] [stdout] test assure_bag_ne::tests::test_assure_bag_ne_x_list_arity_3_return_err ... ok
[INFO] [stdout] test assure_bag_ne::tests::test_assure_bag_ne_x_list_arity_3_return_ok ... ok
[INFO] [stdout] test assure_bag_ne::tests::test_assure_bag_ne_x_vec_arity_2_return_err ... ok
[INFO] [stdout] test assure_bag_ne::tests::test_assure_bag_ne_x_vec_arity_2_return_ok ... ok
[INFO] [stdout] test assure_bag_ne::tests::test_assure_bag_ne_x_vec_arity_3_return_err ... ok
[INFO] [stdout] test assure_bag_ne::tests::test_assure_bag_ne_x_vec_arity_3_return_ok ... ok
[INFO] [stdout] test assure_eq::tests::test_assure_eq_x_i32_arity_2_return_err ... ok
[INFO] [stdout] test assure_eq::tests::test_assure_eq_x_i32_arity_2_return_ok ... ok
[INFO] [stdout] test assure_eq::tests::test_assure_eq_x_i32_arity_3_return_err ... ok
[INFO] [stdout] test assure_eq::tests::test_assure_eq_x_i32_arity_3_return_ok ... ok
[INFO] [stdout] test assure_eq::tests::test_assure_eq_x_str_arity_2_return_err ... ok
[INFO] [stdout] test assure_eq::tests::test_assure_eq_x_str_arity_2_return_ok ... ok
[INFO] [stdout] test assure_eq::tests::test_assure_eq_x_str_arity_3_return_err ... ok
[INFO] [stdout] test assure_eq::tests::test_assure_eq_x_str_arity_3_return_ok ... ok
[INFO] [stdout] test assure_ge::tests::test_assure_ge_x_arity_2_return_err ... ok
[INFO] [stdout] test assure_ge::tests::test_assure_ge_x_arity_2_return_ok ... ok
[INFO] [stdout] test assure_ge::tests::test_assure_ge_x_arity_3_return_err ... ok
[INFO] [stdout] test assure_ge::tests::test_assure_ge_x_arity_3_return_ok ... ok
[INFO] [stdout] test assure_gt::tests::test_assure_gt_x_arity_2_return_err ... ok
[INFO] [stdout] test assure_gt::tests::test_assure_gt_x_arity_3_return_err ... ok
[INFO] [stdout] test assure_gt::tests::test_assure_gt_x_arity_3_return_ok ... ok
[INFO] [stdout] test assure_io::tests::test_assure_io_x_arity_2_return_err ... ok
[INFO] [stdout] test assure_io::tests::test_assure_io_x_arity_2_return_ok ... ok
[INFO] [stdout] test assure_io::tests::test_assure_io_x_arity_3_return_err ... ok
[INFO] [stdout] test assure_gt::tests::test_assure_gt_x_arity_2_return_ok ... ok
[INFO] [stdout] test assure_io::tests::test_assure_io_x_arity_3_return_ok ... ok
[INFO] [stdout] test assure_io_eq::tests::test_assure_io_eq_x_i32_arity_2_return_err ... ok
[INFO] [stdout] test assure_io_eq::tests::test_assure_io_eq_x_i32_arity_2_return_ok ... ok
[INFO] [stdout] test assure_io_eq::tests::test_assure_io_eq_x_str_arity_2_return_err ... ok
[INFO] [stdout] test assure_io_eq::tests::test_assure_io_eq_x_i32_arity_3_return_err ... ok
[INFO] [stdout] test assure_io_eq::tests::test_assure_io_eq_x_str_arity_3_return_err ... ok
[INFO] [stdout] test assure_io_eq::tests::test_assure_io_eq_x_str_arity_3_return_ok ... ok
[INFO] [stdout] test assure_io_ge::tests::test_assure_io_ge_x_arity_2_return_err ... ok
[INFO] [stdout] test assure_io_ge::tests::test_assure_io_ge_x_arity_3_return_err ... ok
[INFO] [stdout] test assure_io_ge::tests::test_assure_io_ge_x_arity_3_return_ok ... ok
[INFO] [stdout] test assure_io_gt::tests::test_assure_io_gt_x_arity_2_return_err ... ok
[INFO] [stdout] test assure_io_gt::tests::test_assure_io_gt_x_arity_2_return_ok ... ok
[INFO] [stdout] test assure_io_gt::tests::test_assure_io_gt_x_arity_3_return_err ... ok
[INFO] [stdout] test assure_io_gt::tests::test_assure_io_gt_x_arity_3_return_ok ... ok
[INFO] [stdout] test assure_io_le::tests::test_assure_io_le_x_arity_2_return_err ... ok
[INFO] [stdout] test assure_io_le::tests::test_assure_io_le_x_arity_3_return_err ... ok
[INFO] [stdout] test assure_io_le::tests::test_assure_io_le_x_arity_3_return_ok ... ok
[INFO] [stdout] test assure_io_lt::tests::test_assure_io_lt_x_arity_2_return_err ... ok
[INFO] [stdout] test assure_io_lt::tests::test_assure_io_lt_x_arity_2_return_ok ... ok
[INFO] [stdout] test assure_io_lt::tests::test_assure_io_lt_x_arity_3_return_err ... ok
[INFO] [stdout] test assure_io_lt::tests::test_assure_io_lt_x_arity_3_return_ok ... ok
[INFO] [stdout] test assure_io_ne::tests::test_assure_io_ne_x_i32_arity_2_return_err ... ok
[INFO] [stdout] test assure_io_ne::tests::test_assure_io_ne_x_i32_arity_3_return_err ... ok
[INFO] [stdout] test assure_io_eq::tests::test_assure_io_eq_x_i32_arity_3_return_ok ... ok
[INFO] [stdout] test assure_io_ne::tests::test_assure_io_ne_x_i32_arity_3_return_ok ... ok
[INFO] [stdout] test assure_io_ne::tests::test_assure_io_ne_x_str_arity_2_return_ok ... ok
[INFO] [stdout] test assure_io_ge::tests::test_assure_io_ge_x_arity_2_return_ok ... ok
[INFO] [stdout] test assure_io_ne::tests::test_assure_io_ne_x_str_arity_3_return_err ... ok
[INFO] [stdout] test assure_io_le::tests::test_assure_io_le_x_arity_2_return_ok ... ok
[INFO] [stdout] test assure_io_ne::tests::test_assure_io_ne_x_str_arity_3_return_ok ... ok
[INFO] [stdout] test assure_io_ne::tests::test_assure_io_ne_x_i32_arity_2_return_ok ... ok
[INFO] [stdout] test assure_le::tests::test_assure_le_x_arity_2_return_err ... ok
[INFO] [stdout] test assure_le::tests::test_assure_le_x_arity_2_return_ok ... ok
[INFO] [stdout] test assure_le::tests::test_assure_le_x_arity_3_return_err ... ok
[INFO] [stdout] test assure_io_eq::tests::test_assure_io_eq_x_str_arity_2_return_ok ... ok
[INFO] [stdout] test assure_le::tests::test_assure_le_x_arity_3_return_ok ... ok
[INFO] [stdout] test assure_lt::tests::test_assure_lt_x_arity_2_return_err ... ok
[INFO] [stdout] test assure_lt::tests::test_assure_lt_x_arity_2_return_ok ... ok
[INFO] [stdout] test assure_lt::tests::test_assure_lt_x_arity_3_return_err ... ok
[INFO] [stdout] test assure_ne::tests::test_assure_ne_x_i32_arity_2_return_err ... ok
[INFO] [stdout] test assure_ne::tests::test_assure_ne_x_i32_arity_2_return_ok ... ok
[INFO] [stdout] test assure_ne::tests::test_assure_ne_x_i32_arity_3_return_err ... ok
[INFO] [stdout] test assure_io_ne::tests::test_assure_io_ne_x_str_arity_2_return_err ... ok
[INFO] [stdout] test assure_lt::tests::test_assure_lt_x_arity_3_return_ok ... ok
[INFO] [stdout] test assure_ne::tests::test_assure_ne_x_i32_arity_3_return_ok ... ok
[INFO] [stdout] test assure_ne::tests::test_assure_ne_x_str_arity_2_return_err ... ok
[INFO] [stdout] test assure_ne::tests::test_assure_ne_x_str_arity_2_return_ok ... ok
[INFO] [stdout] test assure_ne::tests::test_assure_ne_x_str_arity_3_return_err ... ok
[INFO] [stdout] test assure_ne::tests::test_assure_ne_x_str_arity_3_return_ok ... ok
[INFO] [stdout] test assure_set_eq::tests::test_assure_set_eq_x_array_arity_2_return_err ... ok
[INFO] [stdout] test assure_set_eq::tests::test_assure_set_eq_x_array_arity_2_return_ok ... ok
[INFO] [stdout] test assure_set_eq::tests::test_assure_set_eq_x_array_arity_3_return_err ... ok
[INFO] [stdout] test assure_set_eq::tests::test_assure_set_eq_x_array_arity_3_return_ok ... ok
[INFO] [stdout] test assure_set_eq::tests::test_assure_set_eq_x_list_arity_2_return_err ... ok
[INFO] [stdout] test assure_set_eq::tests::test_assure_set_eq_x_list_arity_2_return_ok ... ok
[INFO] [stdout] test assure_set_eq::tests::test_assure_set_eq_x_list_arity_3_return_err ... ok
[INFO] [stdout] test assure_set_eq::tests::test_assure_set_eq_x_list_arity_3_return_ok ... ok
[INFO] [stdout] test assure_set_eq::tests::test_assure_set_eq_x_vec_arity_2_return_err ... ok
[INFO] [stdout] test assure_set_eq::tests::test_assure_set_eq_x_vec_arity_2_return_ok ... ok
[INFO] [stdout] test assure_set_eq::tests::test_assure_set_eq_x_vec_arity_3_return_err ... ok
[INFO] [stdout] test assure_set_eq::tests::test_assure_set_eq_x_vec_arity_3_return_ok ... ok
[INFO] [stdout] test assure_set_ne::tests::test_assure_set_ne_x_array_arity_2_return_err ... ok
[INFO] [stdout] test assure_set_ne::tests::test_assure_set_ne_x_array_arity_2_return_ok ... ok
[INFO] [stdout] test assure_set_ne::tests::test_assure_set_ne_x_array_arity_3_return_err ... ok
[INFO] [stdout] test assure_set_ne::tests::test_assure_set_ne_x_array_arity_3_return_ok ... ok
[INFO] [stdout] test assure_set_ne::tests::test_assure_set_ne_x_list_arity_2_return_err ... ok
[INFO] [stdout] test assure_set_ne::tests::test_assure_set_ne_x_list_arity_2_return_ok ... ok
[INFO] [stdout] test assure_set_ne::tests::test_assure_set_ne_x_list_arity_3_return_err ... ok
[INFO] [stdout] test assure_set_ne::tests::test_assure_set_ne_x_list_arity_3_return_ok ... ok
[INFO] [stdout] test assure_set_ne::tests::test_assure_set_ne_x_vac_arity_2_return_err ... ok
[INFO] [stdout] test assure_set_ne::tests::test_assure_set_ne_x_vec_arity_2_return_ok ... ok
[INFO] [stdout] test assure_set_ne::tests::test_assure_set_ne_x_vec_arity_3_return_err ... ok
[INFO] [stdout] test assure_set_ne::tests::test_assure_set_ne_x_vec_arity_3_return_ok ... ok
[INFO] [stdout] 
[INFO] [stdout] test result: ok. 120 passed; 0 failed; 0 ignored; 0 measured; 0 filtered out; finished in 0.02s
[INFO] [stdout] 
[INFO] [stdout] 
[INFO] [stdout] running 1 test
[INFO] [stdout] test test_x_return_err ... ok
[INFO] [stdout] 
[INFO] [stdout] test result: ok. 1 passed; 0 failed; 0 ignored; 0 measured; 0 filtered out; finished in 0.00s
[INFO] [stdout] 
[INFO] [stdout] 
[INFO] [stdout] running 3 tests
[INFO] [stdout] test test_x_negative_positive_return_err ... ok
[INFO] [stdout] test test_x_positive_postive_return_ok ... ok
[INFO] [stdout] test test_x_positive_negative_return_err ... ok
[INFO] [stdout] 
[INFO] [stdout] test result: ok. 3 passed; 0 failed; 0 ignored; 0 measured; 0 filtered out; finished in 0.00s
[INFO] [stdout] 
[INFO] [stdout] 
[INFO] [stdout] running 32 tests
[INFO] [stdout] test src/lib.rs - (line 221) ... FAILED
[INFO] [stdout] test src/lib.rs - (line 92) ... FAILED
[INFO] [stdout] test src/assure.rs - assure (line 12) ... ok
[INFO] [stdout] test src/assure_io.rs - assure_io (line 12) ... ok
[INFO] [stdout] test src/assure_eq.rs - assure_eq (line 12) ... ok
[INFO] [stdout] test src/assure_io_le.rs - assure_io_le (line 12) ... ok
[INFO] [stdout] test src/assure_lt.rs - assure_lt (line 12) ... ok
[INFO] [stdout] test src/assure_ge.rs - assure_ge (line 12) ... ok
[INFO] [stdout] test src/lib.rs - (line 62) ... ok
[INFO] [stdout] test src/assure_gt.rs - assure_gt (line 12) ... ok
[INFO] [stdout] test src/assure_io_eq.rs - assure_io_eq (line 12) ... ok
[INFO] [stdout] test src/assure_io_ne.rs - assure_io_ne (line 12) ... ok
[INFO] [stdout] test src/assure_le.rs - assure_le (line 12) ... ok
[INFO] [stdout] test src/assure_io_lt.rs - assure_io_lt (line 12) ... ok
[INFO] [stdout] test src/lib.rs - (line 46) ... ok
[INFO] [stdout] test src/lib.rs - (line 210) ... ok
[INFO] [stdout] test src/assure_io_gt.rs - assure_io_gt (line 12) ... ok
[INFO] [stdout] test src/lib.rs - (line 35) ... ok
[INFO] [stdout] test src/assure_io_ge.rs - assure_io_ge (line 12) ... ok
[INFO] [stdout] test src/assure_ne.rs - assure_ne (line 12) ... ok
[INFO] [stdout] test src/assure_set_eq.rs - assure_set_eq (line 13) ... ok
[INFO] [stdout] test src/assure_bag_ne.rs - assure_bag_ne (line 13) ... ok
[INFO] [stdout] test src/assure_bag_eq.rs - assure_bag_eq (line 13) ... ok
[INFO] [stdout] test src/assure_bag_eq.rs - assure_bag_eq (line 23) ... ok
[INFO] [stdout] test src/lib.rs - (line 176) ... ok
[INFO] [stdout] test src/assure_set_ne.rs - assure_set_ne (line 13) ... ok
[INFO] [stdout] test src/lib.rs - (line 145) ... ok
[INFO] [stdout] test src/lib.rs - (line 134) ... ok
[INFO] [stdout] test src/assure_set_eq.rs - assure_set_eq (line 23) ... ok
[INFO] [stdout] test src/lib.rs - (line 165) ... ok
[INFO] [stdout] test src/assure_bag_ne.rs - assure_bag_ne (line 23) ... ok
[INFO] [stdout] test src/assure_set_ne.rs - assure_set_ne (line 23) ... ok
[INFO] [stdout] 
[INFO] [stdout] failures:
[INFO] [stdout] 
[INFO] [stdout] ---- src/lib.rs - (line 221) stdout ----
[INFO] [stdout] error: unexpected closing delimiter: `}`
[INFO] [stdout]   --> src/lib.rs:231:1
[INFO] [stdout]    |
[INFO] [stdout] 2  | #[macro_use] extern crate assure; fn main() {
[INFO] [stdout]    |                                             - this opening brace...
[INFO] [stdout] ...
[INFO] [stdout] 12 | }
[INFO] [stdout]    | - ...matches this closing brace
[INFO] [stdout] 13 | } _doctest_main_src_lib_rs_221_0() }
[INFO] [stdout]    | ^ unexpected closing delimiter
[INFO] [stdout] 
[INFO] [stdout] error: mismatched closing delimiter: `)`
[INFO] [stdout]   --> src/lib.rs:229:6
[INFO] [stdout]    |
[INFO] [stdout] 4  | fn main() { #[allow(non_snake_case)] fn _doctest_main_src_lib_rs_221_0() {
[INFO] [stdout]    |                                                                          - unclosed delimiter
[INFO] [stdout] ...
[INFO] [stdout] 11 |      ))
[INFO] [stdout]    |      ^ mismatched closing delimiter
[INFO] [stdout] 
[INFO] [stdout] error: mismatched closing delimiter: `)`
[INFO] [stdout]   --> src/lib.rs:229:7
[INFO] [stdout]    |
[INFO] [stdout] 4  | fn main() { #[allow(non_snake_case)] fn _doctest_main_src_lib_rs_221_0() {
[INFO] [stdout]    |           - unclosed delimiter
[INFO] [stdout] ...
[INFO] [stdout] 11 |      ))
[INFO] [stdout]    |       ^ mismatched closing delimiter
[INFO] [stdout] 
[INFO] [stdout] error: aborting due to 3 previous errors
[INFO] [stdout] 
[INFO] [stdout] Couldn't compile the test.
[INFO] [stdout] ---- src/lib.rs - (line 92) stdout ----
[INFO] [stdout] error[E0061]: this enum variant takes 1 argument but 2 arguments were supplied
[INFO] [stdout]  --> src/lib.rs:95:5
[INFO] [stdout]   |
[INFO] [stdout] 4 |     assure_gt!(a, 0, "param 1 must be postive but is {}", a)?;
[INFO] [stdout]   |     ^^^^^^^^^^^^^^^^^-----------------------------------^^-^
[INFO] [stdout]   |     |                                                     |
[INFO] [stdout]   |     |                                                     supplied 2 arguments
[INFO] [stdout]   |     expected 1 argument
[INFO] [stdout]   |
[INFO] [stdout]   = note: this error originates in the macro `assure_gt` (in Nightly builds, run with -Z macro-backtrace for more info)
[INFO] [stdout] 
[INFO] [stdout] error[E0061]: this enum variant takes 1 argument but 2 arguments were supplied
[INFO] [stdout]  --> src/lib.rs:96:5
[INFO] [stdout]   |
[INFO] [stdout] 5 |     assure_gt!(b, 0, "param 2 must be postive but is {}", b)?;
[INFO] [stdout]   |     ^^^^^^^^^^^^^^^^^-----------------------------------^^-^
[INFO] [stdout]   |     |                                                     |
[INFO] [stdout]   |     |                                                     supplied 2 arguments
[INFO] [stdout]   |     expected 1 argument
[INFO] [stdout]   |
[INFO] [stdout]   = note: this error originates in the macro `assure_gt` (in Nightly builds, run with -Z macro-backtrace for more info)
[INFO] [stdout] 
[INFO] [stdout] error: aborting due to 2 previous errors
[INFO] [stdout] 
[INFO] [stdout] For more information about this error, try `rustc --explain E0061`.
[INFO] [stdout] Couldn't compile the test.
[INFO] [stdout] 
[INFO] [stdout] failures:
[INFO] [stdout]     src/lib.rs - (line 221)
[INFO] [stdout]     src/lib.rs - (line 92)
[INFO] [stdout] 
[INFO] [stdout] test result: FAILED. 30 passed; 2 failed; 0 ignored; 0 measured; 0 filtered out; finished in 0.66s
[INFO] [stdout] 
[INFO] [stderr] error: test failed, to rerun pass '--doc'
[INFO] running `Command { std: "docker" "inspect" "9eebc3f8ed05a8b836931b339c9c5b33ec5b73d715ad19aab7164d8e7c6f9d1c", kill_on_drop: false }`
[INFO] running `Command { std: "docker" "rm" "-f" "9eebc3f8ed05a8b836931b339c9c5b33ec5b73d715ad19aab7164d8e7c6f9d1c", kill_on_drop: false }`
[INFO] [stdout] 9eebc3f8ed05a8b836931b339c9c5b33ec5b73d715ad19aab7164d8e7c6f9d1c
