[INFO] fetching crate associative-cache 1.0.1...
[INFO] testing associative-cache-1.0.1 against 1.54.0 for beta-1.55-1
[INFO] extracting crate associative-cache 1.0.1 into /workspace/builds/worker-38/source
[INFO] validating manifest of crates.io crate associative-cache 1.0.1 on toolchain 1.54.0
[INFO] running `Command { std: "/workspace/cargo-home/bin/cargo" "+1.54.0" "metadata" "--manifest-path" "Cargo.toml" "--no-deps", kill_on_drop: false }`
[INFO] started tweaking crates.io crate associative-cache 1.0.1
[INFO] finished tweaking crates.io crate associative-cache 1.0.1
[INFO] tweaked toml for crates.io crate associative-cache 1.0.1 written to /workspace/builds/worker-38/source/Cargo.toml
[INFO] running `Command { std: "/workspace/cargo-home/bin/cargo" "+1.54.0" "generate-lockfile" "--manifest-path" "Cargo.toml" "-Zno-index-update", kill_on_drop: false }`
[INFO] [stderr]     Blocking waiting for file lock on package cache
[INFO] running `Command { std: "/workspace/cargo-home/bin/cargo" "+1.54.0" "fetch" "--manifest-path" "Cargo.toml", kill_on_drop: false }`
[INFO] [stderr]     Blocking waiting for file lock on package cache
[INFO] running `Command { std: "docker" "create" "-v" "/var/lib/crater-agent-workspace/builds/worker-38/target:/opt/rustwide/target:rw,Z" "-v" "/var/lib/crater-agent-workspace/builds/worker-38/source:/opt/rustwide/workdir:ro,Z" "-v" "/var/lib/crater-agent-workspace/cargo-home:/opt/rustwide/cargo-home:ro,Z" "-v" "/var/lib/crater-agent-workspace/rustup-home:/opt/rustwide/rustup-home:ro,Z" "-e" "SOURCE_DIR=/opt/rustwide/workdir" "-e" "CARGO_TARGET_DIR=/opt/rustwide/target" "-e" "CARGO_HOME=/opt/rustwide/cargo-home" "-e" "RUSTUP_HOME=/opt/rustwide/rustup-home" "-w" "/opt/rustwide/workdir" "-m" "1610612736" "--user" "0:0" "--network" "none" "ghcr.io/rust-lang/crates-build-env/linux@sha256:34b6a614d2c27851fe6cbf88fbd1137609cefab8b10d0615aaeb6fd47975d74e" "/opt/rustwide/cargo-home/bin/cargo" "+1.54.0" "metadata" "--no-deps" "--format-version=1", kill_on_drop: false }`
[INFO] [stdout] cb1a6265e93ce703d6fadea185419d2d990955aa60d939ada6b70cc14f691f7f
[INFO] running `Command { std: "docker" "start" "-a" "cb1a6265e93ce703d6fadea185419d2d990955aa60d939ada6b70cc14f691f7f", kill_on_drop: false }`
[INFO] running `Command { std: "docker" "inspect" "cb1a6265e93ce703d6fadea185419d2d990955aa60d939ada6b70cc14f691f7f", kill_on_drop: false }`
[INFO] running `Command { std: "docker" "rm" "-f" "cb1a6265e93ce703d6fadea185419d2d990955aa60d939ada6b70cc14f691f7f", kill_on_drop: false }`
[INFO] [stdout] cb1a6265e93ce703d6fadea185419d2d990955aa60d939ada6b70cc14f691f7f
[INFO] running `Command { std: "docker" "create" "-v" "/var/lib/crater-agent-workspace/builds/worker-38/target:/opt/rustwide/target:rw,Z" "-v" "/var/lib/crater-agent-workspace/builds/worker-38/source:/opt/rustwide/workdir:ro,Z" "-v" "/var/lib/crater-agent-workspace/cargo-home:/opt/rustwide/cargo-home:ro,Z" "-v" "/var/lib/crater-agent-workspace/rustup-home:/opt/rustwide/rustup-home:ro,Z" "-e" "SOURCE_DIR=/opt/rustwide/workdir" "-e" "CARGO_TARGET_DIR=/opt/rustwide/target" "-e" "CARGO_INCREMENTAL=0" "-e" "RUST_BACKTRACE=full" "-e" "RUSTFLAGS=--cap-lints=warn" "-e" "CARGO_HOME=/opt/rustwide/cargo-home" "-e" "RUSTUP_HOME=/opt/rustwide/rustup-home" "-w" "/opt/rustwide/workdir" "-m" "1610612736" "--user" "0:0" "--network" "none" "ghcr.io/rust-lang/crates-build-env/linux@sha256:34b6a614d2c27851fe6cbf88fbd1137609cefab8b10d0615aaeb6fd47975d74e" "/opt/rustwide/cargo-home/bin/cargo" "+1.54.0" "build" "--frozen" "--message-format=json", kill_on_drop: false }`
[INFO] [stdout] e3a590f2249019fc548524a7f12af413083cbe5fcba4dd76081016343ffedbf3
[INFO] running `Command { std: "docker" "start" "-a" "e3a590f2249019fc548524a7f12af413083cbe5fcba4dd76081016343ffedbf3", kill_on_drop: false }`
[INFO] [stderr]    Compiling associative-cache v1.0.1 (/opt/rustwide/workdir)
[INFO] [stderr]     Finished dev [unoptimized + debuginfo] target(s) in 0.48s
[INFO] running `Command { std: "docker" "inspect" "e3a590f2249019fc548524a7f12af413083cbe5fcba4dd76081016343ffedbf3", kill_on_drop: false }`
[INFO] running `Command { std: "docker" "rm" "-f" "e3a590f2249019fc548524a7f12af413083cbe5fcba4dd76081016343ffedbf3", kill_on_drop: false }`
[INFO] [stdout] e3a590f2249019fc548524a7f12af413083cbe5fcba4dd76081016343ffedbf3
[INFO] running `Command { std: "docker" "create" "-v" "/var/lib/crater-agent-workspace/builds/worker-38/target:/opt/rustwide/target:rw,Z" "-v" "/var/lib/crater-agent-workspace/builds/worker-38/source:/opt/rustwide/workdir:ro,Z" "-v" "/var/lib/crater-agent-workspace/cargo-home:/opt/rustwide/cargo-home:ro,Z" "-v" "/var/lib/crater-agent-workspace/rustup-home:/opt/rustwide/rustup-home:ro,Z" "-e" "SOURCE_DIR=/opt/rustwide/workdir" "-e" "CARGO_TARGET_DIR=/opt/rustwide/target" "-e" "CARGO_INCREMENTAL=0" "-e" "RUST_BACKTRACE=full" "-e" "RUSTFLAGS=--cap-lints=warn" "-e" "CARGO_HOME=/opt/rustwide/cargo-home" "-e" "RUSTUP_HOME=/opt/rustwide/rustup-home" "-w" "/opt/rustwide/workdir" "-m" "1610612736" "--user" "0:0" "--network" "none" "ghcr.io/rust-lang/crates-build-env/linux@sha256:34b6a614d2c27851fe6cbf88fbd1137609cefab8b10d0615aaeb6fd47975d74e" "/opt/rustwide/cargo-home/bin/cargo" "+1.54.0" "test" "--frozen" "--no-run" "--message-format=json", kill_on_drop: false }`
[INFO] [stdout] c79fcd9272bbd5686847d5072aa4ad3a1a5d05c2d90b58620b65dfa1a9a8ee6a
[INFO] running `Command { std: "docker" "start" "-a" "c79fcd9272bbd5686847d5072aa4ad3a1a5d05c2d90b58620b65dfa1a9a8ee6a", kill_on_drop: false }`
[INFO] [stderr]    Compiling associative-cache v1.0.1 (/opt/rustwide/workdir)
[INFO] [stderr]     Finished test [unoptimized + debuginfo] target(s) in 2.61s
[INFO] running `Command { std: "docker" "inspect" "c79fcd9272bbd5686847d5072aa4ad3a1a5d05c2d90b58620b65dfa1a9a8ee6a", kill_on_drop: false }`
[INFO] running `Command { std: "docker" "rm" "-f" "c79fcd9272bbd5686847d5072aa4ad3a1a5d05c2d90b58620b65dfa1a9a8ee6a", kill_on_drop: false }`
[INFO] [stdout] c79fcd9272bbd5686847d5072aa4ad3a1a5d05c2d90b58620b65dfa1a9a8ee6a
[INFO] running `Command { std: "docker" "create" "-v" "/var/lib/crater-agent-workspace/builds/worker-38/target:/opt/rustwide/target:rw,Z" "-v" "/var/lib/crater-agent-workspace/builds/worker-38/source:/opt/rustwide/workdir:ro,Z" "-v" "/var/lib/crater-agent-workspace/cargo-home:/opt/rustwide/cargo-home:ro,Z" "-v" "/var/lib/crater-agent-workspace/rustup-home:/opt/rustwide/rustup-home:ro,Z" "-e" "SOURCE_DIR=/opt/rustwide/workdir" "-e" "CARGO_TARGET_DIR=/opt/rustwide/target" "-e" "CARGO_INCREMENTAL=0" "-e" "RUST_BACKTRACE=full" "-e" "RUSTFLAGS=--cap-lints=warn" "-e" "CARGO_HOME=/opt/rustwide/cargo-home" "-e" "RUSTUP_HOME=/opt/rustwide/rustup-home" "-w" "/opt/rustwide/workdir" "-m" "1610612736" "--user" "0:0" "--network" "none" "ghcr.io/rust-lang/crates-build-env/linux@sha256:34b6a614d2c27851fe6cbf88fbd1137609cefab8b10d0615aaeb6fd47975d74e" "/opt/rustwide/cargo-home/bin/cargo" "+1.54.0" "test" "--frozen", kill_on_drop: false }`
[INFO] [stdout] 840baaa6b4180930e075e898e9a1c49b4e9e4570da23eb37a45a11e5cb62e550
[INFO] running `Command { std: "docker" "start" "-a" "840baaa6b4180930e075e898e9a1c49b4e9e4570da23eb37a45a11e5cb62e550", kill_on_drop: false }`
[INFO] [stderr]     Finished test [unoptimized + debuginfo] target(s) in 0.03s
[INFO] [stderr]      Running unittests (/opt/rustwide/target/debug/deps/associative_cache-b5017c0d62935cd3)
[INFO] [stdout] 
[INFO] [stdout] running 15 tests
[INFO] [stderr]    Doc-tests associative-cache
[INFO] [stdout] test indices::tests::pointer_direct_mapped ... ok
[INFO] [stdout] test indices::tests::pointer_two_way ... ok
[INFO] [stdout] test replacement::lru::tests::lru_replacement ... ok
[INFO] [stdout] test tests::capacity ... ok
[INFO] [stdout] test tests::entry ... ok
[INFO] [stdout] test tests::get ... ok
[INFO] [stdout] test tests::get_mut ... ok
[INFO] [stdout] test tests::insert ... ok
[INFO] [stdout] test tests::into_iter ... ok
[INFO] [stdout] test tests::iter ... ok
[INFO] [stdout] test tests::iter_mut ... ok
[INFO] [stdout] test tests::len ... ok
[INFO] [stdout] test tests::remove ... ok
[INFO] [stdout] test tests::replacement_policy ... ok
[INFO] [stdout] test tests::retain ... ok
[INFO] [stdout] 
[INFO] [stdout] test result: ok. 15 passed; 0 failed; 0 ignored; 0 measured; 0 filtered out; finished in 0.01s
[INFO] [stdout] 
[INFO] [stdout] 
[INFO] [stdout] running 19 tests
[INFO] [stdout] test src/lib.rs - AssociativeCache<K, V, C, I, R>::with_replacement_policy (line 233) ... FAILED
[INFO] [stdout] test src/lib.rs - AssociativeCache (line 168) ... FAILED
[INFO] [stdout] test src/lib.rs - Capacity (line 43) ... ok
[INFO] [stdout] test src/lib.rs - Capacity (line 34) ... ok
[INFO] [stdout] test src/replacement/lru.rs - replacement::lru::WithLruTimestamp<T>::new (line 120) ... ok
[INFO] [stdout] test src/replacement/lru.rs - replacement::lru::WithLruTimestamp (line 46) ... ok
[INFO] [stdout] test src/replacement/lru.rs - replacement::lru::WithLruTimestamp<T>::into_inner (line 138) ... ok
[INFO] [stdout] test src/entry.rs - entry::Entry::or_insert_with (line 79) ... ok
[INFO] [stdout] test src/lib.rs - AssociativeCache<K, V, C, I, R>::get (line 446) ... ok
[INFO] [stdout] test src/lib.rs - AssociativeCache<K, V, C, I, R>::entry (line 643) ... ok
[INFO] [stdout] test src/entry.rs - entry::Entry::take_entry_that_will_be_replaced (line 136) ... ok
[INFO] [stdout] test src/lib.rs - AssociativeCache<K, V, C, I, R>::remove (line 553) ... ok
[INFO] [stdout] test src/lib.rs - AssociativeCache<K, V, C, I, R>::into_iter (line 803) ... ok
[INFO] [stdout] test src/lib.rs - AssociativeCache<K, V, C, I, R>::insert (line 338) ... ok
[INFO] [stdout] test src/lib.rs - AssociativeCache<K, V, C, I, R>::retain (line 608) ... ok
[INFO] [stdout] test src/lib.rs - AssociativeCache<K, V, C, I, R>::iter_mut (line 769) ... ok
[INFO] [stdout] test src/lib.rs - AssociativeCache<K, V, C, I, R>::len (line 293) ... ok
[INFO] [stdout] test src/lib.rs - AssociativeCache<K, V, C, I, R>::iter (line 737) ... ok
[INFO] [stdout] test src/lib.rs - AssociativeCache<K, V, C, I, R>::get_mut (line 496) ... ok
[INFO] [stdout] 
[INFO] [stdout] failures:
[INFO] [stdout] 
[INFO] [stdout] ---- src/lib.rs - AssociativeCache<K, V, C, I, R>::with_replacement_policy (line 233) stdout ----
[INFO] [stdout] error[E0433]: failed to resolve: use of undeclared crate or module `rand`
[INFO] [stdout]  --> src/lib.rs:237:5
[INFO] [stdout]   |
[INFO] [stdout] 7 | use rand::{rngs::StdRng, SeedableRng};
[INFO] [stdout]   |     ^^^^ use of undeclared crate or module `rand`
[INFO] [stdout] 
[INFO] [stdout] error[E0432]: unresolved import `rand`
[INFO] [stdout]  --> src/lib.rs:237:5
[INFO] [stdout]   |
[INFO] [stdout] 7 | use rand::{rngs::StdRng, SeedableRng};
[INFO] [stdout]   |     ^^^^ use of undeclared crate or module `rand`
[INFO] [stdout] 
[INFO] [stdout] error[E0433]: failed to resolve: use of undeclared type `RandomReplacement`
[INFO] [stdout]   --> src/lib.rs:242:14
[INFO] [stdout]    |
[INFO] [stdout] 12 | let policy = RandomReplacement::with_rng(StdRng::seed_from_u64(42));
[INFO] [stdout]    |              ^^^^^^^^^^^^^^^^^ use of undeclared type `RandomReplacement`
[INFO] [stdout] 
[INFO] [stdout] error[E0433]: failed to resolve: use of undeclared type `StdRng`
[INFO] [stdout]   --> src/lib.rs:242:42
[INFO] [stdout]    |
[INFO] [stdout] 12 | let policy = RandomReplacement::with_rng(StdRng::seed_from_u64(42));
[INFO] [stdout]    |                                          ^^^^^^ use of undeclared type `StdRng`
[INFO] [stdout] 
[INFO] [stdout] error[E0433]: failed to resolve: use of undeclared type `AssociativeCache`
[INFO] [stdout]   --> src/lib.rs:244:13
[INFO] [stdout]    |
[INFO] [stdout] 14 | let cache = AssociativeCache::<
[INFO] [stdout]    |             ^^^^^^^^^^^^^^^^ not found in this scope
[INFO] [stdout]    |
[INFO] [stdout] help: consider importing this struct
[INFO] [stdout]    |
[INFO] [stdout] 3  | use associative_cache::AssociativeCache;
[INFO] [stdout]    |
[INFO] [stdout] 
[INFO] [stdout] error[E0412]: cannot find type `Capacity128` in this scope
[INFO] [stdout]   --> src/lib.rs:247:5
[INFO] [stdout]    |
[INFO] [stdout] 17 |     Capacity128,
[INFO] [stdout]    |     ^^^^^^^^^^^ not found in this scope
[INFO] [stdout]    |
[INFO] [stdout] help: consider importing this struct
[INFO] [stdout]    |
[INFO] [stdout] 3  | use associative_cache::Capacity128;
[INFO] [stdout]    |
[INFO] [stdout] 
[INFO] [stdout] error[E0412]: cannot find type `HashEightWay` in this scope
[INFO] [stdout]   --> src/lib.rs:248:5
[INFO] [stdout]    |
[INFO] [stdout] 18 |     HashEightWay,
[INFO] [stdout]    |     ^^^^^^^^^^^^ not found in this scope
[INFO] [stdout]    |
[INFO] [stdout] help: consider importing this struct
[INFO] [stdout]    |
[INFO] [stdout] 3  | use associative_cache::HashEightWay;
[INFO] [stdout]    |
[INFO] [stdout] 
[INFO] [stdout] error: aborting due to 7 previous errors
[INFO] [stdout] 
[INFO] [stdout] Some errors have detailed explanations: E0412, E0432, E0433.
[INFO] [stdout] For more information about an error, try `rustc --explain E0412`.
[INFO] [stdout] Couldn't compile the test.
[INFO] [stdout] ---- src/lib.rs - AssociativeCache (line 168) stdout ----
[INFO] [stdout] error[E0412]: cannot find type `RandomReplacement` in this scope
[INFO] [stdout]   --> src/lib.rs:178:5
[INFO] [stdout]    |
[INFO] [stdout] 3  | fn main() { #[allow(non_snake_case)] fn _doctest_main_src_lib_rs_168_0() {
[INFO] [stdout]    |                                                                       - help: you might be missing a type parameter: `<RandomReplacement>`
[INFO] [stdout] ...
[INFO] [stdout] 13 |     RandomReplacement
[INFO] [stdout]    |     ^^^^^^^^^^^^^^^^^ not found in this scope
[INFO] [stdout] 
[INFO] [stdout] error[E0412]: cannot find type `RandomReplacement` in this scope
[INFO] [stdout]   --> src/lib.rs:188:5
[INFO] [stdout]    |
[INFO] [stdout] 3  | fn main() { #[allow(non_snake_case)] fn _doctest_main_src_lib_rs_168_0() {
[INFO] [stdout]    |                                                                       - help: you might be missing a type parameter: `<RandomReplacement>`
[INFO] [stdout] ...
[INFO] [stdout] 23 |     RandomReplacement
[INFO] [stdout]    |     ^^^^^^^^^^^^^^^^^ not found in this scope
[INFO] [stdout] 
[INFO] [stdout] error: aborting due to 2 previous errors
[INFO] [stdout] 
[INFO] [stdout] For more information about this error, try `rustc --explain E0412`.
[INFO] [stdout] Couldn't compile the test.
[INFO] [stdout] 
[INFO] [stdout] failures:
[INFO] [stdout]     src/lib.rs - AssociativeCache (line 168)
[INFO] [stdout]     src/lib.rs - AssociativeCache<K, V, C, I, R>::with_replacement_policy (line 233)
[INFO] [stdout] 
[INFO] [stdout] test result: FAILED. 17 passed; 2 failed; 0 ignored; 0 measured; 0 filtered out; finished in 0.60s
[INFO] [stdout] 
[INFO] [stderr] error: test failed, to rerun pass '--doc'
[INFO] running `Command { std: "docker" "inspect" "840baaa6b4180930e075e898e9a1c49b4e9e4570da23eb37a45a11e5cb62e550", kill_on_drop: false }`
[INFO] running `Command { std: "docker" "rm" "-f" "840baaa6b4180930e075e898e9a1c49b4e9e4570da23eb37a45a11e5cb62e550", kill_on_drop: false }`
[INFO] [stdout] 840baaa6b4180930e075e898e9a1c49b4e9e4570da23eb37a45a11e5cb62e550
