[INFO] fetching crate ascii_tree 0.1.1...
[INFO] testing ascii_tree-0.1.1 against beta-2021-08-01 for beta-1.55-1
[INFO] extracting crate ascii_tree 0.1.1 into /workspace/builds/worker-76/source
[INFO] validating manifest of crates.io crate ascii_tree 0.1.1 on toolchain beta-2021-08-01
[INFO] running `Command { std: "/workspace/cargo-home/bin/cargo" "+beta-2021-08-01" "metadata" "--manifest-path" "Cargo.toml" "--no-deps", kill_on_drop: false }`
[INFO] started tweaking crates.io crate ascii_tree 0.1.1
[INFO] finished tweaking crates.io crate ascii_tree 0.1.1
[INFO] tweaked toml for crates.io crate ascii_tree 0.1.1 written to /workspace/builds/worker-76/source/Cargo.toml
[INFO] running `Command { std: "/workspace/cargo-home/bin/cargo" "+beta-2021-08-01" "generate-lockfile" "--manifest-path" "Cargo.toml" "-Zno-index-update", kill_on_drop: false }`
[INFO] [stderr]     Blocking waiting for file lock on package cache
[INFO] running `Command { std: "/workspace/cargo-home/bin/cargo" "+beta-2021-08-01" "fetch" "--manifest-path" "Cargo.toml", kill_on_drop: false }`
[INFO] [stderr]     Blocking waiting for file lock on package cache
[INFO] running `Command { std: "docker" "create" "-v" "/var/lib/crater-agent-workspace/builds/worker-76/target:/opt/rustwide/target:rw,Z" "-v" "/var/lib/crater-agent-workspace/builds/worker-76/source:/opt/rustwide/workdir:ro,Z" "-v" "/var/lib/crater-agent-workspace/cargo-home:/opt/rustwide/cargo-home:ro,Z" "-v" "/var/lib/crater-agent-workspace/rustup-home:/opt/rustwide/rustup-home:ro,Z" "-e" "SOURCE_DIR=/opt/rustwide/workdir" "-e" "CARGO_TARGET_DIR=/opt/rustwide/target" "-e" "CARGO_HOME=/opt/rustwide/cargo-home" "-e" "RUSTUP_HOME=/opt/rustwide/rustup-home" "-w" "/opt/rustwide/workdir" "-m" "1610612736" "--user" "0:0" "--network" "none" "ghcr.io/rust-lang/crates-build-env/linux@sha256:34b6a614d2c27851fe6cbf88fbd1137609cefab8b10d0615aaeb6fd47975d74e" "/opt/rustwide/cargo-home/bin/cargo" "+beta-2021-08-01" "metadata" "--no-deps" "--format-version=1", kill_on_drop: false }`
[INFO] [stdout] 52e078376961236b2896b61260ae71dc44a67e8bd7b5a5549d39c32c11370b85
[INFO] running `Command { std: "docker" "start" "-a" "52e078376961236b2896b61260ae71dc44a67e8bd7b5a5549d39c32c11370b85", kill_on_drop: false }`
[INFO] running `Command { std: "docker" "inspect" "52e078376961236b2896b61260ae71dc44a67e8bd7b5a5549d39c32c11370b85", kill_on_drop: false }`
[INFO] running `Command { std: "docker" "rm" "-f" "52e078376961236b2896b61260ae71dc44a67e8bd7b5a5549d39c32c11370b85", kill_on_drop: false }`
[INFO] [stdout] 52e078376961236b2896b61260ae71dc44a67e8bd7b5a5549d39c32c11370b85
[INFO] running `Command { std: "docker" "create" "-v" "/var/lib/crater-agent-workspace/builds/worker-76/target:/opt/rustwide/target:rw,Z" "-v" "/var/lib/crater-agent-workspace/builds/worker-76/source:/opt/rustwide/workdir:ro,Z" "-v" "/var/lib/crater-agent-workspace/cargo-home:/opt/rustwide/cargo-home:ro,Z" "-v" "/var/lib/crater-agent-workspace/rustup-home:/opt/rustwide/rustup-home:ro,Z" "-e" "SOURCE_DIR=/opt/rustwide/workdir" "-e" "CARGO_TARGET_DIR=/opt/rustwide/target" "-e" "CARGO_INCREMENTAL=0" "-e" "RUST_BACKTRACE=full" "-e" "RUSTFLAGS=--cap-lints=warn" "-e" "CARGO_HOME=/opt/rustwide/cargo-home" "-e" "RUSTUP_HOME=/opt/rustwide/rustup-home" "-w" "/opt/rustwide/workdir" "-m" "1610612736" "--user" "0:0" "--network" "none" "ghcr.io/rust-lang/crates-build-env/linux@sha256:34b6a614d2c27851fe6cbf88fbd1137609cefab8b10d0615aaeb6fd47975d74e" "/opt/rustwide/cargo-home/bin/cargo" "+beta-2021-08-01" "build" "--frozen" "--message-format=json", kill_on_drop: false }`
[INFO] [stdout] d3d410645ce0d953525c277658d64036f0626a4f0b99f2ea3a72aba750db246b
[INFO] running `Command { std: "docker" "start" "-a" "d3d410645ce0d953525c277658d64036f0626a4f0b99f2ea3a72aba750db246b", kill_on_drop: false }`
[INFO] [stderr]     Blocking waiting for file lock on package cache
[INFO] [stderr]     Blocking waiting for file lock on package cache
[INFO] [stderr]     Blocking waiting for file lock on package cache
[INFO] [stderr]    Compiling ascii_tree v0.1.1 (/opt/rustwide/workdir)
[INFO] [stdout] warning: trait objects without an explicit `dyn` are deprecated
[INFO] [stdout]   --> src/lib.rs:62:27
[INFO] [stdout]    |
[INFO] [stdout] 62 | pub fn write_tree(f: &mut Write, tree: &Tree) -> fmt::Result { write_tree_element(f, tree, &vec![]) }
[INFO] [stdout]    |                           ^^^^^ help: use `dyn`: `dyn Write`
[INFO] [stdout]    |
[INFO] [stdout]    = note: `#[warn(bare_trait_objects)]` on by default
[INFO] [stdout]    = warning: this is accepted in the current edition (Rust 2015) but is a hard error in Rust 2021!
[INFO] [stdout]    = note: for more information, see issue #80165 <https://github.com/rust-lang/rust/issues/80165>
[INFO] [stdout] 
[INFO] [stdout] 
[INFO] [stdout] warning: trait objects without an explicit `dyn` are deprecated
[INFO] [stdout]   --> src/lib.rs:64:31
[INFO] [stdout]    |
[INFO] [stdout] 64 | fn write_tree_element(f: &mut Write, tree: &Tree, level: &Vec<usize>) -> fmt::Result {
[INFO] [stdout]    |                               ^^^^^ help: use `dyn`: `dyn Write`
[INFO] [stdout]    |
[INFO] [stdout]    = warning: this is accepted in the current edition (Rust 2015) but is a hard error in Rust 2021!
[INFO] [stdout]    = note: for more information, see issue #80165 <https://github.com/rust-lang/rust/issues/80165>
[INFO] [stdout] 
[INFO] [stdout] 
[INFO] [stdout] warning: 2 warnings emitted
[INFO] [stdout] 
[INFO] [stdout] 
[INFO] [stderr]     Finished dev [unoptimized + debuginfo] target(s) in 1.09s
[INFO] running `Command { std: "docker" "inspect" "d3d410645ce0d953525c277658d64036f0626a4f0b99f2ea3a72aba750db246b", kill_on_drop: false }`
[INFO] running `Command { std: "docker" "rm" "-f" "d3d410645ce0d953525c277658d64036f0626a4f0b99f2ea3a72aba750db246b", kill_on_drop: false }`
[INFO] [stdout] d3d410645ce0d953525c277658d64036f0626a4f0b99f2ea3a72aba750db246b
[INFO] running `Command { std: "docker" "create" "-v" "/var/lib/crater-agent-workspace/builds/worker-76/target:/opt/rustwide/target:rw,Z" "-v" "/var/lib/crater-agent-workspace/builds/worker-76/source:/opt/rustwide/workdir:ro,Z" "-v" "/var/lib/crater-agent-workspace/cargo-home:/opt/rustwide/cargo-home:ro,Z" "-v" "/var/lib/crater-agent-workspace/rustup-home:/opt/rustwide/rustup-home:ro,Z" "-e" "SOURCE_DIR=/opt/rustwide/workdir" "-e" "CARGO_TARGET_DIR=/opt/rustwide/target" "-e" "CARGO_INCREMENTAL=0" "-e" "RUST_BACKTRACE=full" "-e" "RUSTFLAGS=--cap-lints=warn" "-e" "CARGO_HOME=/opt/rustwide/cargo-home" "-e" "RUSTUP_HOME=/opt/rustwide/rustup-home" "-w" "/opt/rustwide/workdir" "-m" "1610612736" "--user" "0:0" "--network" "none" "ghcr.io/rust-lang/crates-build-env/linux@sha256:34b6a614d2c27851fe6cbf88fbd1137609cefab8b10d0615aaeb6fd47975d74e" "/opt/rustwide/cargo-home/bin/cargo" "+beta-2021-08-01" "test" "--frozen" "--no-run" "--message-format=json", kill_on_drop: false }`
[INFO] [stdout] e315700410a47c5a0fe4b0e8ff73197bf07335a047d82e031c9ac68c1dfef80a
[INFO] running `Command { std: "docker" "start" "-a" "e315700410a47c5a0fe4b0e8ff73197bf07335a047d82e031c9ac68c1dfef80a", kill_on_drop: false }`
[INFO] [stdout] warning: trait objects without an explicit `dyn` are deprecated
[INFO] [stdout]   --> src/lib.rs:62:27
[INFO] [stdout]    |
[INFO] [stdout] 62 | pub fn write_tree(f: &mut Write, tree: &Tree) -> fmt::Result { write_tree_element(f, tree, &vec![]) }
[INFO] [stdout]    |                           ^^^^^ help: use `dyn`: `dyn Write`
[INFO] [stdout]    |
[INFO] [stdout]    = note: `#[warn(bare_trait_objects)]` on by default
[INFO] [stdout]    = warning: this is accepted in the current edition (Rust 2015) but is a hard error in Rust 2021!
[INFO] [stdout]    = note: for more information, see issue #80165 <https://github.com/rust-lang/rust/issues/80165>
[INFO] [stdout] 
[INFO] [stdout] 
[INFO] [stderr]    Compiling ascii_tree v0.1.1 (/opt/rustwide/workdir)
[INFO] [stdout] warning: trait objects without an explicit `dyn` are deprecated
[INFO] [stdout]   --> src/lib.rs:64:31
[INFO] [stdout]    |
[INFO] [stdout] 64 | fn write_tree_element(f: &mut Write, tree: &Tree, level: &Vec<usize>) -> fmt::Result {
[INFO] [stdout]    |                               ^^^^^ help: use `dyn`: `dyn Write`
[INFO] [stdout]    |
[INFO] [stdout]    = warning: this is accepted in the current edition (Rust 2015) but is a hard error in Rust 2021!
[INFO] [stdout]    = note: for more information, see issue #80165 <https://github.com/rust-lang/rust/issues/80165>
[INFO] [stdout] 
[INFO] [stdout] 
[INFO] [stdout] warning: 2 warnings emitted
[INFO] [stdout] 
[INFO] [stdout] 
[INFO] [stdout] warning: trait objects without an explicit `dyn` are deprecated
[INFO] [stdout]   --> src/lib.rs:62:27
[INFO] [stdout]    |
[INFO] [stdout] 62 | pub fn write_tree(f: &mut Write, tree: &Tree) -> fmt::Result { write_tree_element(f, tree, &vec![]) }
[INFO] [stdout]    |                           ^^^^^ help: use `dyn`: `dyn Write`
[INFO] [stdout]    |
[INFO] [stdout]    = note: `#[warn(bare_trait_objects)]` on by default
[INFO] [stdout]    = warning: this is accepted in the current edition (Rust 2015) but is a hard error in Rust 2021!
[INFO] [stdout]    = note: for more information, see issue #80165 <https://github.com/rust-lang/rust/issues/80165>
[INFO] [stdout] 
[INFO] [stdout] 
[INFO] [stdout] warning: trait objects without an explicit `dyn` are deprecated
[INFO] [stdout]   --> src/lib.rs:64:31
[INFO] [stdout]    |
[INFO] [stdout] 64 | fn write_tree_element(f: &mut Write, tree: &Tree, level: &Vec<usize>) -> fmt::Result {
[INFO] [stdout]    |                               ^^^^^ help: use `dyn`: `dyn Write`
[INFO] [stdout]    |
[INFO] [stdout]    = warning: this is accepted in the current edition (Rust 2015) but is a hard error in Rust 2021!
[INFO] [stdout]    = note: for more information, see issue #80165 <https://github.com/rust-lang/rust/issues/80165>
[INFO] [stdout] 
[INFO] [stdout] 
[INFO] [stdout] warning: 2 warnings emitted
[INFO] [stdout] 
[INFO] [stdout] 
[INFO] [stderr]     Finished test [unoptimized + debuginfo] target(s) in 0.72s
[INFO] running `Command { std: "docker" "inspect" "e315700410a47c5a0fe4b0e8ff73197bf07335a047d82e031c9ac68c1dfef80a", kill_on_drop: false }`
[INFO] running `Command { std: "docker" "rm" "-f" "e315700410a47c5a0fe4b0e8ff73197bf07335a047d82e031c9ac68c1dfef80a", kill_on_drop: false }`
[INFO] [stdout] e315700410a47c5a0fe4b0e8ff73197bf07335a047d82e031c9ac68c1dfef80a
[INFO] running `Command { std: "docker" "create" "-v" "/var/lib/crater-agent-workspace/builds/worker-76/target:/opt/rustwide/target:rw,Z" "-v" "/var/lib/crater-agent-workspace/builds/worker-76/source:/opt/rustwide/workdir:ro,Z" "-v" "/var/lib/crater-agent-workspace/cargo-home:/opt/rustwide/cargo-home:ro,Z" "-v" "/var/lib/crater-agent-workspace/rustup-home:/opt/rustwide/rustup-home:ro,Z" "-e" "SOURCE_DIR=/opt/rustwide/workdir" "-e" "CARGO_TARGET_DIR=/opt/rustwide/target" "-e" "CARGO_INCREMENTAL=0" "-e" "RUST_BACKTRACE=full" "-e" "RUSTFLAGS=--cap-lints=warn" "-e" "CARGO_HOME=/opt/rustwide/cargo-home" "-e" "RUSTUP_HOME=/opt/rustwide/rustup-home" "-w" "/opt/rustwide/workdir" "-m" "1610612736" "--user" "0:0" "--network" "none" "ghcr.io/rust-lang/crates-build-env/linux@sha256:34b6a614d2c27851fe6cbf88fbd1137609cefab8b10d0615aaeb6fd47975d74e" "/opt/rustwide/cargo-home/bin/cargo" "+beta-2021-08-01" "test" "--frozen", kill_on_drop: false }`
[INFO] [stdout] 913da48031c1f3a5256e3ad87cca791328277f70a36cd48dbbee55434dd87656
[INFO] running `Command { std: "docker" "start" "-a" "913da48031c1f3a5256e3ad87cca791328277f70a36cd48dbbee55434dd87656", kill_on_drop: false }`
[INFO] [stderr]     Blocking waiting for file lock on package cache
[INFO] [stderr] warning: trait objects without an explicit `dyn` are deprecated
[INFO] [stderr]   --> src/lib.rs:62:27
[INFO] [stderr]    |
[INFO] [stderr] 62 | pub fn write_tree(f: &mut Write, tree: &Tree) -> fmt::Result { write_tree_element(f, tree, &vec![]) }
[INFO] [stderr]    |                           ^^^^^ help: use `dyn`: `dyn Write`
[INFO] [stderr]    |
[INFO] [stderr]    = note: `#[warn(bare_trait_objects)]` on by default
[INFO] [stderr]    = warning: this is accepted in the current edition (Rust 2015) but is a hard error in Rust 2021!
[INFO] [stderr]    = note: for more information, see issue #80165 <https://github.com/rust-lang/rust/issues/80165>
[INFO] [stderr] 
[INFO] [stderr] warning: trait objects without an explicit `dyn` are deprecated
[INFO] [stderr]   --> src/lib.rs:64:31
[INFO] [stderr]    |
[INFO] [stderr] 64 | fn write_tree_element(f: &mut Write, tree: &Tree, level: &Vec<usize>) -> fmt::Result {
[INFO] [stderr]    |                               ^^^^^ help: use `dyn`: `dyn Write`
[INFO] [stderr]    |
[INFO] [stderr]    = warning: this is accepted in the current edition (Rust 2015) but is a hard error in Rust 2021!
[INFO] [stderr]    = note: for more information, see issue #80165 <https://github.com/rust-lang/rust/issues/80165>
[INFO] [stderr] 
[INFO] [stderr] warning: `ascii_tree` (lib) generated 2 warnings
[INFO] [stderr] warning: `ascii_tree` (lib test) generated 2 warnings (2 duplicates)
[INFO] [stderr]     Finished test [unoptimized + debuginfo] target(s) in 0.24s
[INFO] [stderr]      Running unittests (/opt/rustwide/target/debug/deps/ascii_tree-6d07db393953ea60)
[INFO] [stdout] 
[INFO] [stdout] running 0 tests
[INFO] [stdout] 
[INFO] [stdout] test result: ok. 0 passed; 0 failed; 0 ignored; 0 measured; 0 filtered out; finished in 0.00s
[INFO] [stdout] 
[INFO] [stderr]    Doc-tests ascii_tree
[INFO] [stdout] 
[INFO] [stdout] running 2 tests
[INFO] [stdout] test src/lib.rs - write_tree (line 57) ... FAILED
[INFO] [stdout] test src/lib.rs - (line 3) ... FAILED
[INFO] [stdout] 
[INFO] [stdout] failures:
[INFO] [stdout] 
[INFO] [stdout] ---- src/lib.rs - write_tree (line 57) stdout ----
[INFO] [stdout] error[E0425]: cannot find function `write_tree` in this scope
[INFO] [stdout]  --> src/lib.rs:59:1
[INFO] [stdout]   |
[INFO] [stdout] 4 | write_tree(&mut output, &tree);
[INFO] [stdout]   | ^^^^^^^^^^ not found in this scope
[INFO] [stdout] 
[INFO] [stdout] error[E0425]: cannot find value `tree` in this scope
[INFO] [stdout]  --> src/lib.rs:59:26
[INFO] [stdout]   |
[INFO] [stdout] 4 | write_tree(&mut output, &tree);
[INFO] [stdout]   |                          ^^^^ not found in this scope
[INFO] [stdout] 
[INFO] [stdout] error: aborting due to 2 previous errors
[INFO] [stdout] 
[INFO] [stdout] For more information about this error, try `rustc --explain E0425`.
[INFO] [stdout] Couldn't compile the test.
[INFO] [stdout] ---- src/lib.rs - (line 3) stdout ----
[INFO] [stdout] error[E0425]: cannot find function, tuple struct or tuple variant `Leaf` in this scope
[INFO] [stdout]  --> src/lib.rs:4:10
[INFO] [stdout]   |
[INFO] [stdout] 3 | let l1 = Leaf(vec![String::from("line1"), String::from("line2"), String::from("line3"), String::from("line4")]);
[INFO] [stdout]   |          ^^^^ not found in this scope
[INFO] [stdout] 
[INFO] [stdout] error[E0425]: cannot find function, tuple struct or tuple variant `Leaf` in this scope
[INFO] [stdout]  --> src/lib.rs:5:10
[INFO] [stdout]   |
[INFO] [stdout] 4 | let l2 = Leaf(vec![String::from("only one line")]);
[INFO] [stdout]   |          ^^^^ not found in this scope
[INFO] [stdout] 
[INFO] [stdout] error[E0425]: cannot find function, tuple struct or tuple variant `Node` in this scope
[INFO] [stdout]    --> src/lib.rs:6:10
[INFO] [stdout]     |
[INFO] [stdout] 5   | let n1 = Node(String::from("node 1"), vec![l1.clone(), l2.clone()]);
[INFO] [stdout]     |          ^^^^ help: a unit variant with a similar name exists: `None`
[INFO] [stdout] 
[INFO] [stdout] error[E0425]: cannot find function, tuple struct or tuple variant `Node` in this scope
[INFO] [stdout]    --> src/lib.rs:7:10
[INFO] [stdout]     |
[INFO] [stdout] 6   | let n2 = Node(String::from("node 2"), vec![l2.clone(), l1.clone(), l2.clone()]);
[INFO] [stdout]     |          ^^^^ help: a unit variant with a similar name exists: `None`
[INFO] [stdout] 
[INFO] [stdout] error[E0425]: cannot find function, tuple struct or tuple variant `Node` in this scope
[INFO] [stdout]    --> src/lib.rs:8:10
[INFO] [stdout]     |
[INFO] [stdout] 7   | let n3 = Node(String::from("node 3"), vec![n1.clone(), l1.clone(), l2.clone()]);
[INFO] [stdout]     |          ^^^^ help: a unit variant with a similar name exists: `None`
[INFO] [stdout] 
[INFO] [stdout] error[E0425]: cannot find function, tuple struct or tuple variant `Node` in this scope
[INFO] [stdout]    --> src/lib.rs:9:10
[INFO] [stdout]     |
[INFO] [stdout] 8   | let n4 = Node(String::from("node 4"), vec![n1, n2, n3]);
[INFO] [stdout]     |          ^^^^ help: a unit variant with a similar name exists: `None`
[INFO] [stdout] 
[INFO] [stdout] error[E0425]: cannot find function `write_tree` in this scope
[INFO] [stdout]   --> src/lib.rs:12:9
[INFO] [stdout]    |
[INFO] [stdout] 11 | let _ = write_tree(&mut output, &n4);
[INFO] [stdout]    |         ^^^^^^^^^^ not found in this scope
[INFO] [stdout] 
[INFO] [stdout] error: aborting due to 7 previous errors
[INFO] [stdout] 
[INFO] [stdout] For more information about this error, try `rustc --explain E0425`.
[INFO] [stdout] Couldn't compile the test.
[INFO] [stdout] 
[INFO] [stdout] failures:
[INFO] [stdout]     src/lib.rs - (line 3)
[INFO] [stdout]     src/lib.rs - write_tree (line 57)
[INFO] [stdout] 
[INFO] [stdout] test result: FAILED. 0 passed; 2 failed; 0 ignored; 0 measured; 0 filtered out; finished in 0.09s
[INFO] [stdout] 
[INFO] [stderr] error: test failed, to rerun pass '--doc'
[INFO] running `Command { std: "docker" "inspect" "913da48031c1f3a5256e3ad87cca791328277f70a36cd48dbbee55434dd87656", kill_on_drop: false }`
[INFO] running `Command { std: "docker" "rm" "-f" "913da48031c1f3a5256e3ad87cca791328277f70a36cd48dbbee55434dd87656", kill_on_drop: false }`
[INFO] [stdout] 913da48031c1f3a5256e3ad87cca791328277f70a36cd48dbbee55434dd87656
