[INFO] fetching crate asana-sdk 0.1.3...
[INFO] testing asana-sdk-0.1.3 against 1.54.0 for beta-1.55-1
[INFO] extracting crate asana-sdk 0.1.3 into /workspace/builds/worker-116/source
[INFO] validating manifest of crates.io crate asana-sdk 0.1.3 on toolchain 1.54.0
[INFO] running `Command { std: "/workspace/cargo-home/bin/cargo" "+1.54.0" "metadata" "--manifest-path" "Cargo.toml" "--no-deps", kill_on_drop: false }`
[INFO] started tweaking crates.io crate asana-sdk 0.1.3
[INFO] finished tweaking crates.io crate asana-sdk 0.1.3
[INFO] tweaked toml for crates.io crate asana-sdk 0.1.3 written to /workspace/builds/worker-116/source/Cargo.toml
[INFO] running `Command { std: "/workspace/cargo-home/bin/cargo" "+1.54.0" "generate-lockfile" "--manifest-path" "Cargo.toml" "-Zno-index-update", kill_on_drop: false }`
[INFO] running `Command { std: "/workspace/cargo-home/bin/cargo" "+1.54.0" "fetch" "--manifest-path" "Cargo.toml", kill_on_drop: false }`
[INFO] running `Command { std: "docker" "create" "-v" "/var/lib/crater-agent-workspace/builds/worker-116/target:/opt/rustwide/target:rw,Z" "-v" "/var/lib/crater-agent-workspace/builds/worker-116/source:/opt/rustwide/workdir:ro,Z" "-v" "/var/lib/crater-agent-workspace/cargo-home:/opt/rustwide/cargo-home:ro,Z" "-v" "/var/lib/crater-agent-workspace/rustup-home:/opt/rustwide/rustup-home:ro,Z" "-e" "SOURCE_DIR=/opt/rustwide/workdir" "-e" "CARGO_TARGET_DIR=/opt/rustwide/target" "-e" "CARGO_HOME=/opt/rustwide/cargo-home" "-e" "RUSTUP_HOME=/opt/rustwide/rustup-home" "-w" "/opt/rustwide/workdir" "-m" "1610612736" "--user" "0:0" "--network" "none" "ghcr.io/rust-lang/crates-build-env/linux@sha256:34b6a614d2c27851fe6cbf88fbd1137609cefab8b10d0615aaeb6fd47975d74e" "/opt/rustwide/cargo-home/bin/cargo" "+1.54.0" "metadata" "--no-deps" "--format-version=1", kill_on_drop: false }`
[INFO] [stdout] fbb2b9a5b7fa466ada10ef0c6806c886ac36d75b0a70a430021bf7ba7ef59b71
[INFO] running `Command { std: "docker" "start" "-a" "fbb2b9a5b7fa466ada10ef0c6806c886ac36d75b0a70a430021bf7ba7ef59b71", kill_on_drop: false }`
[INFO] running `Command { std: "docker" "inspect" "fbb2b9a5b7fa466ada10ef0c6806c886ac36d75b0a70a430021bf7ba7ef59b71", kill_on_drop: false }`
[INFO] running `Command { std: "docker" "rm" "-f" "fbb2b9a5b7fa466ada10ef0c6806c886ac36d75b0a70a430021bf7ba7ef59b71", kill_on_drop: false }`
[INFO] [stdout] fbb2b9a5b7fa466ada10ef0c6806c886ac36d75b0a70a430021bf7ba7ef59b71
[INFO] running `Command { std: "docker" "create" "-v" "/var/lib/crater-agent-workspace/builds/worker-116/target:/opt/rustwide/target:rw,Z" "-v" "/var/lib/crater-agent-workspace/builds/worker-116/source:/opt/rustwide/workdir:ro,Z" "-v" "/var/lib/crater-agent-workspace/cargo-home:/opt/rustwide/cargo-home:ro,Z" "-v" "/var/lib/crater-agent-workspace/rustup-home:/opt/rustwide/rustup-home:ro,Z" "-e" "SOURCE_DIR=/opt/rustwide/workdir" "-e" "CARGO_TARGET_DIR=/opt/rustwide/target" "-e" "CARGO_INCREMENTAL=0" "-e" "RUST_BACKTRACE=full" "-e" "RUSTFLAGS=--cap-lints=warn" "-e" "CARGO_HOME=/opt/rustwide/cargo-home" "-e" "RUSTUP_HOME=/opt/rustwide/rustup-home" "-w" "/opt/rustwide/workdir" "-m" "1610612736" "--user" "0:0" "--network" "none" "ghcr.io/rust-lang/crates-build-env/linux@sha256:34b6a614d2c27851fe6cbf88fbd1137609cefab8b10d0615aaeb6fd47975d74e" "/opt/rustwide/cargo-home/bin/cargo" "+1.54.0" "build" "--frozen" "--message-format=json", kill_on_drop: false }`
[INFO] [stdout] 582cdd15b3fb8f827db37ab6c72b1ef90ba456a0c461864057d0cd45cebca3a5
[INFO] running `Command { std: "docker" "start" "-a" "582cdd15b3fb8f827db37ab6c72b1ef90ba456a0c461864057d0cd45cebca3a5", kill_on_drop: false }`
[INFO] [stderr]     Blocking waiting for file lock on package cache
[INFO] [stderr]    Compiling futures-task v0.3.16
[INFO] [stderr]    Compiling futures-channel v0.3.16
[INFO] [stderr]    Compiling httpdate v0.3.2
[INFO] [stderr]    Compiling futures-util v0.3.16
[INFO] [stderr]    Compiling http-body v0.3.1
[INFO] [stderr]    Compiling openssl-sys v0.9.65
[INFO] [stderr]    Compiling tokio v0.2.25
[INFO] [stderr]    Compiling serde_derive v1.0.127
[INFO] [stderr]    Compiling tracing-futures v0.2.5
[INFO] [stderr]    Compiling openssl v0.10.35
[INFO] [stderr]    Compiling native-tls v0.2.7
[INFO] [stderr]    Compiling tokio-util v0.3.1
[INFO] [stderr]    Compiling tokio-tls v0.3.1
[INFO] [stderr]    Compiling h2 v0.2.7
[INFO] [stderr]    Compiling serde v1.0.127
[INFO] [stderr]    Compiling hyper v0.13.10
[INFO] [stderr]    Compiling serde_json v1.0.66
[INFO] [stderr]    Compiling serde_urlencoded v0.7.0
[INFO] [stderr]    Compiling hyper-tls v0.4.3
[INFO] [stderr]    Compiling reqwest v0.10.10
[INFO] [stderr]    Compiling asana-sdk v0.1.3 (/opt/rustwide/workdir)
[INFO] [stderr]     Finished dev [unoptimized + debuginfo] target(s) in 24.08s
[INFO] running `Command { std: "docker" "inspect" "582cdd15b3fb8f827db37ab6c72b1ef90ba456a0c461864057d0cd45cebca3a5", kill_on_drop: false }`
[INFO] running `Command { std: "docker" "rm" "-f" "582cdd15b3fb8f827db37ab6c72b1ef90ba456a0c461864057d0cd45cebca3a5", kill_on_drop: false }`
[INFO] [stdout] 582cdd15b3fb8f827db37ab6c72b1ef90ba456a0c461864057d0cd45cebca3a5
[INFO] running `Command { std: "docker" "create" "-v" "/var/lib/crater-agent-workspace/builds/worker-116/target:/opt/rustwide/target:rw,Z" "-v" "/var/lib/crater-agent-workspace/builds/worker-116/source:/opt/rustwide/workdir:ro,Z" "-v" "/var/lib/crater-agent-workspace/cargo-home:/opt/rustwide/cargo-home:ro,Z" "-v" "/var/lib/crater-agent-workspace/rustup-home:/opt/rustwide/rustup-home:ro,Z" "-e" "SOURCE_DIR=/opt/rustwide/workdir" "-e" "CARGO_TARGET_DIR=/opt/rustwide/target" "-e" "CARGO_INCREMENTAL=0" "-e" "RUST_BACKTRACE=full" "-e" "RUSTFLAGS=--cap-lints=warn" "-e" "CARGO_HOME=/opt/rustwide/cargo-home" "-e" "RUSTUP_HOME=/opt/rustwide/rustup-home" "-w" "/opt/rustwide/workdir" "-m" "1610612736" "--user" "0:0" "--network" "none" "ghcr.io/rust-lang/crates-build-env/linux@sha256:34b6a614d2c27851fe6cbf88fbd1137609cefab8b10d0615aaeb6fd47975d74e" "/opt/rustwide/cargo-home/bin/cargo" "+1.54.0" "test" "--frozen" "--no-run" "--message-format=json", kill_on_drop: false }`
[INFO] [stdout] e7ea95ab888fcabe32b86c1c9ff85df220a3f87e2d7b59aca196aeb08752d0be
[INFO] running `Command { std: "docker" "start" "-a" "e7ea95ab888fcabe32b86c1c9ff85df220a3f87e2d7b59aca196aeb08752d0be", kill_on_drop: false }`
[INFO] [stderr]    Compiling asana-sdk v0.1.3 (/opt/rustwide/workdir)
[INFO] [stderr]     Finished test [unoptimized + debuginfo] target(s) in 1.59s
[INFO] running `Command { std: "docker" "inspect" "e7ea95ab888fcabe32b86c1c9ff85df220a3f87e2d7b59aca196aeb08752d0be", kill_on_drop: false }`
[INFO] running `Command { std: "docker" "rm" "-f" "e7ea95ab888fcabe32b86c1c9ff85df220a3f87e2d7b59aca196aeb08752d0be", kill_on_drop: false }`
[INFO] [stdout] e7ea95ab888fcabe32b86c1c9ff85df220a3f87e2d7b59aca196aeb08752d0be
[INFO] running `Command { std: "docker" "create" "-v" "/var/lib/crater-agent-workspace/builds/worker-116/target:/opt/rustwide/target:rw,Z" "-v" "/var/lib/crater-agent-workspace/builds/worker-116/source:/opt/rustwide/workdir:ro,Z" "-v" "/var/lib/crater-agent-workspace/cargo-home:/opt/rustwide/cargo-home:ro,Z" "-v" "/var/lib/crater-agent-workspace/rustup-home:/opt/rustwide/rustup-home:ro,Z" "-e" "SOURCE_DIR=/opt/rustwide/workdir" "-e" "CARGO_TARGET_DIR=/opt/rustwide/target" "-e" "CARGO_INCREMENTAL=0" "-e" "RUST_BACKTRACE=full" "-e" "RUSTFLAGS=--cap-lints=warn" "-e" "CARGO_HOME=/opt/rustwide/cargo-home" "-e" "RUSTUP_HOME=/opt/rustwide/rustup-home" "-w" "/opt/rustwide/workdir" "-m" "1610612736" "--user" "0:0" "--network" "none" "ghcr.io/rust-lang/crates-build-env/linux@sha256:34b6a614d2c27851fe6cbf88fbd1137609cefab8b10d0615aaeb6fd47975d74e" "/opt/rustwide/cargo-home/bin/cargo" "+1.54.0" "test" "--frozen", kill_on_drop: false }`
[INFO] [stdout] 54ef7df242c9a2a5ae9a28096fc8aceaaebc865e3965694625910d5f769ea9ba
[INFO] running `Command { std: "docker" "start" "-a" "54ef7df242c9a2a5ae9a28096fc8aceaaebc865e3965694625910d5f769ea9ba", kill_on_drop: false }`
[INFO] [stderr]     Finished test [unoptimized + debuginfo] target(s) in 0.17s
[INFO] [stderr]      Running unittests (/opt/rustwide/target/debug/deps/asana_sdk-2e444e0eac857010)
[INFO] [stdout] 
[INFO] [stdout] running 0 tests
[INFO] [stdout] 
[INFO] [stdout] test result: ok. 0 passed; 0 failed; 0 ignored; 0 measured; 0 filtered out; finished in 0.00s
[INFO] [stdout] 
[INFO] [stderr]    Doc-tests asana-sdk
[INFO] [stdout] 
[INFO] [stdout] running 6 tests
[INFO] [stdout] test src/models.rs - model (line 15) ... FAILED
[INFO] [stdout] test src/models.rs - model (line 29) ... FAILED
[INFO] [stdout] test src/lib.rs - (line 44) ... FAILED
[INFO] [stdout] test src/lib.rs - (line 73) ... FAILED
[INFO] [stdout] test src/lib.rs - (line 58) ... FAILED
[INFO] [stdout] test src/lib.rs - (line 16) ... FAILED
[INFO] [stdout] 
[INFO] [stdout] failures:
[INFO] [stdout] 
[INFO] [stdout] ---- src/models.rs - model (line 15) stdout ----
[INFO] [stdout] error: cannot find macro `model` in this scope
[INFO] [stdout]  --> src/models.rs:18:1
[INFO] [stdout]   |
[INFO] [stdout] 6 | model!(User "users" {
[INFO] [stdout]   | ^^^^^
[INFO] [stdout]   |
[INFO] [stdout]   = note: consider importing this macro:
[INFO] [stdout]           asana_sdk::model
[INFO] [stdout] 
[INFO] [stdout] error: aborting due to previous error
[INFO] [stdout] 
[INFO] [stdout] Couldn't compile the test.
[INFO] [stdout] ---- src/models.rs - model (line 29) stdout ----
[INFO] [stdout] error: cannot find macro `model` in this scope
[INFO] [stdout]   --> src/models.rs:38:1
[INFO] [stdout]    |
[INFO] [stdout] 11 | model!(Tasks "tasks" {
[INFO] [stdout]    | ^^^^^
[INFO] [stdout]    |
[INFO] [stdout]    = note: consider importing this macro:
[INFO] [stdout]            asana_sdk::model
[INFO] [stdout] 
[INFO] [stdout] error: cannot find macro `model` in this scope
[INFO] [stdout]  --> src/models.rs:34:1
[INFO] [stdout]   |
[INFO] [stdout] 7 | model!(Project "projects" {
[INFO] [stdout]   | ^^^^^
[INFO] [stdout]   |
[INFO] [stdout]   = note: consider importing this macro:
[INFO] [stdout]           asana_sdk::model
[INFO] [stdout] 
[INFO] [stdout] error: cannot find macro `model` in this scope
[INFO] [stdout]  --> src/models.rs:30:1
[INFO] [stdout]   |
[INFO] [stdout] 3 | model!(Assignee "assignee" {
[INFO] [stdout]   | ^^^^^
[INFO] [stdout]   |
[INFO] [stdout]   = note: consider importing this macro:
[INFO] [stdout]           asana_sdk::model
[INFO] [stdout] 
[INFO] [stdout] error: aborting due to 3 previous errors
[INFO] [stdout] 
[INFO] [stdout] Couldn't compile the test.
[INFO] [stdout] ---- src/lib.rs - (line 44) stdout ----
[INFO] [stdout] error: cannot find macro `model` in this scope
[INFO] [stdout]  --> src/lib.rs:46:1
[INFO] [stdout]   |
[INFO] [stdout] 4 | model!(Project "projects" { name: String });
[INFO] [stdout]   | ^^^^^
[INFO] [stdout]   |
[INFO] [stdout]   = note: consider importing this macro:
[INFO] [stdout]           asana_sdk::model
[INFO] [stdout] 
[INFO] [stdout] error: cannot find macro `model` in this scope
[INFO] [stdout]  --> src/lib.rs:45:1
[INFO] [stdout]   |
[INFO] [stdout] 3 | model!(Section "sections" { name: String });
[INFO] [stdout]   | ^^^^^
[INFO] [stdout]   |
[INFO] [stdout]   = note: consider importing this macro:
[INFO] [stdout]           asana_sdk::model
[INFO] [stdout] 
[INFO] [stdout] error[E0425]: cannot find value `asana` in this scope
[INFO] [stdout]  --> src/lib.rs:48:20
[INFO] [stdout]   |
[INFO] [stdout] 6 | let mut sections = asana
[INFO] [stdout]   |                    ^^^^^ not found in this scope
[INFO] [stdout] 
[INFO] [stdout] error[E0412]: cannot find type `Project` in this scope
[INFO] [stdout]  --> src/lib.rs:49:13
[INFO] [stdout]   |
[INFO] [stdout] 2 | fn main() { #[allow(non_snake_case)] fn _doctest_main_src_lib_rs_44_0() {
[INFO] [stdout]   |                                                                      - help: you might be missing a type parameter: `<Project>`
[INFO] [stdout] ...
[INFO] [stdout] 7 |     .from::<Project>("12345678")
[INFO] [stdout]   |             ^^^^^^^ not found in this scope
[INFO] [stdout] 
[INFO] [stdout] error[E0412]: cannot find type `Section` in this scope
[INFO] [stdout]  --> src/lib.rs:50:13
[INFO] [stdout]   |
[INFO] [stdout] 2 | fn main() { #[allow(non_snake_case)] fn _doctest_main_src_lib_rs_44_0() {
[INFO] [stdout]   |                                                                      - help: you might be missing a type parameter: `<Section>`
[INFO] [stdout] ...
[INFO] [stdout] 8 |     .list::<Section>().await;
[INFO] [stdout]   |             ^^^^^^^ not found in this scope
[INFO] [stdout] 
[INFO] [stdout] error[E0728]: `await` is only allowed inside `async` functions and blocks
[INFO] [stdout]  --> src/lib.rs:48:20
[INFO] [stdout]   |
[INFO] [stdout] 2 |   fn main() { #[allow(non_snake_case)] fn _doctest_main_src_lib_rs_44_0() {
[INFO] [stdout]   |                                           ----------------------------- this is not `async`
[INFO] [stdout] ...
[INFO] [stdout] 6 |   let mut sections = asana
[INFO] [stdout]   |  ____________________^
[INFO] [stdout] 7 | |     .from::<Project>("12345678")
[INFO] [stdout] 8 | |     .list::<Section>().await;
[INFO] [stdout]   | |____________________________^ only allowed inside `async` functions and blocks
[INFO] [stdout] 
[INFO] [stdout] error: aborting due to 6 previous errors
[INFO] [stdout] 
[INFO] [stdout] Some errors have detailed explanations: E0412, E0425, E0728.
[INFO] [stdout] For more information about an error, try `rustc --explain E0412`.
[INFO] [stdout] Couldn't compile the test.
[INFO] [stdout] ---- src/lib.rs - (line 73) stdout ----
[INFO] [stdout] error: cannot find macro `model` in this scope
[INFO] [stdout]  --> src/lib.rs:75:1
[INFO] [stdout]   |
[INFO] [stdout] 4 | model!(TaskWithAssignee "tasks" {
[INFO] [stdout]   | ^^^^^
[INFO] [stdout]   |
[INFO] [stdout]   = note: consider importing this macro:
[INFO] [stdout]           asana_sdk::model
[INFO] [stdout] 
[INFO] [stdout] error: cannot find macro `model` in this scope
[INFO] [stdout]  --> src/lib.rs:74:1
[INFO] [stdout]   |
[INFO] [stdout] 3 | model!(Assignee "assignee" {});
[INFO] [stdout]   | ^^^^^
[INFO] [stdout]   |
[INFO] [stdout]   = note: consider importing this macro:
[INFO] [stdout]           asana_sdk::model
[INFO] [stdout] 
[INFO] [stdout] error: aborting due to 2 previous errors
[INFO] [stdout] 
[INFO] [stdout] Couldn't compile the test.
[INFO] [stdout] ---- src/lib.rs - (line 58) stdout ----
[INFO] [stdout] error: cannot find macro `model` in this scope
[INFO] [stdout]  --> src/lib.rs:59:1
[INFO] [stdout]   |
[INFO] [stdout] 3 | model!(TaskWithProjects "tasks" {
[INFO] [stdout]   | ^^^^^
[INFO] [stdout]   |
[INFO] [stdout]   = note: consider importing this macro:
[INFO] [stdout]           asana_sdk::model
[INFO] [stdout] 
[INFO] [stdout] error[E0425]: cannot find value `asana` in this scope
[INFO] [stdout]  --> src/lib.rs:64:31
[INFO] [stdout]   |
[INFO] [stdout] 8 | let mut tasks_with_projects = asana
[INFO] [stdout]   |                               ^^^^^ not found in this scope
[INFO] [stdout] 
[INFO] [stdout] error[E0412]: cannot find type `Section` in this scope
[INFO] [stdout]  --> src/lib.rs:65:14
[INFO] [stdout]   |
[INFO] [stdout] 2 | fn main() { #[allow(non_snake_case)] fn _doctest_main_src_lib_rs_58_0() {
[INFO] [stdout]   |                                                                      - help: you might be missing a type parameter: `<Section>`
[INFO] [stdout] ...
[INFO] [stdout] 9 |      .from::<Section>("12345678")
[INFO] [stdout]   |              ^^^^^^^ not found in this scope
[INFO] [stdout] 
[INFO] [stdout] error[E0412]: cannot find type `TaskWithProjects` in this scope
[INFO] [stdout]   --> src/lib.rs:66:14
[INFO] [stdout]    |
[INFO] [stdout] 2  | fn main() { #[allow(non_snake_case)] fn _doctest_main_src_lib_rs_58_0() {
[INFO] [stdout]    |                                                                      - help: you might be missing a type parameter: `<TaskWithProjects>`
[INFO] [stdout] ...
[INFO] [stdout] 10 |      .list::<TaskWithProjects>().await;
[INFO] [stdout]    |              ^^^^^^^^^^^^^^^^ not found in this scope
[INFO] [stdout] 
[INFO] [stdout] error[E0728]: `await` is only allowed inside `async` functions and blocks
[INFO] [stdout]   --> src/lib.rs:64:31
[INFO] [stdout]    |
[INFO] [stdout] 2  |   fn main() { #[allow(non_snake_case)] fn _doctest_main_src_lib_rs_58_0() {
[INFO] [stdout]    |                                           ----------------------------- this is not `async`
[INFO] [stdout] ...
[INFO] [stdout] 8  |   let mut tasks_with_projects = asana
[INFO] [stdout]    |  _______________________________^
[INFO] [stdout] 9  | |      .from::<Section>("12345678")
[INFO] [stdout] 10 | |      .list::<TaskWithProjects>().await;
[INFO] [stdout]    | |______________________________________^ only allowed inside `async` functions and blocks
[INFO] [stdout] 
[INFO] [stdout] error: aborting due to 5 previous errors
[INFO] [stdout] 
[INFO] [stdout] Some errors have detailed explanations: E0412, E0425, E0728.
[INFO] [stdout] For more information about an error, try `rustc --explain E0412`.
[INFO] [stdout] Couldn't compile the test.
[INFO] [stdout] ---- src/lib.rs - (line 16) stdout ----
[INFO] [stdout] error[E0433]: failed to resolve: use of undeclared crate or module `tokio`
[INFO] [stdout]  --> src/lib.rs:21:3
[INFO] [stdout]   |
[INFO] [stdout] 7 | #[tokio::main]
[INFO] [stdout]   |   ^^^^^ use of undeclared crate or module `tokio`
[INFO] [stdout] 
[INFO] [stdout] error[E0752]: `main` function is not allowed to be `async`
[INFO] [stdout]  --> src/lib.rs:22:1
[INFO] [stdout]   |
[INFO] [stdout] 8 | async fn main() -> Result<(), Error> {
[INFO] [stdout]   | ^^^^^^^^^^^^^^^^^^^^^^^^^^^^^^^^^^^^ `main` function is not allowed to be `async`
[INFO] [stdout] 
[INFO] [stdout] error: aborting due to 2 previous errors
[INFO] [stdout] 
[INFO] [stdout] Some errors have detailed explanations: E0433, E0752.
[INFO] [stdout] For more information about an error, try `rustc --explain E0433`.
[INFO] [stdout] Couldn't compile the test.
[INFO] [stdout] 
[INFO] [stdout] failures:
[INFO] [stdout]     src/lib.rs - (line 16)
[INFO] [stdout]     src/lib.rs - (line 44)
[INFO] [stdout]     src/lib.rs - (line 58)
[INFO] [stdout]     src/lib.rs - (line 73)
[INFO] [stdout]     src/models.rs - model (line 15)
[INFO] [stdout]     src/models.rs - model (line 29)
[INFO] [stdout] 
[INFO] [stdout] test result: FAILED. 0 passed; 6 failed; 0 ignored; 0 measured; 0 filtered out; finished in 0.36s
[INFO] [stdout] 
[INFO] [stderr] error: test failed, to rerun pass '--doc'
[INFO] running `Command { std: "docker" "inspect" "54ef7df242c9a2a5ae9a28096fc8aceaaebc865e3965694625910d5f769ea9ba", kill_on_drop: false }`
[INFO] running `Command { std: "docker" "rm" "-f" "54ef7df242c9a2a5ae9a28096fc8aceaaebc865e3965694625910d5f769ea9ba", kill_on_drop: false }`
[INFO] [stdout] 54ef7df242c9a2a5ae9a28096fc8aceaaebc865e3965694625910d5f769ea9ba
