[INFO] fetching crate arxiv-rs 0.1.5...
[INFO] testing arxiv-rs-0.1.5 against beta-2021-08-01 for beta-1.55-1
[INFO] extracting crate arxiv-rs 0.1.5 into /workspace/builds/worker-30/source
[INFO] validating manifest of crates.io crate arxiv-rs 0.1.5 on toolchain beta-2021-08-01
[INFO] running `Command { std: "/workspace/cargo-home/bin/cargo" "+beta-2021-08-01" "metadata" "--manifest-path" "Cargo.toml" "--no-deps", kill_on_drop: false }`
[INFO] started tweaking crates.io crate arxiv-rs 0.1.5
[INFO] finished tweaking crates.io crate arxiv-rs 0.1.5
[INFO] tweaked toml for crates.io crate arxiv-rs 0.1.5 written to /workspace/builds/worker-30/source/Cargo.toml
[INFO] crate crates.io crate arxiv-rs 0.1.5 already has a lockfile, it will not be regenerated
[INFO] running `Command { std: "/workspace/cargo-home/bin/cargo" "+beta-2021-08-01" "fetch" "--manifest-path" "Cargo.toml", kill_on_drop: false }`
[INFO] [stderr]  Downloading crates ...
[INFO] [stderr]   Downloaded wasm-bindgen-backend v0.2.71
[INFO] [stderr]   Downloaded wasm-bindgen-macro v0.2.71
[INFO] [stderr]   Downloaded anyhow v1.0.32
[INFO] [stderr]   Downloaded tokio-util v0.6.4
[INFO] [stderr]   Downloaded wasm-bindgen-futures v0.4.21
[INFO] [stderr]   Downloaded wasm-bindgen v0.2.71
[INFO] [stderr]   Downloaded reqwest v0.11.2
[INFO] [stderr]   Downloaded syn v1.0.63
[INFO] [stderr]   Downloaded web-sys v0.3.48
[INFO] [stderr]   Downloaded js-sys v0.3.48
[INFO] [stderr]   Downloaded wasm-bindgen-shared v0.2.71
[INFO] [stderr]   Downloaded wasm-bindgen-macro-support v0.2.71
[INFO] [stderr]   Downloaded tokio v1.3.0
[INFO] running `Command { std: "docker" "create" "-v" "/var/lib/crater-agent-workspace/builds/worker-30/target:/opt/rustwide/target:rw,Z" "-v" "/var/lib/crater-agent-workspace/builds/worker-30/source:/opt/rustwide/workdir:ro,Z" "-v" "/var/lib/crater-agent-workspace/cargo-home:/opt/rustwide/cargo-home:ro,Z" "-v" "/var/lib/crater-agent-workspace/rustup-home:/opt/rustwide/rustup-home:ro,Z" "-e" "SOURCE_DIR=/opt/rustwide/workdir" "-e" "CARGO_TARGET_DIR=/opt/rustwide/target" "-e" "CARGO_HOME=/opt/rustwide/cargo-home" "-e" "RUSTUP_HOME=/opt/rustwide/rustup-home" "-w" "/opt/rustwide/workdir" "-m" "1610612736" "--user" "0:0" "--network" "none" "ghcr.io/rust-lang/crates-build-env/linux@sha256:34b6a614d2c27851fe6cbf88fbd1137609cefab8b10d0615aaeb6fd47975d74e" "/opt/rustwide/cargo-home/bin/cargo" "+beta-2021-08-01" "metadata" "--no-deps" "--format-version=1", kill_on_drop: false }`
[INFO] [stdout] 7f8633a34cb8d7abfe35ddf417c34eab7af74a4345e344ce5db41f038426ae8f
[INFO] running `Command { std: "docker" "start" "-a" "7f8633a34cb8d7abfe35ddf417c34eab7af74a4345e344ce5db41f038426ae8f", kill_on_drop: false }`
[INFO] running `Command { std: "docker" "inspect" "7f8633a34cb8d7abfe35ddf417c34eab7af74a4345e344ce5db41f038426ae8f", kill_on_drop: false }`
[INFO] running `Command { std: "docker" "rm" "-f" "7f8633a34cb8d7abfe35ddf417c34eab7af74a4345e344ce5db41f038426ae8f", kill_on_drop: false }`
[INFO] [stdout] 7f8633a34cb8d7abfe35ddf417c34eab7af74a4345e344ce5db41f038426ae8f
[INFO] running `Command { std: "docker" "create" "-v" "/var/lib/crater-agent-workspace/builds/worker-30/target:/opt/rustwide/target:rw,Z" "-v" "/var/lib/crater-agent-workspace/builds/worker-30/source:/opt/rustwide/workdir:ro,Z" "-v" "/var/lib/crater-agent-workspace/cargo-home:/opt/rustwide/cargo-home:ro,Z" "-v" "/var/lib/crater-agent-workspace/rustup-home:/opt/rustwide/rustup-home:ro,Z" "-e" "SOURCE_DIR=/opt/rustwide/workdir" "-e" "CARGO_TARGET_DIR=/opt/rustwide/target" "-e" "CARGO_INCREMENTAL=0" "-e" "RUST_BACKTRACE=full" "-e" "RUSTFLAGS=--cap-lints=warn" "-e" "CARGO_HOME=/opt/rustwide/cargo-home" "-e" "RUSTUP_HOME=/opt/rustwide/rustup-home" "-w" "/opt/rustwide/workdir" "-m" "1610612736" "--user" "0:0" "--network" "none" "ghcr.io/rust-lang/crates-build-env/linux@sha256:34b6a614d2c27851fe6cbf88fbd1137609cefab8b10d0615aaeb6fd47975d74e" "/opt/rustwide/cargo-home/bin/cargo" "+beta-2021-08-01" "build" "--frozen" "--message-format=json", kill_on_drop: false }`
[INFO] [stdout] f7f66abf632c861051b8fcd17d8e645d04171d8187b4f817073d0cda6d79a2a8
[INFO] running `Command { std: "docker" "start" "-a" "f7f66abf632c861051b8fcd17d8e645d04171d8187b4f817073d0cda6d79a2a8", kill_on_drop: false }`
[INFO] [stderr]     Blocking waiting for file lock on package cache
[INFO] [stderr]    Compiling libc v0.2.88
[INFO] [stderr]    Compiling proc-macro2 v1.0.24
[INFO] [stderr]    Compiling unicode-xid v0.2.1
[INFO] [stderr]    Compiling syn v1.0.63
[INFO] [stderr]    Compiling cc v1.0.67
[INFO] [stderr]    Compiling pin-project-lite v0.2.6
[INFO] [stderr]    Compiling memchr v2.3.4
[INFO] [stderr]    Compiling once_cell v1.7.2
[INFO] [stderr]    Compiling futures-core v0.3.13
[INFO] [stderr]    Compiling openssl v0.10.32
[INFO] [stderr]    Compiling hashbrown v0.9.1
[INFO] [stderr]    Compiling futures-sink v0.3.13
[INFO] [stderr]    Compiling httparse v1.3.5
[INFO] [stderr]    Compiling futures-task v0.3.13
[INFO] [stderr]    Compiling native-tls v0.2.7
[INFO] [stderr]    Compiling openssl-probe v0.1.2
[INFO] [stderr]    Compiling serde v1.0.124
[INFO] [stderr]    Compiling slab v0.4.2
[INFO] [stderr]    Compiling httpdate v0.3.2
[INFO] [stderr]    Compiling tower-service v0.3.1
[INFO] [stderr]    Compiling anyhow v1.0.32
[INFO] [stderr]    Compiling ipnet v2.3.0
[INFO] [stderr]    Compiling xml-rs v0.8.3
[INFO] [stderr]    Compiling tokio v1.3.0
[INFO] [stderr]    Compiling indexmap v1.6.2
[INFO] [stderr]    Compiling instant v0.1.9
[INFO] [stderr]    Compiling lock_api v0.4.2
[INFO] [stderr]    Compiling http v0.2.3
[INFO] [stderr]    Compiling tracing-core v0.1.17
[INFO] [stderr]    Compiling tinyvec v1.1.1
[INFO] [stderr]    Compiling unicode-bidi v0.3.4
[INFO] [stderr]    Compiling want v0.3.0
[INFO] [stderr]    Compiling futures-util v0.3.13
[INFO] [stderr]    Compiling futures-channel v0.3.13
[INFO] [stderr]    Compiling tracing v0.1.25
[INFO] [stderr]    Compiling unicode-normalization v0.1.17
[INFO] [stderr]    Compiling openssl-sys v0.9.60
[INFO] [stderr]    Compiling quote v1.0.9
[INFO] [stderr]    Compiling parking_lot_core v0.8.3
[INFO] [stderr]    Compiling signal-hook-registry v1.3.0
[INFO] [stderr]    Compiling mio v0.7.9
[INFO] [stderr]    Compiling num_cpus v1.13.0
[INFO] [stderr]    Compiling socket2 v0.3.19
[INFO] [stderr]    Compiling parking_lot v0.11.1
[INFO] [stderr]    Compiling idna v0.2.2
[INFO] [stderr]    Compiling http-body v0.4.0
[INFO] [stderr]    Compiling url v2.2.1
[INFO] [stderr]    Compiling serde_urlencoded v0.7.0
[INFO] [stderr]    Compiling tokio-macros v1.1.0
[INFO] [stderr]    Compiling pin-project-internal v1.0.5
[INFO] [stderr]    Compiling pin-project v1.0.5
[INFO] [stderr]    Compiling tokio-util v0.6.4
[INFO] [stderr]    Compiling tokio-native-tls v0.3.0
[INFO] [stderr]    Compiling h2 v0.3.1
[INFO] [stderr]    Compiling hyper v0.14.4
[INFO] [stderr]    Compiling hyper-tls v0.5.0
[INFO] [stderr]    Compiling reqwest v0.11.2
[INFO] [stderr]    Compiling arxiv-rs v0.1.5 (/opt/rustwide/workdir)
[INFO] [stderr]     Finished dev [unoptimized + debuginfo] target(s) in 32.35s
[INFO] running `Command { std: "docker" "inspect" "f7f66abf632c861051b8fcd17d8e645d04171d8187b4f817073d0cda6d79a2a8", kill_on_drop: false }`
[INFO] running `Command { std: "docker" "rm" "-f" "f7f66abf632c861051b8fcd17d8e645d04171d8187b4f817073d0cda6d79a2a8", kill_on_drop: false }`
[INFO] [stdout] f7f66abf632c861051b8fcd17d8e645d04171d8187b4f817073d0cda6d79a2a8
[INFO] running `Command { std: "docker" "create" "-v" "/var/lib/crater-agent-workspace/builds/worker-30/target:/opt/rustwide/target:rw,Z" "-v" "/var/lib/crater-agent-workspace/builds/worker-30/source:/opt/rustwide/workdir:ro,Z" "-v" "/var/lib/crater-agent-workspace/cargo-home:/opt/rustwide/cargo-home:ro,Z" "-v" "/var/lib/crater-agent-workspace/rustup-home:/opt/rustwide/rustup-home:ro,Z" "-e" "SOURCE_DIR=/opt/rustwide/workdir" "-e" "CARGO_TARGET_DIR=/opt/rustwide/target" "-e" "CARGO_INCREMENTAL=0" "-e" "RUST_BACKTRACE=full" "-e" "RUSTFLAGS=--cap-lints=warn" "-e" "CARGO_HOME=/opt/rustwide/cargo-home" "-e" "RUSTUP_HOME=/opt/rustwide/rustup-home" "-w" "/opt/rustwide/workdir" "-m" "1610612736" "--user" "0:0" "--network" "none" "ghcr.io/rust-lang/crates-build-env/linux@sha256:34b6a614d2c27851fe6cbf88fbd1137609cefab8b10d0615aaeb6fd47975d74e" "/opt/rustwide/cargo-home/bin/cargo" "+beta-2021-08-01" "test" "--frozen" "--no-run" "--message-format=json", kill_on_drop: false }`
[INFO] [stdout] 83eaf4f0ff7835f8091188d3b61a41a1e55511517a79f0dc57682b4b5bfb2130
[INFO] running `Command { std: "docker" "start" "-a" "83eaf4f0ff7835f8091188d3b61a41a1e55511517a79f0dc57682b4b5bfb2130", kill_on_drop: false }`
[INFO] [stderr]    Compiling arxiv-rs v0.1.5 (/opt/rustwide/workdir)
[INFO] [stderr]     Finished test [unoptimized + debuginfo] target(s) in 5.65s
[INFO] running `Command { std: "docker" "inspect" "83eaf4f0ff7835f8091188d3b61a41a1e55511517a79f0dc57682b4b5bfb2130", kill_on_drop: false }`
[INFO] running `Command { std: "docker" "rm" "-f" "83eaf4f0ff7835f8091188d3b61a41a1e55511517a79f0dc57682b4b5bfb2130", kill_on_drop: false }`
[INFO] [stdout] 83eaf4f0ff7835f8091188d3b61a41a1e55511517a79f0dc57682b4b5bfb2130
[INFO] running `Command { std: "docker" "create" "-v" "/var/lib/crater-agent-workspace/builds/worker-30/target:/opt/rustwide/target:rw,Z" "-v" "/var/lib/crater-agent-workspace/builds/worker-30/source:/opt/rustwide/workdir:ro,Z" "-v" "/var/lib/crater-agent-workspace/cargo-home:/opt/rustwide/cargo-home:ro,Z" "-v" "/var/lib/crater-agent-workspace/rustup-home:/opt/rustwide/rustup-home:ro,Z" "-e" "SOURCE_DIR=/opt/rustwide/workdir" "-e" "CARGO_TARGET_DIR=/opt/rustwide/target" "-e" "CARGO_INCREMENTAL=0" "-e" "RUST_BACKTRACE=full" "-e" "RUSTFLAGS=--cap-lints=warn" "-e" "CARGO_HOME=/opt/rustwide/cargo-home" "-e" "RUSTUP_HOME=/opt/rustwide/rustup-home" "-w" "/opt/rustwide/workdir" "-m" "1610612736" "--user" "0:0" "--network" "none" "ghcr.io/rust-lang/crates-build-env/linux@sha256:34b6a614d2c27851fe6cbf88fbd1137609cefab8b10d0615aaeb6fd47975d74e" "/opt/rustwide/cargo-home/bin/cargo" "+beta-2021-08-01" "test" "--frozen", kill_on_drop: false }`
[INFO] [stdout] 974b2dba93821e4042bafc47afa7aaf6cb157cf77373c6a32526bb45d38054f7
[INFO] running `Command { std: "docker" "start" "-a" "974b2dba93821e4042bafc47afa7aaf6cb157cf77373c6a32526bb45d38054f7", kill_on_drop: false }`
[INFO] [stderr]     Finished test [unoptimized + debuginfo] target(s) in 0.11s
[INFO] [stderr]      Running unittests (/opt/rustwide/target/debug/deps/arxiv-dd39fd4bdd187f9a)
[INFO] [stdout] 
[INFO] [stdout] running 0 tests
[INFO] [stdout] 
[INFO] [stdout] test result: ok. 0 passed; 0 failed; 0 ignored; 0 measured; 0 filtered out; finished in 0.00s
[INFO] [stdout] 
[INFO] [stderr]      Running tests/fetch_arxivs.rs (/opt/rustwide/target/debug/deps/fetch_arxivs-9fd5578a1c44cd0c)
[INFO] [stdout] 
[INFO] [stdout] running 1 test
[INFO] [stdout] test test_fetch_arxivs ... FAILED
[INFO] [stdout] 
[INFO] [stdout] failures:
[INFO] [stdout] 
[INFO] [stdout] ---- test_fetch_arxivs stdout ----
[INFO] [stdout] thread 'test_fetch_arxivs' panicked at 'called `Result::unwrap()` on an `Err` value: error sending request for url (http://export.arxiv.org/api/query?id_list=1706.03762v5): error trying to connect: dns error: failed to lookup address information: Temporary failure in name resolution
[INFO] [stdout] 
[INFO] [stdout] Caused by:
[INFO] [stdout]     0: error trying to connect: dns error: failed to lookup address information: Temporary failure in name resolution
[INFO] [stdout]     1: dns error: failed to lookup address information: Temporary failure in name resolution
[INFO] [stdout]     2: failed to lookup address information: Temporary failure in name resolution', tests/fetch_arxivs.rs:6:44
[INFO] [stdout] stack backtrace:
[INFO] [stdout]    0:     0x5576c2f7a600 - std::backtrace_rs::backtrace::libunwind::trace::hff4d1766e93f64f1
[INFO] [stdout]                                at /rustc/53fd98ca776cb875bc9e5514f56b52eb74f9e7a9/library/std/src/../../backtrace/src/backtrace/libunwind.rs:90:5
[INFO] [stdout]    1:     0x5576c2f7a600 - std::backtrace_rs::backtrace::trace_unsynchronized::h56bbc8eb78770bcb
[INFO] [stdout]                                at /rustc/53fd98ca776cb875bc9e5514f56b52eb74f9e7a9/library/std/src/../../backtrace/src/backtrace/mod.rs:66:5
[INFO] [stdout]    2:     0x5576c2f7a600 - std::sys_common::backtrace::_print_fmt::h5c8e75464faca780
[INFO] [stdout]                                at /rustc/53fd98ca776cb875bc9e5514f56b52eb74f9e7a9/library/std/src/sys_common/backtrace.rs:67:5
[INFO] [stdout]    3:     0x5576c2f7a600 - <std::sys_common::backtrace::_print::DisplayBacktrace as core::fmt::Display>::fmt::h48b88277def8b362
[INFO] [stdout]                                at /rustc/53fd98ca776cb875bc9e5514f56b52eb74f9e7a9/library/std/src/sys_common/backtrace.rs:46:22
[INFO] [stdout]    4:     0x5576c2f9d85c - core::fmt::write::h3381b3176fe2b3d3
[INFO] [stdout]                                at /rustc/53fd98ca776cb875bc9e5514f56b52eb74f9e7a9/library/core/src/fmt/mod.rs:1115:17
[INFO] [stdout]    5:     0x5576c2f740d5 - std::io::Write::write_fmt::h5f34a676f60246b5
[INFO] [stdout]                                at /rustc/53fd98ca776cb875bc9e5514f56b52eb74f9e7a9/library/std/src/io/mod.rs:1665:15
[INFO] [stdout]    6:     0x5576c2f7c79b - std::sys_common::backtrace::_print::ha537687d6c17dd0d
[INFO] [stdout]                                at /rustc/53fd98ca776cb875bc9e5514f56b52eb74f9e7a9/library/std/src/sys_common/backtrace.rs:49:5
[INFO] [stdout]    7:     0x5576c2f7c79b - std::sys_common::backtrace::print::h61376ae57d131d72
[INFO] [stdout]                                at /rustc/53fd98ca776cb875bc9e5514f56b52eb74f9e7a9/library/std/src/sys_common/backtrace.rs:36:9
[INFO] [stdout]    8:     0x5576c2f7c79b - std::panicking::default_hook::{{closure}}::h0f7208c0b9644a54
[INFO] [stdout]                                at /rustc/53fd98ca776cb875bc9e5514f56b52eb74f9e7a9/library/std/src/panicking.rs:208:50
[INFO] [stdout]    9:     0x5576c2f7c2ac - std::panicking::default_hook::hdac7fc06578c14ce
[INFO] [stdout]                                at /rustc/53fd98ca776cb875bc9e5514f56b52eb74f9e7a9/library/std/src/panicking.rs:222:9
[INFO] [stdout]   10:     0x5576c2f7ce64 - std::panicking::rust_panic_with_hook::h72b21c283da3d1ef
[INFO] [stdout]                                at /rustc/53fd98ca776cb875bc9e5514f56b52eb74f9e7a9/library/std/src/panicking.rs:622:17
[INFO] [stdout]   11:     0x5576c2f7c947 - std::panicking::begin_panic_handler::{{closure}}::he5778f1729cff84a
[INFO] [stdout]                                at /rustc/53fd98ca776cb875bc9e5514f56b52eb74f9e7a9/library/std/src/panicking.rs:519:13
[INFO] [stdout]   12:     0x5576c2f7aadc - std::sys_common::backtrace::__rust_end_short_backtrace::h2d11ca8b453b4b1d
[INFO] [stdout]                                at /rustc/53fd98ca776cb875bc9e5514f56b52eb74f9e7a9/library/std/src/sys_common/backtrace.rs:141:18
[INFO] [stdout]   13:     0x5576c2f7c8a9 - rust_begin_unwind
[INFO] [stdout]                                at /rustc/53fd98ca776cb875bc9e5514f56b52eb74f9e7a9/library/std/src/panicking.rs:515:5
[INFO] [stdout]   14:     0x5576c2a5aa11 - core::panicking::panic_fmt::hf9de31d4acbce4db
[INFO] [stdout]                                at /rustc/53fd98ca776cb875bc9e5514f56b52eb74f9e7a9/library/core/src/panicking.rs:92:14
[INFO] [stdout]   15:     0x5576c2a5ab03 - core::result::unwrap_failed::ha0c84e81219e5878
[INFO] [stdout]                                at /rustc/53fd98ca776cb875bc9e5514f56b52eb74f9e7a9/library/core/src/result.rs:1599:5
[INFO] [stdout]   16:     0x5576c2a5cb94 - core::result::Result<T,E>::unwrap::h2d3e354baf955743
[INFO] [stdout]                                at /rustc/53fd98ca776cb875bc9e5514f56b52eb74f9e7a9/library/core/src/result.rs:1281:23
[INFO] [stdout]   17:     0x5576c2a628cd - fetch_arxivs::test_fetch_arxivs::{{closure}}::h1fb906d358bbfc4d
[INFO] [stdout]                                at /opt/rustwide/workdir/tests/fetch_arxivs.rs:6:18
[INFO] [stdout]   18:     0x5576c2a638ab - <core::future::from_generator::GenFuture<T> as core::future::future::Future>::poll::h1bb51af294de2b31
[INFO] [stdout]                                at /rustc/53fd98ca776cb875bc9e5514f56b52eb74f9e7a9/library/core/src/future/mod.rs:80:19
[INFO] [stdout]   19:     0x5576c2a66f8f - <core::pin::Pin<P> as core::future::future::Future>::poll::h13e346de511565c2
[INFO] [stdout]                                at /rustc/53fd98ca776cb875bc9e5514f56b52eb74f9e7a9/library/core/src/future/future.rs:119:9
[INFO] [stdout]   20:     0x5576c2a64db0 - tokio::runtime::basic_scheduler::Inner<P>::block_on::{{closure}}::{{closure}}::h108f165d99d9d066
[INFO] [stdout]                                at /opt/rustwide/cargo-home/registry/src/github.com-1ecc6299db9ec823/tokio-1.3.0/src/runtime/basic_scheduler.rs:184:58
[INFO] [stdout]   21:     0x5576c2a663dc - tokio::coop::with_budget::{{closure}}::h7c7c2e68af57afc9
[INFO] [stdout]                                at /opt/rustwide/cargo-home/registry/src/github.com-1ecc6299db9ec823/tokio-1.3.0/src/coop.rs:106:9
[INFO] [stdout]   22:     0x5576c2a64391 - std::thread::local::LocalKey<T>::try_with::h7d72a54fef93f6d1
[INFO] [stdout]                                at /rustc/53fd98ca776cb875bc9e5514f56b52eb74f9e7a9/library/std/src/thread/local.rs:399:16
[INFO] [stdout]   23:     0x5576c2a63d3d - std::thread::local::LocalKey<T>::with::h46adabc6262fd69f
[INFO] [stdout]                                at /rustc/53fd98ca776cb875bc9e5514f56b52eb74f9e7a9/library/std/src/thread/local.rs:375:9
[INFO] [stdout]   24:     0x5576c2a64804 - tokio::coop::with_budget::h3684f06c1a4947f6
[INFO] [stdout]                                at /opt/rustwide/cargo-home/registry/src/github.com-1ecc6299db9ec823/tokio-1.3.0/src/coop.rs:99:5
[INFO] [stdout]   25:     0x5576c2a64804 - tokio::coop::budget::h0b75b21cd70c0ae9
[INFO] [stdout]                                at /opt/rustwide/cargo-home/registry/src/github.com-1ecc6299db9ec823/tokio-1.3.0/src/coop.rs:76:5
[INFO] [stdout]   26:     0x5576c2a64804 - tokio::runtime::basic_scheduler::Inner<P>::block_on::{{closure}}::h5670c100300cef7e
[INFO] [stdout]                                at /opt/rustwide/cargo-home/registry/src/github.com-1ecc6299db9ec823/tokio-1.3.0/src/runtime/basic_scheduler.rs:184:35
[INFO] [stdout]   27:     0x5576c2a65981 - tokio::runtime::basic_scheduler::enter::{{closure}}::h1dc03b08bc0f1766
[INFO] [stdout]                                at /opt/rustwide/cargo-home/registry/src/github.com-1ecc6299db9ec823/tokio-1.3.0/src/runtime/basic_scheduler.rs:266:29
[INFO] [stdout]   28:     0x5576c2a6035d - tokio::macros::scoped_tls::ScopedKey<T>::set::h9d7fb1f423952725
[INFO] [stdout]                                at /opt/rustwide/cargo-home/registry/src/github.com-1ecc6299db9ec823/tokio-1.3.0/src/macros/scoped_tls.rs:61:9
[INFO] [stdout]   29:     0x5576c2a658fc - tokio::runtime::basic_scheduler::enter::h494fa5d2efdb2054
[INFO] [stdout]                                at /opt/rustwide/cargo-home/registry/src/github.com-1ecc6299db9ec823/tokio-1.3.0/src/runtime/basic_scheduler.rs:266:5
[INFO] [stdout]   30:     0x5576c2a6454b - tokio::runtime::basic_scheduler::Inner<P>::block_on::hadf090cafaa050a2
[INFO] [stdout]                                at /opt/rustwide/cargo-home/registry/src/github.com-1ecc6299db9ec823/tokio-1.3.0/src/runtime/basic_scheduler.rs:176:9
[INFO] [stdout]   31:     0x5576c2a64f24 - tokio::runtime::basic_scheduler::InnerGuard<P>::block_on::h593e9636f4ebddf7
[INFO] [stdout]                                at /opt/rustwide/cargo-home/registry/src/github.com-1ecc6299db9ec823/tokio-1.3.0/src/runtime/basic_scheduler.rs:405:9
[INFO] [stdout]   32:     0x5576c2a65228 - tokio::runtime::basic_scheduler::BasicScheduler<P>::block_on::h8a4a01dc3128a8ae
[INFO] [stdout]                                at /opt/rustwide/cargo-home/registry/src/github.com-1ecc6299db9ec823/tokio-1.3.0/src/runtime/basic_scheduler.rs:136:24
[INFO] [stdout]   33:     0x5576c2a61250 - tokio::runtime::Runtime::block_on::hbab9a4f3decc94fb
[INFO] [stdout]                                at /opt/rustwide/cargo-home/registry/src/github.com-1ecc6299db9ec823/tokio-1.3.0/src/runtime/mod.rs:450:46
[INFO] [stdout]   34:     0x5576c2a62561 - fetch_arxivs::test_fetch_arxivs::h44caa160ec1687e7
[INFO] [stdout]                                at /opt/rustwide/workdir/tests/fetch_arxivs.rs:3:1
[INFO] [stdout]   35:     0x5576c2a6248a - fetch_arxivs::test_fetch_arxivs::{{closure}}::hb2fab03cafdecbf1
[INFO] [stdout]                                at /opt/rustwide/workdir/tests/fetch_arxivs.rs:3:1
[INFO] [stdout]   36:     0x5576c2a5b34e - core::ops::function::FnOnce::call_once::h7dbdca5b848258fb
[INFO] [stdout]                                at /rustc/53fd98ca776cb875bc9e5514f56b52eb74f9e7a9/library/core/src/ops/function.rs:227:5
[INFO] [stdout]   37:     0x5576c2a9afd3 - core::ops::function::FnOnce::call_once::hbb52c4519d3137b0
[INFO] [stdout]                                at /rustc/53fd98ca776cb875bc9e5514f56b52eb74f9e7a9/library/core/src/ops/function.rs:227:5
[INFO] [stdout]   38:     0x5576c2a9afd3 - test::__rust_begin_short_backtrace::h86fe3a2a5a5121af
[INFO] [stdout]                                at /rustc/53fd98ca776cb875bc9e5514f56b52eb74f9e7a9/library/test/src/lib.rs:578:5
[INFO] [stdout]   39:     0x5576c2a99a88 - <alloc::boxed::Box<F,A> as core::ops::function::FnOnce<Args>>::call_once::hfd956bc3d57399be
[INFO] [stdout]                                at /rustc/53fd98ca776cb875bc9e5514f56b52eb74f9e7a9/library/alloc/src/boxed.rs:1572:9
[INFO] [stdout]   40:     0x5576c2a99a88 - <std::panic::AssertUnwindSafe<F> as core::ops::function::FnOnce<()>>::call_once::h40dc93e0ddb5938a
[INFO] [stdout]                                at /rustc/53fd98ca776cb875bc9e5514f56b52eb74f9e7a9/library/std/src/panic.rs:347:9
[INFO] [stdout]   41:     0x5576c2a99a88 - std::panicking::try::do_call::h90d07750cb47c562
[INFO] [stdout]                                at /rustc/53fd98ca776cb875bc9e5514f56b52eb74f9e7a9/library/std/src/panicking.rs:401:40
[INFO] [stdout]   42:     0x5576c2a99a88 - std::panicking::try::h063c84733ad2a629
[INFO] [stdout]                                at /rustc/53fd98ca776cb875bc9e5514f56b52eb74f9e7a9/library/std/src/panicking.rs:365:19
[INFO] [stdout]   43:     0x5576c2a99a88 - std::panic::catch_unwind::h0c464836a84e7c08
[INFO] [stdout]                                at /rustc/53fd98ca776cb875bc9e5514f56b52eb74f9e7a9/library/std/src/panic.rs:434:14
[INFO] [stdout]   44:     0x5576c2a99a88 - test::run_test_in_process::h5cb06ef620b157fc
[INFO] [stdout]                                at /rustc/53fd98ca776cb875bc9e5514f56b52eb74f9e7a9/library/test/src/lib.rs:601:18
[INFO] [stdout]   45:     0x5576c2a99a88 - test::run_test::run_test_inner::{{closure}}::h76f677f4b93f9828
[INFO] [stdout]                                at /rustc/53fd98ca776cb875bc9e5514f56b52eb74f9e7a9/library/test/src/lib.rs:493:39
[INFO] [stdout]   46:     0x5576c2a6821d - test::run_test::run_test_inner::{{closure}}::h366d01fe04f4d67a
[INFO] [stdout]                                at /rustc/53fd98ca776cb875bc9e5514f56b52eb74f9e7a9/library/test/src/lib.rs:520:37
[INFO] [stdout]   47:     0x5576c2a6821d - std::sys_common::backtrace::__rust_begin_short_backtrace::h7dfa0de4eb395af2
[INFO] [stdout]                                at /rustc/53fd98ca776cb875bc9e5514f56b52eb74f9e7a9/library/std/src/sys_common/backtrace.rs:125:18
[INFO] [stdout]   48:     0x5576c2a6c9e8 - std::thread::Builder::spawn_unchecked::{{closure}}::{{closure}}::hf0a74bb58798037f
[INFO] [stdout]                                at /rustc/53fd98ca776cb875bc9e5514f56b52eb74f9e7a9/library/std/src/thread/mod.rs:476:17
[INFO] [stdout]   49:     0x5576c2a6c9e8 - <std::panic::AssertUnwindSafe<F> as core::ops::function::FnOnce<()>>::call_once::hb024e854818586ac
[INFO] [stdout]                                at /rustc/53fd98ca776cb875bc9e5514f56b52eb74f9e7a9/library/std/src/panic.rs:347:9
[INFO] [stdout]   50:     0x5576c2a6c9e8 - std::panicking::try::do_call::hb2dd9f1d0d48e41d
[INFO] [stdout]                                at /rustc/53fd98ca776cb875bc9e5514f56b52eb74f9e7a9/library/std/src/panicking.rs:401:40
[INFO] [stdout]   51:     0x5576c2a6c9e8 - std::panicking::try::h4717ae7bac8b2bf3
[INFO] [stdout]                                at /rustc/53fd98ca776cb875bc9e5514f56b52eb74f9e7a9/library/std/src/panicking.rs:365:19
[INFO] [stdout]   52:     0x5576c2a6c9e8 - std::panic::catch_unwind::h0dc8a061326ce8d8
[INFO] [stdout]                                at /rustc/53fd98ca776cb875bc9e5514f56b52eb74f9e7a9/library/std/src/panic.rs:434:14
[INFO] [stdout]   53:     0x5576c2a6c9e8 - std::thread::Builder::spawn_unchecked::{{closure}}::haa369e2d6fd00aa1
[INFO] [stdout]                                at /rustc/53fd98ca776cb875bc9e5514f56b52eb74f9e7a9/library/std/src/thread/mod.rs:475:30
[INFO] [stdout]   54:     0x5576c2a6c9e8 - core::ops::function::FnOnce::call_once{{vtable.shim}}::h36dcf3de8b056f17
[INFO] [stdout]                                at /rustc/53fd98ca776cb875bc9e5514f56b52eb74f9e7a9/library/core/src/ops/function.rs:227:5
[INFO] [stdout]   55:     0x5576c2f82167 - <alloc::boxed::Box<F,A> as core::ops::function::FnOnce<Args>>::call_once::h65c29e4642be2358
[INFO] [stdout]                                at /rustc/53fd98ca776cb875bc9e5514f56b52eb74f9e7a9/library/alloc/src/boxed.rs:1572:9
[INFO] [stdout]   56:     0x5576c2f82167 - <alloc::boxed::Box<F,A> as core::ops::function::FnOnce<Args>>::call_once::hd0f8f7fbbd9fffbf
[INFO] [stdout]                                at /rustc/53fd98ca776cb875bc9e5514f56b52eb74f9e7a9/library/alloc/src/boxed.rs:1572:9
[INFO] [stdout]   57:     0x5576c2f82167 - std::sys::unix::thread::Thread::new::thread_start::h2fd22fee3ca77b65
[INFO] [stdout]                                at /rustc/53fd98ca776cb875bc9e5514f56b52eb74f9e7a9/library/std/src/sys/unix/thread.rs:74:17
[INFO] [stdout]   58:     0x7f0c3c46a609 - start_thread
[INFO] [stdout]   59:     0x7f0c3c23a293 - clone
[INFO] [stdout]   60:                0x0 - <unknown>
[INFO] [stdout] 
[INFO] [stdout] 
[INFO] [stdout] failures:
[INFO] [stdout]     test_fetch_arxivs
[INFO] [stdout] 
[INFO] [stdout] test result: FAILED. 0 passed; 1 failed; 0 ignored; 0 measured; 0 filtered out; finished in 0.05s
[INFO] [stdout] 
[INFO] [stderr] error: test failed, to rerun pass '--test fetch_arxivs'
[INFO] running `Command { std: "docker" "inspect" "974b2dba93821e4042bafc47afa7aaf6cb157cf77373c6a32526bb45d38054f7", kill_on_drop: false }`
[INFO] running `Command { std: "docker" "rm" "-f" "974b2dba93821e4042bafc47afa7aaf6cb157cf77373c6a32526bb45d38054f7", kill_on_drop: false }`
[INFO] [stdout] 974b2dba93821e4042bafc47afa7aaf6cb157cf77373c6a32526bb45d38054f7
