[INFO] fetching crate arraystring 0.3.0...
[INFO] testing arraystring-0.3.0 against beta-2021-08-01 for beta-1.55-1
[INFO] extracting crate arraystring 0.3.0 into /workspace/builds/worker-71/source
[INFO] validating manifest of crates.io crate arraystring 0.3.0 on toolchain beta-2021-08-01
[INFO] running `Command { std: "/workspace/cargo-home/bin/cargo" "+beta-2021-08-01" "metadata" "--manifest-path" "Cargo.toml" "--no-deps", kill_on_drop: false }`
[INFO] started tweaking crates.io crate arraystring 0.3.0
[INFO] finished tweaking crates.io crate arraystring 0.3.0
[INFO] tweaked toml for crates.io crate arraystring 0.3.0 written to /workspace/builds/worker-71/source/Cargo.toml
[INFO] running `Command { std: "/workspace/cargo-home/bin/cargo" "+beta-2021-08-01" "generate-lockfile" "--manifest-path" "Cargo.toml" "-Zno-index-update", kill_on_drop: false }`
[INFO] [stderr]     Blocking waiting for file lock on package cache
[INFO] running `Command { std: "/workspace/cargo-home/bin/cargo" "+beta-2021-08-01" "fetch" "--manifest-path" "Cargo.toml", kill_on_drop: false }`
[INFO] [stderr]     Blocking waiting for file lock on package cache
[INFO] [stderr]     Blocking waiting for file lock on package cache
[INFO] [stderr]  Downloading crates ...
[INFO] [stderr]   Downloaded mysqlclient-sys v0.2.4
[INFO] [stderr]   Downloaded diesel v1.4.7
[INFO] [stderr]   Downloaded smallvec v0.3.4
[INFO] [stderr]   Downloaded smallstring v0.1.2
[INFO] running `Command { std: "docker" "create" "-v" "/var/lib/crater-agent-workspace/builds/worker-71/target:/opt/rustwide/target:rw,Z" "-v" "/var/lib/crater-agent-workspace/builds/worker-71/source:/opt/rustwide/workdir:ro,Z" "-v" "/var/lib/crater-agent-workspace/cargo-home:/opt/rustwide/cargo-home:ro,Z" "-v" "/var/lib/crater-agent-workspace/rustup-home:/opt/rustwide/rustup-home:ro,Z" "-e" "SOURCE_DIR=/opt/rustwide/workdir" "-e" "CARGO_TARGET_DIR=/opt/rustwide/target" "-e" "CARGO_HOME=/opt/rustwide/cargo-home" "-e" "RUSTUP_HOME=/opt/rustwide/rustup-home" "-w" "/opt/rustwide/workdir" "-m" "1610612736" "--user" "0:0" "--network" "none" "ghcr.io/rust-lang/crates-build-env/linux@sha256:34b6a614d2c27851fe6cbf88fbd1137609cefab8b10d0615aaeb6fd47975d74e" "/opt/rustwide/cargo-home/bin/cargo" "+beta-2021-08-01" "metadata" "--no-deps" "--format-version=1", kill_on_drop: false }`
[INFO] [stdout] d68e45d49a46c3e0c14f652a044d4276e24249c42435bd9037f2271d69bf6539
[INFO] running `Command { std: "docker" "start" "-a" "d68e45d49a46c3e0c14f652a044d4276e24249c42435bd9037f2271d69bf6539", kill_on_drop: false }`
[INFO] running `Command { std: "docker" "inspect" "d68e45d49a46c3e0c14f652a044d4276e24249c42435bd9037f2271d69bf6539", kill_on_drop: false }`
[INFO] running `Command { std: "docker" "rm" "-f" "d68e45d49a46c3e0c14f652a044d4276e24249c42435bd9037f2271d69bf6539", kill_on_drop: false }`
[INFO] [stdout] d68e45d49a46c3e0c14f652a044d4276e24249c42435bd9037f2271d69bf6539
[INFO] running `Command { std: "docker" "create" "-v" "/var/lib/crater-agent-workspace/builds/worker-71/target:/opt/rustwide/target:rw,Z" "-v" "/var/lib/crater-agent-workspace/builds/worker-71/source:/opt/rustwide/workdir:ro,Z" "-v" "/var/lib/crater-agent-workspace/cargo-home:/opt/rustwide/cargo-home:ro,Z" "-v" "/var/lib/crater-agent-workspace/rustup-home:/opt/rustwide/rustup-home:ro,Z" "-e" "SOURCE_DIR=/opt/rustwide/workdir" "-e" "CARGO_TARGET_DIR=/opt/rustwide/target" "-e" "CARGO_INCREMENTAL=0" "-e" "RUST_BACKTRACE=full" "-e" "RUSTFLAGS=--cap-lints=warn" "-e" "CARGO_HOME=/opt/rustwide/cargo-home" "-e" "RUSTUP_HOME=/opt/rustwide/rustup-home" "-w" "/opt/rustwide/workdir" "-m" "1610612736" "--user" "0:0" "--network" "none" "ghcr.io/rust-lang/crates-build-env/linux@sha256:34b6a614d2c27851fe6cbf88fbd1137609cefab8b10d0615aaeb6fd47975d74e" "/opt/rustwide/cargo-home/bin/cargo" "+beta-2021-08-01" "build" "--frozen" "--message-format=json", kill_on_drop: false }`
[INFO] [stdout] 4a27dcdc24f39629ae8a95fa14891125d1fe6b8f08d72cdc805d44953049b7fe
[INFO] running `Command { std: "docker" "start" "-a" "4a27dcdc24f39629ae8a95fa14891125d1fe6b8f08d72cdc805d44953049b7fe", kill_on_drop: false }`
[INFO] [stderr]    Compiling typenum v1.13.0
[INFO] [stderr]    Compiling arraystring v0.3.0 (/opt/rustwide/workdir)
[INFO] [stdout] warning: lint `legacy_directory_ownership` has been removed: converted into hard error, see issue #37872 <https://github.com/rust-lang/rust/issues/37872> for more information
[INFO] [stdout]    --> src/lib.rs:127:5
[INFO] [stdout]     |
[INFO] [stdout] 127 |     legacy_directory_ownership,
[INFO] [stdout]     |     ^^^^^^^^^^^^^^^^^^^^^^^^^^
[INFO] [stdout]     |
[INFO] [stdout]     = note: `#[warn(renamed_and_removed_lints)]` on by default
[INFO] [stdout] 
[INFO] [stdout] 
[INFO] [stdout] warning: lint `plugin_as_library` has been removed: plugins have been deprecated and retired
[INFO] [stdout]    --> src/lib.rs:133:5
[INFO] [stdout]     |
[INFO] [stdout] 133 |     plugin_as_library,
[INFO] [stdout]     |     ^^^^^^^^^^^^^^^^^
[INFO] [stdout] 
[INFO] [stdout] 
[INFO] [stdout] warning: lint `safe_extern_statics` has been removed: converted into hard error, see issue #36247 <https://github.com/rust-lang/rust/issues/36247> for more information
[INFO] [stdout]    --> src/lib.rs:135:5
[INFO] [stdout]     |
[INFO] [stdout] 135 |     safe_extern_statics,
[INFO] [stdout]     |     ^^^^^^^^^^^^^^^^^^^
[INFO] [stdout] 
[INFO] [stdout] 
[INFO] [stdout] warning: unknown lint: `unions_with_drop_fields`
[INFO] [stdout]    --> src/lib.rs:137:5
[INFO] [stdout]     |
[INFO] [stdout] 137 |     unions_with_drop_fields,
[INFO] [stdout]     |     ^^^^^^^^^^^^^^^^^^^^^^^
[INFO] [stdout]     |
[INFO] [stdout]     = note: `#[warn(unknown_lints)]` on by default
[INFO] [stdout] 
[INFO] [stdout] 
[INFO] [stdout] warning: 4 warnings emitted
[INFO] [stdout] 
[INFO] [stdout] 
[INFO] [stderr]     Finished dev [unoptimized + debuginfo] target(s) in 43.85s
[INFO] running `Command { std: "docker" "inspect" "4a27dcdc24f39629ae8a95fa14891125d1fe6b8f08d72cdc805d44953049b7fe", kill_on_drop: false }`
[INFO] running `Command { std: "docker" "rm" "-f" "4a27dcdc24f39629ae8a95fa14891125d1fe6b8f08d72cdc805d44953049b7fe", kill_on_drop: false }`
[INFO] [stdout] 4a27dcdc24f39629ae8a95fa14891125d1fe6b8f08d72cdc805d44953049b7fe
[INFO] running `Command { std: "docker" "create" "-v" "/var/lib/crater-agent-workspace/builds/worker-71/target:/opt/rustwide/target:rw,Z" "-v" "/var/lib/crater-agent-workspace/builds/worker-71/source:/opt/rustwide/workdir:ro,Z" "-v" "/var/lib/crater-agent-workspace/cargo-home:/opt/rustwide/cargo-home:ro,Z" "-v" "/var/lib/crater-agent-workspace/rustup-home:/opt/rustwide/rustup-home:ro,Z" "-e" "SOURCE_DIR=/opt/rustwide/workdir" "-e" "CARGO_TARGET_DIR=/opt/rustwide/target" "-e" "CARGO_INCREMENTAL=0" "-e" "RUST_BACKTRACE=full" "-e" "RUSTFLAGS=--cap-lints=warn" "-e" "CARGO_HOME=/opt/rustwide/cargo-home" "-e" "RUSTUP_HOME=/opt/rustwide/rustup-home" "-w" "/opt/rustwide/workdir" "-m" "1610612736" "--user" "0:0" "--network" "none" "ghcr.io/rust-lang/crates-build-env/linux@sha256:34b6a614d2c27851fe6cbf88fbd1137609cefab8b10d0615aaeb6fd47975d74e" "/opt/rustwide/cargo-home/bin/cargo" "+beta-2021-08-01" "test" "--frozen" "--no-run" "--message-format=json", kill_on_drop: false }`
[INFO] [stdout] 9cbed1b032eea002a50b37d8d6610c3952c0c7e1181f893cc171c8dd4ab2fc4f
[INFO] running `Command { std: "docker" "start" "-a" "9cbed1b032eea002a50b37d8d6610c3952c0c7e1181f893cc171c8dd4ab2fc4f", kill_on_drop: false }`
[INFO] [stderr]    Compiling syn v1.0.74
[INFO] [stderr]    Compiling crossbeam-utils v0.8.5
[INFO] [stderr]    Compiling semver v1.0.4
[INFO] [stderr]    Compiling crossbeam-epoch v0.9.5
[INFO] [stderr]    Compiling rayon-core v1.9.1
[INFO] [stderr]    Compiling rand_core v0.4.2
[INFO] [stderr]    Compiling either v1.6.1
[INFO] [stderr]    Compiling pq-sys v0.4.6
[INFO] [stderr]    Compiling regex-automata v0.1.10
[INFO] [stderr]    Compiling regex-syntax v0.6.25
[INFO] [stderr]    Compiling smallvec v0.3.4
[INFO] [stderr]    Compiling termcolor v1.1.2
[INFO] [stderr]    Compiling inlinable_string v0.1.14
[INFO] [stderr]    Compiling memoffset v0.6.4
[INFO] [stderr]    Compiling rayon v1.5.1
[INFO] [stderr]    Compiling serde v1.0.127
[INFO] [stderr]    Compiling serde_json v1.0.66
[INFO] [stderr]    Compiling mysqlclient-sys v0.2.4
[INFO] [stderr]    Compiling libsqlite3-sys v0.22.2
[INFO] [stderr]    Compiling textwrap v0.11.0
[INFO] [stderr]    Compiling walkdir v2.3.2
[INFO] [stderr]    Compiling humantime v1.3.0
[INFO] [stderr]    Compiling unicode-normalization v0.1.19
[INFO] [stderr]    Compiling atty v0.2.14
[INFO] [stderr]    Compiling aho-corasick v0.7.18
[INFO] [stderr]    Compiling csv-core v0.1.10
[INFO] [stdout] warning: lint `legacy_directory_ownership` has been removed: converted into hard error, see issue #37872 <https://github.com/rust-lang/rust/issues/37872> for more information
[INFO] [stdout]    --> src/lib.rs:127:5
[INFO] [stdout]     |
[INFO] [stdout] 127 |     legacy_directory_ownership,
[INFO] [stdout]     |     ^^^^^^^^^^^^^^^^^^^^^^^^^^
[INFO] [stdout]     |
[INFO] [stdout]     = note: `#[warn(renamed_and_removed_lints)]` on by default
[INFO] [stdout] 
[INFO] [stdout] 
[INFO] [stdout] warning: lint `plugin_as_library` has been removed: plugins have been deprecated and retired
[INFO] [stdout]    --> src/lib.rs:133:5
[INFO] [stdout]     |
[INFO] [stdout] 133 |     plugin_as_library,
[INFO] [stdout]     |     ^^^^^^^^^^^^^^^^^
[INFO] [stdout] 
[INFO] [stdout] 
[INFO] [stdout] warning: lint `safe_extern_statics` has been removed: converted into hard error, see issue #36247 <https://github.com/rust-lang/rust/issues/36247> for more information
[INFO] [stdout]    --> src/lib.rs:135:5
[INFO] [stdout]     |
[INFO] [stdout] 135 |     safe_extern_statics,
[INFO] [stdout]     |     ^^^^^^^^^^^^^^^^^^^
[INFO] [stdout] 
[INFO] [stdout] 
[INFO] [stdout] warning: unknown lint: `unions_with_drop_fields`
[INFO] [stdout]    --> src/lib.rs:137:5
[INFO] [stdout]     |
[INFO] [stdout] 137 |     unions_with_drop_fields,
[INFO] [stdout]     |     ^^^^^^^^^^^^^^^^^^^^^^^
[INFO] [stdout]     |
[INFO] [stdout]     = note: `#[warn(unknown_lints)]` on by default
[INFO] [stdout] 
[INFO] [stdout] 
[INFO] [stdout] warning: 4 warnings emitted
[INFO] [stdout] 
[INFO] [stdout] 
[INFO] [stderr]    Compiling itertools v0.8.2
[INFO] [stderr]    Compiling rand_core v0.3.1
[INFO] [stderr]    Compiling rand_os v0.1.3
[INFO] [stderr]    Compiling smallstring v0.1.2
[INFO] [stderr]    Compiling clap v2.33.3
[INFO] [stderr]    Compiling rand_xoshiro v0.1.0
[INFO] [stderr]    Compiling crossbeam-channel v0.5.1
[INFO] [stderr]    Compiling rustc_version v0.4.0
[INFO] [stderr]    Compiling idna v0.1.5
[INFO] [stderr]    Compiling crossbeam-deque v0.8.1
[INFO] [stderr]    Compiling cast v0.2.7
[INFO] [stderr]    Compiling url v1.7.2
[INFO] [stderr]    Compiling regex v1.5.4
[INFO] [stderr]    Compiling criterion-plot v0.3.1
[INFO] [stderr]    Compiling env_logger v0.5.13
[INFO] [stderr]    Compiling serde_derive v1.0.127
[INFO] [stderr]    Compiling diesel_derives v1.4.1
[INFO] [stderr]    Compiling diesel v1.4.7
[INFO] [stderr]    Compiling bstr v0.2.16
[INFO] [stderr]    Compiling csv v1.1.6
[INFO] [stderr]    Compiling tinytemplate v1.2.1
[INFO] [stderr]    Compiling criterion v0.2.11
[INFO] [stderr]    Compiling arraystring v0.3.0 (/opt/rustwide/workdir)
[INFO] [stdout] warning: lint `legacy_directory_ownership` has been removed: converted into hard error, see issue #37872 <https://github.com/rust-lang/rust/issues/37872> for more information
[INFO] [stdout]    --> src/lib.rs:127:5
[INFO] [stdout]     |
[INFO] [stdout] 127 |     legacy_directory_ownership,
[INFO] [stdout]     |     ^^^^^^^^^^^^^^^^^^^^^^^^^^
[INFO] [stdout]     |
[INFO] [stdout]     = note: `#[warn(renamed_and_removed_lints)]` on by default
[INFO] [stdout] 
[INFO] [stdout] 
[INFO] [stdout] warning: lint `plugin_as_library` has been removed: plugins have been deprecated and retired
[INFO] [stdout]    --> src/lib.rs:133:5
[INFO] [stdout]     |
[INFO] [stdout] 133 |     plugin_as_library,
[INFO] [stdout]     |     ^^^^^^^^^^^^^^^^^
[INFO] [stdout] 
[INFO] [stdout] 
[INFO] [stdout] warning: lint `safe_extern_statics` has been removed: converted into hard error, see issue #36247 <https://github.com/rust-lang/rust/issues/36247> for more information
[INFO] [stdout]    --> src/lib.rs:135:5
[INFO] [stdout]     |
[INFO] [stdout] 135 |     safe_extern_statics,
[INFO] [stdout]     |     ^^^^^^^^^^^^^^^^^^^
[INFO] [stdout] 
[INFO] [stdout] 
[INFO] [stdout] warning: unknown lint: `unions_with_drop_fields`
[INFO] [stdout]    --> src/lib.rs:137:5
[INFO] [stdout]     |
[INFO] [stdout] 137 |     unions_with_drop_fields,
[INFO] [stdout]     |     ^^^^^^^^^^^^^^^^^^^^^^^
[INFO] [stdout]     |
[INFO] [stdout]     = note: `#[warn(unknown_lints)]` on by default
[INFO] [stdout] 
[INFO] [stdout] 
[INFO] [stdout] warning: this method call resolves to `<&[T; N] as IntoIterator>::into_iter` (due to backwards compatibility), but will resolve to <[T; N] as IntoIterator>::into_iter in Rust 2021.
[INFO] [stdout]    --> tests/string_parity.rs:650:27
[INFO] [stdout]     |
[INFO] [stdout] 650 |     for string in STRINGS.into_iter() {
[INFO] [stdout]     |                           ^^^^^^^^^
[INFO] [stdout]     |
[INFO] [stdout]     = note: `#[warn(array_into_iter)]` on by default
[INFO] [stdout]     = warning: this changes meaning in Rust 2021
[INFO] [stdout]     = note: for more information, see issue #66145 <https://github.com/rust-lang/rust/issues/66145>
[INFO] [stdout] help: use `.iter()` instead of `.into_iter()` to avoid ambiguity
[INFO] [stdout]     |
[INFO] [stdout] 650 |     for string in STRINGS.iter() {
[INFO] [stdout]     |                           ^^^^
[INFO] [stdout] help: or remove `.into_iter()` to iterate by value
[INFO] [stdout]     |
[INFO] [stdout] 650 |     for string in STRINGS {
[INFO] [stdout]     |                         --
[INFO] [stdout] 
[INFO] [stdout] 
[INFO] [stdout] warning: 1 warning emitted
[INFO] [stdout] 
[INFO] [stdout] 
[INFO] [stdout] warning: an associated function with this name may be added to the standard library in the future
[INFO] [stdout]    --> src/utils.rs:236:48
[INFO] [stdout]     |
[INFO] [stdout] 236 |             assert_eq!(from_utf8(&string.array.as_mut_slice()[..1]).unwrap(), "a");
[INFO] [stdout]     |                                                ^^^^^^^^^^^^
[INFO] [stdout]     |
[INFO] [stdout]     = note: `#[warn(unstable_name_collisions)]` on by default
[INFO] [stdout]     = warning: once this associated item is added to the standard library, the ambiguity may cause an error or change in behavior!
[INFO] [stdout]     = note: for more information, see issue #48919 <https://github.com/rust-lang/rust/issues/48919>
[INFO] [stdout]     = help: call with fully qualified syntax `generic::ArraySlice::as_mut_slice(...)` to keep using the current method
[INFO] [stdout] 
[INFO] [stdout] 
[INFO] [stdout] warning: an associated function with this name may be added to the standard library in the future
[INFO] [stdout]    --> src/utils.rs:241:41
[INFO] [stdout]     |
[INFO] [stdout] 241 |                 from_utf8(&string.array.as_mut_slice()[..5]).unwrap(),
[INFO] [stdout]     |                                         ^^^^^^^^^^^^
[INFO] [stdout]     |
[INFO] [stdout]     = warning: once this associated item is added to the standard library, the ambiguity may cause an error or change in behavior!
[INFO] [stdout]     = note: for more information, see issue #48919 <https://github.com/rust-lang/rust/issues/48919>
[INFO] [stdout]     = help: call with fully qualified syntax `generic::ArraySlice::as_mut_slice(...)` to keep using the current method
[INFO] [stdout] 
[INFO] [stdout] 
[INFO] [stdout] warning: 6 warnings emitted
[INFO] [stdout] 
[INFO] [stdout] 
[INFO] [stderr]     Finished test [unoptimized + debuginfo] target(s) in 1m 23s
[INFO] running `Command { std: "docker" "inspect" "9cbed1b032eea002a50b37d8d6610c3952c0c7e1181f893cc171c8dd4ab2fc4f", kill_on_drop: false }`
[INFO] running `Command { std: "docker" "rm" "-f" "9cbed1b032eea002a50b37d8d6610c3952c0c7e1181f893cc171c8dd4ab2fc4f", kill_on_drop: false }`
[INFO] [stdout] 9cbed1b032eea002a50b37d8d6610c3952c0c7e1181f893cc171c8dd4ab2fc4f
[INFO] running `Command { std: "docker" "create" "-v" "/var/lib/crater-agent-workspace/builds/worker-71/target:/opt/rustwide/target:rw,Z" "-v" "/var/lib/crater-agent-workspace/builds/worker-71/source:/opt/rustwide/workdir:ro,Z" "-v" "/var/lib/crater-agent-workspace/cargo-home:/opt/rustwide/cargo-home:ro,Z" "-v" "/var/lib/crater-agent-workspace/rustup-home:/opt/rustwide/rustup-home:ro,Z" "-e" "SOURCE_DIR=/opt/rustwide/workdir" "-e" "CARGO_TARGET_DIR=/opt/rustwide/target" "-e" "CARGO_INCREMENTAL=0" "-e" "RUST_BACKTRACE=full" "-e" "RUSTFLAGS=--cap-lints=warn" "-e" "CARGO_HOME=/opt/rustwide/cargo-home" "-e" "RUSTUP_HOME=/opt/rustwide/rustup-home" "-w" "/opt/rustwide/workdir" "-m" "1610612736" "--user" "0:0" "--network" "none" "ghcr.io/rust-lang/crates-build-env/linux@sha256:34b6a614d2c27851fe6cbf88fbd1137609cefab8b10d0615aaeb6fd47975d74e" "/opt/rustwide/cargo-home/bin/cargo" "+beta-2021-08-01" "test" "--frozen", kill_on_drop: false }`
[INFO] [stdout] 66a52717d4cee1efc920066718558e0fe2d13fe4d4b1b216ec5e6f335a5ae661
[INFO] running `Command { std: "docker" "start" "-a" "66a52717d4cee1efc920066718558e0fe2d13fe4d4b1b216ec5e6f335a5ae661", kill_on_drop: false }`
[INFO] [stderr]     Blocking waiting for file lock on package cache
[INFO] [stderr] warning: lint `legacy_directory_ownership` has been removed: converted into hard error, see issue #37872 <https://github.com/rust-lang/rust/issues/37872> for more information
[INFO] [stderr]    --> src/lib.rs:127:5
[INFO] [stderr]     |
[INFO] [stderr] 127 |     legacy_directory_ownership,
[INFO] [stderr]     |     ^^^^^^^^^^^^^^^^^^^^^^^^^^
[INFO] [stderr]     |
[INFO] [stderr]     = note: `#[warn(renamed_and_removed_lints)]` on by default
[INFO] [stderr] 
[INFO] [stderr] warning: lint `plugin_as_library` has been removed: plugins have been deprecated and retired
[INFO] [stderr]    --> src/lib.rs:133:5
[INFO] [stderr]     |
[INFO] [stderr] 133 |     plugin_as_library,
[INFO] [stderr]     |     ^^^^^^^^^^^^^^^^^
[INFO] [stderr] 
[INFO] [stderr] warning: lint `safe_extern_statics` has been removed: converted into hard error, see issue #36247 <https://github.com/rust-lang/rust/issues/36247> for more information
[INFO] [stderr]    --> src/lib.rs:135:5
[INFO] [stderr]     |
[INFO] [stderr] 135 |     safe_extern_statics,
[INFO] [stderr]     |     ^^^^^^^^^^^^^^^^^^^
[INFO] [stderr] 
[INFO] [stderr] warning: unknown lint: `unions_with_drop_fields`
[INFO] [stderr]    --> src/lib.rs:137:5
[INFO] [stderr]     |
[INFO] [stderr] 137 |     unions_with_drop_fields,
[INFO] [stderr]     |     ^^^^^^^^^^^^^^^^^^^^^^^
[INFO] [stderr]     |
[INFO] [stderr]     = note: `#[warn(unknown_lints)]` on by default
[INFO] [stderr] 
[INFO] [stderr] warning: `arraystring` (lib) generated 4 warnings
[INFO] [stderr] warning: an associated function with this name may be added to the standard library in the future
[INFO] [stderr]    --> src/utils.rs:236:48
[INFO] [stderr]     |
[INFO] [stderr] 236 |             assert_eq!(from_utf8(&string.array.as_mut_slice()[..1]).unwrap(), "a");
[INFO] [stderr]     |                                                ^^^^^^^^^^^^
[INFO] [stderr]     |
[INFO] [stderr]     = note: `#[warn(unstable_name_collisions)]` on by default
[INFO] [stderr]     = warning: once this associated item is added to the standard library, the ambiguity may cause an error or change in behavior!
[INFO] [stderr]     = note: for more information, see issue #48919 <https://github.com/rust-lang/rust/issues/48919>
[INFO] [stderr]     = help: call with fully qualified syntax `generic::ArraySlice::as_mut_slice(...)` to keep using the current method
[INFO] [stderr] 
[INFO] [stderr] warning: an associated function with this name may be added to the standard library in the future
[INFO] [stderr]    --> src/utils.rs:241:41
[INFO] [stderr]     |
[INFO] [stderr] 241 |                 from_utf8(&string.array.as_mut_slice()[..5]).unwrap(),
[INFO] [stderr]     |                                         ^^^^^^^^^^^^
[INFO] [stderr]     |
[INFO] [stderr]     = warning: once this associated item is added to the standard library, the ambiguity may cause an error or change in behavior!
[INFO] [stderr]     = note: for more information, see issue #48919 <https://github.com/rust-lang/rust/issues/48919>
[INFO] [stderr]     = help: call with fully qualified syntax `generic::ArraySlice::as_mut_slice(...)` to keep using the current method
[INFO] [stderr] 
[INFO] [stderr] warning: this method call resolves to `<&[T; N] as IntoIterator>::into_iter` (due to backwards compatibility), but will resolve to <[T; N] as IntoIterator>::into_iter in Rust 2021.
[INFO] [stderr]    --> tests/string_parity.rs:650:27
[INFO] [stderr]     |
[INFO] [stderr] 650 |     for string in STRINGS.into_iter() {
[INFO] [stderr]     |                           ^^^^^^^^^
[INFO] [stderr]     |
[INFO] [stderr]     = note: `#[warn(array_into_iter)]` on by default
[INFO] [stderr]     = warning: this changes meaning in Rust 2021
[INFO] [stderr]     = note: for more information, see issue #66145 <https://github.com/rust-lang/rust/issues/66145>
[INFO] [stderr] help: use `.iter()` instead of `.into_iter()` to avoid ambiguity
[INFO] [stderr]     |
[INFO] [stderr] 650 |     for string in STRINGS.iter() {
[INFO] [stderr]     |                           ^^^^
[INFO] [stderr] help: or remove `.into_iter()` to iterate by value
[INFO] [stderr]     |
[INFO] [stderr] 650 |     for string in STRINGS {
[INFO] [stderr]     |                         --
[INFO] [stderr] 
[INFO] [stderr] warning: `arraystring` (lib test) generated 6 warnings (4 duplicates)
[INFO] [stderr] warning: `arraystring` (test "string_parity") generated 1 warning
[INFO] [stderr]     Finished test [unoptimized + debuginfo] target(s) in 0.50s
[INFO] [stderr]      Running unittests (/opt/rustwide/target/debug/deps/arraystring-cc44e3728acd41ad)
[INFO] [stdout] 
[INFO] [stdout] running 5 tests
[INFO] [stdout] test utils::tests::shift_right ... ok
[INFO] [stdout] test utils::tests::shift_left ... ok
[INFO] [stdout] test utils::tests::encode_char_utf8 ... ok
[INFO] [stdout] test utils::tests::truncate ... ok
[INFO] [stderr]      Running tests/string_parity.rs (/opt/rustwide/target/debug/deps/string_parity-6dba1840a2d561a3)
[INFO] [stdout] test utils::tests::shift_nop ... ok
[INFO] [stdout] 
[INFO] [stdout] test result: ok. 5 passed; 0 failed; 0 ignored; 0 measured; 0 filtered out; finished in 0.01s
[INFO] [stdout] 
[INFO] [stdout] 
[INFO] [stdout] running 43 tests
[INFO] [stdout] test from_str_truncate ... ok
[INFO] [stdout] test add_str ... ok
[INFO] [stdout] test from_chars ... ok
[INFO] [stdout] test from_utf16_invalid ... ok
[INFO] [stdout] test from_str_unchecked ... ok
[INFO] [stdout] test from_chars_unchecked ... ok
[INFO] [stdout] test from_utf16 ... ok
[INFO] [stdout] test from_iter_unchecked ... ok
[INFO] [stdout] test from_utf8_invalid ... ok
[INFO] [stdout] test from_utf8 ... ok
[INFO] [stdout] test clear ... ok
[INFO] [stdout] test from_iter ... ok
[INFO] [stdout] test from_utf8_unchecked ... ok
[INFO] [stdout] test is_empty ... ok
[INFO] [stdout] test push_str ... ok
[INFO] [stdout] test new ... ok
[INFO] [stdout] test push ... ok
[INFO] [stdout] test from_utf16_lossy_invalid ... ok
[INFO] [stdout] test pop ... ok
[INFO] [stdout] test retain ... ok
[INFO] [stdout] test trim ... ok
[INFO] [stdout] test push_unchecked ... ok
[INFO] [stdout] test try_from_chars ... ok
[INFO] [stdout] test from_utf16_lossy ... ok
[INFO] [stdout] test len ... ok
[INFO] [stdout] test push_str_unchecked ... ok
[INFO] [stdout] test try_from_iter ... ok
[INFO] [stdout] test try_from_utf16 ... ok
[INFO] [stdout] test try_from_utf8_invalid ... ok
[INFO] [stdout] test try_from_utf16_invalid ... ok
[INFO] [stdout] test try_from_str ... ok
[INFO] [stdout] test try_push_str ... ok
[INFO] [stdout] test try_from_utf8 ... ok
[INFO] [stdout] test drain ... ok
[INFO] [stdout] test insert_unchecked ... ok
[INFO] [stdout] test remove ... ok
[INFO] [stdout] test split_off ... ok
[INFO] [stdout] test replace_range ... ok
[INFO] [stdout] test truncate ... ok
[INFO] [stdout] test try_insert_str ... ok
[INFO] [stdout] test insert_str ... ok
[INFO] [stdout] test insert_str_unchecked ... ok
[INFO] [stdout] test try_insert ... ok
[INFO] [stdout] 
[INFO] [stdout] test result: ok. 43 passed; 0 failed; 0 ignored; 0 measured; 0 filtered out; finished in 0.08s
[INFO] [stdout] 
[INFO] [stderr]    Doc-tests arraystring
[INFO] [stderr] warning: lint `legacy_directory_ownership` has been removed: converted into hard error, see issue #37872 <https://github.com/rust-lang/rust/issues/37872> for more information
[INFO] [stderr]    --> /opt/rustwide/workdir/src/lib.rs:127:5
[INFO] [stderr]     |
[INFO] [stderr] 127 |     legacy_directory_ownership,
[INFO] [stderr]     |     ^^^^^^^^^^^^^^^^^^^^^^^^^^
[INFO] [stderr]     |
[INFO] [stderr]     = note: `#[warn(renamed_and_removed_lints)]` on by default
[INFO] [stderr] 
[INFO] [stderr] warning: lint `plugin_as_library` has been removed: plugins have been deprecated and retired
[INFO] [stderr]    --> /opt/rustwide/workdir/src/lib.rs:133:5
[INFO] [stderr]     |
[INFO] [stderr] 133 |     plugin_as_library,
[INFO] [stderr]     |     ^^^^^^^^^^^^^^^^^
[INFO] [stderr] 
[INFO] [stderr] warning: lint `safe_extern_statics` has been removed: converted into hard error, see issue #36247 <https://github.com/rust-lang/rust/issues/36247> for more information
[INFO] [stderr]    --> /opt/rustwide/workdir/src/lib.rs:135:5
[INFO] [stderr]     |
[INFO] [stderr] 135 |     safe_extern_statics,
[INFO] [stderr]     |     ^^^^^^^^^^^^^^^^^^^
[INFO] [stderr] 
[INFO] [stderr] warning: unknown lint: `unions_with_drop_fields`
[INFO] [stderr]    --> /opt/rustwide/workdir/src/lib.rs:137:5
[INFO] [stderr]     |
[INFO] [stderr] 137 |     unions_with_drop_fields,
[INFO] [stderr]     |     ^^^^^^^^^^^^^^^^^^^^^^^
[INFO] [stderr]     |
[INFO] [stderr]     = note: `#[warn(unknown_lints)]` on by default
[INFO] [stderr] 
[INFO] [stdout] 
[INFO] [stderr] warning: 4 warnings emitted
[INFO] [stdout] running 61 tests
[INFO] [stderr] 
[INFO] [stdout] test src/lib.rs - CacheString::try_from_utf16 (line 560) ... FAILED
[INFO] [stdout] test src/arraystring.rs - arraystring::ArrayString<SIZE>::try_from_utf16 (line 410) ... FAILED
[INFO] [stdout] test src/arraystring.rs - arraystring::ArrayString<SIZE>::from_utf16 (line 444) ... FAILED
[INFO] [stderr] error: test failed, to rerun pass '--doc'
[INFO] [stderr] 
[INFO] [stderr] Caused by:
[INFO] [stderr]   process didn't exit successfully: `rustdoc --edition=2018 --crate-type lib --crate-name arraystring --test /opt/rustwide/workdir/src/lib.rs -L dependency=/opt/rustwide/target/debug/deps -L dependency=/opt/rustwide/target/debug/deps -L native=/usr/lib/x86_64-linux-gnu --extern arraystring=/opt/rustwide/target/debug/deps/libarraystring-fd211d4762c55d92.rlib --extern criterion=/opt/rustwide/target/debug/deps/libcriterion-33e17e76f7e79503.rlib --extern diesel=/opt/rustwide/target/debug/deps/libdiesel-0501c970e52e0a91.rlib --extern env_logger=/opt/rustwide/target/debug/deps/libenv_logger-7ffa23cb279e9045.rlib --extern inlinable_string=/opt/rustwide/target/debug/deps/libinlinable_string-849dca1594c29396.rlib --extern serde=/opt/rustwide/target/debug/deps/libserde-1a4f5c6319aea6fd.rlib --extern serde_json=/opt/rustwide/target/debug/deps/libserde_json-f228921504157174.rlib --extern smallstring=/opt/rustwide/target/debug/deps/libsmallstring-2afb45452c33b155.rlib --extern typenum=/opt/rustwide/target/debug/deps/libtypenum-f4df5726651c8a1c.rlib -C embed-bitcode=no --cfg 'feature="default"' --cfg 'feature="std"' --error-format human` (signal: 9, SIGKILL: kill)
[INFO] running `Command { std: "docker" "inspect" "66a52717d4cee1efc920066718558e0fe2d13fe4d4b1b216ec5e6f335a5ae661", kill_on_drop: false }`
[INFO] running `Command { std: "docker" "rm" "-f" "66a52717d4cee1efc920066718558e0fe2d13fe4d4b1b216ec5e6f335a5ae661", kill_on_drop: false }`
[INFO] [stdout] 66a52717d4cee1efc920066718558e0fe2d13fe4d4b1b216ec5e6f335a5ae661
