[INFO] fetching crate arraygen 0.3.0...
[INFO] testing arraygen-0.3.0 against 1.54.0 for beta-1.55-1
[INFO] extracting crate arraygen 0.3.0 into /workspace/builds/worker-97/source
[INFO] validating manifest of crates.io crate arraygen 0.3.0 on toolchain 1.54.0
[INFO] running `Command { std: "/workspace/cargo-home/bin/cargo" "+1.54.0" "metadata" "--manifest-path" "Cargo.toml" "--no-deps", kill_on_drop: false }`
[INFO] started tweaking crates.io crate arraygen 0.3.0
[INFO] finished tweaking crates.io crate arraygen 0.3.0
[INFO] tweaked toml for crates.io crate arraygen 0.3.0 written to /workspace/builds/worker-97/source/Cargo.toml
[INFO] running `Command { std: "/workspace/cargo-home/bin/cargo" "+1.54.0" "generate-lockfile" "--manifest-path" "Cargo.toml" "-Zno-index-update", kill_on_drop: false }`
[INFO] [stderr]     Blocking waiting for file lock on package cache
[INFO] running `Command { std: "/workspace/cargo-home/bin/cargo" "+1.54.0" "fetch" "--manifest-path" "Cargo.toml", kill_on_drop: false }`
[INFO] [stderr]     Blocking waiting for file lock on package cache
[INFO] [stderr]     Blocking waiting for file lock on package cache
[INFO] running `Command { std: "docker" "create" "-v" "/var/lib/crater-agent-workspace/builds/worker-97/target:/opt/rustwide/target:rw,Z" "-v" "/var/lib/crater-agent-workspace/builds/worker-97/source:/opt/rustwide/workdir:ro,Z" "-v" "/var/lib/crater-agent-workspace/cargo-home:/opt/rustwide/cargo-home:ro,Z" "-v" "/var/lib/crater-agent-workspace/rustup-home:/opt/rustwide/rustup-home:ro,Z" "-e" "SOURCE_DIR=/opt/rustwide/workdir" "-e" "CARGO_TARGET_DIR=/opt/rustwide/target" "-e" "CARGO_HOME=/opt/rustwide/cargo-home" "-e" "RUSTUP_HOME=/opt/rustwide/rustup-home" "-w" "/opt/rustwide/workdir" "-m" "1610612736" "--user" "0:0" "--network" "none" "ghcr.io/rust-lang/crates-build-env/linux@sha256:34b6a614d2c27851fe6cbf88fbd1137609cefab8b10d0615aaeb6fd47975d74e" "/opt/rustwide/cargo-home/bin/cargo" "+1.54.0" "metadata" "--no-deps" "--format-version=1", kill_on_drop: false }`
[INFO] [stdout] 0b1b817ede1592479c9d6470f460d70159c388e3c2658712b7e1a1cc9bf2e07e
[INFO] running `Command { std: "docker" "start" "-a" "0b1b817ede1592479c9d6470f460d70159c388e3c2658712b7e1a1cc9bf2e07e", kill_on_drop: false }`
[INFO] running `Command { std: "docker" "inspect" "0b1b817ede1592479c9d6470f460d70159c388e3c2658712b7e1a1cc9bf2e07e", kill_on_drop: false }`
[INFO] running `Command { std: "docker" "rm" "-f" "0b1b817ede1592479c9d6470f460d70159c388e3c2658712b7e1a1cc9bf2e07e", kill_on_drop: false }`
[INFO] [stdout] 0b1b817ede1592479c9d6470f460d70159c388e3c2658712b7e1a1cc9bf2e07e
[INFO] running `Command { std: "docker" "create" "-v" "/var/lib/crater-agent-workspace/builds/worker-97/target:/opt/rustwide/target:rw,Z" "-v" "/var/lib/crater-agent-workspace/builds/worker-97/source:/opt/rustwide/workdir:ro,Z" "-v" "/var/lib/crater-agent-workspace/cargo-home:/opt/rustwide/cargo-home:ro,Z" "-v" "/var/lib/crater-agent-workspace/rustup-home:/opt/rustwide/rustup-home:ro,Z" "-e" "SOURCE_DIR=/opt/rustwide/workdir" "-e" "CARGO_TARGET_DIR=/opt/rustwide/target" "-e" "CARGO_INCREMENTAL=0" "-e" "RUST_BACKTRACE=full" "-e" "RUSTFLAGS=--cap-lints=warn" "-e" "CARGO_HOME=/opt/rustwide/cargo-home" "-e" "RUSTUP_HOME=/opt/rustwide/rustup-home" "-w" "/opt/rustwide/workdir" "-m" "1610612736" "--user" "0:0" "--network" "none" "ghcr.io/rust-lang/crates-build-env/linux@sha256:34b6a614d2c27851fe6cbf88fbd1137609cefab8b10d0615aaeb6fd47975d74e" "/opt/rustwide/cargo-home/bin/cargo" "+1.54.0" "build" "--frozen" "--message-format=json", kill_on_drop: false }`
[INFO] [stdout] 20e4246d5196763a8a4988331bf8a84eebf56b059778868e9dbefb06bb8f7415
[INFO] running `Command { std: "docker" "start" "-a" "20e4246d5196763a8a4988331bf8a84eebf56b059778868e9dbefb06bb8f7415", kill_on_drop: false }`
[INFO] [stderr]    Compiling syn v1.0.74
[INFO] [stderr]    Compiling arraygen v0.3.0 (/opt/rustwide/workdir)
[INFO] [stderr]     Finished dev [unoptimized + debuginfo] target(s) in 9.08s
[INFO] running `Command { std: "docker" "inspect" "20e4246d5196763a8a4988331bf8a84eebf56b059778868e9dbefb06bb8f7415", kill_on_drop: false }`
[INFO] running `Command { std: "docker" "rm" "-f" "20e4246d5196763a8a4988331bf8a84eebf56b059778868e9dbefb06bb8f7415", kill_on_drop: false }`
[INFO] [stdout] 20e4246d5196763a8a4988331bf8a84eebf56b059778868e9dbefb06bb8f7415
[INFO] running `Command { std: "docker" "create" "-v" "/var/lib/crater-agent-workspace/builds/worker-97/target:/opt/rustwide/target:rw,Z" "-v" "/var/lib/crater-agent-workspace/builds/worker-97/source:/opt/rustwide/workdir:ro,Z" "-v" "/var/lib/crater-agent-workspace/cargo-home:/opt/rustwide/cargo-home:ro,Z" "-v" "/var/lib/crater-agent-workspace/rustup-home:/opt/rustwide/rustup-home:ro,Z" "-e" "SOURCE_DIR=/opt/rustwide/workdir" "-e" "CARGO_TARGET_DIR=/opt/rustwide/target" "-e" "CARGO_INCREMENTAL=0" "-e" "RUST_BACKTRACE=full" "-e" "RUSTFLAGS=--cap-lints=warn" "-e" "CARGO_HOME=/opt/rustwide/cargo-home" "-e" "RUSTUP_HOME=/opt/rustwide/rustup-home" "-w" "/opt/rustwide/workdir" "-m" "1610612736" "--user" "0:0" "--network" "none" "ghcr.io/rust-lang/crates-build-env/linux@sha256:34b6a614d2c27851fe6cbf88fbd1137609cefab8b10d0615aaeb6fd47975d74e" "/opt/rustwide/cargo-home/bin/cargo" "+1.54.0" "test" "--frozen" "--no-run" "--message-format=json", kill_on_drop: false }`
[INFO] [stdout] 2dc4580335c9a156baa263173898a873d80b665d6f4c28e5c1aba9a403770b31
[INFO] running `Command { std: "docker" "start" "-a" "2dc4580335c9a156baa263173898a873d80b665d6f4c28e5c1aba9a403770b31", kill_on_drop: false }`
[INFO] [stderr]    Compiling compiletest_rs v0.7.0
[INFO] [stderr]    Compiling diff v0.1.12
[INFO] [stderr]    Compiling serde v1.0.127
[INFO] [stderr]    Compiling anyhow v1.0.42
[INFO] [stderr]    Compiling getopts v0.2.21
[INFO] [stderr]    Compiling dirs-sys-next v0.1.2
[INFO] [stderr]    Compiling serde_derive v1.0.127
[INFO] [stderr]    Compiling dirs-next v2.0.0
[INFO] [stderr]    Compiling term v0.7.0
[INFO] [stderr]    Compiling tester v0.9.0
[INFO] [stderr]    Compiling serde_json v1.0.66
[INFO] [stderr]    Compiling rustfix v0.5.1
[INFO] [stderr]    Compiling arraygen v0.3.0 (/opt/rustwide/workdir)
[INFO] [stderr] warning (Arraygen): Method 'foo' from struct 'Sut' returns an empty array.
[INFO] [stdout] warning: field is never read: `gold`
[INFO] [stdout]   --> tests/implicit_select_all_tests.rs:16:13
[INFO] [stdout]    |
[INFO] [stdout] 16 |             pub gold: f64,
[INFO] [stdout]    |             ^^^^^^^^^^^^^
[INFO] [stdout]    |
[INFO] [stdout]    = note: `#[warn(dead_code)]` on by default
[INFO] [stdout] 
[INFO] [stdout] 
[INFO] [stdout] warning: field is never read: `c`
[INFO] [stdout]   --> tests/implicit_select_all_tests.rs:70:13
[INFO] [stdout]    |
[INFO] [stdout] 70 |             pub c: f32,
[INFO] [stdout]    |             ^^^^^^^^^^
[INFO] [stdout] 
[INFO] [stdout] 
[INFO] [stdout] warning: field is never read: `b`
[INFO] [stdout]   --> tests/implicit_select_all_tests.rs:88:13
[INFO] [stdout]    |
[INFO] [stdout] 88 |             pub b: f32,
[INFO] [stdout]    |             ^^^^^^^^^^
[INFO] [stdout] 
[INFO] [stdout] 
[INFO] [stdout] warning: 3 warnings emitted
[INFO] [stdout] 
[INFO] [stdout] 
[INFO] [stderr]     Finished test [unoptimized + debuginfo] target(s) in 19.70s
[INFO] running `Command { std: "docker" "inspect" "2dc4580335c9a156baa263173898a873d80b665d6f4c28e5c1aba9a403770b31", kill_on_drop: false }`
[INFO] running `Command { std: "docker" "rm" "-f" "2dc4580335c9a156baa263173898a873d80b665d6f4c28e5c1aba9a403770b31", kill_on_drop: false }`
[INFO] [stdout] 2dc4580335c9a156baa263173898a873d80b665d6f4c28e5c1aba9a403770b31
[INFO] running `Command { std: "docker" "create" "-v" "/var/lib/crater-agent-workspace/builds/worker-97/target:/opt/rustwide/target:rw,Z" "-v" "/var/lib/crater-agent-workspace/builds/worker-97/source:/opt/rustwide/workdir:ro,Z" "-v" "/var/lib/crater-agent-workspace/cargo-home:/opt/rustwide/cargo-home:ro,Z" "-v" "/var/lib/crater-agent-workspace/rustup-home:/opt/rustwide/rustup-home:ro,Z" "-e" "SOURCE_DIR=/opt/rustwide/workdir" "-e" "CARGO_TARGET_DIR=/opt/rustwide/target" "-e" "CARGO_INCREMENTAL=0" "-e" "RUST_BACKTRACE=full" "-e" "RUSTFLAGS=--cap-lints=warn" "-e" "CARGO_HOME=/opt/rustwide/cargo-home" "-e" "RUSTUP_HOME=/opt/rustwide/rustup-home" "-w" "/opt/rustwide/workdir" "-m" "1610612736" "--user" "0:0" "--network" "none" "ghcr.io/rust-lang/crates-build-env/linux@sha256:34b6a614d2c27851fe6cbf88fbd1137609cefab8b10d0615aaeb6fd47975d74e" "/opt/rustwide/cargo-home/bin/cargo" "+1.54.0" "test" "--frozen", kill_on_drop: false }`
[INFO] [stdout] 061a44dce9d8800ed9dd65b148971203d58dad10ebc4a38ea573f2058e2d1d65
[INFO] running `Command { std: "docker" "start" "-a" "061a44dce9d8800ed9dd65b148971203d58dad10ebc4a38ea573f2058e2d1d65", kill_on_drop: false }`
[INFO] [stderr]     Blocking waiting for file lock on package cache
[INFO] [stderr] warning: field is never read: `gold`
[INFO] [stderr]   --> tests/implicit_select_all_tests.rs:16:13
[INFO] [stderr]    |
[INFO] [stderr] 16 |             pub gold: f64,
[INFO] [stderr]    |             ^^^^^^^^^^^^^
[INFO] [stderr]    |
[INFO] [stderr]    = note: `#[warn(dead_code)]` on by default
[INFO] [stderr] 
[INFO] [stderr] warning: field is never read: `c`
[INFO] [stderr]   --> tests/implicit_select_all_tests.rs:70:13
[INFO] [stderr]    |
[INFO] [stderr] 70 |             pub c: f32,
[INFO] [stderr]    |             ^^^^^^^^^^
[INFO] [stderr] 
[INFO] [stderr] warning: field is never read: `b`
[INFO] [stderr]   --> tests/implicit_select_all_tests.rs:88:13
[INFO] [stderr]    |
[INFO] [stderr] 88 |             pub b: f32,
[INFO] [stderr]    |             ^^^^^^^^^^
[INFO] [stderr] 
[INFO] [stderr] warning: 3 warnings emitted
[INFO] [stderr] 
[INFO] [stderr] warning (Arraygen): Method 'foo' from struct 'Sut' returns an empty array.
[INFO] [stderr]     Finished test [unoptimized + debuginfo] target(s) in 0.13s
[INFO] [stderr]      Running unittests (/opt/rustwide/target/debug/deps/arraygen-f3d2e8e0931bf306)
[INFO] [stdout] 
[INFO] [stdout] running 14 tests
[INFO] [stdout] test types::test::are_matching_types___between_wildcard_and_any_other_type___returns_true ... ok
[INFO] [stdout] test types::test::ty_inferred_by___compared_to_wildcard_2___returns_true ... ok
[INFO] [stdout] test types::test::ty_inferred_by___with_matching_wildcards_in_both_sides_2___returns_true ... ok
[INFO] [stdout] test types::test::ty_inferred_by___compared_to_wildcard_1___returns_true ... ok
[INFO] [stdout] test types::test::are_matching_types___with_matching_wildcards_in_both_sides___returns_true ... ok
[INFO] [stdout] test types::test::ty_inferred_by___with_matching_wildcards_in_both_sides_1___returns_true ... ok
[INFO] [stdout] test types::test::ty_inferred_by___with_exactly_same_option___returns_true ... ok
[INFO] [stdout] test types::test::ty_inferred_by___compared_to_wildcard_4___returns_true ... ok
[INFO] [stdout] test types::test::ty_inferred_by___compared_to_wildcard_5___returns_false ... ok
[INFO] [stdout] test types::test::ty_inferred_by___compared_to_wildcard_3___returns_true ... ok
[INFO] [stdout] test types::test::ty_inferred_by___with_slightly_different_complex_ty_1___returns_false ... ok
[INFO] [stdout] test types::test::ty_inferred_by___compared_to_wildcard_6___returns_true ... ok
[INFO] [stdout] test types::test::ty_inferred_by___with_exactly_same_complex_ty___returns_true ... ok
[INFO] [stdout] test types::test::ty_inferred_by___with_slightly_different_complex_ty_2___returns_false ... ok
[INFO] [stdout] 
[INFO] [stdout] test result: ok. 14 passed; 0 failed; 0 ignored; 0 measured; 0 filtered out; finished in 0.01s
[INFO] [stdout] 
[INFO] [stderr]      Running tests/arraygen_main_tests.rs (/opt/rustwide/target/debug/deps/arraygen_main_tests-cb9b2f72e8d8eb62)
[INFO] [stdout] 
[INFO] [stdout] running 6 tests
[INFO] [stderr]      Running tests/casting_tests.rs (/opt/rustwide/target/debug/deps/casting_tests-763d6cca185881a7)
[INFO] [stdout] test tests::test_arraygen___with_proper_declarations_and_duplicated_includes___generates_correct_length_methods ... ok
[INFO] [stdout] test tests::test_arraygen___with_proper_declarations_and_includes___can_return_fn_types ... ok
[INFO] [stdout] test tests::test_arraygen___with_proper_declarations_and_includes___can_return_generic_types ... ok
[INFO] [stdout] test tests::test_arraygen___with_proper_declarations_and_includes___generates_correct_length_methods ... ok
[INFO] [stdout] test tests::test_arraygen___with_proper_declarations_and_multi_includes___generates_correct_length_methods ... ok
[INFO] [stdout] test tests::test_arraygen___without_includes___generates_0_length_arrays ... ok
[INFO] [stdout] 
[INFO] [stdout] test result: ok. 6 passed; 0 failed; 0 ignored; 0 measured; 0 filtered out; finished in 0.00s
[INFO] [stdout] 
[INFO] [stdout] 
[INFO] [stdout] running 6 tests
[INFO] [stdout] test tests::test_casting_on_implicit_select_all___returns_expepcted_sum ... ok
[INFO] [stdout] test tests::test_casting_on_in_array___returns_expected_result ... ok
[INFO] [stdout] test tests::test_overrideding_cast___from_implicit_select_all_with_no_decorator___compiles_correctly ... ok
[INFO] [stdout] test tests::test_unsafe_transmute_on_in_array___between_refs___returns_expected_result ... ok
[INFO] [stdout] test tests::test_unsafe_transmute_on_in_array___from_number_to_ref___compiles_correctly ... ok
[INFO] [stdout] test tests::test_unsafe_transmute_on_in_array___returns_expected_result ... ok
[INFO] [stdout] 
[INFO] [stdout] test result: ok. 6 passed; 0 failed; 0 ignored; 0 measured; 0 filtered out; finished in 0.00s
[INFO] [stdout] 
[INFO] [stderr]      Running tests/compile_fail_tests.rs (/opt/rustwide/target/debug/deps/compile_fail_tests-1a6bb780e51132ef)
[INFO] [stdout] 
[INFO] [stdout] running 1 test
[INFO] [stdout] 
[INFO] [stdout] running 17 tests
[INFO] [stdout] test [compile-fail] compile-fail/implicit-select-all-conflicting-wildcards.rs ... FAILED
[INFO] [stdout] test [compile-fail] compile-fail/declaration-wrong-type.rs ... FAILED
[INFO] [stdout] test [compile-fail] compile-fail/implicit-select-all-duplicated-fields.rs ... FAILED
[INFO] [stdout] test [compile-fail] compile-fail/derive-on-struct-non-braced.rs ... FAILED
[INFO] [stdout] test [compile-fail] compile-fail/inclusion-decorator-empty.rs ... FAILED
[INFO] [stdout] test [compile-fail] compile-fail/implicit-select-all-duplicated-wildcards.rs ... FAILED
[INFO] [stdout] test [compile-fail] compile-fail/inclusion-decorator-wrong-place.rs ... FAILED
[INFO] [stdout] test [compile-fail] compile-fail/implicit-select-all-duplicated-types.rs ... FAILED
[INFO] [stdout] test [compile-fail] compile-fail/inclusion-wrong-syntax.rs ... FAILED
[INFO] [stdout] test [compile-fail] compile-fail/inclusion-decorator-wrong-method.rs ... FAILED
[INFO] [stdout] test [compile-fail] compile-fail/implicit-select-all-on-gen-array-with-override-implicit.rs ... FAILED
[INFO] [stdout] test [compile-fail] compile-fail/inclusion-method-not-declared.rs ... FAILED
[INFO] [stdout] test [compile-fail] compile-fail/derive-on-non-struct.rs ... FAILED
[INFO] [stdout] test [compile-fail] compile-fail/inclusion-bad-tokens.rs ... FAILED
[INFO] [stdout] test [compile-fail] compile-fail/declaration-missing-fn.rs ... FAILED
[INFO] [stdout] test [compile-fail] compile-fail/inclusion-decorator-wrong-kind.rs ... FAILED
[INFO] [stdout] test [compile-fail] compile-fail/inclusion-duplicated-method-for-field.rs ... FAILED
[INFO] [stdout] 
[INFO] [stdout] failures:
[INFO] [stdout] 
[INFO] [stdout] failures:
[INFO] [stdout]     [compile-fail] compile-fail/declaration-missing-fn.rs
[INFO] [stdout]     [compile-fail] compile-fail/declaration-wrong-type.rs
[INFO] [stdout]     [compile-fail] compile-fail/derive-on-non-struct.rs
[INFO] [stdout]     [compile-fail] compile-fail/derive-on-struct-non-braced.rs
[INFO] [stdout]     [compile-fail] compile-fail/implicit-select-all-conflicting-wildcards.rs
[INFO] [stdout]     [compile-fail] compile-fail/implicit-select-all-duplicated-fields.rs
[INFO] [stdout]     [compile-fail] compile-fail/implicit-select-all-duplicated-types.rs
[INFO] [stdout]     [compile-fail] compile-fail/implicit-select-all-duplicated-wildcards.rs
[INFO] [stdout]     [compile-fail] compile-fail/implicit-select-all-on-gen-array-with-override-implicit.rs
[INFO] [stdout]     [compile-fail] compile-fail/inclusion-bad-tokens.rs
[INFO] [stdout]     [compile-fail] compile-fail/inclusion-decorator-empty.rs
[INFO] [stdout]     [compile-fail] compile-fail/inclusion-decorator-wrong-kind.rs
[INFO] [stdout]     [compile-fail] compile-fail/inclusion-decorator-wrong-method.rs
[INFO] [stdout]     [compile-fail] compile-fail/inclusion-decorator-wrong-place.rs
[INFO] [stdout]     [compile-fail] compile-fail/inclusion-duplicated-method-for-field.rs
[INFO] [stdout]     [compile-fail] compile-fail/inclusion-method-not-declared.rs
[INFO] [stdout]     [compile-fail] compile-fail/inclusion-wrong-syntax.rs
[INFO] [stdout] 
[INFO] [stdout] test result: FAILED. 0 passed; 17 failed; 0 ignored; 0 measured; 0 filtered out; finished in 0.39s
[INFO] [stdout] 
[INFO] [stdout] test compile_test ... FAILED
[INFO] [stdout] 
[INFO] [stdout] failures:
[INFO] [stdout] 
[INFO] [stdout] ---- compile_test stdout ----
[INFO] [stdout] 
[INFO] [stdout] error: tests/compile-fail/implicit-select-all-conflicting-wildcards.rs:3: unexpected error: '3:1: 3:23: can't find crate for `arraygen` [E0463]'
[INFO] [stdout] 
[INFO] [stdout] error: tests/compile-fail/implicit-select-all-conflicting-wildcards.rs:8: expected error not found: 8:63: 8:72: gen_array method 'my_array' contains implicit_select_all clause with duplicated 'Option < _ >' type
[INFO] [stdout] 
[INFO] [stdout] error: tests/compile-fail/implicit-select-all-conflicting-wildcards.rs:14: expected error not found: 14:71: 14:72: gen_array method 'my_array' contains implicit_select_all clause with duplicated '_' type
[INFO] [stdout] 
[INFO] [stdout] error: tests/compile-fail/implicit-select-all-conflicting-wildcards.rs:20: expected error not found: 20:63: 20:74: gen_array method 'my_array' contains implicit_select_all clause with duplicated 'Option < f32 >' type
[INFO] [stdout] 
[INFO] [stdout] error: tests/compile-fail/implicit-select-all-conflicting-wildcards.rs:26: expected error not found: 26:74: 26:75: gen_array method 'my_array' contains implicit_select_all clause with duplicated '_' type
[INFO] [stdout] 
[INFO] [stdout] error: tests/compile-fail/implicit-select-all-conflicting-wildcards.rs:32: expected error not found: 32:71: 32:82: gen_array method 'my_array' contains implicit_select_all clause with duplicated 'Option < f32 >' type
[INFO] [stdout] 
[INFO] [stdout] error: tests/compile-fail/implicit-select-all-conflicting-wildcards.rs:38: expected error not found: 38:74: 38:83: gen_array method 'my_array' contains implicit_select_all clause with duplicated 'Option < _ >' type
[INFO] [stdout] 
[INFO] [stdout] error: tests/compile-fail/implicit-select-all-conflicting-wildcards.rs:44: expected error not found: 44:82: 44:96: gen_array method 'my_array' contains implicit_select_all clause with duplicated 'Result < f32, _ >' type
[INFO] [stdout] 
[INFO] [stdout] error: tests/compile-fail/implicit-select-all-conflicting-wildcards.rs:50: expected error not found: 50:98: 50:120: gen_array method 'my_array' contains implicit_select_all clause with duplicated 'Option < Result < f32, _ > >' type
[INFO] [stdout] 
[INFO] [stdout] error: tests/compile-fail/implicit-select-all-conflicting-wildcards.rs:56: expected error not found: 56:114: 56:144: gen_array method 'my_array' contains implicit_select_all clause with duplicated 'Result < Option < f32 >, Option < _ > >' type
[INFO] [stdout] 
[INFO] [stdout] error: tests/compile-fail/implicit-select-all-conflicting-wildcards.rs:62: expected error not found: 62:62: 62:63: gen_array method 'my_array' contains implicit_select_all clause with duplicated '_' type
[INFO] [stdout] 
[INFO] [stdout] error: 1 unexpected errors found, 10 expected errors not found
[INFO] [stdout] status: exit status: 1
[INFO] [stdout] command: "rustc" "tests/compile-fail/implicit-select-all-conflicting-wildcards.rs" "-L" "/tmp" "--target=x86_64-unknown-linux-gnu" "--error-format" "json" "-C" "prefer-dynamic" "-o" "/tmp/implicit-select-all-conflicting-wildcards.stage-id" "-A" "unused" "-L" "target/debug" "-L" "target/debug/deps" "-L" "/tmp/implicit-select-all-conflicting-wildcards.stage-id.aux"
[INFO] [stdout] unexpected errors (from JSON output): [
[INFO] [stdout]     Error {
[INFO] [stdout]         line_num: 3,
[INFO] [stdout]         kind: Some(
[INFO] [stdout]             Error,
[INFO] [stdout]         ),
[INFO] [stdout]         msg: "3:1: 3:23: can't find crate for `arraygen` [E0463]",
[INFO] [stdout]     },
[INFO] [stdout] ]
[INFO] [stdout] 
[INFO] [stdout] not found errors (from test file): [
[INFO] [stdout]     Error {
[INFO] [stdout]         line_num: 8,
[INFO] [stdout]         kind: Some(
[INFO] [stdout]             Error,
[INFO] [stdout]         ),
[INFO] [stdout]         msg: "8:63: 8:72: gen_array method 'my_array' contains implicit_select_all clause with duplicated 'Option < _ >' type",
[INFO] [stdout]     },
[INFO] [stdout]     Error {
[INFO] [stdout]         line_num: 14,
[INFO] [stdout]         kind: Some(
[INFO] [stdout]             Error,
[INFO] [stdout]         ),
[INFO] [stdout]         msg: "14:71: 14:72: gen_array method 'my_array' contains implicit_select_all clause with duplicated '_' type",
[INFO] [stdout]     },
[INFO] [stdout]     Error {
[INFO] [stdout]         line_num: 20,
[INFO] [stdout]         kind: Some(
[INFO] [stdout]             Error,
[INFO] [stdout]         ),
[INFO] [stdout]         msg: "20:63: 20:74: gen_array method 'my_array' contains implicit_select_all clause with duplicated 'Option < f32 >' type",
[INFO] [stdout]     },
[INFO] [stdout]     Error {
[INFO] [stdout]         line_num: 26,
[INFO] [stdout]         kind: Some(
[INFO] [stdout]             Error,
[INFO] [stdout]         ),
[INFO] [stdout]         msg: "26:74: 26:75: gen_array method 'my_array' contains implicit_select_all clause with duplicated '_' type",
[INFO] [stdout]     },
[INFO] [stdout]     Error {
[INFO] [stdout]         line_num: 32,
[INFO] [stdout]         kind: Some(
[INFO] [stdout]             Error,
[INFO] [stdout]         ),
[INFO] [stdout]         msg: "32:71: 32:82: gen_array method 'my_array' contains implicit_select_all clause with duplicated 'Option < f32 >' type",
[INFO] [stdout]     },
[INFO] [stdout]     Error {
[INFO] [stdout]         line_num: 38,
[INFO] [stdout]         kind: Some(
[INFO] [stdout]             Error,
[INFO] [stdout]         ),
[INFO] [stdout]         msg: "38:74: 38:83: gen_array method 'my_array' contains implicit_select_all clause with duplicated 'Option < _ >' type",
[INFO] [stdout]     },
[INFO] [stdout]     Error {
[INFO] [stdout]         line_num: 44,
[INFO] [stdout]         kind: Some(
[INFO] [stdout]             Error,
[INFO] [stdout]         ),
[INFO] [stdout]         msg: "44:82: 44:96: gen_array method 'my_array' contains implicit_select_all clause with duplicated 'Result < f32, _ >' type",
[INFO] [stdout]     },
[INFO] [stdout]     Error {
[INFO] [stdout]         line_num: 50,
[INFO] [stdout]         kind: Some(
[INFO] [stdout]             Error,
[INFO] [stdout]         ),
[INFO] [stdout]         msg: "50:98: 50:120: gen_array method 'my_array' contains implicit_select_all clause with duplicated 'Option < Result < f32, _ > >' type",
[INFO] [stdout]     },
[INFO] [stdout]     Error {
[INFO] [stdout]         line_num: 56,
[INFO] [stdout]         kind: Some(
[INFO] [stdout]             Error,
[INFO] [stdout]         ),
[INFO] [stdout]         msg: "56:114: 56:144: gen_array method 'my_array' contains implicit_select_all clause with duplicated 'Result < Option < f32 >, Option < _ > >' type",
[INFO] [stdout]     },
[INFO] [stdout]     Error {
[INFO] [stdout]         line_num: 62,
[INFO] [stdout]         kind: Some(
[INFO] [stdout]             Error,
[INFO] [stdout]         ),
[INFO] [stdout]         msg: "62:62: 62:63: gen_array method 'my_array' contains implicit_select_all clause with duplicated '_' type",
[INFO] [stdout]     },
[INFO] [stdout] ]
[INFO] [stdout] 
[INFO] [stdout] thread '[compile-fail] compile-fail/implicit-select-all-conflicting-wildcards.rs' panicked at 'explicit panic', /opt/rustwide/cargo-home/registry/src/github.com-1ecc6299db9ec823/compiletest_rs-0.7.0/src/runtest.rs:1092:13
[INFO] [stdout] stack backtrace:
[INFO] [stdout]    0:     0x560c4d4ea050 - std::backtrace_rs::backtrace::libunwind::trace::h34055254b57d8e79
[INFO] [stdout]                                at /rustc/a178d0322ce20e33eac124758e837cbd80a6f633/library/std/src/../../backtrace/src/backtrace/libunwind.rs:90:5
[INFO] [stdout]    1:     0x560c4d4ea050 - std::backtrace_rs::backtrace::trace_unsynchronized::h8f1e3fbd9afff6ec
[INFO] [stdout]                                at /rustc/a178d0322ce20e33eac124758e837cbd80a6f633/library/std/src/../../backtrace/src/backtrace/mod.rs:66:5
[INFO] [stdout]    2:     0x560c4d4ea050 - std::sys_common::backtrace::_print_fmt::h3a99a796b770c360
[INFO] [stdout]                                at /rustc/a178d0322ce20e33eac124758e837cbd80a6f633/library/std/src/sys_common/backtrace.rs:67:5
[INFO] [stdout]    3:     0x560c4d4ea050 - <std::sys_common::backtrace::_print::DisplayBacktrace as core::fmt::Display>::fmt::h32d1f94a80615d18
[INFO] [stdout]                                at /rustc/a178d0322ce20e33eac124758e837cbd80a6f633/library/std/src/sys_common/backtrace.rs:46:22
[INFO] [stdout]    4:     0x560c4d50f13c - core::fmt::write::h306731c068f7162c
[INFO] [stdout]                                at /rustc/a178d0322ce20e33eac124758e837cbd80a6f633/library/core/src/fmt/mod.rs:1110:17
[INFO] [stdout]    5:     0x560c4d4e61d5 - std::io::Write::write_fmt::h87f19b0a2cd190bc
[INFO] [stdout]                                at /rustc/a178d0322ce20e33eac124758e837cbd80a6f633/library/std/src/io/mod.rs:1588:15
[INFO] [stdout]    6:     0x560c4d4ecd5b - std::sys_common::backtrace::_print::h5abaa2601a852287
[INFO] [stdout]                                at /rustc/a178d0322ce20e33eac124758e837cbd80a6f633/library/std/src/sys_common/backtrace.rs:49:5
[INFO] [stdout]    7:     0x560c4d4ecd5b - std::sys_common::backtrace::print::h8d81445442bb638f
[INFO] [stdout]                                at /rustc/a178d0322ce20e33eac124758e837cbd80a6f633/library/std/src/sys_common/backtrace.rs:36:9
[INFO] [stdout]    8:     0x560c4d4ecd5b - std::panicking::default_hook::{{closure}}::hcfe804496a9fa747
[INFO] [stdout]                                at /rustc/a178d0322ce20e33eac124758e837cbd80a6f633/library/std/src/panicking.rs:208:50
[INFO] [stdout]    9:     0x560c4d4ec86c - std::panicking::default_hook::hbea8e3ccf2ba8901
[INFO] [stdout]                                at /rustc/a178d0322ce20e33eac124758e837cbd80a6f633/library/std/src/panicking.rs:222:9
[INFO] [stdout]   10:     0x560c4d4ed424 - std::panicking::rust_panic_with_hook::h7ee9e1a2d0f8975a
[INFO] [stdout]                                at /rustc/a178d0322ce20e33eac124758e837cbd80a6f633/library/std/src/panicking.rs:622:17
[INFO] [stdout]   11:     0x560c4d4c47b3 - std::panicking::begin_panic::{{closure}}::haa2259a5d090943e
[INFO] [stdout]                                at /rustc/a178d0322ce20e33eac124758e837cbd80a6f633/library/std/src/panicking.rs:542:9
[INFO] [stdout]   12:     0x560c4d4c8549 - std::sys_common::backtrace::__rust_end_short_backtrace::hab24bff5d543af40
[INFO] [stdout]                                at /rustc/a178d0322ce20e33eac124758e837cbd80a6f633/library/std/src/sys_common/backtrace.rs:141:18
[INFO] [stdout]   13:     0x560c4d4c46e9 - std::panicking::begin_panic::hb0ad47222346dbe6
[INFO] [stdout]                                at /rustc/a178d0322ce20e33eac124758e837cbd80a6f633/library/std/src/panicking.rs:541:12
[INFO] [stdout]   14:     0x560c4d14e8f9 - compiletest_rs::runtest::TestCx::check_expected_errors::h64f2aae523bf8b2a
[INFO] [stdout]                                at /opt/rustwide/cargo-home/registry/src/github.com-1ecc6299db9ec823/compiletest_rs-0.7.0/src/runtest.rs:1092:13
[INFO] [stdout]   15:     0x560c4d1403e1 - compiletest_rs::runtest::TestCx::run_cfail_test::he3358de483f47afe
[INFO] [stdout]                                at /opt/rustwide/cargo-home/registry/src/github.com-1ecc6299db9ec823/compiletest_rs-0.7.0/src/runtest.rs:179:13
[INFO] [stdout]   16:     0x560c4d13ff4e - compiletest_rs::runtest::TestCx::run_revision::h72cbfbf7b43a3f32
[INFO] [stdout]                                at /opt/rustwide/cargo-home/registry/src/github.com-1ecc6299db9ec823/compiletest_rs-0.7.0/src/runtest.rs:131:26
[INFO] [stdout]   17:     0x560c4d13fbd3 - compiletest_rs::runtest::run::h6336811a04fb4082
[INFO] [stdout]                                at /opt/rustwide/cargo-home/registry/src/github.com-1ecc6299db9ec823/compiletest_rs-0.7.0/src/runtest.rs:83:9
[INFO] [stdout]   18:     0x560c4d13db95 - compiletest_rs::make_test_closure::{{closure}}::hbcca4793d0ed1d85
[INFO] [stdout]                                at /opt/rustwide/cargo-home/registry/src/github.com-1ecc6299db9ec823/compiletest_rs-0.7.0/src/lib.rs:296:9
[INFO] [stdout]   19:     0x560c4d11351e - core::ops::function::FnOnce::call_once{{vtable.shim}}::he441ac4c8453f066
[INFO] [stdout]                                at /rustc/a178d0322ce20e33eac124758e837cbd80a6f633/library/core/src/ops/function.rs:227:5
[INFO] [stdout]   20:     0x560c4d451b4d - <alloc::boxed::Box<F,A> as core::ops::function::FnOnce<Args>>::call_once::ha52a141f56ec4898
[INFO] [stdout]                                at /rustc/a178d0322ce20e33eac124758e837cbd80a6f633/library/alloc/src/boxed.rs:1575:9
[INFO] [stdout]   21:     0x560c4d40ac94 - tester::__rust_begin_short_backtrace::h6cff7acf104910bb
[INFO] [stdout]                                at /opt/rustwide/cargo-home/registry/src/github.com-1ecc6299db9ec823/tester-0.9.0/src/lib.rs:516:5
[INFO] [stdout]   22:     0x560c4d40a463 - tester::run_test::{{closure}}::h67c927a7bbd9d821
[INFO] [stdout]                                at /opt/rustwide/cargo-home/registry/src/github.com-1ecc6299db9ec823/tester-0.9.0/src/lib.rs:500:34
[INFO] [stdout]   23:     0x560c4d420b68 - core::ops::function::FnOnce::call_once{{vtable.shim}}::h26721d02db9fc0b5
[INFO] [stdout]                                at /rustc/a178d0322ce20e33eac124758e837cbd80a6f633/library/core/src/ops/function.rs:227:5
[INFO] [stdout]   24:     0x560c4d451b4d - <alloc::boxed::Box<F,A> as core::ops::function::FnOnce<Args>>::call_once::ha52a141f56ec4898
[INFO] [stdout]                                at /rustc/a178d0322ce20e33eac124758e837cbd80a6f633/library/alloc/src/boxed.rs:1575:9
[INFO] [stdout]   25:     0x560c4d426e94 - <std::panic::AssertUnwindSafe<F> as core::ops::function::FnOnce<()>>::call_once::hdca2cf0a608e13dc
[INFO] [stdout]                                at /rustc/a178d0322ce20e33eac124758e837cbd80a6f633/library/std/src/panic.rs:347:9
[INFO] [stdout]   26:     0x560c4d40d28d - std::panicking::try::do_call::h98818cfea144712d
[INFO] [stdout]                                at /rustc/a178d0322ce20e33eac124758e837cbd80a6f633/library/std/src/panicking.rs:401:40
[INFO] [stdout]   27:     0x560c4d40f9ed - __rust_try
[INFO] [stdout]   28:     0x560c4d40ce6d - std::panicking::try::h5fb1ad06fd5a5f1e
[INFO] [stdout]                                at /rustc/a178d0322ce20e33eac124758e837cbd80a6f633/library/std/src/panicking.rs:365:19
[INFO] [stdout]   29:     0x560c4d427664 - std::panic::catch_unwind::h9568752f65e9d248
[INFO] [stdout]                                at /rustc/a178d0322ce20e33eac124758e837cbd80a6f633/library/std/src/panic.rs:434:14
[INFO] [stdout]   30:     0x560c4d40aed2 - tester::run_test_in_process::h2643b45c8131cf82
[INFO] [stdout]                                at /opt/rustwide/cargo-home/registry/src/github.com-1ecc6299db9ec823/tester-0.9.0/src/lib.rs:539:18
[INFO] [stdout]   31:     0x560c4d40abbc - tester::run_test::run_test_inner::{{closure}}::h83c5b096f69402e5
[INFO] [stdout]                                at /opt/rustwide/cargo-home/registry/src/github.com-1ecc6299db9ec823/tester-0.9.0/src/lib.rs:449:39
[INFO] [stdout]   32:     0x560c4d3f98a3 - std::sys_common::backtrace::__rust_begin_short_backtrace::h241b3d3a15b94b87
[INFO] [stdout]                                at /rustc/a178d0322ce20e33eac124758e837cbd80a6f633/library/std/src/sys_common/backtrace.rs:125:18
[INFO] [stdout]   33:     0x560c4d43b2d0 - std::thread::Builder::spawn_unchecked::{{closure}}::{{closure}}::hd0b25529d1dd1cfc
[INFO] [stdout]                                at /rustc/a178d0322ce20e33eac124758e837cbd80a6f633/library/std/src/thread/mod.rs:481:17
[INFO] [stdout]   34:     0x560c4d426e74 - <std::panic::AssertUnwindSafe<F> as core::ops::function::FnOnce<()>>::call_once::hd2dc9a7e22622d4a
[INFO] [stdout]                                at /rustc/a178d0322ce20e33eac124758e837cbd80a6f633/library/std/src/panic.rs:347:9
[INFO] [stdout]   35:     0x560c4d40d192 - std::panicking::try::do_call::h2fef021fb3fc44fb
[INFO] [stdout]                                at /rustc/a178d0322ce20e33eac124758e837cbd80a6f633/library/std/src/panicking.rs:401:40
[INFO] [stdout]   36:     0x560c4d40f9ed - __rust_try
[INFO] [stdout]   37:     0x560c4d40cf67 - std::panicking::try::hda368864b5d20fb5
[INFO] [stdout]                                at /rustc/a178d0322ce20e33eac124758e837cbd80a6f633/library/std/src/panicking.rs:365:19
[INFO] [stdout]   38:     0x560c4d427604 - std::panic::catch_unwind::h11e1a579edfd9639
[INFO] [stdout]                                at /rustc/a178d0322ce20e33eac124758e837cbd80a6f633/library/std/src/panic.rs:434:14
[INFO] [stdout]   39:     0x560c4d43b0de - std::thread::Builder::spawn_unchecked::{{closure}}::h78be7fe794236d48
[INFO] [stdout]                                at /rustc/a178d0322ce20e33eac124758e837cbd80a6f633/library/std/src/thread/mod.rs:480:30
[INFO] [stdout]   40:     0x560c4d420bbf - core::ops::function::FnOnce::call_once{{vtable.shim}}::h594aedcaa511e812
[INFO] [stdout]                                at /rustc/a178d0322ce20e33eac124758e837cbd80a6f633/library/core/src/ops/function.rs:227:5
[INFO] [stdout]   41:     0x560c4d4f3287 - <alloc::boxed::Box<F,A> as core::ops::function::FnOnce<Args>>::call_once::h7ece6cfefaff1005
[INFO] [stdout]                                at /rustc/a178d0322ce20e33eac124758e837cbd80a6f633/library/alloc/src/boxed.rs:1575:9
[INFO] [stdout]   42:     0x560c4d4f3287 - <alloc::boxed::Box<F,A> as core::ops::function::FnOnce<Args>>::call_once::hb8b48e55c21f193e
[INFO] [stdout]                                at /rustc/a178d0322ce20e33eac124758e837cbd80a6f633/library/alloc/src/boxed.rs:1575:9
[INFO] [stdout]   43:     0x560c4d4f3287 - std::sys::unix::thread::Thread::new::thread_start::h8c7c4450dba62914
[INFO] [stdout]                                at /rustc/a178d0322ce20e33eac124758e837cbd80a6f633/library/std/src/sys/unix/thread.rs:71:17
[INFO] [stdout]   44:     0x7feea56d1609 - start_thread
[INFO] [stdout]   45:     0x7feea54a3293 - clone
[INFO] [stdout]   46:                0x0 - <unknown>
[INFO] [stdout] 
[INFO] [stdout] error: tests/compile-fail/declaration-wrong-type.rs:3: unexpected error: '3:1: 3:23: can't find crate for `arraygen` [E0463]'
[INFO] [stdout] 
[INFO] [stdout] error: tests/compile-fail/declaration-wrong-type.rs:8: expected error not found: 8:12: 8:29: expected `:`
[INFO] [stdout] 
[INFO] [stdout] error: 1 unexpected errors found, 1 expected errors not found
[INFO] [stdout] status: exit status: 1
[INFO] [stdout] command: "rustc" "tests/compile-fail/declaration-wrong-type.rs" "-L" "/tmp" "--target=x86_64-unknown-linux-gnu" "--error-format" "json" "-C" "prefer-dynamic" "-o" "/tmp/declaration-wrong-type.stage-id" "-A" "unused" "-L" "target/debug" "-L" "target/debug/deps" "-L" "/tmp/declaration-wrong-type.stage-id.aux"
[INFO] [stdout] unexpected errors (from JSON output): [
[INFO] [stdout]     Error {
[INFO] [stdout]         line_num: 3,
[INFO] [stdout]         kind: Some(
[INFO] [stdout]             Error,
[INFO] [stdout]         ),
[INFO] [stdout]         msg: "3:1: 3:23: can't find crate for `arraygen` [E0463]",
[INFO] [stdout]     },
[INFO] [stdout] ]
[INFO] [stdout] 
[INFO] [stdout] not found errors (from test file): [
[INFO] [stdout]     Error {
[INFO] [stdout]         line_num: 8,
[INFO] [stdout]         kind: Some(
[INFO] [stdout]             Error,
[INFO] [stdout]         ),
[INFO] [stdout]         msg: "8:12: 8:29: expected `:`",
[INFO] [stdout]     },
[INFO] [stdout] ]
[INFO] [stdout] 
[INFO] [stdout] thread '[compile-fail] compile-fail/declaration-wrong-type.rs' panicked at 'explicit panic', /opt/rustwide/cargo-home/registry/src/github.com-1ecc6299db9ec823/compiletest_rs-0.7.0/src/runtest.rs:1092:13
[INFO] [stdout] stack backtrace:
[INFO] [stdout]    0:     0x560c4d4ea050 - std::backtrace_rs::backtrace::libunwind::trace::h34055254b57d8e79
[INFO] [stdout]                                at /rustc/a178d0322ce20e33eac124758e837cbd80a6f633/library/std/src/../../backtrace/src/backtrace/libunwind.rs:90:5
[INFO] [stdout]    1:     0x560c4d4ea050 - std::backtrace_rs::backtrace::trace_unsynchronized::h8f1e3fbd9afff6ec
[INFO] [stdout]                                at /rustc/a178d0322ce20e33eac124758e837cbd80a6f633/library/std/src/../../backtrace/src/backtrace/mod.rs:66:5
[INFO] [stdout]    2:     0x560c4d4ea050 - std::sys_common::backtrace::_print_fmt::h3a99a796b770c360
[INFO] [stdout]                                at /rustc/a178d0322ce20e33eac124758e837cbd80a6f633/library/std/src/sys_common/backtrace.rs:67:5
[INFO] [stdout]    3:     0x560c4d4ea050 - <std::sys_common::backtrace::_print::DisplayBacktrace as core::fmt::Display>::fmt::h32d1f94a80615d18
[INFO] [stdout]                                at /rustc/a178d0322ce20e33eac124758e837cbd80a6f633/library/std/src/sys_common/backtrace.rs:46:22
[INFO] [stdout]    4:     0x560c4d50f13c - core::fmt::write::h306731c068f7162c
[INFO] [stdout]                                at /rustc/a178d0322ce20e33eac124758e837cbd80a6f633/library/core/src/fmt/mod.rs:1110:17
[INFO] [stdout]    5:     0x560c4d4e61d5 - std::io::Write::write_fmt::h87f19b0a2cd190bc
[INFO] [stdout]                                at /rustc/a178d0322ce20e33eac124758e837cbd80a6f633/library/std/src/io/mod.rs:1588:15
[INFO] [stdout]    6:     0x560c4d4ecd5b - std::sys_common::backtrace::_print::h5abaa2601a852287
[INFO] [stdout]                                at /rustc/a178d0322ce20e33eac124758e837cbd80a6f633/library/std/src/sys_common/backtrace.rs:49:5
[INFO] [stdout]    7:     0x560c4d4ecd5b - std::sys_common::backtrace::print::h8d81445442bb638f
[INFO] [stdout]                                at /rustc/a178d0322ce20e33eac124758e837cbd80a6f633/library/std/src/sys_common/backtrace.rs:36:9
[INFO] [stdout]    8:     0x560c4d4ecd5b - std::panicking::default_hook::{{closure}}::hcfe804496a9fa747
[INFO] [stdout]                                at /rustc/a178d0322ce20e33eac124758e837cbd80a6f633/library/std/src/panicking.rs:208:50
[INFO] [stdout]    9:     0x560c4d4ec86c - std::panicking::default_hook::hbea8e3ccf2ba8901
[INFO] [stdout]                                at /rustc/a178d0322ce20e33eac124758e837cbd80a6f633/library/std/src/panicking.rs:222:9
[INFO] [stdout]   10:     0x560c4d4ed424 - std::panicking::rust_panic_with_hook::h7ee9e1a2d0f8975a
[INFO] [stdout]                                at /rustc/a178d0322ce20e33eac124758e837cbd80a6f633/library/std/src/panicking.rs:622:17
[INFO] [stdout]   11:     0x560c4d4c47b3 - std::panicking::begin_panic::{{closure}}::haa2259a5d090943e
[INFO] [stdout]                                at /rustc/a178d0322ce20e33eac124758e837cbd80a6f633/library/std/src/panicking.rs:542:9
[INFO] [stdout]   12:     0x560c4d4c8549 - std::sys_common::backtrace::__rust_end_short_backtrace::hab24bff5d543af40
[INFO] [stdout]                                at /rustc/a178d0322ce20e33eac124758e837cbd80a6f633/library/std/src/sys_common/backtrace.rs:141:18
[INFO] [stdout]   13:     0x560c4d4c46e9 - std::panicking::begin_panic::hb0ad47222346dbe6
[INFO] [stdout]                                at /rustc/a178d0322ce20e33eac124758e837cbd80a6f633/library/std/src/panicking.rs:541:12
[INFO] [stdout]   14:     0x560c4d14e8f9 - compiletest_rs::runtest::TestCx::check_expected_errors::h64f2aae523bf8b2a
[INFO] [stdout]                                at /opt/rustwide/cargo-home/registry/src/github.com-1ecc6299db9ec823/compiletest_rs-0.7.0/src/runtest.rs:1092:13
[INFO] [stdout]   15:     0x560c4d1403e1 - compiletest_rs::runtest::TestCx::run_cfail_test::he3358de483f47afe
[INFO] [stdout]                                at /opt/rustwide/cargo-home/registry/src/github.com-1ecc6299db9ec823/compiletest_rs-0.7.0/src/runtest.rs:179:13
[INFO] [stdout]   16:     0x560c4d13ff4e - compiletest_rs::runtest::TestCx::run_revision::h72cbfbf7b43a3f32
[INFO] [stdout]                                at /opt/rustwide/cargo-home/registry/src/github.com-1ecc6299db9ec823/compiletest_rs-0.7.0/src/runtest.rs:131:26
[INFO] [stdout]   17:     0x560c4d13fbd3 - compiletest_rs::runtest::run::h6336811a04fb4082
[INFO] [stdout]                                at /opt/rustwide/cargo-home/registry/src/github.com-1ecc6299db9ec823/compiletest_rs-0.7.0/src/runtest.rs:83:9
[INFO] [stdout]   18:     0x560c4d13db95 - compiletest_rs::make_test_closure::{{closure}}::hbcca4793d0ed1d85
[INFO] [stdout]                                at /opt/rustwide/cargo-home/registry/src/github.com-1ecc6299db9ec823/compiletest_rs-0.7.0/src/lib.rs:296:9
[INFO] [stdout]   19:     0x560c4d11351e - core::ops::function::FnOnce::call_once{{vtable.shim}}::he441ac4c8453f066
[INFO] [stdout]                                at /rustc/a178d0322ce20e33eac124758e837cbd80a6f633/library/core/src/ops/function.rs:227:5
[INFO] [stdout]   20:     0x560c4d451b4d - <alloc::boxed::Box<F,A> as core::ops::function::FnOnce<Args>>::call_once::ha52a141f56ec4898
[INFO] [stdout]                                at /rustc/a178d0322ce20e33eac124758e837cbd80a6f633/library/alloc/src/boxed.rs:1575:9
[INFO] [stdout]   21:     0x560c4d40ac94 - tester::__rust_begin_short_backtrace::h6cff7acf104910bb
[INFO] [stdout]                                at /opt/rustwide/cargo-home/registry/src/github.com-1ecc6299db9ec823/tester-0.9.0/src/lib.rs:516:5
[INFO] [stdout]   22:     0x560c4d40a463 - tester::run_test::{{closure}}::h67c927a7bbd9d821
[INFO] [stdout]                                at /opt/rustwide/cargo-home/registry/src/github.com-1ecc6299db9ec823/tester-0.9.0/src/lib.rs:500:34
[INFO] [stdout]   23:     0x560c4d420b68 - core::ops::function::FnOnce::call_once{{vtable.shim}}::h26721d02db9fc0b5
[INFO] [stdout]                                at /rustc/a178d0322ce20e33eac124758e837cbd80a6f633/library/core/src/ops/function.rs:227:5
[INFO] [stdout]   24:     0x560c4d451b4d - <alloc::boxed::Box<F,A> as core::ops::function::FnOnce<Args>>::call_once::ha52a141f56ec4898
[INFO] [stdout]                                at /rustc/a178d0322ce20e33eac124758e837cbd80a6f633/library/alloc/src/boxed.rs:1575:9
[INFO] [stdout]   25:     0x560c4d426e94 - <std::panic::AssertUnwindSafe<F> as core::ops::function::FnOnce<()>>::call_once::hdca2cf0a608e13dc
[INFO] [stdout]                                at /rustc/a178d0322ce20e33eac124758e837cbd80a6f633/library/std/src/panic.rs:347:9
[INFO] [stdout]   26:     0x560c4d40d28d - std::panicking::try::do_call::h98818cfea144712d
[INFO] [stdout]                                at /rustc/a178d0322ce20e33eac124758e837cbd80a6f633/library/std/src/panicking.rs:401:40
[INFO] [stdout]   27:     0x560c4d40f9ed - __rust_try
[INFO] [stdout]   28:     0x560c4d40ce6d - std::panicking::try::h5fb1ad06fd5a5f1e
[INFO] [stdout]                                at /rustc/a178d0322ce20e33eac124758e837cbd80a6f633/library/std/src/panicking.rs:365:19
[INFO] [stdout]   29:     0x560c4d427664 - std::panic::catch_unwind::h9568752f65e9d248
[INFO] [stdout]                                at /rustc/a178d0322ce20e33eac124758e837cbd80a6f633/library/std/src/panic.rs:434:14
[INFO] [stdout]   30:     0x560c4d40aed2 - tester::run_test_in_process::h2643b45c8131cf82
[INFO] [stdout]                                at /opt/rustwide/cargo-home/registry/src/github.com-1ecc6299db9ec823/tester-0.9.0/src/lib.rs:539:18
[INFO] [stdout]   31:     0x560c4d40abbc - tester::run_test::run_test_inner::{{closure}}::h83c5b096f69402e5
[INFO] [stdout]                                at /opt/rustwide/cargo-home/registry/src/github.com-1ecc6299db9ec823/tester-0.9.0/src/lib.rs:449:39
[INFO] [stdout]   32:     0x560c4d3f98a3 - std::sys_common::backtrace::__rust_begin_short_backtrace::h241b3d3a15b94b87
[INFO] [stdout]                                at /rustc/a178d0322ce20e33eac124758e837cbd80a6f633/library/std/src/sys_common/backtrace.rs:125:18
[INFO] [stdout]   33:     0x560c4d43b2d0 - std::thread::Builder::spawn_unchecked::{{closure}}::{{closure}}::hd0b25529d1dd1cfc
[INFO] [stdout]                                at /rustc/a178d0322ce20e33eac124758e837cbd80a6f633/library/std/src/thread/mod.rs:481:17
[INFO] [stdout]   34:     0x560c4d426e74 - <std::panic::AssertUnwindSafe<F> as core::ops::function::FnOnce<()>>::call_once::hd2dc9a7e22622d4a
[INFO] [stdout]                                at /rustc/a178d0322ce20e33eac124758e837cbd80a6f633/library/std/src/panic.rs:347:9
[INFO] [stdout]   35:     0x560c4d40d192 - std::panicking::try::do_call::h2fef021fb3fc44fb
[INFO] [stdout]                                at /rustc/a178d0322ce20e33eac124758e837cbd80a6f633/library/std/src/panicking.rs:401:40
[INFO] [stdout]   36:     0x560c4d40f9ed - __rust_try
[INFO] [stdout]   37:     0x560c4d40cf67 - std::panicking::try::hda368864b5d20fb5
[INFO] [stdout]                                at /rustc/a178d0322ce20e33eac124758e837cbd80a6f633/library/std/src/panicking.rs:365:19
[INFO] [stdout]   38:     0x560c4d427604 - std::panic::catch_unwind::h11e1a579edfd9639
[INFO] [stdout]                                at /rustc/a178d0322ce20e33eac124758e837cbd80a6f633/library/std/src/panic.rs:434:14
[INFO] [stdout]   39:     0x560c4d43b0de - std::thread::Builder::spawn_unchecked::{{closure}}::h78be7fe794236d48
[INFO] [stdout]                                at /rustc/a178d0322ce20e33eac124758e837cbd80a6f633/library/std/src/thread/mod.rs:480:30
[INFO] [stdout]   40:     0x560c4d420bbf - core::ops::function::FnOnce::call_once{{vtable.shim}}::h594aedcaa511e812
[INFO] [stdout]                                at /rustc/a178d0322ce20e33eac124758e837cbd80a6f633/library/core/src/ops/function.rs:227:5
[INFO] [stdout]   41:     0x560c4d4f3287 - <alloc::boxed::Box<F,A> as core::ops::function::FnOnce<Args>>::call_once::h7ece6cfefaff1005
[INFO] [stdout]                                at /rustc/a178d0322ce20e33eac124758e837cbd80a6f633/library/alloc/src/boxed.rs:1575:9
[INFO] [stdout]   42:     0x560c4d4f3287 - <alloc::boxed::Box<F,A> as core::ops::function::FnOnce<Args>>::call_once::hb8b48e55c21f193e
[INFO] [stdout]                                at /rustc/a178d0322ce20e33eac124758e837cbd80a6f633/library/alloc/src/boxed.rs:1575:9
[INFO] [stdout]   43:     0x560c4d4f3287 - std::sys::unix::thread::Thread::new::thread_start::h8c7c4450dba62914
[INFO] [stdout]                                at /rustc/a178d0322ce20e33eac124758e837cbd80a6f633/library/std/src/sys/unix/thread.rs:71:17
[INFO] [stdout]   44:     0x7feea56d1609 - start_thread
[INFO] [stdout]   45:     0x7feea54a3293 - clone
[INFO] [stdout]   46:                0x0 - <unknown>
[INFO] [stdout] 
[INFO] [stdout] error: tests/compile-fail/implicit-select-all-duplicated-fields.rs:3: unexpected error: '3:1: 3:23: can't find crate for `arraygen` [E0463]'
[INFO] [stdout] 
[INFO] [stdout] error: tests/compile-fail/implicit-select-all-duplicated-fields.rs:10: expected error not found: 10:16: 10:24: Field 'value' is already included in gen_array method 'my_array'
[INFO] [stdout] 
[INFO] [stdout] error: 1 unexpected errors found, 1 expected errors not found
[INFO] [stdout] status: exit status: 1
[INFO] [stdout] command: "rustc" "tests/compile-fail/implicit-select-all-duplicated-fields.rs" "-L" "/tmp" "--target=x86_64-unknown-linux-gnu" "--error-format" "json" "-C" "prefer-dynamic" "-o" "/tmp/implicit-select-all-duplicated-fields.stage-id" "-A" "unused" "-L" "target/debug" "-L" "target/debug/deps" "-L" "/tmp/implicit-select-all-duplicated-fields.stage-id.aux"
[INFO] [stdout] unexpected errors (from JSON output): [
[INFO] [stdout]     Error {
[INFO] [stdout]         line_num: 3,
[INFO] [stdout]         kind: Some(
[INFO] [stdout]             Error,
[INFO] [stdout]         ),
[INFO] [stdout]         msg: "3:1: 3:23: can't find crate for `arraygen` [E0463]",
[INFO] [stdout]     },
[INFO] [stdout] ]
[INFO] [stdout] 
[INFO] [stdout] not found errors (from test file): [
[INFO] [stdout]     Error {
[INFO] [stdout]         line_num: 10,
[INFO] [stdout]         kind: Some(
[INFO] [stdout]             Error,
[INFO] [stdout]         ),
[INFO] [stdout]         msg: "10:16: 10:24: Field 'value' is already included in gen_array method 'my_array'",
[INFO] [stdout]     },
[INFO] [stdout] ]
[INFO] [stdout] 
[INFO] [stdout] thread '[compile-fail] compile-fail/implicit-select-all-duplicated-fields.rs' panicked at 'explicit panic', /opt/rustwide/cargo-home/registry/src/github.com-1ecc6299db9ec823/compiletest_rs-0.7.0/src/runtest.rs:1092:13
[INFO] [stdout] stack backtrace:
[INFO] [stdout]    0:     0x560c4d4ea050 - std::backtrace_rs::backtrace::libunwind::trace::h34055254b57d8e79
[INFO] [stdout]                                at /rustc/a178d0322ce20e33eac124758e837cbd80a6f633/library/std/src/../../backtrace/src/backtrace/libunwind.rs:90:5
[INFO] [stdout]    1:     0x560c4d4ea050 - std::backtrace_rs::backtrace::trace_unsynchronized::h8f1e3fbd9afff6ec
[INFO] [stdout]                                at /rustc/a178d0322ce20e33eac124758e837cbd80a6f633/library/std/src/../../backtrace/src/backtrace/mod.rs:66:5
[INFO] [stdout]    2:     0x560c4d4ea050 - std::sys_common::backtrace::_print_fmt::h3a99a796b770c360
[INFO] [stdout]                                at /rustc/a178d0322ce20e33eac124758e837cbd80a6f633/library/std/src/sys_common/backtrace.rs:67:5
[INFO] [stdout]    3:     0x560c4d4ea050 - <std::sys_common::backtrace::_print::DisplayBacktrace as core::fmt::Display>::fmt::h32d1f94a80615d18
[INFO] [stdout]                                at /rustc/a178d0322ce20e33eac124758e837cbd80a6f633/library/std/src/sys_common/backtrace.rs:46:22
[INFO] [stdout]    4:     0x560c4d50f13c - core::fmt::write::h306731c068f7162c
[INFO] [stdout]                                at /rustc/a178d0322ce20e33eac124758e837cbd80a6f633/library/core/src/fmt/mod.rs:1110:17
[INFO] [stdout]    5:     0x560c4d4e61d5 - std::io::Write::write_fmt::h87f19b0a2cd190bc
[INFO] [stdout]                                at /rustc/a178d0322ce20e33eac124758e837cbd80a6f633/library/std/src/io/mod.rs:1588:15
[INFO] [stdout]    6:     0x560c4d4ecd5b - std::sys_common::backtrace::_print::h5abaa2601a852287
[INFO] [stdout]                                at /rustc/a178d0322ce20e33eac124758e837cbd80a6f633/library/std/src/sys_common/backtrace.rs:49:5
[INFO] [stdout]    7:     0x560c4d4ecd5b - std::sys_common::backtrace::print::h8d81445442bb638f
[INFO] [stdout]                                at /rustc/a178d0322ce20e33eac124758e837cbd80a6f633/library/std/src/sys_common/backtrace.rs:36:9
[INFO] [stdout]    8:     0x560c4d4ecd5b - std::panicking::default_hook::{{closure}}::hcfe804496a9fa747
[INFO] [stdout]                                at /rustc/a178d0322ce20e33eac124758e837cbd80a6f633/library/std/src/panicking.rs:208:50
[INFO] [stdout]    9:     0x560c4d4ec86c - std::panicking::default_hook::hbea8e3ccf2ba8901
[INFO] [stdout]                                at /rustc/a178d0322ce20e33eac124758e837cbd80a6f633/library/std/src/panicking.rs:222:9
[INFO] [stdout]   10:     0x560c4d4ed424 - std::panicking::rust_panic_with_hook::h7ee9e1a2d0f8975a
[INFO] [stdout]                                at /rustc/a178d0322ce20e33eac124758e837cbd80a6f633/library/std/src/panicking.rs:622:17
[INFO] [stdout]   11:     0x560c4d4c47b3 - std::panicking::begin_panic::{{closure}}::haa2259a5d090943e
[INFO] [stdout]                                at /rustc/a178d0322ce20e33eac124758e837cbd80a6f633/library/std/src/panicking.rs:542:9
[INFO] [stdout]   12:     0x560c4d4c8549 - std::sys_common::backtrace::__rust_end_short_backtrace::hab24bff5d543af40
[INFO] [stdout]                                at /rustc/a178d0322ce20e33eac124758e837cbd80a6f633/library/std/src/sys_common/backtrace.rs:141:18
[INFO] [stdout]   13:     0x560c4d4c46e9 - std::panicking::begin_panic::hb0ad47222346dbe6
[INFO] [stdout]                                at /rustc/a178d0322ce20e33eac124758e837cbd80a6f633/library/std/src/panicking.rs:541:12
[INFO] [stdout]   14:     0x560c4d14e8f9 - compiletest_rs::runtest::TestCx::check_expected_errors::h64f2aae523bf8b2a
[INFO] [stdout]                                at /opt/rustwide/cargo-home/registry/src/github.com-1ecc6299db9ec823/compiletest_rs-0.7.0/src/runtest.rs:1092:13
[INFO] [stdout]   15:     0x560c4d1403e1 - compiletest_rs::runtest::TestCx::run_cfail_test::he3358de483f47afe
[INFO] [stdout]                                at /opt/rustwide/cargo-home/registry/src/github.com-1ecc6299db9ec823/compiletest_rs-0.7.0/src/runtest.rs:179:13
[INFO] [stdout]   16:     0x560c4d13ff4e - compiletest_rs::runtest::TestCx::run_revision::h72cbfbf7b43a3f32
[INFO] [stdout]                                at /opt/rustwide/cargo-home/registry/src/github.com-1ecc6299db9ec823/compiletest_rs-0.7.0/src/runtest.rs:131:26
[INFO] [stdout]   17:     0x560c4d13fbd3 - compiletest_rs::runtest::run::h6336811a04fb4082
[INFO] [stdout]                                at /opt/rustwide/cargo-home/registry/src/github.com-1ecc6299db9ec823/compiletest_rs-0.7.0/src/runtest.rs:83:9
[INFO] [stdout]   18:     0x560c4d13db95 - compiletest_rs::make_test_closure::{{closure}}::hbcca4793d0ed1d85
[INFO] [stdout]                                at /opt/rustwide/cargo-home/registry/src/github.com-1ecc6299db9ec823/compiletest_rs-0.7.0/src/lib.rs:296:9
[INFO] [stdout]   19:     0x560c4d11351e - core::ops::function::FnOnce::call_once{{vtable.shim}}::he441ac4c8453f066
[INFO] [stdout]                                at /rustc/a178d0322ce20e33eac124758e837cbd80a6f633/library/core/src/ops/function.rs:227:5
[INFO] [stdout]   20:     0x560c4d451b4d - <alloc::boxed::Box<F,A> as core::ops::function::FnOnce<Args>>::call_once::ha52a141f56ec4898
[INFO] [stdout]                                at /rustc/a178d0322ce20e33eac124758e837cbd80a6f633/library/alloc/src/boxed.rs:1575:9
[INFO] [stdout]   21:     0x560c4d40ac94 - tester::__rust_begin_short_backtrace::h6cff7acf104910bb
[INFO] [stdout]                                at /opt/rustwide/cargo-home/registry/src/github.com-1ecc6299db9ec823/tester-0.9.0/src/lib.rs:516:5
[INFO] [stdout]   22:     0x560c4d40a463 - tester::run_test::{{closure}}::h67c927a7bbd9d821
[INFO] [stdout]                                at /opt/rustwide/cargo-home/registry/src/github.com-1ecc6299db9ec823/tester-0.9.0/src/lib.rs:500:34
[INFO] [stdout]   23:     0x560c4d420b68 - core::ops::function::FnOnce::call_once{{vtable.shim}}::h26721d02db9fc0b5
[INFO] [stdout]                                at /rustc/a178d0322ce20e33eac124758e837cbd80a6f633/library/core/src/ops/function.rs:227:5
[INFO] [stdout]   24:     0x560c4d451b4d - <alloc::boxed::Box<F,A> as core::ops::function::FnOnce<Args>>::call_once::ha52a141f56ec4898
[INFO] [stdout]                                at /rustc/a178d0322ce20e33eac124758e837cbd80a6f633/library/alloc/src/boxed.rs:1575:9
[INFO] [stdout]   25:     0x560c4d426e94 - <std::panic::AssertUnwindSafe<F> as core::ops::function::FnOnce<()>>::call_once::hdca2cf0a608e13dc
[INFO] [stdout]                                at /rustc/a178d0322ce20e33eac124758e837cbd80a6f633/library/std/src/panic.rs:347:9
[INFO] [stdout]   26:     0x560c4d40d28d - std::panicking::try::do_call::h98818cfea144712d
[INFO] [stdout]                                at /rustc/a178d0322ce20e33eac124758e837cbd80a6f633/library/std/src/panicking.rs:401:40
[INFO] [stdout]   27:     0x560c4d40f9ed - __rust_try
[INFO] [stdout]   28:     0x560c4d40ce6d - std::panicking::try::h5fb1ad06fd5a5f1e
[INFO] [stdout]                                at /rustc/a178d0322ce20e33eac124758e837cbd80a6f633/library/std/src/panicking.rs:365:19
[INFO] [stdout]   29:     0x560c4d427664 - std::panic::catch_unwind::h9568752f65e9d248
[INFO] [stdout]                                at /rustc/a178d0322ce20e33eac124758e837cbd80a6f633/library/std/src/panic.rs:434:14
[INFO] [stdout]   30:     0x560c4d40aed2 - tester::run_test_in_process::h2643b45c8131cf82
[INFO] [stdout]                                at /opt/rustwide/cargo-home/registry/src/github.com-1ecc6299db9ec823/tester-0.9.0/src/lib.rs:539:18
[INFO] [stdout]   31:     0x560c4d40abbc - tester::run_test::run_test_inner::{{closure}}::h83c5b096f69402e5
[INFO] [stdout]                                at /opt/rustwide/cargo-home/registry/src/github.com-1ecc6299db9ec823/tester-0.9.0/src/lib.rs:449:39
[INFO] [stdout]   32:     0x560c4d3f98a3 - std::sys_common::backtrace::__rust_begin_short_backtrace::h241b3d3a15b94b87
[INFO] [stdout]                                at /rustc/a178d0322ce20e33eac124758e837cbd80a6f633/library/std/src/sys_common/backtrace.rs:125:18
[INFO] [stdout]   33:     0x560c4d43b2d0 - std::thread::Builder::spawn_unchecked::{{closure}}::{{closure}}::hd0b25529d1dd1cfc
[INFO] [stdout]                                at /rustc/a178d0322ce20e33eac124758e837cbd80a6f633/library/std/src/thread/mod.rs:481:17
[INFO] [stdout]   34:     0x560c4d426e74 - <std::panic::AssertUnwindSafe<F> as core::ops::function::FnOnce<()>>::call_once::hd2dc9a7e22622d4a
[INFO] [stdout]                                at /rustc/a178d0322ce20e33eac124758e837cbd80a6f633/library/std/src/panic.rs:347:9
[INFO] [stdout]   35:     0x560c4d40d192 - std::panicking::try::do_call::h2fef021fb3fc44fb
[INFO] [stdout]                                at /rustc/a178d0322ce20e33eac124758e837cbd80a6f633/library/std/src/panicking.rs:401:40
[INFO] [stdout]   36:     0x560c4d40f9ed - __rust_try
[INFO] [stdout]   37:     0x560c4d40cf67 - std::panicking::try::hda368864b5d20fb5
[INFO] [stdout]                                at /rustc/a178d0322ce20e33eac124758e837cbd80a6f633/library/std/src/panicking.rs:365:19
[INFO] [stdout]   38:     0x560c4d427604 - std::panic::catch_unwind::h11e1a579edfd9639
[INFO] [stdout]                                at /rustc/a178d0322ce20e33eac124758e837cbd80a6f633/library/std/src/panic.rs:434:14
[INFO] [stdout]   39:     0x560c4d43b0de - std::thread::Builder::spawn_unchecked::{{closure}}::h78be7fe794236d48
[INFO] [stdout]                                at /rustc/a178d0322ce20e33eac124758e837cbd80a6f633/library/std/src/thread/mod.rs:480:30
[INFO] [stdout]   40:     0x560c4d420bbf - core::ops::function::FnOnce::call_once{{vtable.shim}}::h594aedcaa511e812
[INFO] [stdout]                                at /rustc/a178d0322ce20e33eac124758e837cbd80a6f633/library/core/src/ops/function.rs:227:5
[INFO] [stdout]   41:     0x560c4d4f3287 - <alloc::boxed::Box<F,A> as core::ops::function::FnOnce<Args>>::call_once::h7ece6cfefaff1005
[INFO] [stdout]                                at /rustc/a178d0322ce20e33eac124758e837cbd80a6f633/library/alloc/src/boxed.rs:1575:9
[INFO] [stdout]   42:     0x560c4d4f3287 - <alloc::boxed::Box<F,A> as core::ops::function::FnOnce<Args>>::call_once::hb8b48e55c21f193e
[INFO] [stdout]                                at /rustc/a178d0322ce20e33eac124758e837cbd80a6f633/library/alloc/src/boxed.rs:1575:9
[INFO] [stdout]   43:     0x560c4d4f3287 - std::sys::unix::thread::Thread::new::thread_start::h8c7c4450dba62914
[INFO] [stdout]                                at /rustc/a178d0322ce20e33eac124758e837cbd80a6f633/library/std/src/sys/unix/thread.rs:71:17
[INFO] [stdout]   44:     0x7feea56d1609 - start_thread
[INFO] [stdout]   45:     0x7feea54a3293 - clone
[INFO] [stdout]   46:                0x0 - <unknown>
[INFO] [stdout] 
[INFO] [stdout] error: tests/compile-fail/derive-on-struct-non-braced.rs:3: unexpected error: '3:1: 3:23: can't find crate for `arraygen` [E0463]'
[INFO] [stdout] 
[INFO] [stdout] error: tests/compile-fail/derive-on-struct-non-braced.rs:8: expected error not found: 8:14: 8:15: derive 'Arraygen' should only be used with braced structs
[INFO] [stdout] 
[INFO] [stdout] error: tests/compile-fail/derive-on-struct-non-braced.rs:11: expected error not found: 11:14: 11:24: derive 'Arraygen' should only be used with braced structs
[INFO] [stdout] 
[INFO] [stdout] error: 1 unexpected errors found, 2 expected errors not found
[INFO] [stdout] status: exit status: 1
[INFO] [stdout] command: "rustc" "tests/compile-fail/derive-on-struct-non-braced.rs" "-L" "/tmp" "--target=x86_64-unknown-linux-gnu" "--error-format" "json" "-C" "prefer-dynamic" "-o" "/tmp/derive-on-struct-non-braced.stage-id" "-A" "unused" "-L" "target/debug" "-L" "target/debug/deps" "-L" "/tmp/derive-on-struct-non-braced.stage-id.aux"
[INFO] [stdout] unexpected errors (from JSON output): [
[INFO] [stdout]     Error {
[INFO] [stdout]         line_num: 3,
[INFO] [stdout]         kind: Some(
[INFO] [stdout]             Error,
[INFO] [stdout]         ),
[INFO] [stdout]         msg: "3:1: 3:23: can't find crate for `arraygen` [E0463]",
[INFO] [stdout]     },
[INFO] [stdout] ]
[INFO] [stdout] 
[INFO] [stdout] not found errors (from test file): [
[INFO] [stdout]     Error {
[INFO] [stdout]         line_num: 8,
[INFO] [stdout]         kind: Some(
[INFO] [stdout]             Error,
[INFO] [stdout]         ),
[INFO] [stdout]         msg: "8:14: 8:15: derive 'Arraygen' should only be used with braced structs",
[INFO] [stdout]     },
[INFO] [stdout]     Error {
[INFO] [stdout]         line_num: 11,
[INFO] [stdout]         kind: Some(
[INFO] [stdout]             Error,
[INFO] [stdout]         ),
[INFO] [stdout]         msg: "11:14: 11:24: derive 'Arraygen' should only be used with braced structs",
[INFO] [stdout]     },
[INFO] [stdout] ]
[INFO] [stdout] 
[INFO] [stdout] thread '[compile-fail] compile-fail/derive-on-struct-non-braced.rs' panicked at 'explicit panic', /opt/rustwide/cargo-home/registry/src/github.com-1ecc6299db9ec823/compiletest_rs-0.7.0/src/runtest.rs:1092:13
[INFO] [stdout] stack backtrace:
[INFO] [stdout]    0:     0x560c4d4ea050 - std::backtrace_rs::backtrace::libunwind::trace::h34055254b57d8e79
[INFO] [stdout]                                at /rustc/a178d0322ce20e33eac124758e837cbd80a6f633/library/std/src/../../backtrace/src/backtrace/libunwind.rs:90:5
[INFO] [stdout]    1:     0x560c4d4ea050 - std::backtrace_rs::backtrace::trace_unsynchronized::h8f1e3fbd9afff6ec
[INFO] [stdout]                                at /rustc/a178d0322ce20e33eac124758e837cbd80a6f633/library/std/src/../../backtrace/src/backtrace/mod.rs:66:5
[INFO] [stdout]    2:     0x560c4d4ea050 - std::sys_common::backtrace::_print_fmt::h3a99a796b770c360
[INFO] [stdout]                                at /rustc/a178d0322ce20e33eac124758e837cbd80a6f633/library/std/src/sys_common/backtrace.rs:67:5
[INFO] [stdout]    3:     0x560c4d4ea050 - <std::sys_common::backtrace::_print::DisplayBacktrace as core::fmt::Display>::fmt::h32d1f94a80615d18
[INFO] [stdout]                                at /rustc/a178d0322ce20e33eac124758e837cbd80a6f633/library/std/src/sys_common/backtrace.rs:46:22
[INFO] [stdout]    4:     0x560c4d50f13c - core::fmt::write::h306731c068f7162c
[INFO] [stdout]                                at /rustc/a178d0322ce20e33eac124758e837cbd80a6f633/library/core/src/fmt/mod.rs:1110:17
[INFO] [stdout]    5:     0x560c4d4e61d5 - std::io::Write::write_fmt::h87f19b0a2cd190bc
[INFO] [stdout]                                at /rustc/a178d0322ce20e33eac124758e837cbd80a6f633/library/std/src/io/mod.rs:1588:15
[INFO] [stdout]    6:     0x560c4d4ecd5b - std::sys_common::backtrace::_print::h5abaa2601a852287
[INFO] [stdout]                                at /rustc/a178d0322ce20e33eac124758e837cbd80a6f633/library/std/src/sys_common/backtrace.rs:49:5
[INFO] [stdout]    7:     0x560c4d4ecd5b - std::sys_common::backtrace::print::h8d81445442bb638f
[INFO] [stdout]                                at /rustc/a178d0322ce20e33eac124758e837cbd80a6f633/library/std/src/sys_common/backtrace.rs:36:9
[INFO] [stdout]    8:     0x560c4d4ecd5b - std::panicking::default_hook::{{closure}}::hcfe804496a9fa747
[INFO] [stdout]                                at /rustc/a178d0322ce20e33eac124758e837cbd80a6f633/library/std/src/panicking.rs:208:50
[INFO] [stdout]    9:     0x560c4d4ec86c - std::panicking::default_hook::hbea8e3ccf2ba8901
[INFO] [stdout]                                at /rustc/a178d0322ce20e33eac124758e837cbd80a6f633/library/std/src/panicking.rs:222:9
[INFO] [stdout]   10:     0x560c4d4ed424 - std::panicking::rust_panic_with_hook::h7ee9e1a2d0f8975a
[INFO] [stdout]                                at /rustc/a178d0322ce20e33eac124758e837cbd80a6f633/library/std/src/panicking.rs:622:17
[INFO] [stdout]   11:     0x560c4d4c47b3 - std::panicking::begin_panic::{{closure}}::haa2259a5d090943e
[INFO] [stdout]                                at /rustc/a178d0322ce20e33eac124758e837cbd80a6f633/library/std/src/panicking.rs:542:9
[INFO] [stdout]   12:     0x560c4d4c8549 - std::sys_common::backtrace::__rust_end_short_backtrace::hab24bff5d543af40
[INFO] [stdout]                                at /rustc/a178d0322ce20e33eac124758e837cbd80a6f633/library/std/src/sys_common/backtrace.rs:141:18
[INFO] [stdout]   13:     0x560c4d4c46e9 - std::panicking::begin_panic::hb0ad47222346dbe6
[INFO] [stdout]                                at /rustc/a178d0322ce20e33eac124758e837cbd80a6f633/library/std/src/panicking.rs:541:12
[INFO] [stdout]   14:     0x560c4d14e8f9 - compiletest_rs::runtest::TestCx::check_expected_errors::h64f2aae523bf8b2a
[INFO] [stdout]                                at /opt/rustwide/cargo-home/registry/src/github.com-1ecc6299db9ec823/compiletest_rs-0.7.0/src/runtest.rs:1092:13
[INFO] [stdout]   15:     0x560c4d1403e1 - compiletest_rs::runtest::TestCx::run_cfail_test::he3358de483f47afe
[INFO] [stdout]                                at /opt/rustwide/cargo-home/registry/src/github.com-1ecc6299db9ec823/compiletest_rs-0.7.0/src/runtest.rs:179:13
[INFO] [stdout]   16:     0x560c4d13ff4e - compiletest_rs::runtest::TestCx::run_revision::h72cbfbf7b43a3f32
[INFO] [stdout]                                at /opt/rustwide/cargo-home/registry/src/github.com-1ecc6299db9ec823/compiletest_rs-0.7.0/src/runtest.rs:131:26
[INFO] [stdout]   17:     0x560c4d13fbd3 - compiletest_rs::runtest::run::h6336811a04fb4082
[INFO] [stdout]                                at /opt/rustwide/cargo-home/registry/src/github.com-1ecc6299db9ec823/compiletest_rs-0.7.0/src/runtest.rs:83:9
[INFO] [stdout]   18:     0x560c4d13db95 - compiletest_rs::make_test_closure::{{closure}}::hbcca4793d0ed1d85
[INFO] [stdout]                                at /opt/rustwide/cargo-home/registry/src/github.com-1ecc6299db9ec823/compiletest_rs-0.7.0/src/lib.rs:296:9
[INFO] [stdout]   19:     0x560c4d11351e - core::ops::function::FnOnce::call_once{{vtable.shim}}::he441ac4c8453f066
[INFO] [stdout]                                at /rustc/a178d0322ce20e33eac124758e837cbd80a6f633/library/core/src/ops/function.rs:227:5
[INFO] [stdout]   20:     0x560c4d451b4d - <alloc::boxed::Box<F,A> as core::ops::function::FnOnce<Args>>::call_once::ha52a141f56ec4898
[INFO] [stdout]                                at /rustc/a178d0322ce20e33eac124758e837cbd80a6f633/library/alloc/src/boxed.rs:1575:9
[INFO] [stdout]   21:     0x560c4d40ac94 - tester::__rust_begin_short_backtrace::h6cff7acf104910bb
[INFO] [stdout]                                at /opt/rustwide/cargo-home/registry/src/github.com-1ecc6299db9ec823/tester-0.9.0/src/lib.rs:516:5
[INFO] [stdout]   22:     0x560c4d40a463 - tester::run_test::{{closure}}::h67c927a7bbd9d821
[INFO] [stdout]                                at /opt/rustwide/cargo-home/registry/src/github.com-1ecc6299db9ec823/tester-0.9.0/src/lib.rs:500:34
[INFO] [stdout]   23:     0x560c4d420b68 - core::ops::function::FnOnce::call_once{{vtable.shim}}::h26721d02db9fc0b5
[INFO] [stdout]                                at /rustc/a178d0322ce20e33eac124758e837cbd80a6f633/library/core/src/ops/function.rs:227:5
[INFO] [stdout]   24:     0x560c4d451b4d - <alloc::boxed::Box<F,A> as core::ops::function::FnOnce<Args>>::call_once::ha52a141f56ec4898
[INFO] [stdout]                                at /rustc/a178d0322ce20e33eac124758e837cbd80a6f633/library/alloc/src/boxed.rs:1575:9
[INFO] [stdout]   25:     0x560c4d426e94 - <std::panic::AssertUnwindSafe<F> as core::ops::function::FnOnce<()>>::call_once::hdca2cf0a608e13dc
[INFO] [stdout]                                at /rustc/a178d0322ce20e33eac124758e837cbd80a6f633/library/std/src/panic.rs:347:9
[INFO] [stdout]   26:     0x560c4d40d28d - std::panicking::try::do_call::h98818cfea144712d
[INFO] [stdout]                                at /rustc/a178d0322ce20e33eac124758e837cbd80a6f633/library/std/src/panicking.rs:401:40
[INFO] [stdout]   27:     0x560c4d40f9ed - __rust_try
[INFO] [stdout]   28:     0x560c4d40ce6d - std::panicking::try::h5fb1ad06fd5a5f1e
[INFO] [stdout]                                at /rustc/a178d0322ce20e33eac124758e837cbd80a6f633/library/std/src/panicking.rs:365:19
[INFO] [stdout]   29:     0x560c4d427664 - std::panic::catch_unwind::h9568752f65e9d248
[INFO] [stdout]                                at /rustc/a178d0322ce20e33eac124758e837cbd80a6f633/library/std/src/panic.rs:434:14
[INFO] [stdout]   30:     0x560c4d40aed2 - tester::run_test_in_process::h2643b45c8131cf82
[INFO] [stdout]                                at /opt/rustwide/cargo-home/registry/src/github.com-1ecc6299db9ec823/tester-0.9.0/src/lib.rs:539:18
[INFO] [stdout]   31:     0x560c4d40abbc - tester::run_test::run_test_inner::{{closure}}::h83c5b096f69402e5
[INFO] [stdout]                                at /opt/rustwide/cargo-home/registry/src/github.com-1ecc6299db9ec823/tester-0.9.0/src/lib.rs:449:39
[INFO] [stdout]   32:     0x560c4d3f98a3 - std::sys_common::backtrace::__rust_begin_short_backtrace::h241b3d3a15b94b87
[INFO] [stdout]                                at /rustc/a178d0322ce20e33eac124758e837cbd80a6f633/library/std/src/sys_common/backtrace.rs:125:18
[INFO] [stdout]   33:     0x560c4d43b2d0 - std::thread::Builder::spawn_unchecked::{{closure}}::{{closure}}::hd0b25529d1dd1cfc
[INFO] [stdout]                                at /rustc/a178d0322ce20e33eac124758e837cbd80a6f633/library/std/src/thread/mod.rs:481:17
[INFO] [stdout]   34:     0x560c4d426e74 - <std::panic::AssertUnwindSafe<F> as core::ops::function::FnOnce<()>>::call_once::hd2dc9a7e22622d4a
[INFO] [stdout]                                at /rustc/a178d0322ce20e33eac124758e837cbd80a6f633/library/std/src/panic.rs:347:9
[INFO] [stdout]   35:     0x560c4d40d192 - std::panicking::try::do_call::h2fef021fb3fc44fb
[INFO] [stdout]                                at /rustc/a178d0322ce20e33eac124758e837cbd80a6f633/library/std/src/panicking.rs:401:40
[INFO] [stdout]   36:     0x560c4d40f9ed - __rust_try
[INFO] [stdout]   37:     0x560c4d40cf67 - std::panicking::try::hda368864b5d20fb5
[INFO] [stdout]                                at /rustc/a178d0322ce20e33eac124758e837cbd80a6f633/library/std/src/panicking.rs:365:19
[INFO] [stdout]   38:     0x560c4d427604 - std::panic::catch_unwind::h11e1a579edfd9639
[INFO] [stdout]                                at /rustc/a178d0322ce20e33eac124758e837cbd80a6f633/library/std/src/panic.rs:434:14
[INFO] [stdout]   39:     0x560c4d43b0de - std::thread::Builder::spawn_unchecked::{{closure}}::h78be7fe794236d48
[INFO] [stdout]                                at /rustc/a178d0322ce20e33eac124758e837cbd80a6f633/library/std/src/thread/mod.rs:480:30
[INFO] [stdout]   40:     0x560c4d420bbf - core::ops::function::FnOnce::call_once{{vtable.shim}}::h594aedcaa511e812
[INFO] [stdout]                                at /rustc/a178d0322ce20e33eac124758e837cbd80a6f633/library/core/src/ops/function.rs:227:5
[INFO] [stdout]   41:     0x560c4d4f3287 - <alloc::boxed::Box<F,A> as core::ops::function::FnOnce<Args>>::call_once::h7ece6cfefaff1005
[INFO] [stdout]                                at /rustc/a178d0322ce20e33eac124758e837cbd80a6f633/library/alloc/src/boxed.rs:1575:9
[INFO] [stdout]   42:     0x560c4d4f3287 - <alloc::boxed::Box<F,A> as core::ops::function::FnOnce<Args>>::call_once::hb8b48e55c21f193e
[INFO] [stdout]                                at /rustc/a178d0322ce20e33eac124758e837cbd80a6f633/library/alloc/src/boxed.rs:1575:9
[INFO] [stdout]   43:     0x560c4d4f3287 - std::sys::unix::thread::Thread::new::thread_start::h8c7c4450dba62914
[INFO] [stdout]                                at /rustc/a178d0322ce20e33eac124758e837cbd80a6f633/library/std/src/sys/unix/thread.rs:71:17
[INFO] [stdout]   44:     0x7feea56d1609 - start_thread
[INFO] [stdout]   45:     0x7feea54a3293 - clone
[INFO] [stdout]   46:                0x0 - <unknown>
[INFO] [stdout] 
[INFO] [stdout] error: tests/compile-fail/inclusion-decorator-empty.rs:3: unexpected error: '3:1: 3:23: can't find crate for `arraygen` [E0463]'
[INFO] [stdout] 
[INFO] [stdout] error: tests/compile-fail/inclusion-decorator-empty.rs:10: expected error not found: 10:26: 10:29: unexpected end of input, expected identifier
[INFO] [stdout] 
[INFO] [stdout] error: 1 unexpected errors found, 1 expected errors not found
[INFO] [stdout] status: exit status: 1
[INFO] [stdout] command: "rustc" "tests/compile-fail/inclusion-decorator-empty.rs" "-L" "/tmp" "--target=x86_64-unknown-linux-gnu" "--error-format" "json" "-C" "prefer-dynamic" "-o" "/tmp/inclusion-decorator-empty.stage-id" "-A" "unused" "-L" "target/debug" "-L" "target/debug/deps" "-L" "/tmp/inclusion-decorator-empty.stage-id.aux"
[INFO] [stdout] unexpected errors (from JSON output): [
[INFO] [stdout]     Error {
[INFO] [stdout]         line_num: 3,
[INFO] [stdout]         kind: Some(
[INFO] [stdout]             Error,
[INFO] [stdout]         ),
[INFO] [stdout]         msg: "3:1: 3:23: can't find crate for `arraygen` [E0463]",
[INFO] [stdout]     },
[INFO] [stdout] ]
[INFO] [stdout] 
[INFO] [stdout] not found errors (from test file): [
[INFO] [stdout]     Error {
[INFO] [stdout]         line_num: 10,
[INFO] [stdout]         kind: Some(
[INFO] [stdout]             Error,
[INFO] [stdout]         ),
[INFO] [stdout]         msg: "10:26: 10:29: unexpected end of input, expected identifier",
[INFO] [stdout]     },
[INFO] [stdout] ]
[INFO] [stdout] 
[INFO] [stdout] thread '[compile-fail] compile-fail/inclusion-decorator-empty.rs' panicked at 'explicit panic', /opt/rustwide/cargo-home/registry/src/github.com-1ecc6299db9ec823/compiletest_rs-0.7.0/src/runtest.rs:1092:13
[INFO] [stdout] stack backtrace:
[INFO] [stdout]    0:     0x560c4d4ea050 - std::backtrace_rs::backtrace::libunwind::trace::h34055254b57d8e79
[INFO] [stdout]                                at /rustc/a178d0322ce20e33eac124758e837cbd80a6f633/library/std/src/../../backtrace/src/backtrace/libunwind.rs:90:5
[INFO] [stdout]    1:     0x560c4d4ea050 - std::backtrace_rs::backtrace::trace_unsynchronized::h8f1e3fbd9afff6ec
[INFO] [stdout]                                at /rustc/a178d0322ce20e33eac124758e837cbd80a6f633/library/std/src/../../backtrace/src/backtrace/mod.rs:66:5
[INFO] [stdout]    2:     0x560c4d4ea050 - std::sys_common::backtrace::_print_fmt::h3a99a796b770c360
[INFO] [stdout]                                at /rustc/a178d0322ce20e33eac124758e837cbd80a6f633/library/std/src/sys_common/backtrace.rs:67:5
[INFO] [stdout]    3:     0x560c4d4ea050 - <std::sys_common::backtrace::_print::DisplayBacktrace as core::fmt::Display>::fmt::h32d1f94a80615d18
[INFO] [stdout]                                at /rustc/a178d0322ce20e33eac124758e837cbd80a6f633/library/std/src/sys_common/backtrace.rs:46:22
[INFO] [stdout]    4:     0x560c4d50f13c - core::fmt::write::h306731c068f7162c
[INFO] [stdout]                                at /rustc/a178d0322ce20e33eac124758e837cbd80a6f633/library/core/src/fmt/mod.rs:1110:17
[INFO] [stdout]    5:     0x560c4d4e61d5 - std::io::Write::write_fmt::h87f19b0a2cd190bc
[INFO] [stdout]                                at /rustc/a178d0322ce20e33eac124758e837cbd80a6f633/library/std/src/io/mod.rs:1588:15
[INFO] [stdout]    6:     0x560c4d4ecd5b - std::sys_common::backtrace::_print::h5abaa2601a852287
[INFO] [stdout]                                at /rustc/a178d0322ce20e33eac124758e837cbd80a6f633/library/std/src/sys_common/backtrace.rs:49:5
[INFO] [stdout]    7:     0x560c4d4ecd5b - std::sys_common::backtrace::print::h8d81445442bb638f
[INFO] [stdout]                                at /rustc/a178d0322ce20e33eac124758e837cbd80a6f633/library/std/src/sys_common/backtrace.rs:36:9
[INFO] [stdout]    8:     0x560c4d4ecd5b - std::panicking::default_hook::{{closure}}::hcfe804496a9fa747
[INFO] [stdout]                                at /rustc/a178d0322ce20e33eac124758e837cbd80a6f633/library/std/src/panicking.rs:208:50
[INFO] [stdout]    9:     0x560c4d4ec86c - std::panicking::default_hook::hbea8e3ccf2ba8901
[INFO] [stdout]                                at /rustc/a178d0322ce20e33eac124758e837cbd80a6f633/library/std/src/panicking.rs:222:9
[INFO] [stdout]   10:     0x560c4d4ed424 - std::panicking::rust_panic_with_hook::h7ee9e1a2d0f8975a
[INFO] [stdout]                                at /rustc/a178d0322ce20e33eac124758e837cbd80a6f633/library/std/src/panicking.rs:622:17
[INFO] [stdout]   11:     0x560c4d4c47b3 - std::panicking::begin_panic::{{closure}}::haa2259a5d090943e
[INFO] [stdout]                                at /rustc/a178d0322ce20e33eac124758e837cbd80a6f633/library/std/src/panicking.rs:542:9
[INFO] [stdout]   12:     0x560c4d4c8549 - std::sys_common::backtrace::__rust_end_short_backtrace::hab24bff5d543af40
[INFO] [stdout]                                at /rustc/a178d0322ce20e33eac124758e837cbd80a6f633/library/std/src/sys_common/backtrace.rs:141:18
[INFO] [stdout]   13:     0x560c4d4c46e9 - std::panicking::begin_panic::hb0ad47222346dbe6
[INFO] [stdout]                                at /rustc/a178d0322ce20e33eac124758e837cbd80a6f633/library/std/src/panicking.rs:541:12
[INFO] [stdout]   14:     0x560c4d14e8f9 - compiletest_rs::runtest::TestCx::check_expected_errors::h64f2aae523bf8b2a
[INFO] [stdout]                                at /opt/rustwide/cargo-home/registry/src/github.com-1ecc6299db9ec823/compiletest_rs-0.7.0/src/runtest.rs:1092:13
[INFO] [stdout]   15:     0x560c4d1403e1 - compiletest_rs::runtest::TestCx::run_cfail_test::he3358de483f47afe
[INFO] [stdout]                                at /opt/rustwide/cargo-home/registry/src/github.com-1ecc6299db9ec823/compiletest_rs-0.7.0/src/runtest.rs:179:13
[INFO] [stdout]   16:     0x560c4d13ff4e - compiletest_rs::runtest::TestCx::run_revision::h72cbfbf7b43a3f32
[INFO] [stdout]                                at /opt/rustwide/cargo-home/registry/src/github.com-1ecc6299db9ec823/compiletest_rs-0.7.0/src/runtest.rs:131:26
[INFO] [stdout]   17:     0x560c4d13fbd3 - compiletest_rs::runtest::run::h6336811a04fb4082
[INFO] [stdout]                                at /opt/rustwide/cargo-home/registry/src/github.com-1ecc6299db9ec823/compiletest_rs-0.7.0/src/runtest.rs:83:9
[INFO] [stdout]   18:     0x560c4d13db95 - compiletest_rs::make_test_closure::{{closure}}::hbcca4793d0ed1d85
[INFO] [stdout]                                at /opt/rustwide/cargo-home/registry/src/github.com-1ecc6299db9ec823/compiletest_rs-0.7.0/src/lib.rs:296:9
[INFO] [stdout]   19:     0x560c4d11351e - core::ops::function::FnOnce::call_once{{vtable.shim}}::he441ac4c8453f066
[INFO] [stdout]                                at /rustc/a178d0322ce20e33eac124758e837cbd80a6f633/library/core/src/ops/function.rs:227:5
[INFO] [stdout]   20:     0x560c4d451b4d - <alloc::boxed::Box<F,A> as core::ops::function::FnOnce<Args>>::call_once::ha52a141f56ec4898
[INFO] [stdout]                                at /rustc/a178d0322ce20e33eac124758e837cbd80a6f633/library/alloc/src/boxed.rs:1575:9
[INFO] [stdout]   21:     0x560c4d40ac94 - tester::__rust_begin_short_backtrace::h6cff7acf104910bb
[INFO] [stdout]                                at /opt/rustwide/cargo-home/registry/src/github.com-1ecc6299db9ec823/tester-0.9.0/src/lib.rs:516:5
[INFO] [stdout]   22:     0x560c4d40a463 - tester::run_test::{{closure}}::h67c927a7bbd9d821
[INFO] [stdout]                                at /opt/rustwide/cargo-home/registry/src/github.com-1ecc6299db9ec823/tester-0.9.0/src/lib.rs:500:34
[INFO] [stdout]   23:     0x560c4d420b68 - core::ops::function::FnOnce::call_once{{vtable.shim}}::h26721d02db9fc0b5
[INFO] [stdout]                                at /rustc/a178d0322ce20e33eac124758e837cbd80a6f633/library/core/src/ops/function.rs:227:5
[INFO] [stdout]   24:     0x560c4d451b4d - <alloc::boxed::Box<F,A> as core::ops::function::FnOnce<Args>>::call_once::ha52a141f56ec4898
[INFO] [stdout]                                at /rustc/a178d0322ce20e33eac124758e837cbd80a6f633/library/alloc/src/boxed.rs:1575:9
[INFO] [stdout]   25:     0x560c4d426e94 - <std::panic::AssertUnwindSafe<F> as core::ops::function::FnOnce<()>>::call_once::hdca2cf0a608e13dc
[INFO] [stdout]                                at /rustc/a178d0322ce20e33eac124758e837cbd80a6f633/library/std/src/panic.rs:347:9
[INFO] [stdout]   26:     0x560c4d40d28d - std::panicking::try::do_call::h98818cfea144712d
[INFO] [stdout]                                at /rustc/a178d0322ce20e33eac124758e837cbd80a6f633/library/std/src/panicking.rs:401:40
[INFO] [stdout]   27:     0x560c4d40f9ed - __rust_try
[INFO] [stdout]   28:     0x560c4d40ce6d - std::panicking::try::h5fb1ad06fd5a5f1e
[INFO] [stdout]                                at /rustc/a178d0322ce20e33eac124758e837cbd80a6f633/library/std/src/panicking.rs:365:19
[INFO] [stdout]   29:     0x560c4d427664 - std::panic::catch_unwind::h9568752f65e9d248
[INFO] [stdout]                                at /rustc/a178d0322ce20e33eac124758e837cbd80a6f633/library/std/src/panic.rs:434:14
[INFO] [stdout]   30:     0x560c4d40aed2 - tester::run_test_in_process::h2643b45c8131cf82
[INFO] [stdout]                                at /opt/rustwide/cargo-home/registry/src/github.com-1ecc6299db9ec823/tester-0.9.0/src/lib.rs:539:18
[INFO] [stdout]   31:     0x560c4d40abbc - tester::run_test::run_test_inner::{{closure}}::h83c5b096f69402e5
[INFO] [stdout]                                at /opt/rustwide/cargo-home/registry/src/github.com-1ecc6299db9ec823/tester-0.9.0/src/lib.rs:449:39
[INFO] [stdout]   32:     0x560c4d3f98a3 - std::sys_common::backtrace::__rust_begin_short_backtrace::h241b3d3a15b94b87
[INFO] [stdout]                                at /rustc/a178d0322ce20e33eac124758e837cbd80a6f633/library/std/src/sys_common/backtrace.rs:125:18
[INFO] [stdout]   33:     0x560c4d43b2d0 - std::thread::Builder::spawn_unchecked::{{closure}}::{{closure}}::hd0b25529d1dd1cfc
[INFO] [stdout]                                at /rustc/a178d0322ce20e33eac124758e837cbd80a6f633/library/std/src/thread/mod.rs:481:17
[INFO] [stdout]   34:     0x560c4d426e74 - <std::panic::AssertUnwindSafe<F> as core::ops::function::FnOnce<()>>::call_once::hd2dc9a7e22622d4a
[INFO] [stdout]                                at /rustc/a178d0322ce20e33eac124758e837cbd80a6f633/library/std/src/panic.rs:347:9
[INFO] [stdout]   35:     0x560c4d40d192 - std::panicking::try::do_call::h2fef021fb3fc44fb
[INFO] [stdout]                                at /rustc/a178d0322ce20e33eac124758e837cbd80a6f633/library/std/src/panicking.rs:401:40
[INFO] [stdout]   36:     0x560c4d40f9ed - __rust_try
[INFO] [stdout]   37:     0x560c4d40cf67 - std::panicking::try::hda368864b5d20fb5
[INFO] [stdout]                                at /rustc/a178d0322ce20e33eac124758e837cbd80a6f633/library/std/src/panicking.rs:365:19
[INFO] [stdout]   38:     0x560c4d427604 - std::panic::catch_unwind::h11e1a579edfd9639
[INFO] [stdout]                                at /rustc/a178d0322ce20e33eac124758e837cbd80a6f633/library/std/src/panic.rs:434:14
[INFO] [stdout]   39:     0x560c4d43b0de - std::thread::Builder::spawn_unchecked::{{closure}}::h78be7fe794236d48
[INFO] [stdout]                                at /rustc/a178d0322ce20e33eac124758e837cbd80a6f633/library/std/src/thread/mod.rs:480:30
[INFO] [stdout]   40:     0x560c4d420bbf - core::ops::function::FnOnce::call_once{{vtable.shim}}::h594aedcaa511e812
[INFO] [stdout]                                at /rustc/a178d0322ce20e33eac124758e837cbd80a6f633/library/core/src/ops/function.rs:227:5
[INFO] [stdout]   41:     0x560c4d4f3287 - <alloc::boxed::Box<F,A> as core::ops::function::FnOnce<Args>>::call_once::h7ece6cfefaff1005
[INFO] [stdout]                                at /rustc/a178d0322ce20e33eac124758e837cbd80a6f633/library/alloc/src/boxed.rs:1575:9
[INFO] [stdout]   42:     0x560c4d4f3287 - <alloc::boxed::Box<F,A> as core::ops::function::FnOnce<Args>>::call_once::hb8b48e55c21f193e
[INFO] [stdout]                                at /rustc/a178d0322ce20e33eac124758e837cbd80a6f633/library/alloc/src/boxed.rs:1575:9
[INFO] [stdout]   43:     0x560c4d4f3287 - std::sys::unix::thread::Thread::new::thread_start::h8c7c4450dba62914
[INFO] [stdout]                                at /rustc/a178d0322ce20e33eac124758e837cbd80a6f633/library/std/src/sys/unix/thread.rs:71:17
[INFO] [stdout]   44:     0x7feea56d1609 - start_thread
[INFO] [stdout]   45:     0x7feea54a3293 - clone
[INFO] [stdout]   46:                0x0 - <unknown>
[INFO] [stdout] 
[INFO] [stdout] error: tests/compile-fail/implicit-select-all-duplicated-wildcards.rs:3: unexpected error: '3:1: 3:23: can't find crate for `arraygen` [E0463]'
[INFO] [stdout] 
[INFO] [stdout] error: tests/compile-fail/implicit-select-all-duplicated-wildcards.rs:8: expected error not found: 8:55: 8:56: gen_array method 'my_array' contains implicit_select_all clause with duplicated '_' type
[INFO] [stdout] 
[INFO] [stdout] error: 1 unexpected errors found, 1 expected errors not found
[INFO] [stdout] status: exit status: 1
[INFO] [stdout] command: "rustc" "tests/compile-fail/implicit-select-all-duplicated-wildcards.rs" "-L" "/tmp" "--target=x86_64-unknown-linux-gnu" "--error-format" "json" "-C" "prefer-dynamic" "-o" "/tmp/implicit-select-all-duplicated-wildcards.stage-id" "-A" "unused" "-L" "target/debug" "-L" "target/debug/deps" "-L" "/tmp/implicit-select-all-duplicated-wildcards.stage-id.aux"
[INFO] [stdout] unexpected errors (from JSON output): [
[INFO] [stdout]     Error {
[INFO] [stdout]         line_num: 3,
[INFO] [stdout]         kind: Some(
[INFO] [stdout]             Error,
[INFO] [stdout]         ),
[INFO] [stdout]         msg: "3:1: 3:23: can't find crate for `arraygen` [E0463]",
[INFO] [stdout]     },
[INFO] [stdout] ]
[INFO] [stdout] 
[INFO] [stdout] not found errors (from test file): [
[INFO] [stdout]     Error {
[INFO] [stdout]         line_num: 8,
[INFO] [stdout]         kind: Some(
[INFO] [stdout]             Error,
[INFO] [stdout]         ),
[INFO] [stdout]         msg: "8:55: 8:56: gen_array method 'my_array' contains implicit_select_all clause with duplicated '_' type",
[INFO] [stdout]     },
[INFO] [stdout] ]
[INFO] [stdout] 
[INFO] [stdout] thread '[compile-fail] compile-fail/implicit-select-all-duplicated-wildcards.rs' panicked at 'explicit panic', /opt/rustwide/cargo-home/registry/src/github.com-1ecc6299db9ec823/compiletest_rs-0.7.0/src/runtest.rs:1092:13
[INFO] [stdout] stack backtrace:
[INFO] [stdout]    0:     0x560c4d4ea050 - std::backtrace_rs::backtrace::libunwind::trace::h34055254b57d8e79
[INFO] [stdout]                                at /rustc/a178d0322ce20e33eac124758e837cbd80a6f633/library/std/src/../../backtrace/src/backtrace/libunwind.rs:90:5
[INFO] [stdout]    1:     0x560c4d4ea050 - std::backtrace_rs::backtrace::trace_unsynchronized::h8f1e3fbd9afff6ec
[INFO] [stdout]                                at /rustc/a178d0322ce20e33eac124758e837cbd80a6f633/library/std/src/../../backtrace/src/backtrace/mod.rs:66:5
[INFO] [stdout]    2:     0x560c4d4ea050 - std::sys_common::backtrace::_print_fmt::h3a99a796b770c360
[INFO] [stdout]                                at /rustc/a178d0322ce20e33eac124758e837cbd80a6f633/library/std/src/sys_common/backtrace.rs:67:5
[INFO] [stdout]    3:     0x560c4d4ea050 - <std::sys_common::backtrace::_print::DisplayBacktrace as core::fmt::Display>::fmt::h32d1f94a80615d18
[INFO] [stdout]                                at /rustc/a178d0322ce20e33eac124758e837cbd80a6f633/library/std/src/sys_common/backtrace.rs:46:22
[INFO] [stdout]    4:     0x560c4d50f13c - core::fmt::write::h306731c068f7162c
[INFO] [stdout]                                at /rustc/a178d0322ce20e33eac124758e837cbd80a6f633/library/core/src/fmt/mod.rs:1110:17
[INFO] [stdout]    5:     0x560c4d4e61d5 - std::io::Write::write_fmt::h87f19b0a2cd190bc
[INFO] [stdout]                                at /rustc/a178d0322ce20e33eac124758e837cbd80a6f633/library/std/src/io/mod.rs:1588:15
[INFO] [stdout]    6:     0x560c4d4ecd5b - std::sys_common::backtrace::_print::h5abaa2601a852287
[INFO] [stdout]                                at /rustc/a178d0322ce20e33eac124758e837cbd80a6f633/library/std/src/sys_common/backtrace.rs:49:5
[INFO] [stdout]    7:     0x560c4d4ecd5b - std::sys_common::backtrace::print::h8d81445442bb638f
[INFO] [stdout]                                at /rustc/a178d0322ce20e33eac124758e837cbd80a6f633/library/std/src/sys_common/backtrace.rs:36:9
[INFO] [stdout]    8:     0x560c4d4ecd5b - std::panicking::default_hook::{{closure}}::hcfe804496a9fa747
[INFO] [stdout]                                at /rustc/a178d0322ce20e33eac124758e837cbd80a6f633/library/std/src/panicking.rs:208:50
[INFO] [stdout]    9:     0x560c4d4ec86c - std::panicking::default_hook::hbea8e3ccf2ba8901
[INFO] [stdout]                                at /rustc/a178d0322ce20e33eac124758e837cbd80a6f633/library/std/src/panicking.rs:222:9
[INFO] [stdout]   10:     0x560c4d4ed424 - std::panicking::rust_panic_with_hook::h7ee9e1a2d0f8975a
[INFO] [stdout]                                at /rustc/a178d0322ce20e33eac124758e837cbd80a6f633/library/std/src/panicking.rs:622:17
[INFO] [stdout]   11:     0x560c4d4c47b3 - std::panicking::begin_panic::{{closure}}::haa2259a5d090943e
[INFO] [stdout]                                at /rustc/a178d0322ce20e33eac124758e837cbd80a6f633/library/std/src/panicking.rs:542:9
[INFO] [stdout]   12:     0x560c4d4c8549 - std::sys_common::backtrace::__rust_end_short_backtrace::hab24bff5d543af40
[INFO] [stdout]                                at /rustc/a178d0322ce20e33eac124758e837cbd80a6f633/library/std/src/sys_common/backtrace.rs:141:18
[INFO] [stdout]   13:     0x560c4d4c46e9 - std::panicking::begin_panic::hb0ad47222346dbe6
[INFO] [stdout]                                at /rustc/a178d0322ce20e33eac124758e837cbd80a6f633/library/std/src/panicking.rs:541:12
[INFO] [stdout]   14:     0x560c4d14e8f9 - compiletest_rs::runtest::TestCx::check_expected_errors::h64f2aae523bf8b2a
[INFO] [stdout]                                at /opt/rustwide/cargo-home/registry/src/github.com-1ecc6299db9ec823/compiletest_rs-0.7.0/src/runtest.rs:1092:13
[INFO] [stdout]   15:     0x560c4d1403e1 - compiletest_rs::runtest::TestCx::run_cfail_test::he3358de483f47afe
[INFO] [stdout]                                at /opt/rustwide/cargo-home/registry/src/github.com-1ecc6299db9ec823/compiletest_rs-0.7.0/src/runtest.rs:179:13
[INFO] [stdout]   16:     0x560c4d13ff4e - compiletest_rs::runtest::TestCx::run_revision::h72cbfbf7b43a3f32
[INFO] [stdout]                                at /opt/rustwide/cargo-home/registry/src/github.com-1ecc6299db9ec823/compiletest_rs-0.7.0/src/runtest.rs:131:26
[INFO] [stdout]   17:     0x560c4d13fbd3 - compiletest_rs::runtest::run::h6336811a04fb4082
[INFO] [stdout]                                at /opt/rustwide/cargo-home/registry/src/github.com-1ecc6299db9ec823/compiletest_rs-0.7.0/src/runtest.rs:83:9
[INFO] [stdout]   18:     0x560c4d13db95 - compiletest_rs::make_test_closure::{{closure}}::hbcca4793d0ed1d85
[INFO] [stdout]                                at /opt/rustwide/cargo-home/registry/src/github.com-1ecc6299db9ec823/compiletest_rs-0.7.0/src/lib.rs:296:9
[INFO] [stdout]   19:     0x560c4d11351e - core::ops::function::FnOnce::call_once{{vtable.shim}}::he441ac4c8453f066
[INFO] [stdout]                                at /rustc/a178d0322ce20e33eac124758e837cbd80a6f633/library/core/src/ops/function.rs:227:5
[INFO] [stdout]   20:     0x560c4d451b4d - <alloc::boxed::Box<F,A> as core::ops::function::FnOnce<Args>>::call_once::ha52a141f56ec4898
[INFO] [stdout]                                at /rustc/a178d0322ce20e33eac124758e837cbd80a6f633/library/alloc/src/boxed.rs:1575:9
[INFO] [stdout]   21:     0x560c4d40ac94 - tester::__rust_begin_short_backtrace::h6cff7acf104910bb
[INFO] [stdout]                                at /opt/rustwide/cargo-home/registry/src/github.com-1ecc6299db9ec823/tester-0.9.0/src/lib.rs:516:5
[INFO] [stdout]   22:     0x560c4d40a463 - tester::run_test::{{closure}}::h67c927a7bbd9d821
[INFO] [stdout]                                at /opt/rustwide/cargo-home/registry/src/github.com-1ecc6299db9ec823/tester-0.9.0/src/lib.rs:500:34
[INFO] [stdout]   23:     0x560c4d420b68 - core::ops::function::FnOnce::call_once{{vtable.shim}}::h26721d02db9fc0b5
[INFO] [stdout]                                at /rustc/a178d0322ce20e33eac124758e837cbd80a6f633/library/core/src/ops/function.rs:227:5
[INFO] [stdout]   24:     0x560c4d451b4d - <alloc::boxed::Box<F,A> as core::ops::function::FnOnce<Args>>::call_once::ha52a141f56ec4898
[INFO] [stdout]                                at /rustc/a178d0322ce20e33eac124758e837cbd80a6f633/library/alloc/src/boxed.rs:1575:9
[INFO] [stdout]   25:     0x560c4d426e94 - <std::panic::AssertUnwindSafe<F> as core::ops::function::FnOnce<()>>::call_once::hdca2cf0a608e13dc
[INFO] [stdout]                                at /rustc/a178d0322ce20e33eac124758e837cbd80a6f633/library/std/src/panic.rs:347:9
[INFO] [stdout]   26:     0x560c4d40d28d - std::panicking::try::do_call::h98818cfea144712d
[INFO] [stdout]                                at /rustc/a178d0322ce20e33eac124758e837cbd80a6f633/library/std/src/panicking.rs:401:40
[INFO] [stdout]   27:     0x560c4d40f9ed - __rust_try
[INFO] [stdout]   28:     0x560c4d40ce6d - std::panicking::try::h5fb1ad06fd5a5f1e
[INFO] [stdout]                                at /rustc/a178d0322ce20e33eac124758e837cbd80a6f633/library/std/src/panicking.rs:365:19
[INFO] [stdout]   29:     0x560c4d427664 - std::panic::catch_unwind::h9568752f65e9d248
[INFO] [stdout]                                at /rustc/a178d0322ce20e33eac124758e837cbd80a6f633/library/std/src/panic.rs:434:14
[INFO] [stdout]   30:     0x560c4d40aed2 - tester::run_test_in_process::h2643b45c8131cf82
[INFO] [stdout]                                at /opt/rustwide/cargo-home/registry/src/github.com-1ecc6299db9ec823/tester-0.9.0/src/lib.rs:539:18
[INFO] [stdout]   31:     0x560c4d40abbc - tester::run_test::run_test_inner::{{closure}}::h83c5b096f69402e5
[INFO] [stdout]                                at /opt/rustwide/cargo-home/registry/src/github.com-1ecc6299db9ec823/tester-0.9.0/src/lib.rs:449:39
[INFO] [stdout]   32:     0x560c4d3f98a3 - std::sys_common::backtrace::__rust_begin_short_backtrace::h241b3d3a15b94b87
[INFO] [stdout]                                at /rustc/a178d0322ce20e33eac124758e837cbd80a6f633/library/std/src/sys_common/backtrace.rs:125:18
[INFO] [stdout]   33:     0x560c4d43b2d0 - std::thread::Builder::spawn_unchecked::{{closure}}::{{closure}}::hd0b25529d1dd1cfc
[INFO] [stdout]                                at /rustc/a178d0322ce20e33eac124758e837cbd80a6f633/library/std/src/thread/mod.rs:481:17
[INFO] [stdout]   34:     0x560c4d426e74 - <std::panic::AssertUnwindSafe<F> as core::ops::function::FnOnce<()>>::call_once::hd2dc9a7e22622d4a
[INFO] [stdout]                                at /rustc/a178d0322ce20e33eac124758e837cbd80a6f633/library/std/src/panic.rs:347:9
[INFO] [stdout]   35:     0x560c4d40d192 - std::panicking::try::do_call::h2fef021fb3fc44fb
[INFO] [stdout]                                at /rustc/a178d0322ce20e33eac124758e837cbd80a6f633/library/std/src/panicking.rs:401:40
[INFO] [stdout]   36:     0x560c4d40f9ed - __rust_try
[INFO] [stdout]   37:     0x560c4d40cf67 - std::panicking::try::hda368864b5d20fb5
[INFO] [stdout]                                at /rustc/a178d0322ce20e33eac124758e837cbd80a6f633/library/std/src/panicking.rs:365:19
[INFO] [stdout]   38:     0x560c4d427604 - std::panic::catch_unwind::h11e1a579edfd9639
[INFO] [stdout]                                at /rustc/a178d0322ce20e33eac124758e837cbd80a6f633/library/std/src/panic.rs:434:14
[INFO] [stdout]   39:     0x560c4d43b0de - std::thread::Builder::spawn_unchecked::{{closure}}::h78be7fe794236d48
[INFO] [stdout]                                at /rustc/a178d0322ce20e33eac124758e837cbd80a6f633/library/std/src/thread/mod.rs:480:30
[INFO] [stdout]   40:     0x560c4d420bbf - core::ops::function::FnOnce::call_once{{vtable.shim}}::h594aedcaa511e812
[INFO] [stdout]                                at /rustc/a178d0322ce20e33eac124758e837cbd80a6f633/library/core/src/ops/function.rs:227:5
[INFO] [stdout]   41:     0x560c4d4f3287 - <alloc::boxed::Box<F,A> as core::ops::function::FnOnce<Args>>::call_once::h7ece6cfefaff1005
[INFO] [stdout]                                at /rustc/a178d0322ce20e33eac124758e837cbd80a6f633/library/alloc/src/boxed.rs:1575:9
[INFO] [stdout]   42:     0x560c4d4f3287 - <alloc::boxed::Box<F,A> as core::ops::function::FnOnce<Args>>::call_once::hb8b48e55c21f193e
[INFO] [stdout]                                at /rustc/a178d0322ce20e33eac124758e837cbd80a6f633/library/alloc/src/boxed.rs:1575:9
[INFO] [stdout]   43:     0x560c4d4f3287 - std::sys::unix::thread::Thread::new::thread_start::h8c7c4450dba62914
[INFO] [stdout]                                at /rustc/a178d0322ce20e33eac124758e837cbd80a6f633/library/std/src/sys/unix/thread.rs:71:17
[INFO] [stdout]   44:     0x7feea56d1609 - start_thread
[INFO] [stdout]   45:     0x7feea54a3293 - clone
[INFO] [stdout]   46:                0x0 - <unknown>
[INFO] [stdout] 
[INFO] [stdout] error: tests/compile-fail/inclusion-decorator-wrong-place.rs:3: unexpected error: '3:1: 3:23: can't find crate for `arraygen` [E0463]'
[INFO] [stdout] 
[INFO] [stdout] error: tests/compile-fail/inclusion-decorator-wrong-place.rs:10: expected error not found: 10:16: 10:24: expected identifier
[INFO] [stdout] 
[INFO] [stdout] error: 1 unexpected errors found, 1 expected errors not found
[INFO] [stdout] status: exit status: 1
[INFO] [stdout] command: "rustc" "tests/compile-fail/inclusion-decorator-wrong-place.rs" "-L" "/tmp" "--target=x86_64-unknown-linux-gnu" "--error-format" "json" "-C" "prefer-dynamic" "-o" "/tmp/inclusion-decorator-wrong-place.stage-id" "-A" "unused" "-L" "target/debug" "-L" "target/debug/deps" "-L" "/tmp/inclusion-decorator-wrong-place.stage-id.aux"
[INFO] [stdout] unexpected errors (from JSON output): [
[INFO] [stdout]     Error {
[INFO] [stdout]         line_num: 3,
[INFO] [stdout]         kind: Some(
[INFO] [stdout]             Error,
[INFO] [stdout]         ),
[INFO] [stdout]         msg: "3:1: 3:23: can't find crate for `arraygen` [E0463]",
[INFO] [stdout]     },
[INFO] [stdout] ]
[INFO] [stdout] 
[INFO] [stdout] not found errors (from test file): [
[INFO] [stdout]     Error {
[INFO] [stdout]         line_num: 10,
[INFO] [stdout]         kind: Some(
[INFO] [stdout]             Error,
[INFO] [stdout]         ),
[INFO] [stdout]         msg: "10:16: 10:24: expected identifier",
[INFO] [stdout]     },
[INFO] [stdout] ]
[INFO] [stdout] 
[INFO] [stdout] thread '[compile-fail] compile-fail/inclusion-decorator-wrong-place.rs' panicked at 'explicit panic', /opt/rustwide/cargo-home/registry/src/github.com-1ecc6299db9ec823/compiletest_rs-0.7.0/src/runtest.rs:1092:13
[INFO] [stdout] stack backtrace:
[INFO] [stdout]    0:     0x560c4d4ea050 - std::backtrace_rs::backtrace::libunwind::trace::h34055254b57d8e79
[INFO] [stdout]                                at /rustc/a178d0322ce20e33eac124758e837cbd80a6f633/library/std/src/../../backtrace/src/backtrace/libunwind.rs:90:5
[INFO] [stdout]    1:     0x560c4d4ea050 - std::backtrace_rs::backtrace::trace_unsynchronized::h8f1e3fbd9afff6ec
[INFO] [stdout]                                at /rustc/a178d0322ce20e33eac124758e837cbd80a6f633/library/std/src/../../backtrace/src/backtrace/mod.rs:66:5
[INFO] [stdout]    2:     0x560c4d4ea050 - std::sys_common::backtrace::_print_fmt::h3a99a796b770c360
[INFO] [stdout]                                at /rustc/a178d0322ce20e33eac124758e837cbd80a6f633/library/std/src/sys_common/backtrace.rs:67:5
[INFO] [stdout]    3:     0x560c4d4ea050 - <std::sys_common::backtrace::_print::DisplayBacktrace as core::fmt::Display>::fmt::h32d1f94a80615d18
[INFO] [stdout]                                at /rustc/a178d0322ce20e33eac124758e837cbd80a6f633/library/std/src/sys_common/backtrace.rs:46:22
[INFO] [stdout]    4:     0x560c4d50f13c - core::fmt::write::h306731c068f7162c
[INFO] [stdout]                                at /rustc/a178d0322ce20e33eac124758e837cbd80a6f633/library/core/src/fmt/mod.rs:1110:17
[INFO] [stdout]    5:     0x560c4d4e61d5 - std::io::Write::write_fmt::h87f19b0a2cd190bc
[INFO] [stdout]                                at /rustc/a178d0322ce20e33eac124758e837cbd80a6f633/library/std/src/io/mod.rs:1588:15
[INFO] [stdout]    6:     0x560c4d4ecd5b - std::sys_common::backtrace::_print::h5abaa2601a852287
[INFO] [stdout]                                at /rustc/a178d0322ce20e33eac124758e837cbd80a6f633/library/std/src/sys_common/backtrace.rs:49:5
[INFO] [stdout]    7:     0x560c4d4ecd5b - std::sys_common::backtrace::print::h8d81445442bb638f
[INFO] [stdout]                                at /rustc/a178d0322ce20e33eac124758e837cbd80a6f633/library/std/src/sys_common/backtrace.rs:36:9
[INFO] [stdout]    8:     0x560c4d4ecd5b - std::panicking::default_hook::{{closure}}::hcfe804496a9fa747
[INFO] [stdout]                                at /rustc/a178d0322ce20e33eac124758e837cbd80a6f633/library/std/src/panicking.rs:208:50
[INFO] [stdout]    9:     0x560c4d4ec86c - std::panicking::default_hook::hbea8e3ccf2ba8901
[INFO] [stdout]                                at /rustc/a178d0322ce20e33eac124758e837cbd80a6f633/library/std/src/panicking.rs:222:9
[INFO] [stdout]   10:     0x560c4d4ed424 - std::panicking::rust_panic_with_hook::h7ee9e1a2d0f8975a
[INFO] [stdout]                                at /rustc/a178d0322ce20e33eac124758e837cbd80a6f633/library/std/src/panicking.rs:622:17
[INFO] [stdout]   11:     0x560c4d4c47b3 - std::panicking::begin_panic::{{closure}}::haa2259a5d090943e
[INFO] [stdout]                                at /rustc/a178d0322ce20e33eac124758e837cbd80a6f633/library/std/src/panicking.rs:542:9
[INFO] [stdout]   12:     0x560c4d4c8549 - std::sys_common::backtrace::__rust_end_short_backtrace::hab24bff5d543af40
[INFO] [stdout]                                at /rustc/a178d0322ce20e33eac124758e837cbd80a6f633/library/std/src/sys_common/backtrace.rs:141:18
[INFO] [stdout]   13:     0x560c4d4c46e9 - std::panicking::begin_panic::hb0ad47222346dbe6
[INFO] [stdout]                                at /rustc/a178d0322ce20e33eac124758e837cbd80a6f633/library/std/src/panicking.rs:541:12
[INFO] [stdout]   14:     0x560c4d14e8f9 - compiletest_rs::runtest::TestCx::check_expected_errors::h64f2aae523bf8b2a
[INFO] [stdout]                                at /opt/rustwide/cargo-home/registry/src/github.com-1ecc6299db9ec823/compiletest_rs-0.7.0/src/runtest.rs:1092:13
[INFO] [stdout]   15:     0x560c4d1403e1 - compiletest_rs::runtest::TestCx::run_cfail_test::he3358de483f47afe
[INFO] [stdout]                                at /opt/rustwide/cargo-home/registry/src/github.com-1ecc6299db9ec823/compiletest_rs-0.7.0/src/runtest.rs:179:13
[INFO] [stdout]   16:     0x560c4d13ff4e - compiletest_rs::runtest::TestCx::run_revision::h72cbfbf7b43a3f32
[INFO] [stdout]                                at /opt/rustwide/cargo-home/registry/src/github.com-1ecc6299db9ec823/compiletest_rs-0.7.0/src/runtest.rs:131:26
[INFO] [stdout]   17:     0x560c4d13fbd3 - compiletest_rs::runtest::run::h6336811a04fb4082
[INFO] [stdout]                                at /opt/rustwide/cargo-home/registry/src/github.com-1ecc6299db9ec823/compiletest_rs-0.7.0/src/runtest.rs:83:9
[INFO] [stdout]   18:     0x560c4d13db95 - compiletest_rs::make_test_closure::{{closure}}::hbcca4793d0ed1d85
[INFO] [stdout]                                at /opt/rustwide/cargo-home/registry/src/github.com-1ecc6299db9ec823/compiletest_rs-0.7.0/src/lib.rs:296:9
[INFO] [stdout]   19:     0x560c4d11351e - core::ops::function::FnOnce::call_once{{vtable.shim}}::he441ac4c8453f066
[INFO] [stdout]                                at /rustc/a178d0322ce20e33eac124758e837cbd80a6f633/library/core/src/ops/function.rs:227:5
[INFO] [stdout]   20:     0x560c4d451b4d - <alloc::boxed::Box<F,A> as core::ops::function::FnOnce<Args>>::call_once::ha52a141f56ec4898
[INFO] [stdout]                                at /rustc/a178d0322ce20e33eac124758e837cbd80a6f633/library/alloc/src/boxed.rs:1575:9
[INFO] [stdout]   21:     0x560c4d40ac94 - tester::__rust_begin_short_backtrace::h6cff7acf104910bb
[INFO] [stdout]                                at /opt/rustwide/cargo-home/registry/src/github.com-1ecc6299db9ec823/tester-0.9.0/src/lib.rs:516:5
[INFO] [stdout]   22:     0x560c4d40a463 - tester::run_test::{{closure}}::h67c927a7bbd9d821
[INFO] [stdout]                                at /opt/rustwide/cargo-home/registry/src/github.com-1ecc6299db9ec823/tester-0.9.0/src/lib.rs:500:34
[INFO] [stdout]   23:     0x560c4d420b68 - core::ops::function::FnOnce::call_once{{vtable.shim}}::h26721d02db9fc0b5
[INFO] [stdout]                                at /rustc/a178d0322ce20e33eac124758e837cbd80a6f633/library/core/src/ops/function.rs:227:5
[INFO] [stdout]   24:     0x560c4d451b4d - <alloc::boxed::Box<F,A> as core::ops::function::FnOnce<Args>>::call_once::ha52a141f56ec4898
[INFO] [stdout]                                at /rustc/a178d0322ce20e33eac124758e837cbd80a6f633/library/alloc/src/boxed.rs:1575:9
[INFO] [stdout]   25:     0x560c4d426e94 - <std::panic::AssertUnwindSafe<F> as core::ops::function::FnOnce<()>>::call_once::hdca2cf0a608e13dc
[INFO] [stdout]                                at /rustc/a178d0322ce20e33eac124758e837cbd80a6f633/library/std/src/panic.rs:347:9
[INFO] [stdout]   26:     0x560c4d40d28d - std::panicking::try::do_call::h98818cfea144712d
[INFO] [stdout]                                at /rustc/a178d0322ce20e33eac124758e837cbd80a6f633/library/std/src/panicking.rs:401:40
[INFO] [stdout]   27:     0x560c4d40f9ed - __rust_try
[INFO] [stdout]   28:     0x560c4d40ce6d - std::panicking::try::h5fb1ad06fd5a5f1e
[INFO] [stdout]                                at /rustc/a178d0322ce20e33eac124758e837cbd80a6f633/library/std/src/panicking.rs:365:19
[INFO] [stdout]   29:     0x560c4d427664 - std::panic::catch_unwind::h9568752f65e9d248
[INFO] [stdout]                                at /rustc/a178d0322ce20e33eac124758e837cbd80a6f633/library/std/src/panic.rs:434:14
[INFO] [stdout]   30:     0x560c4d40aed2 - tester::run_test_in_process::h2643b45c8131cf82
[INFO] [stdout]                                at /opt/rustwide/cargo-home/registry/src/github.com-1ecc6299db9ec823/tester-0.9.0/src/lib.rs:539:18
[INFO] [stdout]   31:     0x560c4d40abbc - tester::run_test::run_test_inner::{{closure}}::h83c5b096f69402e5
[INFO] [stdout]                                at /opt/rustwide/cargo-home/registry/src/github.com-1ecc6299db9ec823/tester-0.9.0/src/lib.rs:449:39
[INFO] [stdout]   32:     0x560c4d3f98a3 - std::sys_common::backtrace::__rust_begin_short_backtrace::h241b3d3a15b94b87
[INFO] [stdout]                                at /rustc/a178d0322ce20e33eac124758e837cbd80a6f633/library/std/src/sys_common/backtrace.rs:125:18
[INFO] [stdout]   33:     0x560c4d43b2d0 - std::thread::Builder::spawn_unchecked::{{closure}}::{{closure}}::hd0b25529d1dd1cfc
[INFO] [stdout]                                at /rustc/a178d0322ce20e33eac124758e837cbd80a6f633/library/std/src/thread/mod.rs:481:17
[INFO] [stdout]   34:     0x560c4d426e74 - <std::panic::AssertUnwindSafe<F> as core::ops::function::FnOnce<()>>::call_once::hd2dc9a7e22622d4a
[INFO] [stdout]                                at /rustc/a178d0322ce20e33eac124758e837cbd80a6f633/library/std/src/panic.rs:347:9
[INFO] [stdout]   35:     0x560c4d40d192 - std::panicking::try::do_call::h2fef021fb3fc44fb
[INFO] [stdout]                                at /rustc/a178d0322ce20e33eac124758e837cbd80a6f633/library/std/src/panicking.rs:401:40
[INFO] [stdout]   36:     0x560c4d40f9ed - __rust_try
[INFO] [stdout]   37:     0x560c4d40cf67 - std::panicking::try::hda368864b5d20fb5
[INFO] [stdout]                                at /rustc/a178d0322ce20e33eac124758e837cbd80a6f633/library/std/src/panicking.rs:365:19
[INFO] [stdout]   38:     0x560c4d427604 - std::panic::catch_unwind::h11e1a579edfd9639
[INFO] [stdout]                                at /rustc/a178d0322ce20e33eac124758e837cbd80a6f633/library/std/src/panic.rs:434:14
[INFO] [stdout]   39:     0x560c4d43b0de - std::thread::Builder::spawn_unchecked::{{closure}}::h78be7fe794236d48
[INFO] [stdout]                                at /rustc/a178d0322ce20e33eac124758e837cbd80a6f633/library/std/src/thread/mod.rs:480:30
[INFO] [stdout]   40:     0x560c4d420bbf - core::ops::function::FnOnce::call_once{{vtable.shim}}::h594aedcaa511e812
[INFO] [stdout]                                at /rustc/a178d0322ce20e33eac124758e837cbd80a6f633/library/core/src/ops/function.rs:227:5
[INFO] [stdout]   41:     0x560c4d4f3287 - <alloc::boxed::Box<F,A> as core::ops::function::FnOnce<Args>>::call_once::h7ece6cfefaff1005
[INFO] [stdout]                                at /rustc/a178d0322ce20e33eac124758e837cbd80a6f633/library/alloc/src/boxed.rs:1575:9
[INFO] [stdout]   42:     0x560c4d4f3287 - <alloc::boxed::Box<F,A> as core::ops::function::FnOnce<Args>>::call_once::hb8b48e55c21f193e
[INFO] [stdout]                                at /rustc/a178d0322ce20e33eac124758e837cbd80a6f633/library/alloc/src/boxed.rs:1575:9
[INFO] [stdout]   43:     0x560c4d4f3287 - std::sys::unix::thread::Thread::new::thread_start::h8c7c4450dba62914
[INFO] [stdout]                                at /rustc/a178d0322ce20e33eac124758e837cbd80a6f633/library/std/src/sys/unix/thread.rs:71:17
[INFO] [stdout]   44:     0x7feea56d1609 - start_thread
[INFO] [stdout]   45:     0x7feea54a3293 - clone
[INFO] [stdout]   46:                0x0 - <unknown>
[INFO] [stdout] 
[INFO] [stdout] error: tests/compile-fail/inclusion-wrong-syntax.rs:3: unexpected error: '3:1: 3:23: can't find crate for `arraygen` [E0463]'
[INFO] [stdout] 
[INFO] [stdout] error: tests/compile-fail/inclusion-wrong-syntax.rs:10: expected error not found: 10:16: 10:19: expected identifier
[INFO] [stdout] 
[INFO] [stdout] error: 1 unexpected errors found, 1 expected errors not found
[INFO] [stdout] status: exit status: 1
[INFO] [stdout] command: "rustc" "tests/compile-fail/inclusion-wrong-syntax.rs" "-L" "/tmp" "--target=x86_64-unknown-linux-gnu" "--error-format" "json" "-C" "prefer-dynamic" "-o" "/tmp/inclusion-wrong-syntax.stage-id" "-A" "unused" "-L" "target/debug" "-L" "target/debug/deps" "-L" "/tmp/inclusion-wrong-syntax.stage-id.aux"
[INFO] [stdout] unexpected errors (from JSON output): [
[INFO] [stdout]     Error {
[INFO] [stdout]         line_num: 3,
[INFO] [stdout]         kind: Some(
[INFO] [stdout]             Error,
[INFO] [stdout]         ),
[INFO] [stdout]         msg: "3:1: 3:23: can't find crate for `arraygen` [E0463]",
[INFO] [stdout]     },
[INFO] [stdout] ]
[INFO] [stdout] 
[INFO] [stdout] not found errors (from test file): [
[INFO] [stdout]     Error {
[INFO] [stdout]         line_num: 10,
[INFO] [stdout]         kind: Some(
[INFO] [stdout]             Error,
[INFO] [stdout]         ),
[INFO] [stdout]         msg: "10:16: 10:19: expected identifier",
[INFO] [stdout]     },
[INFO] [stdout] ]
[INFO] [stdout] 
[INFO] [stdout] thread '[compile-fail] compile-fail/inclusion-wrong-syntax.rs' panicked at 'explicit panic', /opt/rustwide/cargo-home/registry/src/github.com-1ecc6299db9ec823/compiletest_rs-0.7.0/src/runtest.rs:1092:13
[INFO] [stdout] stack backtrace:
[INFO] [stdout]    0:     0x560c4d4ea050 - std::backtrace_rs::backtrace::libunwind::trace::h34055254b57d8e79
[INFO] [stdout]                                at /rustc/a178d0322ce20e33eac124758e837cbd80a6f633/library/std/src/../../backtrace/src/backtrace/libunwind.rs:90:5
[INFO] [stdout]    1:     0x560c4d4ea050 - std::backtrace_rs::backtrace::trace_unsynchronized::h8f1e3fbd9afff6ec
[INFO] [stdout]                                at /rustc/a178d0322ce20e33eac124758e837cbd80a6f633/library/std/src/../../backtrace/src/backtrace/mod.rs:66:5
[INFO] [stdout]    2:     0x560c4d4ea050 - std::sys_common::backtrace::_print_fmt::h3a99a796b770c360
[INFO] [stdout]                                at /rustc/a178d0322ce20e33eac124758e837cbd80a6f633/library/std/src/sys_common/backtrace.rs:67:5
[INFO] [stdout]    3:     0x560c4d4ea050 - <std::sys_common::backtrace::_print::DisplayBacktrace as core::fmt::Display>::fmt::h32d1f94a80615d18
[INFO] [stdout]                                at /rustc/a178d0322ce20e33eac124758e837cbd80a6f633/library/std/src/sys_common/backtrace.rs:46:22
[INFO] [stdout]    4:     0x560c4d50f13c - core::fmt::write::h306731c068f7162c
[INFO] [stdout]                                at /rustc/a178d0322ce20e33eac124758e837cbd80a6f633/library/core/src/fmt/mod.rs:1110:17
[INFO] [stdout]    5:     0x560c4d4e61d5 - std::io::Write::write_fmt::h87f19b0a2cd190bc
[INFO] [stdout]                                at /rustc/a178d0322ce20e33eac124758e837cbd80a6f633/library/std/src/io/mod.rs:1588:15
[INFO] [stdout]    6:     0x560c4d4ecd5b - std::sys_common::backtrace::_print::h5abaa2601a852287
[INFO] [stdout]                                at /rustc/a178d0322ce20e33eac124758e837cbd80a6f633/library/std/src/sys_common/backtrace.rs:49:5
[INFO] [stdout]    7:     0x560c4d4ecd5b - std::sys_common::backtrace::print::h8d81445442bb638f
[INFO] [stdout]                                at /rustc/a178d0322ce20e33eac124758e837cbd80a6f633/library/std/src/sys_common/backtrace.rs:36:9
[INFO] [stdout]    8:     0x560c4d4ecd5b - std::panicking::default_hook::{{closure}}::hcfe804496a9fa747
[INFO] [stdout]                                at /rustc/a178d0322ce20e33eac124758e837cbd80a6f633/library/std/src/panicking.rs:208:50
[INFO] [stdout]    9:     0x560c4d4ec86c - std::panicking::default_hook::hbea8e3ccf2ba8901
[INFO] [stdout]                                at /rustc/a178d0322ce20e33eac124758e837cbd80a6f633/library/std/src/panicking.rs:222:9
[INFO] [stdout]   10:     0x560c4d4ed424 - std::panicking::rust_panic_with_hook::h7ee9e1a2d0f8975a
[INFO] [stdout]                                at /rustc/a178d0322ce20e33eac124758e837cbd80a6f633/library/std/src/panicking.rs:622:17
[INFO] [stdout]   11:     0x560c4d4c47b3 - std::panicking::begin_panic::{{closure}}::haa2259a5d090943e
[INFO] [stdout]                                at /rustc/a178d0322ce20e33eac124758e837cbd80a6f633/library/std/src/panicking.rs:542:9
[INFO] [stdout]   12:     0x560c4d4c8549 - std::sys_common::backtrace::__rust_end_short_backtrace::hab24bff5d543af40
[INFO] [stdout]                                at /rustc/a178d0322ce20e33eac124758e837cbd80a6f633/library/std/src/sys_common/backtrace.rs:141:18
[INFO] [stdout]   13:     0x560c4d4c46e9 - std::panicking::begin_panic::hb0ad47222346dbe6
[INFO] [stdout]                                at /rustc/a178d0322ce20e33eac124758e837cbd80a6f633/library/std/src/panicking.rs:541:12
[INFO] [stdout]   14:     0x560c4d14e8f9 - compiletest_rs::runtest::TestCx::check_expected_errors::h64f2aae523bf8b2a
[INFO] [stdout]                                at /opt/rustwide/cargo-home/registry/src/github.com-1ecc6299db9ec823/compiletest_rs-0.7.0/src/runtest.rs:1092:13
[INFO] [stdout]   15:     0x560c4d1403e1 - compiletest_rs::runtest::TestCx::run_cfail_test::he3358de483f47afe
[INFO] [stdout]                                at /opt/rustwide/cargo-home/registry/src/github.com-1ecc6299db9ec823/compiletest_rs-0.7.0/src/runtest.rs:179:13
[INFO] [stdout]   16:     0x560c4d13ff4e - compiletest_rs::runtest::TestCx::run_revision::h72cbfbf7b43a3f32
[INFO] [stdout]                                at /opt/rustwide/cargo-home/registry/src/github.com-1ecc6299db9ec823/compiletest_rs-0.7.0/src/runtest.rs:131:26
[INFO] [stdout]   17:     0x560c4d13fbd3 - compiletest_rs::runtest::run::h6336811a04fb4082
[INFO] [stdout]                                at /opt/rustwide/cargo-home/registry/src/github.com-1ecc6299db9ec823/compiletest_rs-0.7.0/src/runtest.rs:83:9
[INFO] [stdout]   18:     0x560c4d13db95 - compiletest_rs::make_test_closure::{{closure}}::hbcca4793d0ed1d85
[INFO] [stdout]                                at /opt/rustwide/cargo-home/registry/src/github.com-1ecc6299db9ec823/compiletest_rs-0.7.0/src/lib.rs:296:9
[INFO] [stdout]   19:     0x560c4d11351e - core::ops::function::FnOnce::call_once{{vtable.shim}}::he441ac4c8453f066
[INFO] [stdout]                                at /rustc/a178d0322ce20e33eac124758e837cbd80a6f633/library/core/src/ops/function.rs:227:5
[INFO] [stdout]   20:     0x560c4d451b4d - <alloc::boxed::Box<F,A> as core::ops::function::FnOnce<Args>>::call_once::ha52a141f56ec4898
[INFO] [stdout]                                at /rustc/a178d0322ce20e33eac124758e837cbd80a6f633/library/alloc/src/boxed.rs:1575:9
[INFO] [stdout]   21:     0x560c4d40ac94 - tester::__rust_begin_short_backtrace::h6cff7acf104910bb
[INFO] [stdout]                                at /opt/rustwide/cargo-home/registry/src/github.com-1ecc6299db9ec823/tester-0.9.0/src/lib.rs:516:5
[INFO] [stdout]   22:     0x560c4d40a463 - tester::run_test::{{closure}}::h67c927a7bbd9d821
[INFO] [stdout]                                at /opt/rustwide/cargo-home/registry/src/github.com-1ecc6299db9ec823/tester-0.9.0/src/lib.rs:500:34
[INFO] [stdout]   23:     0x560c4d420b68 - core::ops::function::FnOnce::call_once{{vtable.shim}}::h26721d02db9fc0b5
[INFO] [stdout]                                at /rustc/a178d0322ce20e33eac124758e837cbd80a6f633/library/core/src/ops/function.rs:227:5
[INFO] [stdout]   24:     0x560c4d451b4d - <alloc::boxed::Box<F,A> as core::ops::function::FnOnce<Args>>::call_once::ha52a141f56ec4898
[INFO] [stdout]                                at /rustc/a178d0322ce20e33eac124758e837cbd80a6f633/library/alloc/src/boxed.rs:1575:9
[INFO] [stdout]   25:     0x560c4d426e94 - <std::panic::AssertUnwindSafe<F> as core::ops::function::FnOnce<()>>::call_once::hdca2cf0a608e13dc
[INFO] [stdout]                                at /rustc/a178d0322ce20e33eac124758e837cbd80a6f633/library/std/src/panic.rs:347:9
[INFO] [stdout]   26:     0x560c4d40d28d - std::panicking::try::do_call::h98818cfea144712d
[INFO] [stdout]                                at /rustc/a178d0322ce20e33eac124758e837cbd80a6f633/library/std/src/panicking.rs:401:40
[INFO] [stdout]   27:     0x560c4d40f9ed - __rust_try
[INFO] [stdout]   28:     0x560c4d40ce6d - std::panicking::try::h5fb1ad06fd5a5f1e
[INFO] [stdout]                                at /rustc/a178d0322ce20e33eac124758e837cbd80a6f633/library/std/src/panicking.rs:365:19
[INFO] [stdout]   29:     0x560c4d427664 - std::panic::catch_unwind::h9568752f65e9d248
[INFO] [stdout]                                at /rustc/a178d0322ce20e33eac124758e837cbd80a6f633/library/std/src/panic.rs:434:14
[INFO] [stdout]   30:     0x560c4d40aed2 - tester::run_test_in_process::h2643b45c8131cf82
[INFO] [stdout]                                at /opt/rustwide/cargo-home/registry/src/github.com-1ecc6299db9ec823/tester-0.9.0/src/lib.rs:539:18
[INFO] [stdout]   31:     0x560c4d40abbc - tester::run_test::run_test_inner::{{closure}}::h83c5b096f69402e5
[INFO] [stdout]                                at /opt/rustwide/cargo-home/registry/src/github.com-1ecc6299db9ec823/tester-0.9.0/src/lib.rs:449:39
[INFO] [stdout]   32:     0x560c4d3f98a3 - std::sys_common::backtrace::__rust_begin_short_backtrace::h241b3d3a15b94b87
[INFO] [stdout]                                at /rustc/a178d0322ce20e33eac124758e837cbd80a6f633/library/std/src/sys_common/backtrace.rs:125:18
[INFO] [stdout]   33:     0x560c4d43b2d0 - std::thread::Builder::spawn_unchecked::{{closure}}::{{closure}}::hd0b25529d1dd1cfc
[INFO] [stdout]                                at /rustc/a178d0322ce20e33eac124758e837cbd80a6f633/library/std/src/thread/mod.rs:481:17
[INFO] [stdout]   34:     0x560c4d426e74 - <std::panic::AssertUnwindSafe<F> as core::ops::function::FnOnce<()>>::call_once::hd2dc9a7e22622d4a
[INFO] [stdout]                                at /rustc/a178d0322ce20e33eac124758e837cbd80a6f633/library/std/src/panic.rs:347:9
[INFO] [stdout]   35:     0x560c4d40d192 - std::panicking::try::do_call::h2fef021fb3fc44fb
[INFO] [stdout]                                at /rustc/a178d0322ce20e33eac124758e837cbd80a6f633/library/std/src/panicking.rs:401:40
[INFO] [stdout]   36:     0x560c4d40f9ed - __rust_try
[INFO] [stdout]   37:     0x560c4d40cf67 - std::panicking::try::hda368864b5d20fb5
[INFO] [stdout]                                at /rustc/a178d0322ce20e33eac124758e837cbd80a6f633/library/std/src/panicking.rs:365:19
[INFO] [stdout]   38:     0x560c4d427604 - std::panic::catch_unwind::h11e1a579edfd9639
[INFO] [stdout]                                at /rustc/a178d0322ce20e33eac124758e837cbd80a6f633/library/std/src/panic.rs:434:14
[INFO] [stdout]   39:     0x560c4d43b0de - std::thread::Builder::spawn_unchecked::{{closure}}::h78be7fe794236d48
[INFO] [stdout]                                at /rustc/a178d0322ce20e33eac124758e837cbd80a6f633/library/std/src/thread/mod.rs:480:30
[INFO] [stdout]   40:     0x560c4d420bbf - core::ops::function::FnOnce::call_once{{vtable.shim}}::h594aedcaa511e812
[INFO] [stdout]                                at /rustc/a178d0322ce20e33eac124758e837cbd80a6f633/library/core/src/ops/function.rs:227:5
[INFO] [stdout]   41:     0x560c4d4f3287 - <alloc::boxed::Box<F,A> as core::ops::function::FnOnce<Args>>::call_once::h7ece6cfefaff1005
[INFO] [stdout]                                at /rustc/a178d0322ce20e33eac124758e837cbd80a6f633/library/alloc/src/boxed.rs:1575:9
[INFO] [stdout]   42:     0x560c4d4f3287 - <alloc::boxed::Box<F,A> as core::ops::function::FnOnce<Args>>::call_once::hb8b48e55c21f193e
[INFO] [stdout]                                at /rustc/a178d0322ce20e33eac124758e837cbd80a6f633/library/alloc/src/boxed.rs:1575:9
[INFO] [stdout]   43:     0x560c4d4f3287 - std::sys::unix::thread::Thread::new::thread_start::h8c7c4450dba62914
[INFO] [stdout]                                at /rustc/a178d0322ce20e33eac124758e837cbd80a6f633/library/std/src/sys/unix/thread.rs:71:17
[INFO] [stdout]   44:     0x7feea56d1609 - start_thread
[INFO] [stdout]   45:     0x7feea54a3293 - clone
[INFO] [stdout]   46:                0x0 - <unknown>
[INFO] [stdout] 
[INFO] [stdout] error: tests/compile-fail/implicit-select-all-duplicated-types.rs:3: unexpected error: '3:1: 3:23: can't find crate for `arraygen` [E0463]'
[INFO] [stdout] 
[INFO] [stdout] error: tests/compile-fail/implicit-select-all-duplicated-types.rs:8: expected error not found: 8:57: 8:60: gen_array method 'my_array' contains implicit_select_all clause with duplicated 'f32' type
[INFO] [stdout] 
[INFO] [stdout] error: 1 unexpected errors found, 1 expected errors not found
[INFO] [stdout] status: exit status: 1
[INFO] [stdout] command: "rustc" "tests/compile-fail/implicit-select-all-duplicated-types.rs" "-L" "/tmp" "--target=x86_64-unknown-linux-gnu" "--error-format" "json" "-C" "prefer-dynamic" "-o" "/tmp/implicit-select-all-duplicated-types.stage-id" "-A" "unused" "-L" "target/debug" "-L" "target/debug/deps" "-L" "/tmp/implicit-select-all-duplicated-types.stage-id.aux"
[INFO] [stdout] unexpected errors (from JSON output): [
[INFO] [stdout]     Error {
[INFO] [stdout]         line_num: 3,
[INFO] [stdout]         kind: Some(
[INFO] [stdout]             Error,
[INFO] [stdout]         ),
[INFO] [stdout]         msg: "3:1: 3:23: can't find crate for `arraygen` [E0463]",
[INFO] [stdout]     },
[INFO] [stdout] ]
[INFO] [stdout] 
[INFO] [stdout] not found errors (from test file): [
[INFO] [stdout]     Error {
[INFO] [stdout]         line_num: 8,
[INFO] [stdout]         kind: Some(
[INFO] [stdout]             Error,
[INFO] [stdout]         ),
[INFO] [stdout]         msg: "8:57: 8:60: gen_array method 'my_array' contains implicit_select_all clause with duplicated 'f32' type",
[INFO] [stdout]     },
[INFO] [stdout] ]
[INFO] [stdout] 
[INFO] [stdout] thread '[compile-fail] compile-fail/implicit-select-all-duplicated-types.rs' panicked at 'explicit panic', /opt/rustwide/cargo-home/registry/src/github.com-1ecc6299db9ec823/compiletest_rs-0.7.0/src/runtest.rs:1092:13
[INFO] [stdout] stack backtrace:
[INFO] [stdout]    0:     0x560c4d4ea050 - std::backtrace_rs::backtrace::libunwind::trace::h34055254b57d8e79
[INFO] [stdout]                                at /rustc/a178d0322ce20e33eac124758e837cbd80a6f633/library/std/src/../../backtrace/src/backtrace/libunwind.rs:90:5
[INFO] [stdout]    1:     0x560c4d4ea050 - std::backtrace_rs::backtrace::trace_unsynchronized::h8f1e3fbd9afff6ec
[INFO] [stdout]                                at /rustc/a178d0322ce20e33eac124758e837cbd80a6f633/library/std/src/../../backtrace/src/backtrace/mod.rs:66:5
[INFO] [stdout]    2:     0x560c4d4ea050 - std::sys_common::backtrace::_print_fmt::h3a99a796b770c360
[INFO] [stdout]                                at /rustc/a178d0322ce20e33eac124758e837cbd80a6f633/library/std/src/sys_common/backtrace.rs:67:5
[INFO] [stdout]    3:     0x560c4d4ea050 - <std::sys_common::backtrace::_print::DisplayBacktrace as core::fmt::Display>::fmt::h32d1f94a80615d18
[INFO] [stdout]                                at /rustc/a178d0322ce20e33eac124758e837cbd80a6f633/library/std/src/sys_common/backtrace.rs:46:22
[INFO] [stdout]    4:     0x560c4d50f13c - core::fmt::write::h306731c068f7162c
[INFO] [stdout]                                at /rustc/a178d0322ce20e33eac124758e837cbd80a6f633/library/core/src/fmt/mod.rs:1110:17
[INFO] [stdout]    5:     0x560c4d4e61d5 - std::io::Write::write_fmt::h87f19b0a2cd190bc
[INFO] [stdout]                                at /rustc/a178d0322ce20e33eac124758e837cbd80a6f633/library/std/src/io/mod.rs:1588:15
[INFO] [stdout]    6:     0x560c4d4ecd5b - std::sys_common::backtrace::_print::h5abaa2601a852287
[INFO] [stdout]                                at /rustc/a178d0322ce20e33eac124758e837cbd80a6f633/library/std/src/sys_common/backtrace.rs:49:5
[INFO] [stdout]    7:     0x560c4d4ecd5b - std::sys_common::backtrace::print::h8d81445442bb638f
[INFO] [stdout]                                at /rustc/a178d0322ce20e33eac124758e837cbd80a6f633/library/std/src/sys_common/backtrace.rs:36:9
[INFO] [stdout]    8:     0x560c4d4ecd5b - std::panicking::default_hook::{{closure}}::hcfe804496a9fa747
[INFO] [stdout]                                at /rustc/a178d0322ce20e33eac124758e837cbd80a6f633/library/std/src/panicking.rs:208:50
[INFO] [stdout]    9:     0x560c4d4ec86c - std::panicking::default_hook::hbea8e3ccf2ba8901
[INFO] [stdout]                                at /rustc/a178d0322ce20e33eac124758e837cbd80a6f633/library/std/src/panicking.rs:222:9
[INFO] [stdout]   10:     0x560c4d4ed424 - std::panicking::rust_panic_with_hook::h7ee9e1a2d0f8975a
[INFO] [stdout]                                at /rustc/a178d0322ce20e33eac124758e837cbd80a6f633/library/std/src/panicking.rs:622:17
[INFO] [stdout]   11:     0x560c4d4c47b3 - std::panicking::begin_panic::{{closure}}::haa2259a5d090943e
[INFO] [stdout]                                at /rustc/a178d0322ce20e33eac124758e837cbd80a6f633/library/std/src/panicking.rs:542:9
[INFO] [stdout]   12:     0x560c4d4c8549 - std::sys_common::backtrace::__rust_end_short_backtrace::hab24bff5d543af40
[INFO] [stdout]                                at /rustc/a178d0322ce20e33eac124758e837cbd80a6f633/library/std/src/sys_common/backtrace.rs:141:18
[INFO] [stdout]   13:     0x560c4d4c46e9 - std::panicking::begin_panic::hb0ad47222346dbe6
[INFO] [stdout]                                at /rustc/a178d0322ce20e33eac124758e837cbd80a6f633/library/std/src/panicking.rs:541:12
[INFO] [stdout]   14:     0x560c4d14e8f9 - compiletest_rs::runtest::TestCx::check_expected_errors::h64f2aae523bf8b2a
[INFO] [stdout]                                at /opt/rustwide/cargo-home/registry/src/github.com-1ecc6299db9ec823/compiletest_rs-0.7.0/src/runtest.rs:1092:13
[INFO] [stdout]   15:     0x560c4d1403e1 - compiletest_rs::runtest::TestCx::run_cfail_test::he3358de483f47afe
[INFO] [stdout]                                at /opt/rustwide/cargo-home/registry/src/github.com-1ecc6299db9ec823/compiletest_rs-0.7.0/src/runtest.rs:179:13
[INFO] [stdout]   16:     0x560c4d13ff4e - compiletest_rs::runtest::TestCx::run_revision::h72cbfbf7b43a3f32
[INFO] [stdout]                                at /opt/rustwide/cargo-home/registry/src/github.com-1ecc6299db9ec823/compiletest_rs-0.7.0/src/runtest.rs:131:26
[INFO] [stdout]   17:     0x560c4d13fbd3 - compiletest_rs::runtest::run::h6336811a04fb4082
[INFO] [stdout]                                at /opt/rustwide/cargo-home/registry/src/github.com-1ecc6299db9ec823/compiletest_rs-0.7.0/src/runtest.rs:83:9
[INFO] [stdout]   18:     0x560c4d13db95 - compiletest_rs::make_test_closure::{{closure}}::hbcca4793d0ed1d85
[INFO] [stdout]                                at /opt/rustwide/cargo-home/registry/src/github.com-1ecc6299db9ec823/compiletest_rs-0.7.0/src/lib.rs:296:9
[INFO] [stdout]   19:     0x560c4d11351e - core::ops::function::FnOnce::call_once{{vtable.shim}}::he441ac4c8453f066
[INFO] [stdout]                                at /rustc/a178d0322ce20e33eac124758e837cbd80a6f633/library/core/src/ops/function.rs:227:5
[INFO] [stdout]   20:     0x560c4d451b4d - <alloc::boxed::Box<F,A> as core::ops::function::FnOnce<Args>>::call_once::ha52a141f56ec4898
[INFO] [stdout]                                at /rustc/a178d0322ce20e33eac124758e837cbd80a6f633/library/alloc/src/boxed.rs:1575:9
[INFO] [stdout]   21:     0x560c4d40ac94 - tester::__rust_begin_short_backtrace::h6cff7acf104910bb
[INFO] [stdout]                                at /opt/rustwide/cargo-home/registry/src/github.com-1ecc6299db9ec823/tester-0.9.0/src/lib.rs:516:5
[INFO] [stdout]   22:     0x560c4d40a463 - tester::run_test::{{closure}}::h67c927a7bbd9d821
[INFO] [stdout]                                at /opt/rustwide/cargo-home/registry/src/github.com-1ecc6299db9ec823/tester-0.9.0/src/lib.rs:500:34
[INFO] [stdout]   23:     0x560c4d420b68 - core::ops::function::FnOnce::call_once{{vtable.shim}}::h26721d02db9fc0b5
[INFO] [stdout]                                at /rustc/a178d0322ce20e33eac124758e837cbd80a6f633/library/core/src/ops/function.rs:227:5
[INFO] [stdout]   24:     0x560c4d451b4d - <alloc::boxed::Box<F,A> as core::ops::function::FnOnce<Args>>::call_once::ha52a141f56ec4898
[INFO] [stdout]                                at /rustc/a178d0322ce20e33eac124758e837cbd80a6f633/library/alloc/src/boxed.rs:1575:9
[INFO] [stdout]   25:     0x560c4d426e94 - <std::panic::AssertUnwindSafe<F> as core::ops::function::FnOnce<()>>::call_once::hdca2cf0a608e13dc
[INFO] [stdout]                                at /rustc/a178d0322ce20e33eac124758e837cbd80a6f633/library/std/src/panic.rs:347:9
[INFO] [stdout]   26:     0x560c4d40d28d - std::panicking::try::do_call::h98818cfea144712d
[INFO] [stdout]                                at /rustc/a178d0322ce20e33eac124758e837cbd80a6f633/library/std/src/panicking.rs:401:40
[INFO] [stdout]   27:     0x560c4d40f9ed - __rust_try
[INFO] [stdout]   28:     0x560c4d40ce6d - std::panicking::try::h5fb1ad06fd5a5f1e
[INFO] [stdout]                                at /rustc/a178d0322ce20e33eac124758e837cbd80a6f633/library/std/src/panicking.rs:365:19
[INFO] [stdout]   29:     0x560c4d427664 - std::panic::catch_unwind::h9568752f65e9d248
[INFO] [stdout]                                at /rustc/a178d0322ce20e33eac124758e837cbd80a6f633/library/std/src/panic.rs:434:14
[INFO] [stdout]   30:     0x560c4d40aed2 - tester::run_test_in_process::h2643b45c8131cf82
[INFO] [stdout]                                at /opt/rustwide/cargo-home/registry/src/github.com-1ecc6299db9ec823/tester-0.9.0/src/lib.rs:539:18
[INFO] [stdout]   31:     0x560c4d40abbc - tester::run_test::run_test_inner::{{closure}}::h83c5b096f69402e5
[INFO] [stdout]                                at /opt/rustwide/cargo-home/registry/src/github.com-1ecc6299db9ec823/tester-0.9.0/src/lib.rs:449:39
[INFO] [stdout]   32:     0x560c4d3f98a3 - std::sys_common::backtrace::__rust_begin_short_backtrace::h241b3d3a15b94b87
[INFO] [stdout]                                at /rustc/a178d0322ce20e33eac124758e837cbd80a6f633/library/std/src/sys_common/backtrace.rs:125:18
[INFO] [stdout]   33:     0x560c4d43b2d0 - std::thread::Builder::spawn_unchecked::{{closure}}::{{closure}}::hd0b25529d1dd1cfc
[INFO] [stdout]                                at /rustc/a178d0322ce20e33eac124758e837cbd80a6f633/library/std/src/thread/mod.rs:481:17
[INFO] [stdout]   34:     0x560c4d426e74 - <std::panic::AssertUnwindSafe<F> as core::ops::function::FnOnce<()>>::call_once::hd2dc9a7e22622d4a
[INFO] [stdout]                                at /rustc/a178d0322ce20e33eac124758e837cbd80a6f633/library/std/src/panic.rs:347:9
[INFO] [stdout]   35:     0x560c4d40d192 - std::panicking::try::do_call::h2fef021fb3fc44fb
[INFO] [stdout]                                at /rustc/a178d0322ce20e33eac124758e837cbd80a6f633/library/std/src/panicking.rs:401:40
[INFO] [stdout]   36:     0x560c4d40f9ed - __rust_try
[INFO] [stdout]   37:     0x560c4d40cf67 - std::panicking::try::hda368864b5d20fb5
[INFO] [stdout]                                at /rustc/a178d0322ce20e33eac124758e837cbd80a6f633/library/std/src/panicking.rs:365:19
[INFO] [stdout]   38:     0x560c4d427604 - std::panic::catch_unwind::h11e1a579edfd9639
[INFO] [stdout]                                at /rustc/a178d0322ce20e33eac124758e837cbd80a6f633/library/std/src/panic.rs:434:14
[INFO] [stdout]   39:     0x560c4d43b0de - std::thread::Builder::spawn_unchecked::{{closure}}::h78be7fe794236d48
[INFO] [stdout]                                at /rustc/a178d0322ce20e33eac124758e837cbd80a6f633/library/std/src/thread/mod.rs:480:30
[INFO] [stdout]   40:     0x560c4d420bbf - core::ops::function::FnOnce::call_once{{vtable.shim}}::h594aedcaa511e812
[INFO] [stdout]                                at /rustc/a178d0322ce20e33eac124758e837cbd80a6f633/library/core/src/ops/function.rs:227:5
[INFO] [stdout]   41:     0x560c4d4f3287 - <alloc::boxed::Box<F,A> as core::ops::function::FnOnce<Args>>::call_once::h7ece6cfefaff1005
[INFO] [stdout]                                at /rustc/a178d0322ce20e33eac124758e837cbd80a6f633/library/alloc/src/boxed.rs:1575:9
[INFO] [stdout]   42:     0x560c4d4f3287 - <alloc::boxed::Box<F,A> as core::ops::function::FnOnce<Args>>::call_once::hb8b48e55c21f193e
[INFO] [stdout]                                at /rustc/a178d0322ce20e33eac124758e837cbd80a6f633/library/alloc/src/boxed.rs:1575:9
[INFO] [stdout]   43:     0x560c4d4f3287 - std::sys::unix::thread::Thread::new::thread_start::h8c7c4450dba62914
[INFO] [stdout]                                at /rustc/a178d0322ce20e33eac124758e837cbd80a6f633/library/std/src/sys/unix/thread.rs:71:17
[INFO] [stdout]   44:     0x7feea56d1609 - start_thread
[INFO] [stdout]   45:     0x7feea54a3293 - clone
[INFO] [stdout]   46:                0x0 - <unknown>
[INFO] [stdout] 
[INFO] [stdout] error: tests/compile-fail/inclusion-decorator-wrong-method.rs:3: unexpected error: '3:1: 3:23: can't find crate for `arraygen` [E0463]'
[INFO] [stdout] 
[INFO] [stdout] error: tests/compile-fail/inclusion-decorator-wrong-method.rs:10: expected error not found: 10:16: 10:25: gen_array method 'my_array2' not present but used by field 'foo'
[INFO] [stdout] 
[INFO] [stdout] error: 1 unexpected errors found, 1 expected errors not found
[INFO] [stdout] status: exit status: 1
[INFO] [stdout] command: "rustc" "tests/compile-fail/inclusion-decorator-wrong-method.rs" "-L" "/tmp" "--target=x86_64-unknown-linux-gnu" "--error-format" "json" "-C" "prefer-dynamic" "-o" "/tmp/inclusion-decorator-wrong-method.stage-id" "-A" "unused" "-L" "target/debug" "-L" "target/debug/deps" "-L" "/tmp/inclusion-decorator-wrong-method.stage-id.aux"
[INFO] [stdout] unexpected errors (from JSON output): [
[INFO] [stdout]     Error {
[INFO] [stdout]         line_num: 3,
[INFO] [stdout]         kind: Some(
[INFO] [stdout]             Error,
[INFO] [stdout]         ),
[INFO] [stdout]         msg: "3:1: 3:23: can't find crate for `arraygen` [E0463]",
[INFO] [stdout]     },
[INFO] [stdout] ]
[INFO] [stdout] 
[INFO] [stdout] not found errors (from test file): [
[INFO] [stdout]     Error {
[INFO] [stdout]         line_num: 10,
[INFO] [stdout]         kind: Some(
[INFO] [stdout]             Error,
[INFO] [stdout]         ),
[INFO] [stdout]         msg: "10:16: 10:25: gen_array method 'my_array2' not present but used by field 'foo'",
[INFO] [stdout]     },
[INFO] [stdout] ]
[INFO] [stdout] 
[INFO] [stdout] thread '[compile-fail] compile-fail/inclusion-decorator-wrong-method.rs' panicked at 'explicit panic', /opt/rustwide/cargo-home/registry/src/github.com-1ecc6299db9ec823/compiletest_rs-0.7.0/src/runtest.rs:1092:13
[INFO] [stdout] stack backtrace:
[INFO] [stdout]    0:     0x560c4d4ea050 - std::backtrace_rs::backtrace::libunwind::trace::h34055254b57d8e79
[INFO] [stdout]                                at /rustc/a178d0322ce20e33eac124758e837cbd80a6f633/library/std/src/../../backtrace/src/backtrace/libunwind.rs:90:5
[INFO] [stdout]    1:     0x560c4d4ea050 - std::backtrace_rs::backtrace::trace_unsynchronized::h8f1e3fbd9afff6ec
[INFO] [stdout]                                at /rustc/a178d0322ce20e33eac124758e837cbd80a6f633/library/std/src/../../backtrace/src/backtrace/mod.rs:66:5
[INFO] [stdout]    2:     0x560c4d4ea050 - std::sys_common::backtrace::_print_fmt::h3a99a796b770c360
[INFO] [stdout]                                at /rustc/a178d0322ce20e33eac124758e837cbd80a6f633/library/std/src/sys_common/backtrace.rs:67:5
[INFO] [stdout]    3:     0x560c4d4ea050 - <std::sys_common::backtrace::_print::DisplayBacktrace as core::fmt::Display>::fmt::h32d1f94a80615d18
[INFO] [stdout]                                at /rustc/a178d0322ce20e33eac124758e837cbd80a6f633/library/std/src/sys_common/backtrace.rs:46:22
[INFO] [stdout]    4:     0x560c4d50f13c - core::fmt::write::h306731c068f7162c
[INFO] [stdout]                                at /rustc/a178d0322ce20e33eac124758e837cbd80a6f633/library/core/src/fmt/mod.rs:1110:17
[INFO] [stdout]    5:     0x560c4d4e61d5 - std::io::Write::write_fmt::h87f19b0a2cd190bc
[INFO] [stdout]                                at /rustc/a178d0322ce20e33eac124758e837cbd80a6f633/library/std/src/io/mod.rs:1588:15
[INFO] [stdout]    6:     0x560c4d4ecd5b - std::sys_common::backtrace::_print::h5abaa2601a852287
[INFO] [stdout]                                at /rustc/a178d0322ce20e33eac124758e837cbd80a6f633/library/std/src/sys_common/backtrace.rs:49:5
[INFO] [stdout]    7:     0x560c4d4ecd5b - std::sys_common::backtrace::print::h8d81445442bb638f
[INFO] [stdout]                                at /rustc/a178d0322ce20e33eac124758e837cbd80a6f633/library/std/src/sys_common/backtrace.rs:36:9
[INFO] [stdout]    8:     0x560c4d4ecd5b - std::panicking::default_hook::{{closure}}::hcfe804496a9fa747
[INFO] [stdout]                                at /rustc/a178d0322ce20e33eac124758e837cbd80a6f633/library/std/src/panicking.rs:208:50
[INFO] [stdout]    9:     0x560c4d4ec86c - std::panicking::default_hook::hbea8e3ccf2ba8901
[INFO] [stdout]                                at /rustc/a178d0322ce20e33eac124758e837cbd80a6f633/library/std/src/panicking.rs:222:9
[INFO] [stdout]   10:     0x560c4d4ed424 - std::panicking::rust_panic_with_hook::h7ee9e1a2d0f8975a
[INFO] [stdout]                                at /rustc/a178d0322ce20e33eac124758e837cbd80a6f633/library/std/src/panicking.rs:622:17
[INFO] [stdout]   11:     0x560c4d4c47b3 - std::panicking::begin_panic::{{closure}}::haa2259a5d090943e
[INFO] [stdout]                                at /rustc/a178d0322ce20e33eac124758e837cbd80a6f633/library/std/src/panicking.rs:542:9
[INFO] [stdout]   12:     0x560c4d4c8549 - std::sys_common::backtrace::__rust_end_short_backtrace::hab24bff5d543af40
[INFO] [stdout]                                at /rustc/a178d0322ce20e33eac124758e837cbd80a6f633/library/std/src/sys_common/backtrace.rs:141:18
[INFO] [stdout]   13:     0x560c4d4c46e9 - std::panicking::begin_panic::hb0ad47222346dbe6
[INFO] [stdout]                                at /rustc/a178d0322ce20e33eac124758e837cbd80a6f633/library/std/src/panicking.rs:541:12
[INFO] [stdout]   14:     0x560c4d14e8f9 - compiletest_rs::runtest::TestCx::check_expected_errors::h64f2aae523bf8b2a
[INFO] [stdout]                                at /opt/rustwide/cargo-home/registry/src/github.com-1ecc6299db9ec823/compiletest_rs-0.7.0/src/runtest.rs:1092:13
[INFO] [stdout]   15:     0x560c4d1403e1 - compiletest_rs::runtest::TestCx::run_cfail_test::he3358de483f47afe
[INFO] [stdout]                                at /opt/rustwide/cargo-home/registry/src/github.com-1ecc6299db9ec823/compiletest_rs-0.7.0/src/runtest.rs:179:13
[INFO] [stdout]   16:     0x560c4d13ff4e - compiletest_rs::runtest::TestCx::run_revision::h72cbfbf7b43a3f32
[INFO] [stdout]                                at /opt/rustwide/cargo-home/registry/src/github.com-1ecc6299db9ec823/compiletest_rs-0.7.0/src/runtest.rs:131:26
[INFO] [stdout]   17:     0x560c4d13fbd3 - compiletest_rs::runtest::run::h6336811a04fb4082
[INFO] [stdout]                                at /opt/rustwide/cargo-home/registry/src/github.com-1ecc6299db9ec823/compiletest_rs-0.7.0/src/runtest.rs:83:9
[INFO] [stdout]   18:     0x560c4d13db95 - compiletest_rs::make_test_closure::{{closure}}::hbcca4793d0ed1d85
[INFO] [stdout]                                at /opt/rustwide/cargo-home/registry/src/github.com-1ecc6299db9ec823/compiletest_rs-0.7.0/src/lib.rs:296:9
[INFO] [stdout]   19:     0x560c4d11351e - core::ops::function::FnOnce::call_once{{vtable.shim}}::he441ac4c8453f066
[INFO] [stdout]                                at /rustc/a178d0322ce20e33eac124758e837cbd80a6f633/library/core/src/ops/function.rs:227:5
[INFO] [stdout]   20:     0x560c4d451b4d - <alloc::boxed::Box<F,A> as core::ops::function::FnOnce<Args>>::call_once::ha52a141f56ec4898
[INFO] [stdout]                                at /rustc/a178d0322ce20e33eac124758e837cbd80a6f633/library/alloc/src/boxed.rs:1575:9
[INFO] [stdout]   21:     0x560c4d40ac94 - tester::__rust_begin_short_backtrace::h6cff7acf104910bb
[INFO] [stdout]                                at /opt/rustwide/cargo-home/registry/src/github.com-1ecc6299db9ec823/tester-0.9.0/src/lib.rs:516:5
[INFO] [stdout]   22:     0x560c4d40a463 - tester::run_test::{{closure}}::h67c927a7bbd9d821
[INFO] [stdout]                                at /opt/rustwide/cargo-home/registry/src/github.com-1ecc6299db9ec823/tester-0.9.0/src/lib.rs:500:34
[INFO] [stdout]   23:     0x560c4d420b68 - core::ops::function::FnOnce::call_once{{vtable.shim}}::h26721d02db9fc0b5
[INFO] [stdout]                                at /rustc/a178d0322ce20e33eac124758e837cbd80a6f633/library/core/src/ops/function.rs:227:5
[INFO] [stdout]   24:     0x560c4d451b4d - <alloc::boxed::Box<F,A> as core::ops::function::FnOnce<Args>>::call_once::ha52a141f56ec4898
[INFO] [stdout]                                at /rustc/a178d0322ce20e33eac124758e837cbd80a6f633/library/alloc/src/boxed.rs:1575:9
[INFO] [stdout]   25:     0x560c4d426e94 - <std::panic::AssertUnwindSafe<F> as core::ops::function::FnOnce<()>>::call_once::hdca2cf0a608e13dc
[INFO] [stdout]                                at /rustc/a178d0322ce20e33eac124758e837cbd80a6f633/library/std/src/panic.rs:347:9
[INFO] [stdout]   26:     0x560c4d40d28d - std::panicking::try::do_call::h98818cfea144712d
[INFO] [stdout]                                at /rustc/a178d0322ce20e33eac124758e837cbd80a6f633/library/std/src/panicking.rs:401:40
[INFO] [stdout]   27:     0x560c4d40f9ed - __rust_try
[INFO] [stdout]   28:     0x560c4d40ce6d - std::panicking::try::h5fb1ad06fd5a5f1e
[INFO] [stdout]                                at /rustc/a178d0322ce20e33eac124758e837cbd80a6f633/library/std/src/panicking.rs:365:19
[INFO] [stdout]   29:     0x560c4d427664 - std::panic::catch_unwind::h9568752f65e9d248
[INFO] [stdout]                                at /rustc/a178d0322ce20e33eac124758e837cbd80a6f633/library/std/src/panic.rs:434:14
[INFO] [stdout]   30:     0x560c4d40aed2 - tester::run_test_in_process::h2643b45c8131cf82
[INFO] [stdout]                                at /opt/rustwide/cargo-home/registry/src/github.com-1ecc6299db9ec823/tester-0.9.0/src/lib.rs:539:18
[INFO] [stdout]   31:     0x560c4d40abbc - tester::run_test::run_test_inner::{{closure}}::h83c5b096f69402e5
[INFO] [stdout]                                at /opt/rustwide/cargo-home/registry/src/github.com-1ecc6299db9ec823/tester-0.9.0/src/lib.rs:449:39
[INFO] [stdout]   32:     0x560c4d3f98a3 - std::sys_common::backtrace::__rust_begin_short_backtrace::h241b3d3a15b94b87
[INFO] [stdout]                                at /rustc/a178d0322ce20e33eac124758e837cbd80a6f633/library/std/src/sys_common/backtrace.rs:125:18
[INFO] [stdout]   33:     0x560c4d43b2d0 - std::thread::Builder::spawn_unchecked::{{closure}}::{{closure}}::hd0b25529d1dd1cfc
[INFO] [stdout]                                at /rustc/a178d0322ce20e33eac124758e837cbd80a6f633/library/std/src/thread/mod.rs:481:17
[INFO] [stdout]   34:     0x560c4d426e74 - <std::panic::AssertUnwindSafe<F> as core::ops::function::FnOnce<()>>::call_once::hd2dc9a7e22622d4a
[INFO] [stdout]                                at /rustc/a178d0322ce20e33eac124758e837cbd80a6f633/library/std/src/panic.rs:347:9
[INFO] [stdout]   35:     0x560c4d40d192 - std::panicking::try::do_call::h2fef021fb3fc44fb
[INFO] [stdout]                                at /rustc/a178d0322ce20e33eac124758e837cbd80a6f633/library/std/src/panicking.rs:401:40
[INFO] [stdout]   36:     0x560c4d40f9ed - __rust_try
[INFO] [stdout]   37:     0x560c4d40cf67 - std::panicking::try::hda368864b5d20fb5
[INFO] [stdout]                                at /rustc/a178d0322ce20e33eac124758e837cbd80a6f633/library/std/src/panicking.rs:365:19
[INFO] [stdout]   38:     0x560c4d427604 - std::panic::catch_unwind::h11e1a579edfd9639
[INFO] [stdout]                                at /rustc/a178d0322ce20e33eac124758e837cbd80a6f633/library/std/src/panic.rs:434:14
[INFO] [stdout]   39:     0x560c4d43b0de - std::thread::Builder::spawn_unchecked::{{closure}}::h78be7fe794236d48
[INFO] [stdout]                                at /rustc/a178d0322ce20e33eac124758e837cbd80a6f633/library/std/src/thread/mod.rs:480:30
[INFO] [stdout]   40:     0x560c4d420bbf - core::ops::function::FnOnce::call_once{{vtable.shim}}::h594aedcaa511e812
[INFO] [stdout]                                at /rustc/a178d0322ce20e33eac124758e837cbd80a6f633/library/core/src/ops/function.rs:227:5
[INFO] [stdout]   41:     0x560c4d4f3287 - <alloc::boxed::Box<F,A> as core::ops::function::FnOnce<Args>>::call_once::h7ece6cfefaff1005
[INFO] [stdout]                                at /rustc/a178d0322ce20e33eac124758e837cbd80a6f633/library/alloc/src/boxed.rs:1575:9
[INFO] [stdout]   42:     0x560c4d4f3287 - <alloc::boxed::Box<F,A> as core::ops::function::FnOnce<Args>>::call_once::hb8b48e55c21f193e
[INFO] [stdout]                                at /rustc/a178d0322ce20e33eac124758e837cbd80a6f633/library/alloc/src/boxed.rs:1575:9
[INFO] [stdout]   43:     0x560c4d4f3287 - std::sys::unix::thread::Thread::new::thread_start::h8c7c4450dba62914
[INFO] [stdout]                                at /rustc/a178d0322ce20e33eac124758e837cbd80a6f633/library/std/src/sys/unix/thread.rs:71:17
[INFO] [stdout]   44:     0x7feea56d1609 - start_thread
[INFO] [stdout]   45:     0x7feea54a3293 - clone
[INFO] [stdout]   46:                0x0 - <unknown>
[INFO] [stdout] 
[INFO] [stdout] error: tests/compile-fail/implicit-select-all-on-gen-array-with-override-implicit.rs:3: unexpected error: '3:1: 3:23: can't find crate for `arraygen` [E0463]'
[INFO] [stdout] 
[INFO] [stdout] error: tests/compile-fail/implicit-select-all-on-gen-array-with-override-implicit.rs:8: expected error not found: 8:31: 8:50: gen_array method 'my_array' contains implicit_select_all clause with forbidden decorator 'override_implicit'
[INFO] [stdout] 
[INFO] [stdout] error: 1 unexpected errors found, 1 expected errors not found
[INFO] [stdout] status: exit status: 1
[INFO] [stdout] command: "rustc" "tests/compile-fail/implicit-select-all-on-gen-array-with-override-implicit.rs" "-L" "/tmp" "--target=x86_64-unknown-linux-gnu" "--error-format" "json" "-C" "prefer-dynamic" "-o" "/tmp/implicit-select-all-on-gen-array-with-override-implicit.stage-id" "-A" "unused" "-L" "target/debug" "-L" "target/debug/deps" "-L" "/tmp/implicit-select-all-on-gen-array-with-override-implicit.stage-id.aux"
[INFO] [stdout] unexpected errors (from JSON output): [
[INFO] [stdout]     Error {
[INFO] [stdout]         line_num: 3,
[INFO] [stdout]         kind: Some(
[INFO] [stdout]             Error,
[INFO] [stdout]         ),
[INFO] [stdout]         msg: "3:1: 3:23: can't find crate for `arraygen` [E0463]",
[INFO] [stdout]     },
[INFO] [stdout] ]
[INFO] [stdout] 
[INFO] [stdout] not found errors (from test file): [
[INFO] [stdout]     Error {
[INFO] [stdout]         line_num: 8,
[INFO] [stdout]         kind: Some(
[INFO] [stdout]             Error,
[INFO] [stdout]         ),
[INFO] [stdout]         msg: "8:31: 8:50: gen_array method 'my_array' contains implicit_select_all clause with forbidden decorator 'override_implicit'",
[INFO] [stdout]     },
[INFO] [stdout] ]
[INFO] [stdout] 
[INFO] [stdout] thread '[compile-fail] compile-fail/implicit-select-all-on-gen-array-with-override-implicit.rs' panicked at 'explicit panic', /opt/rustwide/cargo-home/registry/src/github.com-1ecc6299db9ec823/compiletest_rs-0.7.0/src/runtest.rs:1092:13
[INFO] [stdout] stack backtrace:
[INFO] [stdout]    0:     0x560c4d4ea050 - std::backtrace_rs::backtrace::libunwind::trace::h34055254b57d8e79
[INFO] [stdout]                                at /rustc/a178d0322ce20e33eac124758e837cbd80a6f633/library/std/src/../../backtrace/src/backtrace/libunwind.rs:90:5
[INFO] [stdout]    1:     0x560c4d4ea050 - std::backtrace_rs::backtrace::trace_unsynchronized::h8f1e3fbd9afff6ec
[INFO] [stdout]                                at /rustc/a178d0322ce20e33eac124758e837cbd80a6f633/library/std/src/../../backtrace/src/backtrace/mod.rs:66:5
[INFO] [stdout]    2:     0x560c4d4ea050 - std::sys_common::backtrace::_print_fmt::h3a99a796b770c360
[INFO] [stdout]                                at /rustc/a178d0322ce20e33eac124758e837cbd80a6f633/library/std/src/sys_common/backtrace.rs:67:5
[INFO] [stdout]    3:     0x560c4d4ea050 - <std::sys_common::backtrace::_print::DisplayBacktrace as core::fmt::Display>::fmt::h32d1f94a80615d18
[INFO] [stdout]                                at /rustc/a178d0322ce20e33eac124758e837cbd80a6f633/library/std/src/sys_common/backtrace.rs:46:22
[INFO] [stdout]    4:     0x560c4d50f13c - core::fmt::write::h306731c068f7162c
[INFO] [stdout]                                at /rustc/a178d0322ce20e33eac124758e837cbd80a6f633/library/core/src/fmt/mod.rs:1110:17
[INFO] [stdout]    5:     0x560c4d4e61d5 - std::io::Write::write_fmt::h87f19b0a2cd190bc
[INFO] [stdout]                                at /rustc/a178d0322ce20e33eac124758e837cbd80a6f633/library/std/src/io/mod.rs:1588:15
[INFO] [stdout]    6:     0x560c4d4ecd5b - std::sys_common::backtrace::_print::h5abaa2601a852287
[INFO] [stdout]                                at /rustc/a178d0322ce20e33eac124758e837cbd80a6f633/library/std/src/sys_common/backtrace.rs:49:5
[INFO] [stdout]    7:     0x560c4d4ecd5b - std::sys_common::backtrace::print::h8d81445442bb638f
[INFO] [stdout]                                at /rustc/a178d0322ce20e33eac124758e837cbd80a6f633/library/std/src/sys_common/backtrace.rs:36:9
[INFO] [stdout]    8:     0x560c4d4ecd5b - std::panicking::default_hook::{{closure}}::hcfe804496a9fa747
[INFO] [stdout]                                at /rustc/a178d0322ce20e33eac124758e837cbd80a6f633/library/std/src/panicking.rs:208:50
[INFO] [stdout]    9:     0x560c4d4ec86c - std::panicking::default_hook::hbea8e3ccf2ba8901
[INFO] [stdout]                                at /rustc/a178d0322ce20e33eac124758e837cbd80a6f633/library/std/src/panicking.rs:222:9
[INFO] [stdout]   10:     0x560c4d4ed424 - std::panicking::rust_panic_with_hook::h7ee9e1a2d0f8975a
[INFO] [stdout]                                at /rustc/a178d0322ce20e33eac124758e837cbd80a6f633/library/std/src/panicking.rs:622:17
[INFO] [stdout]   11:     0x560c4d4c47b3 - std::panicking::begin_panic::{{closure}}::haa2259a5d090943e
[INFO] [stdout]                                at /rustc/a178d0322ce20e33eac124758e837cbd80a6f633/library/std/src/panicking.rs:542:9
[INFO] [stdout]   12:     0x560c4d4c8549 - std::sys_common::backtrace::__rust_end_short_backtrace::hab24bff5d543af40
[INFO] [stdout]                                at /rustc/a178d0322ce20e33eac124758e837cbd80a6f633/library/std/src/sys_common/backtrace.rs:141:18
[INFO] [stdout]   13:     0x560c4d4c46e9 - std::panicking::begin_panic::hb0ad47222346dbe6
[INFO] [stdout]                                at /rustc/a178d0322ce20e33eac124758e837cbd80a6f633/library/std/src/panicking.rs:541:12
[INFO] [stdout]   14:     0x560c4d14e8f9 - compiletest_rs::runtest::TestCx::check_expected_errors::h64f2aae523bf8b2a
[INFO] [stdout]                                at /opt/rustwide/cargo-home/registry/src/github.com-1ecc6299db9ec823/compiletest_rs-0.7.0/src/runtest.rs:1092:13
[INFO] [stdout]   15:     0x560c4d1403e1 - compiletest_rs::runtest::TestCx::run_cfail_test::he3358de483f47afe
[INFO] [stdout]                                at /opt/rustwide/cargo-home/registry/src/github.com-1ecc6299db9ec823/compiletest_rs-0.7.0/src/runtest.rs:179:13
[INFO] [stdout]   16:     0x560c4d13ff4e - compiletest_rs::runtest::TestCx::run_revision::h72cbfbf7b43a3f32
[INFO] [stdout]                                at /opt/rustwide/cargo-home/registry/src/github.com-1ecc6299db9ec823/compiletest_rs-0.7.0/src/runtest.rs:131:26
[INFO] [stdout]   17:     0x560c4d13fbd3 - compiletest_rs::runtest::run::h6336811a04fb4082
[INFO] [stdout]                                at /opt/rustwide/cargo-home/registry/src/github.com-1ecc6299db9ec823/compiletest_rs-0.7.0/src/runtest.rs:83:9
[INFO] [stdout]   18:     0x560c4d13db95 - compiletest_rs::make_test_closure::{{closure}}::hbcca4793d0ed1d85
[INFO] [stdout]                                at /opt/rustwide/cargo-home/registry/src/github.com-1ecc6299db9ec823/compiletest_rs-0.7.0/src/lib.rs:296:9
[INFO] [stdout]   19:     0x560c4d11351e - core::ops::function::FnOnce::call_once{{vtable.shim}}::he441ac4c8453f066
[INFO] [stdout]                                at /rustc/a178d0322ce20e33eac124758e837cbd80a6f633/library/core/src/ops/function.rs:227:5
[INFO] [stdout]   20:     0x560c4d451b4d - <alloc::boxed::Box<F,A> as core::ops::function::FnOnce<Args>>::call_once::ha52a141f56ec4898
[INFO] [stdout]                                at /rustc/a178d0322ce20e33eac124758e837cbd80a6f633/library/alloc/src/boxed.rs:1575:9
[INFO] [stdout]   21:     0x560c4d40ac94 - tester::__rust_begin_short_backtrace::h6cff7acf104910bb
[INFO] [stdout]                                at /opt/rustwide/cargo-home/registry/src/github.com-1ecc6299db9ec823/tester-0.9.0/src/lib.rs:516:5
[INFO] [stdout]   22:     0x560c4d40a463 - tester::run_test::{{closure}}::h67c927a7bbd9d821
[INFO] [stdout]                                at /opt/rustwide/cargo-home/registry/src/github.com-1ecc6299db9ec823/tester-0.9.0/src/lib.rs:500:34
[INFO] [stdout]   23:     0x560c4d420b68 - core::ops::function::FnOnce::call_once{{vtable.shim}}::h26721d02db9fc0b5
[INFO] [stdout]                                at /rustc/a178d0322ce20e33eac124758e837cbd80a6f633/library/core/src/ops/function.rs:227:5
[INFO] [stdout]   24:     0x560c4d451b4d - <alloc::boxed::Box<F,A> as core::ops::function::FnOnce<Args>>::call_once::ha52a141f56ec4898
[INFO] [stdout]                                at /rustc/a178d0322ce20e33eac124758e837cbd80a6f633/library/alloc/src/boxed.rs:1575:9
[INFO] [stdout]   25:     0x560c4d426e94 - <std::panic::AssertUnwindSafe<F> as core::ops::function::FnOnce<()>>::call_once::hdca2cf0a608e13dc
[INFO] [stdout]                                at /rustc/a178d0322ce20e33eac124758e837cbd80a6f633/library/std/src/panic.rs:347:9
[INFO] [stdout]   26:     0x560c4d40d28d - std::panicking::try::do_call::h98818cfea144712d
[INFO] [stdout]                                at /rustc/a178d0322ce20e33eac124758e837cbd80a6f633/library/std/src/panicking.rs:401:40
[INFO] [stdout]   27:     0x560c4d40f9ed - __rust_try
[INFO] [stdout]   28:     0x560c4d40ce6d - std::panicking::try::h5fb1ad06fd5a5f1e
[INFO] [stdout]                                at /rustc/a178d0322ce20e33eac124758e837cbd80a6f633/library/std/src/panicking.rs:365:19
[INFO] [stdout]   29:     0x560c4d427664 - std::panic::catch_unwind::h9568752f65e9d248
[INFO] [stdout]                                at /rustc/a178d0322ce20e33eac124758e837cbd80a6f633/library/std/src/panic.rs:434:14
[INFO] [stdout]   30:     0x560c4d40aed2 - tester::run_test_in_process::h2643b45c8131cf82
[INFO] [stdout]                                at /opt/rustwide/cargo-home/registry/src/github.com-1ecc6299db9ec823/tester-0.9.0/src/lib.rs:539:18
[INFO] [stdout]   31:     0x560c4d40abbc - tester::run_test::run_test_inner::{{closure}}::h83c5b096f69402e5
[INFO] [stdout]                                at /opt/rustwide/cargo-home/registry/src/github.com-1ecc6299db9ec823/tester-0.9.0/src/lib.rs:449:39
[INFO] [stdout]   32:     0x560c4d3f98a3 - std::sys_common::backtrace::__rust_begin_short_backtrace::h241b3d3a15b94b87
[INFO] [stdout]                                at /rustc/a178d0322ce20e33eac124758e837cbd80a6f633/library/std/src/sys_common/backtrace.rs:125:18
[INFO] [stdout]   33:     0x560c4d43b2d0 - std::thread::Builder::spawn_unchecked::{{closure}}::{{closure}}::hd0b25529d1dd1cfc
[INFO] [stdout]                                at /rustc/a178d0322ce20e33eac124758e837cbd80a6f633/library/std/src/thread/mod.rs:481:17
[INFO] [stdout]   34:     0x560c4d426e74 - <std::panic::AssertUnwindSafe<F> as core::ops::function::FnOnce<()>>::call_once::hd2dc9a7e22622d4a
[INFO] [stdout]                                at /rustc/a178d0322ce20e33eac124758e837cbd80a6f633/library/std/src/panic.rs:347:9
[INFO] [stdout]   35:     0x560c4d40d192 - std::panicking::try::do_call::h2fef021fb3fc44fb
[INFO] [stdout]                                at /rustc/a178d0322ce20e33eac124758e837cbd80a6f633/library/std/src/panicking.rs:401:40
[INFO] [stdout]   36:     0x560c4d40f9ed - __rust_try
[INFO] [stdout]   37:     0x560c4d40cf67 - std::panicking::try::hda368864b5d20fb5
[INFO] [stdout]                                at /rustc/a178d0322ce20e33eac124758e837cbd80a6f633/library/std/src/panicking.rs:365:19
[INFO] [stdout]   38:     0x560c4d427604 - std::panic::catch_unwind::h11e1a579edfd9639
[INFO] [stdout]                                at /rustc/a178d0322ce20e33eac124758e837cbd80a6f633/library/std/src/panic.rs:434:14
[INFO] [stdout]   39:     0x560c4d43b0de - std::thread::Builder::spawn_unchecked::{{closure}}::h78be7fe794236d48
[INFO] [stdout]                                at /rustc/a178d0322ce20e33eac124758e837cbd80a6f633/library/std/src/thread/mod.rs:480:30
[INFO] [stdout]   40:     0x560c4d420bbf - core::ops::function::FnOnce::call_once{{vtable.shim}}::h594aedcaa511e812
[INFO] [stdout]                                at /rustc/a178d0322ce20e33eac124758e837cbd80a6f633/library/core/src/ops/function.rs:227:5
[INFO] [stdout]   41:     0x560c4d4f3287 - <alloc::boxed::Box<F,A> as core::ops::function::FnOnce<Args>>::call_once::h7ece6cfefaff1005
[INFO] [stdout]                                at /rustc/a178d0322ce20e33eac124758e837cbd80a6f633/library/alloc/src/boxed.rs:1575:9
[INFO] [stdout]   42:     0x560c4d4f3287 - <alloc::boxed::Box<F,A> as core::ops::function::FnOnce<Args>>::call_once::hb8b48e55c21f193e
[INFO] [stdout]                                at /rustc/a178d0322ce20e33eac124758e837cbd80a6f633/library/alloc/src/boxed.rs:1575:9
[INFO] [stdout]   43:     0x560c4d4f3287 - std::sys::unix::thread::Thread::new::thread_start::h8c7c4450dba62914
[INFO] [stdout]                                at /rustc/a178d0322ce20e33eac124758e837cbd80a6f633/library/std/src/sys/unix/thread.rs:71:17
[INFO] [stdout]   44:     0x7feea56d1609 - start_thread
[INFO] [stdout]   45:     0x7feea54a3293 - clone
[INFO] [stdout]   46:                0x0 - <unknown>
[INFO] [stdout] 
[INFO] [stdout] error: tests/compile-fail/inclusion-method-not-declared.rs:3: unexpected error: '3:1: 3:23: can't find crate for `arraygen` [E0463]'
[INFO] [stdout] 
[INFO] [stdout] error: tests/compile-fail/inclusion-method-not-declared.rs:10: expected error not found: 10:16: 10:29: gen_array method 'another_array' not present but used by field 'foo'
[INFO] [stdout] 
[INFO] [stdout] error: 1 unexpected errors found, 1 expected errors not found
[INFO] [stdout] status: exit status: 1
[INFO] [stdout] command: "rustc" "tests/compile-fail/inclusion-method-not-declared.rs" "-L" "/tmp" "--target=x86_64-unknown-linux-gnu" "--error-format" "json" "-C" "prefer-dynamic" "-o" "/tmp/inclusion-method-not-declared.stage-id" "-A" "unused" "-L" "target/debug" "-L" "target/debug/deps" "-L" "/tmp/inclusion-method-not-declared.stage-id.aux"
[INFO] [stdout] unexpected errors (from JSON output): [
[INFO] [stdout]     Error {
[INFO] [stdout]         line_num: 3,
[INFO] [stdout]         kind: Some(
[INFO] [stdout]             Error,
[INFO] [stdout]         ),
[INFO] [stdout]         msg: "3:1: 3:23: can't find crate for `arraygen` [E0463]",
[INFO] [stdout]     },
[INFO] [stdout] ]
[INFO] [stdout] 
[INFO] [stdout] not found errors (from test file): [
[INFO] [stdout]     Error {
[INFO] [stdout]         line_num: 10,
[INFO] [stdout]         kind: Some(
[INFO] [stdout]             Error,
[INFO] [stdout]         ),
[INFO] [stdout]         msg: "10:16: 10:29: gen_array method 'another_array' not present but used by field 'foo'",
[INFO] [stdout]     },
[INFO] [stdout] ]
[INFO] [stdout] 
[INFO] [stdout] thread '[compile-fail] compile-fail/inclusion-method-not-declared.rs' panicked at 'explicit panic', /opt/rustwide/cargo-home/registry/src/github.com-1ecc6299db9ec823/compiletest_rs-0.7.0/src/runtest.rs:1092:13
[INFO] [stdout] stack backtrace:
[INFO] [stdout]    0:     0x560c4d4ea050 - std::backtrace_rs::backtrace::libunwind::trace::h34055254b57d8e79
[INFO] [stdout]                                at /rustc/a178d0322ce20e33eac124758e837cbd80a6f633/library/std/src/../../backtrace/src/backtrace/libunwind.rs:90:5
[INFO] [stdout]    1:     0x560c4d4ea050 - std::backtrace_rs::backtrace::trace_unsynchronized::h8f1e3fbd9afff6ec
[INFO] [stdout]                                at /rustc/a178d0322ce20e33eac124758e837cbd80a6f633/library/std/src/../../backtrace/src/backtrace/mod.rs:66:5
[INFO] [stdout]    2:     0x560c4d4ea050 - std::sys_common::backtrace::_print_fmt::h3a99a796b770c360
[INFO] [stdout]                                at /rustc/a178d0322ce20e33eac124758e837cbd80a6f633/library/std/src/sys_common/backtrace.rs:67:5
[INFO] [stdout]    3:     0x560c4d4ea050 - <std::sys_common::backtrace::_print::DisplayBacktrace as core::fmt::Display>::fmt::h32d1f94a80615d18
[INFO] [stdout]                                at /rustc/a178d0322ce20e33eac124758e837cbd80a6f633/library/std/src/sys_common/backtrace.rs:46:22
[INFO] [stdout]    4:     0x560c4d50f13c - core::fmt::write::h306731c068f7162c
[INFO] [stdout]                                at /rustc/a178d0322ce20e33eac124758e837cbd80a6f633/library/core/src/fmt/mod.rs:1110:17
[INFO] [stdout]    5:     0x560c4d4e61d5 - std::io::Write::write_fmt::h87f19b0a2cd190bc
[INFO] [stdout]                                at /rustc/a178d0322ce20e33eac124758e837cbd80a6f633/library/std/src/io/mod.rs:1588:15
[INFO] [stdout]    6:     0x560c4d4ecd5b - std::sys_common::backtrace::_print::h5abaa2601a852287
[INFO] [stdout]                                at /rustc/a178d0322ce20e33eac124758e837cbd80a6f633/library/std/src/sys_common/backtrace.rs:49:5
[INFO] [stdout]    7:     0x560c4d4ecd5b - std::sys_common::backtrace::print::h8d81445442bb638f
[INFO] [stdout]                                at /rustc/a178d0322ce20e33eac124758e837cbd80a6f633/library/std/src/sys_common/backtrace.rs:36:9
[INFO] [stdout]    8:     0x560c4d4ecd5b - std::panicking::default_hook::{{closure}}::hcfe804496a9fa747
[INFO] [stdout]                                at /rustc/a178d0322ce20e33eac124758e837cbd80a6f633/library/std/src/panicking.rs:208:50
[INFO] [stdout]    9:     0x560c4d4ec86c - std::panicking::default_hook::hbea8e3ccf2ba8901
[INFO] [stdout]                                at /rustc/a178d0322ce20e33eac124758e837cbd80a6f633/library/std/src/panicking.rs:222:9
[INFO] [stdout]   10:     0x560c4d4ed424 - std::panicking::rust_panic_with_hook::h7ee9e1a2d0f8975a
[INFO] [stdout]                                at /rustc/a178d0322ce20e33eac124758e837cbd80a6f633/library/std/src/panicking.rs:622:17
[INFO] [stdout]   11:     0x560c4d4c47b3 - std::panicking::begin_panic::{{closure}}::haa2259a5d090943e
[INFO] [stdout]                                at /rustc/a178d0322ce20e33eac124758e837cbd80a6f633/library/std/src/panicking.rs:542:9
[INFO] [stdout]   12:     0x560c4d4c8549 - std::sys_common::backtrace::__rust_end_short_backtrace::hab24bff5d543af40
[INFO] [stdout]                                at /rustc/a178d0322ce20e33eac124758e837cbd80a6f633/library/std/src/sys_common/backtrace.rs:141:18
[INFO] [stdout]   13:     0x560c4d4c46e9 - std::panicking::begin_panic::hb0ad47222346dbe6
[INFO] [stdout]                                at /rustc/a178d0322ce20e33eac124758e837cbd80a6f633/library/std/src/panicking.rs:541:12
[INFO] [stdout]   14:     0x560c4d14e8f9 - compiletest_rs::runtest::TestCx::check_expected_errors::h64f2aae523bf8b2a
[INFO] [stdout]                                at /opt/rustwide/cargo-home/registry/src/github.com-1ecc6299db9ec823/compiletest_rs-0.7.0/src/runtest.rs:1092:13
[INFO] [stdout]   15:     0x560c4d1403e1 - compiletest_rs::runtest::TestCx::run_cfail_test::he3358de483f47afe
[INFO] [stdout]                                at /opt/rustwide/cargo-home/registry/src/github.com-1ecc6299db9ec823/compiletest_rs-0.7.0/src/runtest.rs:179:13
[INFO] [stdout]   16:     0x560c4d13ff4e - compiletest_rs::runtest::TestCx::run_revision::h72cbfbf7b43a3f32
[INFO] [stdout]                                at /opt/rustwide/cargo-home/registry/src/github.com-1ecc6299db9ec823/compiletest_rs-0.7.0/src/runtest.rs:131:26
[INFO] [stdout]   17:     0x560c4d13fbd3 - compiletest_rs::runtest::run::h6336811a04fb4082
[INFO] [stdout]                                at /opt/rustwide/cargo-home/registry/src/github.com-1ecc6299db9ec823/compiletest_rs-0.7.0/src/runtest.rs:83:9
[INFO] [stdout]   18:     0x560c4d13db95 - compiletest_rs::make_test_closure::{{closure}}::hbcca4793d0ed1d85
[INFO] [stdout]                                at /opt/rustwide/cargo-home/registry/src/github.com-1ecc6299db9ec823/compiletest_rs-0.7.0/src/lib.rs:296:9
[INFO] [stdout]   19:     0x560c4d11351e - core::ops::function::FnOnce::call_once{{vtable.shim}}::he441ac4c8453f066
[INFO] [stdout]                                at /rustc/a178d0322ce20e33eac124758e837cbd80a6f633/library/core/src/ops/function.rs:227:5
[INFO] [stdout]   20:     0x560c4d451b4d - <alloc::boxed::Box<F,A> as core::ops::function::FnOnce<Args>>::call_once::ha52a141f56ec4898
[INFO] [stdout]                                at /rustc/a178d0322ce20e33eac124758e837cbd80a6f633/library/alloc/src/boxed.rs:1575:9
[INFO] [stdout]   21:     0x560c4d40ac94 - tester::__rust_begin_short_backtrace::h6cff7acf104910bb
[INFO] [stdout]                                at /opt/rustwide/cargo-home/registry/src/github.com-1ecc6299db9ec823/tester-0.9.0/src/lib.rs:516:5
[INFO] [stdout]   22:     0x560c4d40a463 - tester::run_test::{{closure}}::h67c927a7bbd9d821
[INFO] [stdout]                                at /opt/rustwide/cargo-home/registry/src/github.com-1ecc6299db9ec823/tester-0.9.0/src/lib.rs:500:34
[INFO] [stdout]   23:     0x560c4d420b68 - core::ops::function::FnOnce::call_once{{vtable.shim}}::h26721d02db9fc0b5
[INFO] [stdout]                                at /rustc/a178d0322ce20e33eac124758e837cbd80a6f633/library/core/src/ops/function.rs:227:5
[INFO] [stdout]   24:     0x560c4d451b4d - <alloc::boxed::Box<F,A> as core::ops::function::FnOnce<Args>>::call_once::ha52a141f56ec4898
[INFO] [stdout]                                at /rustc/a178d0322ce20e33eac124758e837cbd80a6f633/library/alloc/src/boxed.rs:1575:9
[INFO] [stdout]   25:     0x560c4d426e94 - <std::panic::AssertUnwindSafe<F> as core::ops::function::FnOnce<()>>::call_once::hdca2cf0a608e13dc
[INFO] [stdout]                                at /rustc/a178d0322ce20e33eac124758e837cbd80a6f633/library/std/src/panic.rs:347:9
[INFO] [stdout]   26:     0x560c4d40d28d - std::panicking::try::do_call::h98818cfea144712d
[INFO] [stdout]                                at /rustc/a178d0322ce20e33eac124758e837cbd80a6f633/library/std/src/panicking.rs:401:40
[INFO] [stdout]   27:     0x560c4d40f9ed - __rust_try
[INFO] [stdout]   28:     0x560c4d40ce6d - std::panicking::try::h5fb1ad06fd5a5f1e
[INFO] [stdout]                                at /rustc/a178d0322ce20e33eac124758e837cbd80a6f633/library/std/src/panicking.rs:365:19
[INFO] [stdout]   29:     0x560c4d427664 - std::panic::catch_unwind::h9568752f65e9d248
[INFO] [stdout]                                at /rustc/a178d0322ce20e33eac124758e837cbd80a6f633/library/std/src/panic.rs:434:14
[INFO] [stdout]   30:     0x560c4d40aed2 - tester::run_test_in_process::h2643b45c8131cf82
[INFO] [stdout]                                at /opt/rustwide/cargo-home/registry/src/github.com-1ecc6299db9ec823/tester-0.9.0/src/lib.rs:539:18
[INFO] [stdout]   31:     0x560c4d40abbc - tester::run_test::run_test_inner::{{closure}}::h83c5b096f69402e5
[INFO] [stdout]                                at /opt/rustwide/cargo-home/registry/src/github.com-1ecc6299db9ec823/tester-0.9.0/src/lib.rs:449:39
[INFO] [stdout]   32:     0x560c4d3f98a3 - std::sys_common::backtrace::__rust_begin_short_backtrace::h241b3d3a15b94b87
[INFO] [stdout]                                at /rustc/a178d0322ce20e33eac124758e837cbd80a6f633/library/std/src/sys_common/backtrace.rs:125:18
[INFO] [stdout]   33:     0x560c4d43b2d0 - std::thread::Builder::spawn_unchecked::{{closure}}::{{closure}}::hd0b25529d1dd1cfc
[INFO] [stdout]                                at /rustc/a178d0322ce20e33eac124758e837cbd80a6f633/library/std/src/thread/mod.rs:481:17
[INFO] [stdout]   34:     0x560c4d426e74 - <std::panic::AssertUnwindSafe<F> as core::ops::function::FnOnce<()>>::call_once::hd2dc9a7e22622d4a
[INFO] [stdout]                                at /rustc/a178d0322ce20e33eac124758e837cbd80a6f633/library/std/src/panic.rs:347:9
[INFO] [stdout]   35:     0x560c4d40d192 - std::panicking::try::do_call::h2fef021fb3fc44fb
[INFO] [stdout]                                at /rustc/a178d0322ce20e33eac124758e837cbd80a6f633/library/std/src/panicking.rs:401:40
[INFO] [stdout]   36:     0x560c4d40f9ed - __rust_try
[INFO] [stdout]   37:     0x560c4d40cf67 - std::panicking::try::hda368864b5d20fb5
[INFO] [stdout]                                at /rustc/a178d0322ce20e33eac124758e837cbd80a6f633/library/std/src/panicking.rs:365:19
[INFO] [stdout]   38:     0x560c4d427604 - std::panic::catch_unwind::h11e1a579edfd9639
[INFO] [stdout]                                at /rustc/a178d0322ce20e33eac124758e837cbd80a6f633/library/std/src/panic.rs:434:14
[INFO] [stdout]   39:     0x560c4d43b0de - std::thread::Builder::spawn_unchecked::{{closure}}::h78be7fe794236d48
[INFO] [stdout]                                at /rustc/a178d0322ce20e33eac124758e837cbd80a6f633/library/std/src/thread/mod.rs:480:30
[INFO] [stdout]   40:     0x560c4d420bbf - core::ops::function::FnOnce::call_once{{vtable.shim}}::h594aedcaa511e812
[INFO] [stdout]                                at /rustc/a178d0322ce20e33eac124758e837cbd80a6f633/library/core/src/ops/function.rs:227:5
[INFO] [stdout]   41:     0x560c4d4f3287 - <alloc::boxed::Box<F,A> as core::ops::function::FnOnce<Args>>::call_once::h7ece6cfefaff1005
[INFO] [stdout]                                at /rustc/a178d0322ce20e33eac124758e837cbd80a6f633/library/alloc/src/boxed.rs:1575:9
[INFO] [stdout]   42:     0x560c4d4f3287 - <alloc::boxed::Box<F,A> as core::ops::function::FnOnce<Args>>::call_once::hb8b48e55c21f193e
[INFO] [stdout]                                at /rustc/a178d0322ce20e33eac124758e837cbd80a6f633/library/alloc/src/boxed.rs:1575:9
[INFO] [stdout]   43:     0x560c4d4f3287 - std::sys::unix::thread::Thread::new::thread_start::h8c7c4450dba62914
[INFO] [stdout]                                at /rustc/a178d0322ce20e33eac124758e837cbd80a6f633/library/std/src/sys/unix/thread.rs:71:17
[INFO] [stdout]   44:     0x7feea56d1609 - start_thread
[INFO] [stdout]   45:     0x7feea54a3293 - clone
[INFO] [stdout]   46:                0x0 - <unknown>
[INFO] [stdout] 
[INFO] [stdout] error: tests/compile-fail/derive-on-non-struct.rs:3: unexpected error: '3:1: 3:23: can't find crate for `arraygen` [E0463]'
[INFO] [stdout] 
[INFO] [stdout] error: tests/compile-fail/derive-on-non-struct.rs:8: expected error not found: 8:1: 8:5: derive 'Arraygen' should only be used with braced structs
[INFO] [stdout] 
[INFO] [stdout] error: tests/compile-fail/derive-on-non-struct.rs:11: expected error not found: 11:1: 11:6: derive 'Arraygen' should only be used with braced structs
[INFO] [stdout] 
[INFO] [stdout] error: 1 unexpected errors found, 2 expected errors not found
[INFO] [stdout] status: exit status: 1
[INFO] [stdout] command: "rustc" "tests/compile-fail/derive-on-non-struct.rs" "-L" "/tmp" "--target=x86_64-unknown-linux-gnu" "--error-format" "json" "-C" "prefer-dynamic" "-o" "/tmp/derive-on-non-struct.stage-id" "-A" "unused" "-L" "target/debug" "-L" "target/debug/deps" "-L" "/tmp/derive-on-non-struct.stage-id.aux"
[INFO] [stdout] unexpected errors (from JSON output): [
[INFO] [stdout]     Error {
[INFO] [stdout]         line_num: 3,
[INFO] [stdout]         kind: Some(
[INFO] [stdout]             Error,
[INFO] [stdout]         ),
[INFO] [stdout]         msg: "3:1: 3:23: can't find crate for `arraygen` [E0463]",
[INFO] [stdout]     },
[INFO] [stdout] ]
[INFO] [stdout] 
[INFO] [stdout] not found errors (from test file): [
[INFO] [stdout]     Error {
[INFO] [stdout]         line_num: 8,
[INFO] [stdout]         kind: Some(
[INFO] [stdout]             Error,
[INFO] [stdout]         ),
[INFO] [stdout]         msg: "8:1: 8:5: derive 'Arraygen' should only be used with braced structs",
[INFO] [stdout]     },
[INFO] [stdout]     Error {
[INFO] [stdout]         line_num: 11,
[INFO] [stdout]         kind: Some(
[INFO] [stdout]             Error,
[INFO] [stdout]         ),
[INFO] [stdout]         msg: "11:1: 11:6: derive 'Arraygen' should only be used with braced structs",
[INFO] [stdout]     },
[INFO] [stdout] ]
[INFO] [stdout] 
[INFO] [stdout] thread '[compile-fail] compile-fail/derive-on-non-struct.rs' panicked at 'explicit panic', /opt/rustwide/cargo-home/registry/src/github.com-1ecc6299db9ec823/compiletest_rs-0.7.0/src/runtest.rs:1092:13
[INFO] [stdout] stack backtrace:
[INFO] [stdout]    0:     0x560c4d4ea050 - std::backtrace_rs::backtrace::libunwind::trace::h34055254b57d8e79
[INFO] [stdout]                                at /rustc/a178d0322ce20e33eac124758e837cbd80a6f633/library/std/src/../../backtrace/src/backtrace/libunwind.rs:90:5
[INFO] [stdout]    1:     0x560c4d4ea050 - std::backtrace_rs::backtrace::trace_unsynchronized::h8f1e3fbd9afff6ec
[INFO] [stdout]                                at /rustc/a178d0322ce20e33eac124758e837cbd80a6f633/library/std/src/../../backtrace/src/backtrace/mod.rs:66:5
[INFO] [stdout]    2:     0x560c4d4ea050 - std::sys_common::backtrace::_print_fmt::h3a99a796b770c360
[INFO] [stdout]                                at /rustc/a178d0322ce20e33eac124758e837cbd80a6f633/library/std/src/sys_common/backtrace.rs:67:5
[INFO] [stdout]    3:     0x560c4d4ea050 - <std::sys_common::backtrace::_print::DisplayBacktrace as core::fmt::Display>::fmt::h32d1f94a80615d18
[INFO] [stdout]                                at /rustc/a178d0322ce20e33eac124758e837cbd80a6f633/library/std/src/sys_common/backtrace.rs:46:22
[INFO] [stdout]    4:     0x560c4d50f13c - core::fmt::write::h306731c068f7162c
[INFO] [stdout]                                at /rustc/a178d0322ce20e33eac124758e837cbd80a6f633/library/core/src/fmt/mod.rs:1110:17
[INFO] [stdout]    5:     0x560c4d4e61d5 - std::io::Write::write_fmt::h87f19b0a2cd190bc
[INFO] [stdout]                                at /rustc/a178d0322ce20e33eac124758e837cbd80a6f633/library/std/src/io/mod.rs:1588:15
[INFO] [stdout]    6:     0x560c4d4ecd5b - std::sys_common::backtrace::_print::h5abaa2601a852287
[INFO] [stdout]                                at /rustc/a178d0322ce20e33eac124758e837cbd80a6f633/library/std/src/sys_common/backtrace.rs:49:5
[INFO] [stdout]    7:     0x560c4d4ecd5b - std::sys_common::backtrace::print::h8d81445442bb638f
[INFO] [stdout]                                at /rustc/a178d0322ce20e33eac124758e837cbd80a6f633/library/std/src/sys_common/backtrace.rs:36:9
[INFO] [stdout]    8:     0x560c4d4ecd5b - std::panicking::default_hook::{{closure}}::hcfe804496a9fa747
[INFO] [stdout]                                at /rustc/a178d0322ce20e33eac124758e837cbd80a6f633/library/std/src/panicking.rs:208:50
[INFO] [stdout]    9:     0x560c4d4ec86c - std::panicking::default_hook::hbea8e3ccf2ba8901
[INFO] [stdout]                                at /rustc/a178d0322ce20e33eac124758e837cbd80a6f633/library/std/src/panicking.rs:222:9
[INFO] [stdout]   10:     0x560c4d4ed424 - std::panicking::rust_panic_with_hook::h7ee9e1a2d0f8975a
[INFO] [stdout]                                at /rustc/a178d0322ce20e33eac124758e837cbd80a6f633/library/std/src/panicking.rs:622:17
[INFO] [stdout]   11:     0x560c4d4c47b3 - std::panicking::begin_panic::{{closure}}::haa2259a5d090943e
[INFO] [stdout]                                at /rustc/a178d0322ce20e33eac124758e837cbd80a6f633/library/std/src/panicking.rs:542:9
[INFO] [stdout]   12:     0x560c4d4c8549 - std::sys_common::backtrace::__rust_end_short_backtrace::hab24bff5d543af40
[INFO] [stdout]                                at /rustc/a178d0322ce20e33eac124758e837cbd80a6f633/library/std/src/sys_common/backtrace.rs:141:18
[INFO] [stdout]   13:     0x560c4d4c46e9 - std::panicking::begin_panic::hb0ad47222346dbe6
[INFO] [stdout]                                at /rustc/a178d0322ce20e33eac124758e837cbd80a6f633/library/std/src/panicking.rs:541:12
[INFO] [stdout]   14:     0x560c4d14e8f9 - compiletest_rs::runtest::TestCx::check_expected_errors::h64f2aae523bf8b2a
[INFO] [stdout]                                at /opt/rustwide/cargo-home/registry/src/github.com-1ecc6299db9ec823/compiletest_rs-0.7.0/src/runtest.rs:1092:13
[INFO] [stdout]   15:     0x560c4d1403e1 - compiletest_rs::runtest::TestCx::run_cfail_test::he3358de483f47afe
[INFO] [stdout]                                at /opt/rustwide/cargo-home/registry/src/github.com-1ecc6299db9ec823/compiletest_rs-0.7.0/src/runtest.rs:179:13
[INFO] [stdout]   16:     0x560c4d13ff4e - compiletest_rs::runtest::TestCx::run_revision::h72cbfbf7b43a3f32
[INFO] [stdout]                                at /opt/rustwide/cargo-home/registry/src/github.com-1ecc6299db9ec823/compiletest_rs-0.7.0/src/runtest.rs:131:26
[INFO] [stdout]   17:     0x560c4d13fbd3 - compiletest_rs::runtest::run::h6336811a04fb4082
[INFO] [stdout]                                at /opt/rustwide/cargo-home/registry/src/github.com-1ecc6299db9ec823/compiletest_rs-0.7.0/src/runtest.rs:83:9
[INFO] [stdout]   18:     0x560c4d13db95 - compiletest_rs::make_test_closure::{{closure}}::hbcca4793d0ed1d85
[INFO] [stdout]                                at /opt/rustwide/cargo-home/registry/src/github.com-1ecc6299db9ec823/compiletest_rs-0.7.0/src/lib.rs:296:9
[INFO] [stdout]   19:     0x560c4d11351e - core::ops::function::FnOnce::call_once{{vtable.shim}}::he441ac4c8453f066
[INFO] [stdout]                                at /rustc/a178d0322ce20e33eac124758e837cbd80a6f633/library/core/src/ops/function.rs:227:5
[INFO] [stdout]   20:     0x560c4d451b4d - <alloc::boxed::Box<F,A> as core::ops::function::FnOnce<Args>>::call_once::ha52a141f56ec4898
[INFO] [stdout]                                at /rustc/a178d0322ce20e33eac124758e837cbd80a6f633/library/alloc/src/boxed.rs:1575:9
[INFO] [stdout]   21:     0x560c4d40ac94 - tester::__rust_begin_short_backtrace::h6cff7acf104910bb
[INFO] [stdout]                                at /opt/rustwide/cargo-home/registry/src/github.com-1ecc6299db9ec823/tester-0.9.0/src/lib.rs:516:5
[INFO] [stdout]   22:     0x560c4d40a463 - tester::run_test::{{closure}}::h67c927a7bbd9d821
[INFO] [stdout]                                at /opt/rustwide/cargo-home/registry/src/github.com-1ecc6299db9ec823/tester-0.9.0/src/lib.rs:500:34
[INFO] [stdout]   23:     0x560c4d420b68 - core::ops::function::FnOnce::call_once{{vtable.shim}}::h26721d02db9fc0b5
[INFO] [stdout]                                at /rustc/a178d0322ce20e33eac124758e837cbd80a6f633/library/core/src/ops/function.rs:227:5
[INFO] [stdout]   24:     0x560c4d451b4d - <alloc::boxed::Box<F,A> as core::ops::function::FnOnce<Args>>::call_once::ha52a141f56ec4898
[INFO] [stdout]                                at /rustc/a178d0322ce20e33eac124758e837cbd80a6f633/library/alloc/src/boxed.rs:1575:9
[INFO] [stdout]   25:     0x560c4d426e94 - <std::panic::AssertUnwindSafe<F> as core::ops::function::FnOnce<()>>::call_once::hdca2cf0a608e13dc
[INFO] [stdout]                                at /rustc/a178d0322ce20e33eac124758e837cbd80a6f633/library/std/src/panic.rs:347:9
[INFO] [stdout]   26:     0x560c4d40d28d - std::panicking::try::do_call::h98818cfea144712d
[INFO] [stdout]                                at /rustc/a178d0322ce20e33eac124758e837cbd80a6f633/library/std/src/panicking.rs:401:40
[INFO] [stdout]   27:     0x560c4d40f9ed - __rust_try
[INFO] [stdout]   28:     0x560c4d40ce6d - std::panicking::try::h5fb1ad06fd5a5f1e
[INFO] [stdout]                                at /rustc/a178d0322ce20e33eac124758e837cbd80a6f633/library/std/src/panicking.rs:365:19
[INFO] [stdout]   29:     0x560c4d427664 - std::panic::catch_unwind::h9568752f65e9d248
[INFO] [stdout]                                at /rustc/a178d0322ce20e33eac124758e837cbd80a6f633/library/std/src/panic.rs:434:14
[INFO] [stdout]   30:     0x560c4d40aed2 - tester::run_test_in_process::h2643b45c8131cf82
[INFO] [stdout]                                at /opt/rustwide/cargo-home/registry/src/github.com-1ecc6299db9ec823/tester-0.9.0/src/lib.rs:539:18
[INFO] [stdout]   31:     0x560c4d40abbc - tester::run_test::run_test_inner::{{closure}}::h83c5b096f69402e5
[INFO] [stdout]                                at /opt/rustwide/cargo-home/registry/src/github.com-1ecc6299db9ec823/tester-0.9.0/src/lib.rs:449:39
[INFO] [stdout]   32:     0x560c4d3f98a3 - std::sys_common::backtrace::__rust_begin_short_backtrace::h241b3d3a15b94b87
[INFO] [stdout]                                at /rustc/a178d0322ce20e33eac124758e837cbd80a6f633/library/std/src/sys_common/backtrace.rs:125:18
[INFO] [stdout]   33:     0x560c4d43b2d0 - std::thread::Builder::spawn_unchecked::{{closure}}::{{closure}}::hd0b25529d1dd1cfc
[INFO] [stdout]                                at /rustc/a178d0322ce20e33eac124758e837cbd80a6f633/library/std/src/thread/mod.rs:481:17
[INFO] [stdout]   34:     0x560c4d426e74 - <std::panic::AssertUnwindSafe<F> as core::ops::function::FnOnce<()>>::call_once::hd2dc9a7e22622d4a
[INFO] [stdout]                                at /rustc/a178d0322ce20e33eac124758e837cbd80a6f633/library/std/src/panic.rs:347:9
[INFO] [stdout]   35:     0x560c4d40d192 - std::panicking::try::do_call::h2fef021fb3fc44fb
[INFO] [stdout]                                at /rustc/a178d0322ce20e33eac124758e837cbd80a6f633/library/std/src/panicking.rs:401:40
[INFO] [stdout]   36:     0x560c4d40f9ed - __rust_try
[INFO] [stdout]   37:     0x560c4d40cf67 - std::panicking::try::hda368864b5d20fb5
[INFO] [stdout]                                at /rustc/a178d0322ce20e33eac124758e837cbd80a6f633/library/std/src/panicking.rs:365:19
[INFO] [stdout]   38:     0x560c4d427604 - std::panic::catch_unwind::h11e1a579edfd9639
[INFO] [stdout]                                at /rustc/a178d0322ce20e33eac124758e837cbd80a6f633/library/std/src/panic.rs:434:14
[INFO] [stdout]   39:     0x560c4d43b0de - std::thread::Builder::spawn_unchecked::{{closure}}::h78be7fe794236d48
[INFO] [stdout]                                at /rustc/a178d0322ce20e33eac124758e837cbd80a6f633/library/std/src/thread/mod.rs:480:30
[INFO] [stdout]   40:     0x560c4d420bbf - core::ops::function::FnOnce::call_once{{vtable.shim}}::h594aedcaa511e812
[INFO] [stdout]                                at /rustc/a178d0322ce20e33eac124758e837cbd80a6f633/library/core/src/ops/function.rs:227:5
[INFO] [stdout]   41:     0x560c4d4f3287 - <alloc::boxed::Box<F,A> as core::ops::function::FnOnce<Args>>::call_once::h7ece6cfefaff1005
[INFO] [stdout]                                at /rustc/a178d0322ce20e33eac124758e837cbd80a6f633/library/alloc/src/boxed.rs:1575:9
[INFO] [stdout]   42:     0x560c4d4f3287 - <alloc::boxed::Box<F,A> as core::ops::function::FnOnce<Args>>::call_once::hb8b48e55c21f193e
[INFO] [stdout]                                at /rustc/a178d0322ce20e33eac124758e837cbd80a6f633/library/alloc/src/boxed.rs:1575:9
[INFO] [stdout]   43:     0x560c4d4f3287 - std::sys::unix::thread::Thread::new::thread_start::h8c7c4450dba62914
[INFO] [stdout]                                at /rustc/a178d0322ce20e33eac124758e837cbd80a6f633/library/std/src/sys/unix/thread.rs:71:17
[INFO] [stdout]   44:     0x7feea56d1609 - start_thread
[INFO] [stdout]   45:     0x7feea54a3293 - clone
[INFO] [stdout]   46:                0x0 - <unknown>
[INFO] [stdout] 
[INFO] [stdout] error: tests/compile-fail/inclusion-bad-tokens.rs:3: unexpected error: '3:1: 3:23: can't find crate for `arraygen` [E0463]'
[INFO] [stdout] 
[INFO] [stdout] error: tests/compile-fail/inclusion-bad-tokens.rs:11: expected error not found: 11:25: 11:38: expected `,`
[INFO] [stdout] 
[INFO] [stdout] error: 1 unexpected errors found, 1 expected errors not found
[INFO] [stdout] status: exit status: 1
[INFO] [stdout] command: "rustc" "tests/compile-fail/inclusion-bad-tokens.rs" "-L" "/tmp" "--target=x86_64-unknown-linux-gnu" "--error-format" "json" "-C" "prefer-dynamic" "-o" "/tmp/inclusion-bad-tokens.stage-id" "-A" "unused" "-L" "target/debug" "-L" "target/debug/deps" "-L" "/tmp/inclusion-bad-tokens.stage-id.aux"
[INFO] [stdout] unexpected errors (from JSON output): [
[INFO] [stdout]     Error {
[INFO] [stdout]         line_num: 3,
[INFO] [stdout]         kind: Some(
[INFO] [stdout]             Error,
[INFO] [stdout]         ),
[INFO] [stdout]         msg: "3:1: 3:23: can't find crate for `arraygen` [E0463]",
[INFO] [stdout]     },
[INFO] [stdout] ]
[INFO] [stdout] 
[INFO] [stdout] not found errors (from test file): [
[INFO] [stdout]     Error {
[INFO] [stdout]         line_num: 11,
[INFO] [stdout]         kind: Some(
[INFO] [stdout]             Error,
[INFO] [stdout]         ),
[INFO] [stdout]         msg: "11:25: 11:38: expected `,`",
[INFO] [stdout]     },
[INFO] [stdout] ]
[INFO] [stdout] 
[INFO] [stdout] thread '[compile-fail] compile-fail/inclusion-bad-tokens.rs' panicked at 'explicit panic', /opt/rustwide/cargo-home/registry/src/github.com-1ecc6299db9ec823/compiletest_rs-0.7.0/src/runtest.rs:1092:13
[INFO] [stdout] stack backtrace:
[INFO] [stdout]    0:     0x560c4d4ea050 - std::backtrace_rs::backtrace::libunwind::trace::h34055254b57d8e79
[INFO] [stdout]                                at /rustc/a178d0322ce20e33eac124758e837cbd80a6f633/library/std/src/../../backtrace/src/backtrace/libunwind.rs:90:5
[INFO] [stdout]    1:     0x560c4d4ea050 - std::backtrace_rs::backtrace::trace_unsynchronized::h8f1e3fbd9afff6ec
[INFO] [stdout]                                at /rustc/a178d0322ce20e33eac124758e837cbd80a6f633/library/std/src/../../backtrace/src/backtrace/mod.rs:66:5
[INFO] [stdout]    2:     0x560c4d4ea050 - std::sys_common::backtrace::_print_fmt::h3a99a796b770c360
[INFO] [stdout]                                at /rustc/a178d0322ce20e33eac124758e837cbd80a6f633/library/std/src/sys_common/backtrace.rs:67:5
[INFO] [stdout]    3:     0x560c4d4ea050 - <std::sys_common::backtrace::_print::DisplayBacktrace as core::fmt::Display>::fmt::h32d1f94a80615d18
[INFO] [stdout]                                at /rustc/a178d0322ce20e33eac124758e837cbd80a6f633/library/std/src/sys_common/backtrace.rs:46:22
[INFO] [stdout]    4:     0x560c4d50f13c - core::fmt::write::h306731c068f7162c
[INFO] [stdout]                                at /rustc/a178d0322ce20e33eac124758e837cbd80a6f633/library/core/src/fmt/mod.rs:1110:17
[INFO] [stdout]    5:     0x560c4d4e61d5 - std::io::Write::write_fmt::h87f19b0a2cd190bc
[INFO] [stdout]                                at /rustc/a178d0322ce20e33eac124758e837cbd80a6f633/library/std/src/io/mod.rs:1588:15
[INFO] [stdout]    6:     0x560c4d4ecd5b - std::sys_common::backtrace::_print::h5abaa2601a852287
[INFO] [stdout]                                at /rustc/a178d0322ce20e33eac124758e837cbd80a6f633/library/std/src/sys_common/backtrace.rs:49:5
[INFO] [stdout]    7:     0x560c4d4ecd5b - std::sys_common::backtrace::print::h8d81445442bb638f
[INFO] [stdout]                                at /rustc/a178d0322ce20e33eac124758e837cbd80a6f633/library/std/src/sys_common/backtrace.rs:36:9
[INFO] [stdout]    8:     0x560c4d4ecd5b - std::panicking::default_hook::{{closure}}::hcfe804496a9fa747
[INFO] [stdout]                                at /rustc/a178d0322ce20e33eac124758e837cbd80a6f633/library/std/src/panicking.rs:208:50
[INFO] [stdout]    9:     0x560c4d4ec86c - std::panicking::default_hook::hbea8e3ccf2ba8901
[INFO] [stdout]                                at /rustc/a178d0322ce20e33eac124758e837cbd80a6f633/library/std/src/panicking.rs:222:9
[INFO] [stdout]   10:     0x560c4d4ed424 - std::panicking::rust_panic_with_hook::h7ee9e1a2d0f8975a
[INFO] [stdout]                                at /rustc/a178d0322ce20e33eac124758e837cbd80a6f633/library/std/src/panicking.rs:622:17
[INFO] [stdout]   11:     0x560c4d4c47b3 - std::panicking::begin_panic::{{closure}}::haa2259a5d090943e
[INFO] [stdout]                                at /rustc/a178d0322ce20e33eac124758e837cbd80a6f633/library/std/src/panicking.rs:542:9
[INFO] [stdout]   12:     0x560c4d4c8549 - std::sys_common::backtrace::__rust_end_short_backtrace::hab24bff5d543af40
[INFO] [stdout]                                at /rustc/a178d0322ce20e33eac124758e837cbd80a6f633/library/std/src/sys_common/backtrace.rs:141:18
[INFO] [stdout]   13:     0x560c4d4c46e9 - std::panicking::begin_panic::hb0ad47222346dbe6
[INFO] [stdout]                                at /rustc/a178d0322ce20e33eac124758e837cbd80a6f633/library/std/src/panicking.rs:541:12
[INFO] [stdout]   14:     0x560c4d14e8f9 - compiletest_rs::runtest::TestCx::check_expected_errors::h64f2aae523bf8b2a
[INFO] [stdout]                                at /opt/rustwide/cargo-home/registry/src/github.com-1ecc6299db9ec823/compiletest_rs-0.7.0/src/runtest.rs:1092:13
[INFO] [stdout]   15:     0x560c4d1403e1 - compiletest_rs::runtest::TestCx::run_cfail_test::he3358de483f47afe
[INFO] [stdout]                                at /opt/rustwide/cargo-home/registry/src/github.com-1ecc6299db9ec823/compiletest_rs-0.7.0/src/runtest.rs:179:13
[INFO] [stdout]   16:     0x560c4d13ff4e - compiletest_rs::runtest::TestCx::run_revision::h72cbfbf7b43a3f32
[INFO] [stdout]                                at /opt/rustwide/cargo-home/registry/src/github.com-1ecc6299db9ec823/compiletest_rs-0.7.0/src/runtest.rs:131:26
[INFO] [stdout]   17:     0x560c4d13fbd3 - compiletest_rs::runtest::run::h6336811a04fb4082
[INFO] [stdout]                                at /opt/rustwide/cargo-home/registry/src/github.com-1ecc6299db9ec823/compiletest_rs-0.7.0/src/runtest.rs:83:9
[INFO] [stdout]   18:     0x560c4d13db95 - compiletest_rs::make_test_closure::{{closure}}::hbcca4793d0ed1d85
[INFO] [stdout]                                at /opt/rustwide/cargo-home/registry/src/github.com-1ecc6299db9ec823/compiletest_rs-0.7.0/src/lib.rs:296:9
[INFO] [stdout]   19:     0x560c4d11351e - core::ops::function::FnOnce::call_once{{vtable.shim}}::he441ac4c8453f066
[INFO] [stdout]                                at /rustc/a178d0322ce20e33eac124758e837cbd80a6f633/library/core/src/ops/function.rs:227:5
[INFO] [stdout]   20:     0x560c4d451b4d - <alloc::boxed::Box<F,A> as core::ops::function::FnOnce<Args>>::call_once::ha52a141f56ec4898
[INFO] [stdout]                                at /rustc/a178d0322ce20e33eac124758e837cbd80a6f633/library/alloc/src/boxed.rs:1575:9
[INFO] [stdout]   21:     0x560c4d40ac94 - tester::__rust_begin_short_backtrace::h6cff7acf104910bb
[INFO] [stdout]                                at /opt/rustwide/cargo-home/registry/src/github.com-1ecc6299db9ec823/tester-0.9.0/src/lib.rs:516:5
[INFO] [stdout]   22:     0x560c4d40a463 - tester::run_test::{{closure}}::h67c927a7bbd9d821
[INFO] [stdout]                                at /opt/rustwide/cargo-home/registry/src/github.com-1ecc6299db9ec823/tester-0.9.0/src/lib.rs:500:34
[INFO] [stdout]   23:     0x560c4d420b68 - core::ops::function::FnOnce::call_once{{vtable.shim}}::h26721d02db9fc0b5
[INFO] [stdout]                                at /rustc/a178d0322ce20e33eac124758e837cbd80a6f633/library/core/src/ops/function.rs:227:5
[INFO] [stdout]   24:     0x560c4d451b4d - <alloc::boxed::Box<F,A> as core::ops::function::FnOnce<Args>>::call_once::ha52a141f56ec4898
[INFO] [stdout]                                at /rustc/a178d0322ce20e33eac124758e837cbd80a6f633/library/alloc/src/boxed.rs:1575:9
[INFO] [stdout]   25:     0x560c4d426e94 - <std::panic::AssertUnwindSafe<F> as core::ops::function::FnOnce<()>>::call_once::hdca2cf0a608e13dc
[INFO] [stdout]                                at /rustc/a178d0322ce20e33eac124758e837cbd80a6f633/library/std/src/panic.rs:347:9
[INFO] [stdout]   26:     0x560c4d40d28d - std::panicking::try::do_call::h98818cfea144712d
[INFO] [stdout]                                at /rustc/a178d0322ce20e33eac124758e837cbd80a6f633/library/std/src/panicking.rs:401:40
[INFO] [stdout]   27:     0x560c4d40f9ed - __rust_try
[INFO] [stdout]   28:     0x560c4d40ce6d - std::panicking::try::h5fb1ad06fd5a5f1e
[INFO] [stdout]                                at /rustc/a178d0322ce20e33eac124758e837cbd80a6f633/library/std/src/panicking.rs:365:19
[INFO] [stdout]   29:     0x560c4d427664 - std::panic::catch_unwind::h9568752f65e9d248
[INFO] [stdout]                                at /rustc/a178d0322ce20e33eac124758e837cbd80a6f633/library/std/src/panic.rs:434:14
[INFO] [stdout]   30:     0x560c4d40aed2 - tester::run_test_in_process::h2643b45c8131cf82
[INFO] [stdout]                                at /opt/rustwide/cargo-home/registry/src/github.com-1ecc6299db9ec823/tester-0.9.0/src/lib.rs:539:18
[INFO] [stdout]   31:     0x560c4d40abbc - tester::run_test::run_test_inner::{{closure}}::h83c5b096f69402e5
[INFO] [stdout]                                at /opt/rustwide/cargo-home/registry/src/github.com-1ecc6299db9ec823/tester-0.9.0/src/lib.rs:449:39
[INFO] [stdout]   32:     0x560c4d3f98a3 - std::sys_common::backtrace::__rust_begin_short_backtrace::h241b3d3a15b94b87
[INFO] [stdout]                                at /rustc/a178d0322ce20e33eac124758e837cbd80a6f633/library/std/src/sys_common/backtrace.rs:125:18
[INFO] [stdout]   33:     0x560c4d43b2d0 - std::thread::Builder::spawn_unchecked::{{closure}}::{{closure}}::hd0b25529d1dd1cfc
[INFO] [stdout]                                at /rustc/a178d0322ce20e33eac124758e837cbd80a6f633/library/std/src/thread/mod.rs:481:17
[INFO] [stdout]   34:     0x560c4d426e74 - <std::panic::AssertUnwindSafe<F> as core::ops::function::FnOnce<()>>::call_once::hd2dc9a7e22622d4a
[INFO] [stdout]                                at /rustc/a178d0322ce20e33eac124758e837cbd80a6f633/library/std/src/panic.rs:347:9
[INFO] [stdout]   35:     0x560c4d40d192 - std::panicking::try::do_call::h2fef021fb3fc44fb
[INFO] [stdout]                                at /rustc/a178d0322ce20e33eac124758e837cbd80a6f633/library/std/src/panicking.rs:401:40
[INFO] [stdout]   36:     0x560c4d40f9ed - __rust_try
[INFO] [stdout]   37:     0x560c4d40cf67 - std::panicking::try::hda368864b5d20fb5
[INFO] [stdout]                                at /rustc/a178d0322ce20e33eac124758e837cbd80a6f633/library/std/src/panicking.rs:365:19
[INFO] [stdout]   38:     0x560c4d427604 - std::panic::catch_unwind::h11e1a579edfd9639
[INFO] [stdout]                                at /rustc/a178d0322ce20e33eac124758e837cbd80a6f633/library/std/src/panic.rs:434:14
[INFO] [stdout]   39:     0x560c4d43b0de - std::thread::Builder::spawn_unchecked::{{closure}}::h78be7fe794236d48
[INFO] [stdout]                                at /rustc/a178d0322ce20e33eac124758e837cbd80a6f633/library/std/src/thread/mod.rs:480:30
[INFO] [stdout]   40:     0x560c4d420bbf - core::ops::function::FnOnce::call_once{{vtable.shim}}::h594aedcaa511e812
[INFO] [stdout]                                at /rustc/a178d0322ce20e33eac124758e837cbd80a6f633/library/core/src/ops/function.rs:227:5
[INFO] [stdout]   41:     0x560c4d4f3287 - <alloc::boxed::Box<F,A> as core::ops::function::FnOnce<Args>>::call_once::h7ece6cfefaff1005
[INFO] [stdout]                                at /rustc/a178d0322ce20e33eac124758e837cbd80a6f633/library/alloc/src/boxed.rs:1575:9
[INFO] [stdout]   42:     0x560c4d4f3287 - <alloc::boxed::Box<F,A> as core::ops::function::FnOnce<Args>>::call_once::hb8b48e55c21f193e
[INFO] [stdout]                                at /rustc/a178d0322ce20e33eac124758e837cbd80a6f633/library/alloc/src/boxed.rs:1575:9
[INFO] [stdout]   43:     0x560c4d4f3287 - std::sys::unix::thread::Thread::new::thread_start::h8c7c4450dba62914
[INFO] [stdout]                                at /rustc/a178d0322ce20e33eac124758e837cbd80a6f633/library/std/src/sys/unix/thread.rs:71:17
[INFO] [stdout]   44:     0x7feea56d1609 - start_thread
[INFO] [stdout]   45:     0x7feea54a3293 - clone
[INFO] [stdout]   46:                0x0 - <unknown>
[INFO] [stdout] 
[INFO] [stdout] error: tests/compile-fail/declaration-missing-fn.rs:3: unexpected error: '3:1: 3:23: can't find crate for `arraygen` [E0463]'
[INFO] [stdout] 
[INFO] [stdout] error: tests/compile-fail/declaration-missing-fn.rs:8: expected error not found: 8:17: 8:25: expected `fn`
[INFO] [stdout] 
[INFO] [stdout] error: 1 unexpected errors found, 1 expected errors not found
[INFO] [stdout] status: exit status: 1
[INFO] [stdout] command: "rustc" "tests/compile-fail/declaration-missing-fn.rs" "-L" "/tmp" "--target=x86_64-unknown-linux-gnu" "--error-format" "json" "-C" "prefer-dynamic" "-o" "/tmp/declaration-missing-fn.stage-id" "-A" "unused" "-L" "target/debug" "-L" "target/debug/deps" "-L" "/tmp/declaration-missing-fn.stage-id.aux"
[INFO] [stdout] unexpected errors (from JSON output): [
[INFO] [stdout]     Error {
[INFO] [stdout]         line_num: 3,
[INFO] [stdout]         kind: Some(
[INFO] [stdout]             Error,
[INFO] [stdout]         ),
[INFO] [stdout]         msg: "3:1: 3:23: can't find crate for `arraygen` [E0463]",
[INFO] [stdout]     },
[INFO] [stdout] ]
[INFO] [stdout] 
[INFO] [stdout] not found errors (from test file): [
[INFO] [stdout]     Error {
[INFO] [stdout]         line_num: 8,
[INFO] [stdout]         kind: Some(
[INFO] [stdout]             Error,
[INFO] [stdout]         ),
[INFO] [stdout]         msg: "8:17: 8:25: expected `fn`",
[INFO] [stdout]     },
[INFO] [stdout] ]
[INFO] [stdout] 
[INFO] [stdout] thread '[compile-fail] compile-fail/declaration-missing-fn.rs' panicked at 'explicit panic', /opt/rustwide/cargo-home/registry/src/github.com-1ecc6299db9ec823/compiletest_rs-0.7.0/src/runtest.rs:1092:13
[INFO] [stdout] stack backtrace:
[INFO] [stdout]    0:     0x560c4d4ea050 - std::backtrace_rs::backtrace::libunwind::trace::h34055254b57d8e79
[INFO] [stdout]                                at /rustc/a178d0322ce20e33eac124758e837cbd80a6f633/library/std/src/../../backtrace/src/backtrace/libunwind.rs:90:5
[INFO] [stdout]    1:     0x560c4d4ea050 - std::backtrace_rs::backtrace::trace_unsynchronized::h8f1e3fbd9afff6ec
[INFO] [stdout]                                at /rustc/a178d0322ce20e33eac124758e837cbd80a6f633/library/std/src/../../backtrace/src/backtrace/mod.rs:66:5
[INFO] [stdout]    2:     0x560c4d4ea050 - std::sys_common::backtrace::_print_fmt::h3a99a796b770c360
[INFO] [stdout]                                at /rustc/a178d0322ce20e33eac124758e837cbd80a6f633/library/std/src/sys_common/backtrace.rs:67:5
[INFO] [stdout]    3:     0x560c4d4ea050 - <std::sys_common::backtrace::_print::DisplayBacktrace as core::fmt::Display>::fmt::h32d1f94a80615d18
[INFO] [stdout]                                at /rustc/a178d0322ce20e33eac124758e837cbd80a6f633/library/std/src/sys_common/backtrace.rs:46:22
[INFO] [stdout]    4:     0x560c4d50f13c - core::fmt::write::h306731c068f7162c
[INFO] [stdout]                                at /rustc/a178d0322ce20e33eac124758e837cbd80a6f633/library/core/src/fmt/mod.rs:1110:17
[INFO] [stdout]    5:     0x560c4d4e61d5 - std::io::Write::write_fmt::h87f19b0a2cd190bc
[INFO] [stdout]                                at /rustc/a178d0322ce20e33eac124758e837cbd80a6f633/library/std/src/io/mod.rs:1588:15
[INFO] [stdout]    6:     0x560c4d4ecd5b - std::sys_common::backtrace::_print::h5abaa2601a852287
[INFO] [stdout]                                at /rustc/a178d0322ce20e33eac124758e837cbd80a6f633/library/std/src/sys_common/backtrace.rs:49:5
[INFO] [stdout]    7:     0x560c4d4ecd5b - std::sys_common::backtrace::print::h8d81445442bb638f
[INFO] [stdout]                                at /rustc/a178d0322ce20e33eac124758e837cbd80a6f633/library/std/src/sys_common/backtrace.rs:36:9
[INFO] [stdout]    8:     0x560c4d4ecd5b - std::panicking::default_hook::{{closure}}::hcfe804496a9fa747
[INFO] [stdout]                                at /rustc/a178d0322ce20e33eac124758e837cbd80a6f633/library/std/src/panicking.rs:208:50
[INFO] [stdout]    9:     0x560c4d4ec86c - std::panicking::default_hook::hbea8e3ccf2ba8901
[INFO] [stdout]                                at /rustc/a178d0322ce20e33eac124758e837cbd80a6f633/library/std/src/panicking.rs:222:9
[INFO] [stdout]   10:     0x560c4d4ed424 - std::panicking::rust_panic_with_hook::h7ee9e1a2d0f8975a
[INFO] [stdout]                                at /rustc/a178d0322ce20e33eac124758e837cbd80a6f633/library/std/src/panicking.rs:622:17
[INFO] [stdout]   11:     0x560c4d4c47b3 - std::panicking::begin_panic::{{closure}}::haa2259a5d090943e
[INFO] [stdout]                                at /rustc/a178d0322ce20e33eac124758e837cbd80a6f633/library/std/src/panicking.rs:542:9
[INFO] [stdout]   12:     0x560c4d4c8549 - std::sys_common::backtrace::__rust_end_short_backtrace::hab24bff5d543af40
[INFO] [stdout]                                at /rustc/a178d0322ce20e33eac124758e837cbd80a6f633/library/std/src/sys_common/backtrace.rs:141:18
[INFO] [stdout]   13:     0x560c4d4c46e9 - std::panicking::begin_panic::hb0ad47222346dbe6
[INFO] [stdout]                                at /rustc/a178d0322ce20e33eac124758e837cbd80a6f633/library/std/src/panicking.rs:541:12
[INFO] [stdout]   14:     0x560c4d14e8f9 - compiletest_rs::runtest::TestCx::check_expected_errors::h64f2aae523bf8b2a
[INFO] [stdout]                                at /opt/rustwide/cargo-home/registry/src/github.com-1ecc6299db9ec823/compiletest_rs-0.7.0/src/runtest.rs:1092:13
[INFO] [stdout]   15:     0x560c4d1403e1 - compiletest_rs::runtest::TestCx::run_cfail_test::he3358de483f47afe
[INFO] [stdout]                                at /opt/rustwide/cargo-home/registry/src/github.com-1ecc6299db9ec823/compiletest_rs-0.7.0/src/runtest.rs:179:13
[INFO] [stdout]   16:     0x560c4d13ff4e - compiletest_rs::runtest::TestCx::run_revision::h72cbfbf7b43a3f32
[INFO] [stdout]                                at /opt/rustwide/cargo-home/registry/src/github.com-1ecc6299db9ec823/compiletest_rs-0.7.0/src/runtest.rs:131:26
[INFO] [stdout]   17:     0x560c4d13fbd3 - compiletest_rs::runtest::run::h6336811a04fb4082
[INFO] [stdout]                                at /opt/rustwide/cargo-home/registry/src/github.com-1ecc6299db9ec823/compiletest_rs-0.7.0/src/runtest.rs:83:9
[INFO] [stdout]   18:     0x560c4d13db95 - compiletest_rs::make_test_closure::{{closure}}::hbcca4793d0ed1d85
[INFO] [stdout]                                at /opt/rustwide/cargo-home/registry/src/github.com-1ecc6299db9ec823/compiletest_rs-0.7.0/src/lib.rs:296:9
[INFO] [stdout]   19:     0x560c4d11351e - core::ops::function::FnOnce::call_once{{vtable.shim}}::he441ac4c8453f066
[INFO] [stdout]                                at /rustc/a178d0322ce20e33eac124758e837cbd80a6f633/library/core/src/ops/function.rs:227:5
[INFO] [stdout]   20:     0x560c4d451b4d - <alloc::boxed::Box<F,A> as core::ops::function::FnOnce<Args>>::call_once::ha52a141f56ec4898
[INFO] [stdout]                                at /rustc/a178d0322ce20e33eac124758e837cbd80a6f633/library/alloc/src/boxed.rs:1575:9
[INFO] [stdout]   21:     0x560c4d40ac94 - tester::__rust_begin_short_backtrace::h6cff7acf104910bb
[INFO] [stdout]                                at /opt/rustwide/cargo-home/registry/src/github.com-1ecc6299db9ec823/tester-0.9.0/src/lib.rs:516:5
[INFO] [stdout]   22:     0x560c4d40a463 - tester::run_test::{{closure}}::h67c927a7bbd9d821
[INFO] [stdout]                                at /opt/rustwide/cargo-home/registry/src/github.com-1ecc6299db9ec823/tester-0.9.0/src/lib.rs:500:34
[INFO] [stdout]   23:     0x560c4d420b68 - core::ops::function::FnOnce::call_once{{vtable.shim}}::h26721d02db9fc0b5
[INFO] [stdout]                                at /rustc/a178d0322ce20e33eac124758e837cbd80a6f633/library/core/src/ops/function.rs:227:5
[INFO] [stdout]   24:     0x560c4d451b4d - <alloc::boxed::Box<F,A> as core::ops::function::FnOnce<Args>>::call_once::ha52a141f56ec4898
[INFO] [stdout]                                at /rustc/a178d0322ce20e33eac124758e837cbd80a6f633/library/alloc/src/boxed.rs:1575:9
[INFO] [stdout]   25:     0x560c4d426e94 - <std::panic::AssertUnwindSafe<F> as core::ops::function::FnOnce<()>>::call_once::hdca2cf0a608e13dc
[INFO] [stdout]                                at /rustc/a178d0322ce20e33eac124758e837cbd80a6f633/library/std/src/panic.rs:347:9
[INFO] [stdout]   26:     0x560c4d40d28d - std::panicking::try::do_call::h98818cfea144712d
[INFO] [stdout]                                at /rustc/a178d0322ce20e33eac124758e837cbd80a6f633/library/std/src/panicking.rs:401:40
[INFO] [stdout]   27:     0x560c4d40f9ed - __rust_try
[INFO] [stdout]   28:     0x560c4d40ce6d - std::panicking::try::h5fb1ad06fd5a5f1e
[INFO] [stdout]                                at /rustc/a178d0322ce20e33eac124758e837cbd80a6f633/library/std/src/panicking.rs:365:19
[INFO] [stdout]   29:     0x560c4d427664 - std::panic::catch_unwind::h9568752f65e9d248
[INFO] [stdout]                                at /rustc/a178d0322ce20e33eac124758e837cbd80a6f633/library/std/src/panic.rs:434:14
[INFO] [stdout]   30:     0x560c4d40aed2 - tester::run_test_in_process::h2643b45c8131cf82
[INFO] [stdout]                                at /opt/rustwide/cargo-home/registry/src/github.com-1ecc6299db9ec823/tester-0.9.0/src/lib.rs:539:18
[INFO] [stdout]   31:     0x560c4d40abbc - tester::run_test::run_test_inner::{{closure}}::h83c5b096f69402e5
[INFO] [stdout]                                at /opt/rustwide/cargo-home/registry/src/github.com-1ecc6299db9ec823/tester-0.9.0/src/lib.rs:449:39
[INFO] [stdout]   32:     0x560c4d3f98a3 - std::sys_common::backtrace::__rust_begin_short_backtrace::h241b3d3a15b94b87
[INFO] [stdout]                                at /rustc/a178d0322ce20e33eac124758e837cbd80a6f633/library/std/src/sys_common/backtrace.rs:125:18
[INFO] [stdout]   33:     0x560c4d43b2d0 - std::thread::Builder::spawn_unchecked::{{closure}}::{{closure}}::hd0b25529d1dd1cfc
[INFO] [stdout]                                at /rustc/a178d0322ce20e33eac124758e837cbd80a6f633/library/std/src/thread/mod.rs:481:17
[INFO] [stdout]   34:     0x560c4d426e74 - <std::panic::AssertUnwindSafe<F> as core::ops::function::FnOnce<()>>::call_once::hd2dc9a7e22622d4a
[INFO] [stdout]                                at /rustc/a178d0322ce20e33eac124758e837cbd80a6f633/library/std/src/panic.rs:347:9
[INFO] [stdout]   35:     0x560c4d40d192 - std::panicking::try::do_call::h2fef021fb3fc44fb
[INFO] [stdout]                                at /rustc/a178d0322ce20e33eac124758e837cbd80a6f633/library/std/src/panicking.rs:401:40
[INFO] [stdout]   36:     0x560c4d40f9ed - __rust_try
[INFO] [stdout]   37:     0x560c4d40cf67 - std::panicking::try::hda368864b5d20fb5
[INFO] [stdout]                                at /rustc/a178d0322ce20e33eac124758e837cbd80a6f633/library/std/src/panicking.rs:365:19
[INFO] [stdout]   38:     0x560c4d427604 - std::panic::catch_unwind::h11e1a579edfd9639
[INFO] [stdout]                                at /rustc/a178d0322ce20e33eac124758e837cbd80a6f633/library/std/src/panic.rs:434:14
[INFO] [stdout]   39:     0x560c4d43b0de - std::thread::Builder::spawn_unchecked::{{closure}}::h78be7fe794236d48
[INFO] [stdout]                                at /rustc/a178d0322ce20e33eac124758e837cbd80a6f633/library/std/src/thread/mod.rs:480:30
[INFO] [stdout]   40:     0x560c4d420bbf - core::ops::function::FnOnce::call_once{{vtable.shim}}::h594aedcaa511e812
[INFO] [stdout]                                at /rustc/a178d0322ce20e33eac124758e837cbd80a6f633/library/core/src/ops/function.rs:227:5
[INFO] [stdout]   41:     0x560c4d4f3287 - <alloc::boxed::Box<F,A> as core::ops::function::FnOnce<Args>>::call_once::h7ece6cfefaff1005
[INFO] [stdout]                                at /rustc/a178d0322ce20e33eac124758e837cbd80a6f633/library/alloc/src/boxed.rs:1575:9
[INFO] [stdout]   42:     0x560c4d4f3287 - <alloc::boxed::Box<F,A> as core::ops::function::FnOnce<Args>>::call_once::hb8b48e55c21f193e
[INFO] [stdout]                                at /rustc/a178d0322ce20e33eac124758e837cbd80a6f633/library/alloc/src/boxed.rs:1575:9
[INFO] [stdout]   43:     0x560c4d4f3287 - std::sys::unix::thread::Thread::new::thread_start::h8c7c4450dba62914
[INFO] [stdout]                                at /rustc/a178d0322ce20e33eac124758e837cbd80a6f633/library/std/src/sys/unix/thread.rs:71:17
[INFO] [stdout]   44:     0x7feea56d1609 - start_thread
[INFO] [stdout]   45:     0x7feea54a3293 - clone
[INFO] [stdout]   46:                0x0 - <unknown>
[INFO] [stdout] 
[INFO] [stdout] error: tests/compile-fail/inclusion-decorator-wrong-kind.rs:3: unexpected error: '3:1: 3:23: can't find crate for `arraygen` [E0463]'
[INFO] [stdout] 
[INFO] [stdout] error: tests/compile-fail/inclusion-decorator-wrong-kind.rs:10: expected error not found: 10:27: 10:33: in_array doesn't allow 'blabla' as decorator
[INFO] [stdout] 
[INFO] [stdout] error: 1 unexpected errors found, 1 expected errors not found
[INFO] [stdout] status: exit status: 1
[INFO] [stdout] command: "rustc" "tests/compile-fail/inclusion-decorator-wrong-kind.rs" "-L" "/tmp" "--target=x86_64-unknown-linux-gnu" "--error-format" "json" "-C" "prefer-dynamic" "-o" "/tmp/inclusion-decorator-wrong-kind.stage-id" "-A" "unused" "-L" "target/debug" "-L" "target/debug/deps" "-L" "/tmp/inclusion-decorator-wrong-kind.stage-id.aux"
[INFO] [stdout] unexpected errors (from JSON output): [
[INFO] [stdout]     Error {
[INFO] [stdout]         line_num: 3,
[INFO] [stdout]         kind: Some(
[INFO] [stdout]             Error,
[INFO] [stdout]         ),
[INFO] [stdout]         msg: "3:1: 3:23: can't find crate for `arraygen` [E0463]",
[INFO] [stdout]     },
[INFO] [stdout] ]
[INFO] [stdout] 
[INFO] [stdout] not found errors (from test file): [
[INFO] [stdout]     Error {
[INFO] [stdout]         line_num: 10,
[INFO] [stdout]         kind: Some(
[INFO] [stdout]             Error,
[INFO] [stdout]         ),
[INFO] [stdout]         msg: "10:27: 10:33: in_array doesn't allow 'blabla' as decorator",
[INFO] [stdout]     },
[INFO] [stdout] ]
[INFO] [stdout] 
[INFO] [stdout] thread '[compile-fail] compile-fail/inclusion-decorator-wrong-kind.rs' panicked at 'explicit panic', /opt/rustwide/cargo-home/registry/src/github.com-1ecc6299db9ec823/compiletest_rs-0.7.0/src/runtest.rs:1092:13
[INFO] [stdout] stack backtrace:
[INFO] [stdout]    0:     0x560c4d4ea050 - std::backtrace_rs::backtrace::libunwind::trace::h34055254b57d8e79
[INFO] [stdout]                                at /rustc/a178d0322ce20e33eac124758e837cbd80a6f633/library/std/src/../../backtrace/src/backtrace/libunwind.rs:90:5
[INFO] [stdout]    1:     0x560c4d4ea050 - std::backtrace_rs::backtrace::trace_unsynchronized::h8f1e3fbd9afff6ec
[INFO] [stdout]                                at /rustc/a178d0322ce20e33eac124758e837cbd80a6f633/library/std/src/../../backtrace/src/backtrace/mod.rs:66:5
[INFO] [stdout]    2:     0x560c4d4ea050 - std::sys_common::backtrace::_print_fmt::h3a99a796b770c360
[INFO] [stdout]                                at /rustc/a178d0322ce20e33eac124758e837cbd80a6f633/library/std/src/sys_common/backtrace.rs:67:5
[INFO] [stdout]    3:     0x560c4d4ea050 - <std::sys_common::backtrace::_print::DisplayBacktrace as core::fmt::Display>::fmt::h32d1f94a80615d18
[INFO] [stdout]                                at /rustc/a178d0322ce20e33eac124758e837cbd80a6f633/library/std/src/sys_common/backtrace.rs:46:22
[INFO] [stdout]    4:     0x560c4d50f13c - core::fmt::write::h306731c068f7162c
[INFO] [stdout]                                at /rustc/a178d0322ce20e33eac124758e837cbd80a6f633/library/core/src/fmt/mod.rs:1110:17
[INFO] [stdout]    5:     0x560c4d4e61d5 - std::io::Write::write_fmt::h87f19b0a2cd190bc
[INFO] [stdout]                                at /rustc/a178d0322ce20e33eac124758e837cbd80a6f633/library/std/src/io/mod.rs:1588:15
[INFO] [stdout]    6:     0x560c4d4ecd5b - std::sys_common::backtrace::_print::h5abaa2601a852287
[INFO] [stdout]                                at /rustc/a178d0322ce20e33eac124758e837cbd80a6f633/library/std/src/sys_common/backtrace.rs:49:5
[INFO] [stdout]    7:     0x560c4d4ecd5b - std::sys_common::backtrace::print::h8d81445442bb638f
[INFO] [stdout]                                at /rustc/a178d0322ce20e33eac124758e837cbd80a6f633/library/std/src/sys_common/backtrace.rs:36:9
[INFO] [stdout]    8:     0x560c4d4ecd5b - std::panicking::default_hook::{{closure}}::hcfe804496a9fa747
[INFO] [stdout]                                at /rustc/a178d0322ce20e33eac124758e837cbd80a6f633/library/std/src/panicking.rs:208:50
[INFO] [stdout]    9:     0x560c4d4ec86c - std::panicking::default_hook::hbea8e3ccf2ba8901
[INFO] [stdout]                                at /rustc/a178d0322ce20e33eac124758e837cbd80a6f633/library/std/src/panicking.rs:222:9
[INFO] [stdout]   10:     0x560c4d4ed424 - std::panicking::rust_panic_with_hook::h7ee9e1a2d0f8975a
[INFO] [stdout]                                at /rustc/a178d0322ce20e33eac124758e837cbd80a6f633/library/std/src/panicking.rs:622:17
[INFO] [stdout]   11:     0x560c4d4c47b3 - std::panicking::begin_panic::{{closure}}::haa2259a5d090943e
[INFO] [stdout]                                at /rustc/a178d0322ce20e33eac124758e837cbd80a6f633/library/std/src/panicking.rs:542:9
[INFO] [stdout]   12:     0x560c4d4c8549 - std::sys_common::backtrace::__rust_end_short_backtrace::hab24bff5d543af40
[INFO] [stdout]                                at /rustc/a178d0322ce20e33eac124758e837cbd80a6f633/library/std/src/sys_common/backtrace.rs:141:18
[INFO] [stdout]   13:     0x560c4d4c46e9 - std::panicking::begin_panic::hb0ad47222346dbe6
[INFO] [stdout]                                at /rustc/a178d0322ce20e33eac124758e837cbd80a6f633/library/std/src/panicking.rs:541:12
[INFO] [stdout]   14:     0x560c4d14e8f9 - compiletest_rs::runtest::TestCx::check_expected_errors::h64f2aae523bf8b2a
[INFO] [stdout]                                at /opt/rustwide/cargo-home/registry/src/github.com-1ecc6299db9ec823/compiletest_rs-0.7.0/src/runtest.rs:1092:13
[INFO] [stdout]   15:     0x560c4d1403e1 - compiletest_rs::runtest::TestCx::run_cfail_test::he3358de483f47afe
[INFO] [stdout]                                at /opt/rustwide/cargo-home/registry/src/github.com-1ecc6299db9ec823/compiletest_rs-0.7.0/src/runtest.rs:179:13
[INFO] [stdout]   16:     0x560c4d13ff4e - compiletest_rs::runtest::TestCx::run_revision::h72cbfbf7b43a3f32
[INFO] [stdout]                                at /opt/rustwide/cargo-home/registry/src/github.com-1ecc6299db9ec823/compiletest_rs-0.7.0/src/runtest.rs:131:26
[INFO] [stdout]   17:     0x560c4d13fbd3 - compiletest_rs::runtest::run::h6336811a04fb4082
[INFO] [stdout]                                at /opt/rustwide/cargo-home/registry/src/github.com-1ecc6299db9ec823/compiletest_rs-0.7.0/src/runtest.rs:83:9
[INFO] [stdout]   18:     0x560c4d13db95 - compiletest_rs::make_test_closure::{{closure}}::hbcca4793d0ed1d85
[INFO] [stdout]                                at /opt/rustwide/cargo-home/registry/src/github.com-1ecc6299db9ec823/compiletest_rs-0.7.0/src/lib.rs:296:9
[INFO] [stdout]   19:     0x560c4d11351e - core::ops::function::FnOnce::call_once{{vtable.shim}}::he441ac4c8453f066
[INFO] [stdout]                                at /rustc/a178d0322ce20e33eac124758e837cbd80a6f633/library/core/src/ops/function.rs:227:5
[INFO] [stdout]   20:     0x560c4d451b4d - <alloc::boxed::Box<F,A> as core::ops::function::FnOnce<Args>>::call_once::ha52a141f56ec4898
[INFO] [stdout]                                at /rustc/a178d0322ce20e33eac124758e837cbd80a6f633/library/alloc/src/boxed.rs:1575:9
[INFO] [stdout]   21:     0x560c4d40ac94 - tester::__rust_begin_short_backtrace::h6cff7acf104910bb
[INFO] [stdout]                                at /opt/rustwide/cargo-home/registry/src/github.com-1ecc6299db9ec823/tester-0.9.0/src/lib.rs:516:5
[INFO] [stdout]   22:     0x560c4d40a463 - tester::run_test::{{closure}}::h67c927a7bbd9d821
[INFO] [stdout]                                at /opt/rustwide/cargo-home/registry/src/github.com-1ecc6299db9ec823/tester-0.9.0/src/lib.rs:500:34
[INFO] [stdout]   23:     0x560c4d420b68 - core::ops::function::FnOnce::call_once{{vtable.shim}}::h26721d02db9fc0b5
[INFO] [stdout]                                at /rustc/a178d0322ce20e33eac124758e837cbd80a6f633/library/core/src/ops/function.rs:227:5
[INFO] [stdout]   24:     0x560c4d451b4d - <alloc::boxed::Box<F,A> as core::ops::function::FnOnce<Args>>::call_once::ha52a141f56ec4898
[INFO] [stdout]                                at /rustc/a178d0322ce20e33eac124758e837cbd80a6f633/library/alloc/src/boxed.rs:1575:9
[INFO] [stdout]   25:     0x560c4d426e94 - <std::panic::AssertUnwindSafe<F> as core::ops::function::FnOnce<()>>::call_once::hdca2cf0a608e13dc
[INFO] [stdout]                                at /rustc/a178d0322ce20e33eac124758e837cbd80a6f633/library/std/src/panic.rs:347:9
[INFO] [stdout]   26:     0x560c4d40d28d - std::panicking::try::do_call::h98818cfea144712d
[INFO] [stdout]                                at /rustc/a178d0322ce20e33eac124758e837cbd80a6f633/library/std/src/panicking.rs:401:40
[INFO] [stdout]   27:     0x560c4d40f9ed - __rust_try
[INFO] [stdout]   28:     0x560c4d40ce6d - std::panicking::try::h5fb1ad06fd5a5f1e
[INFO] [stdout]                                at /rustc/a178d0322ce20e33eac124758e837cbd80a6f633/library/std/src/panicking.rs:365:19
[INFO] [stdout]   29:     0x560c4d427664 - std::panic::catch_unwind::h9568752f65e9d248
[INFO] [stdout]                                at /rustc/a178d0322ce20e33eac124758e837cbd80a6f633/library/std/src/panic.rs:434:14
[INFO] [stdout]   30:     0x560c4d40aed2 - tester::run_test_in_process::h2643b45c8131cf82
[INFO] [stdout]                                at /opt/rustwide/cargo-home/registry/src/github.com-1ecc6299db9ec823/tester-0.9.0/src/lib.rs:539:18
[INFO] [stdout]   31:     0x560c4d40abbc - tester::run_test::run_test_inner::{{closure}}::h83c5b096f69402e5
[INFO] [stdout]                                at /opt/rustwide/cargo-home/registry/src/github.com-1ecc6299db9ec823/tester-0.9.0/src/lib.rs:449:39
[INFO] [stdout]   32:     0x560c4d3f98a3 - std::sys_common::backtrace::__rust_begin_short_backtrace::h241b3d3a15b94b87
[INFO] [stdout]                                at /rustc/a178d0322ce20e33eac124758e837cbd80a6f633/library/std/src/sys_common/backtrace.rs:125:18
[INFO] [stdout]   33:     0x560c4d43b2d0 - std::thread::Builder::spawn_unchecked::{{closure}}::{{closure}}::hd0b25529d1dd1cfc
[INFO] [stdout]                                at /rustc/a178d0322ce20e33eac124758e837cbd80a6f633/library/std/src/thread/mod.rs:481:17
[INFO] [stdout]   34:     0x560c4d426e74 - <std::panic::AssertUnwindSafe<F> as core::ops::function::FnOnce<()>>::call_once::hd2dc9a7e22622d4a
[INFO] [stdout]                                at /rustc/a178d0322ce20e33eac124758e837cbd80a6f633/library/std/src/panic.rs:347:9
[INFO] [stdout]   35:     0x560c4d40d192 - std::panicking::try::do_call::h2fef021fb3fc44fb
[INFO] [stdout]                                at /rustc/a178d0322ce20e33eac124758e837cbd80a6f633/library/std/src/panicking.rs:401:40
[INFO] [stdout]   36:     0x560c4d40f9ed - __rust_try
[INFO] [stdout]   37:     0x560c4d40cf67 - std::panicking::try::hda368864b5d20fb5
[INFO] [stdout]                                at /rustc/a178d0322ce20e33eac124758e837cbd80a6f633/library/std/src/panicking.rs:365:19
[INFO] [stdout]   38:     0x560c4d427604 - std::panic::catch_unwind::h11e1a579edfd9639
[INFO] [stdout]                                at /rustc/a178d0322ce20e33eac124758e837cbd80a6f633/library/std/src/panic.rs:434:14
[INFO] [stdout]   39:     0x560c4d43b0de - std::thread::Builder::spawn_unchecked::{{closure}}::h78be7fe794236d48
[INFO] [stdout]                                at /rustc/a178d0322ce20e33eac124758e837cbd80a6f633/library/std/src/thread/mod.rs:480:30
[INFO] [stdout]   40:     0x560c4d420bbf - core::ops::function::FnOnce::call_once{{vtable.shim}}::h594aedcaa511e812
[INFO] [stdout]                                at /rustc/a178d0322ce20e33eac124758e837cbd80a6f633/library/core/src/ops/function.rs:227:5
[INFO] [stdout]   41:     0x560c4d4f3287 - <alloc::boxed::Box<F,A> as core::ops::function::FnOnce<Args>>::call_once::h7ece6cfefaff1005
[INFO] [stdout]                                at /rustc/a178d0322ce20e33eac124758e837cbd80a6f633/library/alloc/src/boxed.rs:1575:9
[INFO] [stdout]   42:     0x560c4d4f3287 - <alloc::boxed::Box<F,A> as core::ops::function::FnOnce<Args>>::call_once::hb8b48e55c21f193e
[INFO] [stdout]                                at /rustc/a178d0322ce20e33eac124758e837cbd80a6f633/library/alloc/src/boxed.rs:1575:9
[INFO] [stdout]   43:     0x560c4d4f3287 - std::sys::unix::thread::Thread::new::thread_start::h8c7c4450dba62914
[INFO] [stdout]                                at /rustc/a178d0322ce20e33eac124758e837cbd80a6f633/library/std/src/sys/unix/thread.rs:71:17
[INFO] [stdout]   44:     0x7feea56d1609 - start_thread
[INFO] [stdout]   45:     0x7feea54a3293 - clone
[INFO] [stdout]   46:                0x0 - <unknown>
[INFO] [stdout] 
[INFO] [stdout] error: tests/compile-fail/inclusion-duplicated-method-for-field.rs:3: unexpected error: '3:1: 3:23: can't find crate for `arraygen` [E0463]'
[INFO] [stdout] 
[INFO] [stdout] error: tests/compile-fail/inclusion-duplicated-method-for-field.rs:10: expected error not found: 10:26: 10:34: Field 'foo' is already included in gen_array method 'my_array'
[INFO] [stdout] 
[INFO] [stdout] error: 1 unexpected errors found, 1 expected errors not found
[INFO] [stdout] status: exit status: 1
[INFO] [stdout] command: "rustc" "tests/compile-fail/inclusion-duplicated-method-for-field.rs" "-L" "/tmp" "--target=x86_64-unknown-linux-gnu" "--error-format" "json" "-C" "prefer-dynamic" "-o" "/tmp/inclusion-duplicated-method-for-field.stage-id" "-A" "unused" "-L" "target/debug" "-L" "target/debug/deps" "-L" "/tmp/inclusion-duplicated-method-for-field.stage-id.aux"
[INFO] [stdout] unexpected errors (from JSON output): [
[INFO] [stdout]     Error {
[INFO] [stdout]         line_num: 3,
[INFO] [stdout]         kind: Some(
[INFO] [stdout]             Error,
[INFO] [stdout]         ),
[INFO] [stdout]         msg: "3:1: 3:23: can't find crate for `arraygen` [E0463]",
[INFO] [stdout]     },
[INFO] [stdout] ]
[INFO] [stdout] 
[INFO] [stdout] not found errors (from test file): [
[INFO] [stdout]     Error {
[INFO] [stdout]         line_num: 10,
[INFO] [stdout]         kind: Some(
[INFO] [stdout]             Error,
[INFO] [stdout]         ),
[INFO] [stdout]         msg: "10:26: 10:34: Field 'foo' is already included in gen_array method 'my_array'",
[INFO] [stdout]     },
[INFO] [stdout] ]
[INFO] [stdout] 
[INFO] [stdout] thread '[compile-fail] compile-fail/inclusion-duplicated-method-for-field.rs' panicked at 'explicit panic', /opt/rustwide/cargo-home/registry/src/github.com-1ecc6299db9ec823/compiletest_rs-0.7.0/src/runtest.rs:1092:13
[INFO] [stdout] stack backtrace:
[INFO] [stdout]    0:     0x560c4d4ea050 - std::backtrace_rs::backtrace::libunwind::trace::h34055254b57d8e79
[INFO] [stdout]                                at /rustc/a178d0322ce20e33eac124758e837cbd80a6f633/library/std/src/../../backtrace/src/backtrace/libunwind.rs:90:5
[INFO] [stdout]    1:     0x560c4d4ea050 - std::backtrace_rs::backtrace::trace_unsynchronized::h8f1e3fbd9afff6ec
[INFO] [stdout]                                at /rustc/a178d0322ce20e33eac124758e837cbd80a6f633/library/std/src/../../backtrace/src/backtrace/mod.rs:66:5
[INFO] [stdout]    2:     0x560c4d4ea050 - std::sys_common::backtrace::_print_fmt::h3a99a796b770c360
[INFO] [stdout]                                at /rustc/a178d0322ce20e33eac124758e837cbd80a6f633/library/std/src/sys_common/backtrace.rs:67:5
[INFO] [stdout]    3:     0x560c4d4ea050 - <std::sys_common::backtrace::_print::DisplayBacktrace as core::fmt::Display>::fmt::h32d1f94a80615d18
[INFO] [stdout]                                at /rustc/a178d0322ce20e33eac124758e837cbd80a6f633/library/std/src/sys_common/backtrace.rs:46:22
[INFO] [stdout]    4:     0x560c4d50f13c - core::fmt::write::h306731c068f7162c
[INFO] [stdout]                                at /rustc/a178d0322ce20e33eac124758e837cbd80a6f633/library/core/src/fmt/mod.rs:1110:17
[INFO] [stdout]    5:     0x560c4d4e61d5 - std::io::Write::write_fmt::h87f19b0a2cd190bc
[INFO] [stdout]                                at /rustc/a178d0322ce20e33eac124758e837cbd80a6f633/library/std/src/io/mod.rs:1588:15
[INFO] [stdout]    6:     0x560c4d4ecd5b - std::sys_common::backtrace::_print::h5abaa2601a852287
[INFO] [stdout]                                at /rustc/a178d0322ce20e33eac124758e837cbd80a6f633/library/std/src/sys_common/backtrace.rs:49:5
[INFO] [stdout]    7:     0x560c4d4ecd5b - std::sys_common::backtrace::print::h8d81445442bb638f
[INFO] [stdout]                                at /rustc/a178d0322ce20e33eac124758e837cbd80a6f633/library/std/src/sys_common/backtrace.rs:36:9
[INFO] [stdout]    8:     0x560c4d4ecd5b - std::panicking::default_hook::{{closure}}::hcfe804496a9fa747
[INFO] [stdout]                                at /rustc/a178d0322ce20e33eac124758e837cbd80a6f633/library/std/src/panicking.rs:208:50
[INFO] [stdout]    9:     0x560c4d4ec86c - std::panicking::default_hook::hbea8e3ccf2ba8901
[INFO] [stdout]                                at /rustc/a178d0322ce20e33eac124758e837cbd80a6f633/library/std/src/panicking.rs:222:9
[INFO] [stdout]   10:     0x560c4d4ed424 - std::panicking::rust_panic_with_hook::h7ee9e1a2d0f8975a
[INFO] [stdout]                                at /rustc/a178d0322ce20e33eac124758e837cbd80a6f633/library/std/src/panicking.rs:622:17
[INFO] [stdout]   11:     0x560c4d4c47b3 - std::panicking::begin_panic::{{closure}}::haa2259a5d090943e
[INFO] [stdout]                                at /rustc/a178d0322ce20e33eac124758e837cbd80a6f633/library/std/src/panicking.rs:542:9
[INFO] [stdout]   12:     0x560c4d4c8549 - std::sys_common::backtrace::__rust_end_short_backtrace::hab24bff5d543af40
[INFO] [stdout]                                at /rustc/a178d0322ce20e33eac124758e837cbd80a6f633/library/std/src/sys_common/backtrace.rs:141:18
[INFO] [stdout]   13:     0x560c4d4c46e9 - std::panicking::begin_panic::hb0ad47222346dbe6
[INFO] [stdout]                                at /rustc/a178d0322ce20e33eac124758e837cbd80a6f633/library/std/src/panicking.rs:541:12
[INFO] [stdout]   14:     0x560c4d14e8f9 - compiletest_rs::runtest::TestCx::check_expected_errors::h64f2aae523bf8b2a
[INFO] [stdout]                                at /opt/rustwide/cargo-home/registry/src/github.com-1ecc6299db9ec823/compiletest_rs-0.7.0/src/runtest.rs:1092:13
[INFO] [stdout]   15:     0x560c4d1403e1 - compiletest_rs::runtest::TestCx::run_cfail_test::he3358de483f47afe
[INFO] [stdout]                                at /opt/rustwide/cargo-home/registry/src/github.com-1ecc6299db9ec823/compiletest_rs-0.7.0/src/runtest.rs:179:13
[INFO] [stdout]   16:     0x560c4d13ff4e - compiletest_rs::runtest::TestCx::run_revision::h72cbfbf7b43a3f32
[INFO] [stdout]                                at /opt/rustwide/cargo-home/registry/src/github.com-1ecc6299db9ec823/compiletest_rs-0.7.0/src/runtest.rs:131:26
[INFO] [stdout]   17:     0x560c4d13fbd3 - compiletest_rs::runtest::run::h6336811a04fb4082
[INFO] [stdout]                                at /opt/rustwide/cargo-home/registry/src/github.com-1ecc6299db9ec823/compiletest_rs-0.7.0/src/runtest.rs:83:9
[INFO] [stdout]   18:     0x560c4d13db95 - compiletest_rs::make_test_closure::{{closure}}::hbcca4793d0ed1d85
[INFO] [stdout]                                at /opt/rustwide/cargo-home/registry/src/github.com-1ecc6299db9ec823/compiletest_rs-0.7.0/src/lib.rs:296:9
[INFO] [stdout]   19:     0x560c4d11351e - core::ops::function::FnOnce::call_once{{vtable.shim}}::he441ac4c8453f066
[INFO] [stdout]                                at /rustc/a178d0322ce20e33eac124758e837cbd80a6f633/library/core/src/ops/function.rs:227:5
[INFO] [stdout]   20:     0x560c4d451b4d - <alloc::boxed::Box<F,A> as core::ops::function::FnOnce<Args>>::call_once::ha52a141f56ec4898
[INFO] [stdout]                                at /rustc/a178d0322ce20e33eac124758e837cbd80a6f633/library/alloc/src/boxed.rs:1575:9
[INFO] [stdout]   21:     0x560c4d40ac94 - tester::__rust_begin_short_backtrace::h6cff7acf104910bb
[INFO] [stdout]                                at /opt/rustwide/cargo-home/registry/src/github.com-1ecc6299db9ec823/tester-0.9.0/src/lib.rs:516:5
[INFO] [stdout]   22:     0x560c4d40a463 - tester::run_test::{{closure}}::h67c927a7bbd9d821
[INFO] [stdout]                                at /opt/rustwide/cargo-home/registry/src/github.com-1ecc6299db9ec823/tester-0.9.0/src/lib.rs:500:34
[INFO] [stdout]   23:     0x560c4d420b68 - core::ops::function::FnOnce::call_once{{vtable.shim}}::h26721d02db9fc0b5
[INFO] [stdout]                                at /rustc/a178d0322ce20e33eac124758e837cbd80a6f633/library/core/src/ops/function.rs:227:5
[INFO] [stdout]   24:     0x560c4d451b4d - <alloc::boxed::Box<F,A> as core::ops::function::FnOnce<Args>>::call_once::ha52a141f56ec4898
[INFO] [stdout]                                at /rustc/a178d0322ce20e33eac124758e837cbd80a6f633/library/alloc/src/boxed.rs:1575:9
[INFO] [stdout]   25:     0x560c4d426e94 - <std::panic::AssertUnwindSafe<F> as core::ops::function::FnOnce<()>>::call_once::hdca2cf0a608e13dc
[INFO] [stdout]                                at /rustc/a178d0322ce20e33eac124758e837cbd80a6f633/library/std/src/panic.rs:347:9
[INFO] [stdout]   26:     0x560c4d40d28d - std::panicking::try::do_call::h98818cfea144712d
[INFO] [stdout]                                at /rustc/a178d0322ce20e33eac124758e837cbd80a6f633/library/std/src/panicking.rs:401:40
[INFO] [stdout]   27:     0x560c4d40f9ed - __rust_try
[INFO] [stdout]   28:     0x560c4d40ce6d - std::panicking::try::h5fb1ad06fd5a5f1e
[INFO] [stdout]                                at /rustc/a178d0322ce20e33eac124758e837cbd80a6f633/library/std/src/panicking.rs:365:19
[INFO] [stdout]   29:     0x560c4d427664 - std::panic::catch_unwind::h9568752f65e9d248
[INFO] [stdout]                                at /rustc/a178d0322ce20e33eac124758e837cbd80a6f633/library/std/src/panic.rs:434:14
[INFO] [stdout]   30:     0x560c4d40aed2 - tester::run_test_in_process::h2643b45c8131cf82
[INFO] [stdout]                                at /opt/rustwide/cargo-home/registry/src/github.com-1ecc6299db9ec823/tester-0.9.0/src/lib.rs:539:18
[INFO] [stdout]   31:     0x560c4d40abbc - tester::run_test::run_test_inner::{{closure}}::h83c5b096f69402e5
[INFO] [stdout]                                at /opt/rustwide/cargo-home/registry/src/github.com-1ecc6299db9ec823/tester-0.9.0/src/lib.rs:449:39
[INFO] [stdout]   32:     0x560c4d3f98a3 - std::sys_common::backtrace::__rust_begin_short_backtrace::h241b3d3a15b94b87
[INFO] [stdout]                                at /rustc/a178d0322ce20e33eac124758e837cbd80a6f633/library/std/src/sys_common/backtrace.rs:125:18
[INFO] [stdout]   33:     0x560c4d43b2d0 - std::thread::Builder::spawn_unchecked::{{closure}}::{{closure}}::hd0b25529d1dd1cfc
[INFO] [stdout]                                at /rustc/a178d0322ce20e33eac124758e837cbd80a6f633/library/std/src/thread/mod.rs:481:17
[INFO] [stdout]   34:     0x560c4d426e74 - <std::panic::AssertUnwindSafe<F> as core::ops::function::FnOnce<()>>::call_once::hd2dc9a7e22622d4a
[INFO] [stdout]                                at /rustc/a178d0322ce20e33eac124758e837cbd80a6f633/library/std/src/panic.rs:347:9
[INFO] [stdout]   35:     0x560c4d40d192 - std::panicking::try::do_call::h2fef021fb3fc44fb
[INFO] [stdout]                                at /rustc/a178d0322ce20e33eac124758e837cbd80a6f633/library/std/src/panicking.rs:401:40
[INFO] [stdout]   36:     0x560c4d40f9ed - __rust_try
[INFO] [stdout]   37:     0x560c4d40cf67 - std::panicking::try::hda368864b5d20fb5
[INFO] [stdout]                                at /rustc/a178d0322ce20e33eac124758e837cbd80a6f633/library/std/src/panicking.rs:365:19
[INFO] [stdout]   38:     0x560c4d427604 - std::panic::catch_unwind::h11e1a579edfd9639
[INFO] [stdout]                                at /rustc/a178d0322ce20e33eac124758e837cbd80a6f633/library/std/src/panic.rs:434:14
[INFO] [stdout]   39:     0x560c4d43b0de - std::thread::Builder::spawn_unchecked::{{closure}}::h78be7fe794236d48
[INFO] [stdout]                                at /rustc/a178d0322ce20e33eac124758e837cbd80a6f633/library/std/src/thread/mod.rs:480:30
[INFO] [stdout]   40:     0x560c4d420bbf - core::ops::function::FnOnce::call_once{{vtable.shim}}::h594aedcaa511e812
[INFO] [stdout]                                at /rustc/a178d0322ce20e33eac124758e837cbd80a6f633/library/core/src/ops/function.rs:227:5
[INFO] [stdout]   41:     0x560c4d4f3287 - <alloc::boxed::Box<F,A> as core::ops::function::FnOnce<Args>>::call_once::h7ece6cfefaff1005
[INFO] [stdout]                                at /rustc/a178d0322ce20e33eac124758e837cbd80a6f633/library/alloc/src/boxed.rs:1575:9
[INFO] [stdout]   42:     0x560c4d4f3287 - <alloc::boxed::Box<F,A> as core::ops::function::FnOnce<Args>>::call_once::hb8b48e55c21f193e
[INFO] [stdout]                                at /rustc/a178d0322ce20e33eac124758e837cbd80a6f633/library/alloc/src/boxed.rs:1575:9
[INFO] [stdout]   43:     0x560c4d4f3287 - std::sys::unix::thread::Thread::new::thread_start::h8c7c4450dba62914
[INFO] [stdout]                                at /rustc/a178d0322ce20e33eac124758e837cbd80a6f633/library/std/src/sys/unix/thread.rs:71:17
[INFO] [stdout]   44:     0x7feea56d1609 - start_thread
[INFO] [stdout]   45:     0x7feea54a3293 - clone
[INFO] [stdout]   46:                0x0 - <unknown>
[INFO] [stdout] thread 'compile_test' panicked at 'Some tests failed', /opt/rustwide/cargo-home/registry/src/github.com-1ecc6299db9ec823/compiletest_rs-0.7.0/src/lib.rs:105:22
[INFO] [stdout] stack backtrace:
[INFO] [stdout]    0:     0x560c4d4ea050 - std::backtrace_rs::backtrace::libunwind::trace::h34055254b57d8e79
[INFO] [stdout]                                at /rustc/a178d0322ce20e33eac124758e837cbd80a6f633/library/std/src/../../backtrace/src/backtrace/libunwind.rs:90:5
[INFO] [stdout]    1:     0x560c4d4ea050 - std::backtrace_rs::backtrace::trace_unsynchronized::h8f1e3fbd9afff6ec
[INFO] [stdout]                                at /rustc/a178d0322ce20e33eac124758e837cbd80a6f633/library/std/src/../../backtrace/src/backtrace/mod.rs:66:5
[INFO] [stdout]    2:     0x560c4d4ea050 - std::sys_common::backtrace::_print_fmt::h3a99a796b770c360
[INFO] [stdout]                                at /rustc/a178d0322ce20e33eac124758e837cbd80a6f633/library/std/src/sys_common/backtrace.rs:67:5
[INFO] [stdout]    3:     0x560c4d4ea050 - <std::sys_common::backtrace::_print::DisplayBacktrace as core::fmt::Display>::fmt::h32d1f94a80615d18
[INFO] [stdout]                                at /rustc/a178d0322ce20e33eac124758e837cbd80a6f633/library/std/src/sys_common/backtrace.rs:46:22
[INFO] [stdout]    4:     0x560c4d50f13c - core::fmt::write::h306731c068f7162c
[INFO] [stdout]                                at /rustc/a178d0322ce20e33eac124758e837cbd80a6f633/library/core/src/fmt/mod.rs:1110:17
[INFO] [stdout]    5:     0x560c4d4e61d5 - std::io::Write::write_fmt::h87f19b0a2cd190bc
[INFO] [stdout]                                at /rustc/a178d0322ce20e33eac124758e837cbd80a6f633/library/std/src/io/mod.rs:1588:15
[INFO] [stdout]    6:     0x560c4d4ecd5b - std::sys_common::backtrace::_print::h5abaa2601a852287
[INFO] [stdout]                                at /rustc/a178d0322ce20e33eac124758e837cbd80a6f633/library/std/src/sys_common/backtrace.rs:49:5
[INFO] [stdout]    7:     0x560c4d4ecd5b - std::sys_common::backtrace::print::h8d81445442bb638f
[INFO] [stdout]                                at /rustc/a178d0322ce20e33eac124758e837cbd80a6f633/library/std/src/sys_common/backtrace.rs:36:9
[INFO] [stdout]    8:     0x560c4d4ecd5b - std::panicking::default_hook::{{closure}}::hcfe804496a9fa747
[INFO] [stdout]                                at /rustc/a178d0322ce20e33eac124758e837cbd80a6f633/library/std/src/panicking.rs:208:50
[INFO] [stdout]    9:     0x560c4d4ec86c - std::panicking::default_hook::hbea8e3ccf2ba8901
[INFO] [stdout]                                at /rustc/a178d0322ce20e33eac124758e837cbd80a6f633/library/std/src/panicking.rs:222:9
[INFO] [stdout]   10:     0x560c4d4ed424 - std::panicking::rust_panic_with_hook::h7ee9e1a2d0f8975a
[INFO] [stdout]                                at /rustc/a178d0322ce20e33eac124758e837cbd80a6f633/library/std/src/panicking.rs:622:17
[INFO] [stdout]   11:     0x560c4d4c47b3 - std::panicking::begin_panic::{{closure}}::haa2259a5d090943e
[INFO] [stdout]                                at /rustc/a178d0322ce20e33eac124758e837cbd80a6f633/library/std/src/panicking.rs:542:9
[INFO] [stdout]   12:     0x560c4d4c8549 - std::sys_common::backtrace::__rust_end_short_backtrace::hab24bff5d543af40
[INFO] [stdout]                                at /rustc/a178d0322ce20e33eac124758e837cbd80a6f633/library/std/src/sys_common/backtrace.rs:141:18
[INFO] [stdout]   13:     0x560c4d4c46e9 - std::panicking::begin_panic::hb0ad47222346dbe6
[INFO] [stdout]                                at /rustc/a178d0322ce20e33eac124758e837cbd80a6f633/library/std/src/panicking.rs:541:12
[INFO] [stdout]   14:     0x560c4d13a997 - compiletest_rs::run_tests::habe87e47385dd329
[INFO] [stdout]                                at /opt/rustwide/cargo-home/registry/src/github.com-1ecc6299db9ec823/compiletest_rs-0.7.0/src/lib.rs:105:22
[INFO] [stdout]   15:     0x560c4d0d6a82 - compile_fail_tests::run_mode::hf6112c0cfbb239af
[INFO] [stdout]                                at /opt/rustwide/workdir/tests/compile_fail_tests.rs:13:5
[INFO] [stdout]   16:     0x560c4d0d6ae2 - compile_fail_tests::compile_test::h57d8d726b3980e63
[INFO] [stdout]                                at /opt/rustwide/workdir/tests/compile_fail_tests.rs:18:5
[INFO] [stdout]   17:     0x560c4d0d6aba - compile_fail_tests::compile_test::{{closure}}::he78d368b3f87df9c
[INFO] [stdout]                                at /opt/rustwide/workdir/tests/compile_fail_tests.rs:17:1
[INFO] [stdout]   18:     0x560c4d0d675e - core::ops::function::FnOnce::call_once::h3bd5cb5809438b7b
[INFO] [stdout]                                at /rustc/a178d0322ce20e33eac124758e837cbd80a6f633/library/core/src/ops/function.rs:227:5
[INFO] [stdout]   19:     0x560c4d0ff003 - core::ops::function::FnOnce::call_once::h152e7e439ff59e19
[INFO] [stdout]                                at /rustc/a178d0322ce20e33eac124758e837cbd80a6f633/library/core/src/ops/function.rs:227:5
[INFO] [stdout]   20:     0x560c4d0ff003 - test::__rust_begin_short_backtrace::h0908f3b1fdbb72ab
[INFO] [stdout]                                at /rustc/a178d0322ce20e33eac124758e837cbd80a6f633/library/test/src/lib.rs:577:5
[INFO] [stdout]   21:     0x560c4d0fdac0 - <alloc::boxed::Box<F,A> as core::ops::function::FnOnce<Args>>::call_once::hf6d2a51e5587546c
[INFO] [stdout]                                at /rustc/a178d0322ce20e33eac124758e837cbd80a6f633/library/alloc/src/boxed.rs:1575:9
[INFO] [stdout]   22:     0x560c4d0fdac0 - <std::panic::AssertUnwindSafe<F> as core::ops::function::FnOnce<()>>::call_once::h8af660f3a89ef593
[INFO] [stdout]                                at /rustc/a178d0322ce20e33eac124758e837cbd80a6f633/library/std/src/panic.rs:347:9
[INFO] [stdout]   23:     0x560c4d0fdac0 - std::panicking::try::do_call::hd36aef60f84b6d36
[INFO] [stdout]                                at /rustc/a178d0322ce20e33eac124758e837cbd80a6f633/library/std/src/panicking.rs:401:40
[INFO] [stdout]   24:     0x560c4d0fdac0 - std::panicking::try::h9932b4480e69817c
[INFO] [stdout]                                at /rustc/a178d0322ce20e33eac124758e837cbd80a6f633/library/std/src/panicking.rs:365:19
[INFO] [stdout]   25:     0x560c4d0fdac0 - std::panic::catch_unwind::h6aa177099cfff5f8
[INFO] [stdout]                                at /rustc/a178d0322ce20e33eac124758e837cbd80a6f633/library/std/src/panic.rs:434:14
[INFO] [stdout]   26:     0x560c4d0fdac0 - test::run_test_in_process::h5884d6f2d99e20c3
[INFO] [stdout]                                at /rustc/a178d0322ce20e33eac124758e837cbd80a6f633/library/test/src/lib.rs:600:18
[INFO] [stdout]   27:     0x560c4d0fdac0 - test::run_test::run_test_inner::{{closure}}::h6fdc58c6d5f5b6e3
[INFO] [stdout]                                at /rustc/a178d0322ce20e33eac124758e837cbd80a6f633/library/test/src/lib.rs:492:39
[INFO] [stdout]   28:     0x560c4d0d7172 - test::run_test::run_test_inner::{{closure}}::h408365d67a78ade8
[INFO] [stdout]                                at /rustc/a178d0322ce20e33eac124758e837cbd80a6f633/library/test/src/lib.rs:519:37
[INFO] [stdout]   29:     0x560c4d0d7172 - std::sys_common::backtrace::__rust_begin_short_backtrace::hb560b77c4f701523
[INFO] [stdout]                                at /rustc/a178d0322ce20e33eac124758e837cbd80a6f633/library/std/src/sys_common/backtrace.rs:125:18
[INFO] [stdout]   30:     0x560c4d0dad28 - std::thread::Builder::spawn_unchecked::{{closure}}::{{closure}}::hf2e7831dad93c597
[INFO] [stdout]                                at /rustc/a178d0322ce20e33eac124758e837cbd80a6f633/library/std/src/thread/mod.rs:481:17
[INFO] [stdout]   31:     0x560c4d0dad28 - <std::panic::AssertUnwindSafe<F> as core::ops::function::FnOnce<()>>::call_once::hd2e08783d8be4d02
[INFO] [stdout]                                at /rustc/a178d0322ce20e33eac124758e837cbd80a6f633/library/std/src/panic.rs:347:9
[INFO] [stdout]   32:     0x560c4d0dad28 - std::panicking::try::do_call::h062597b7acfd6b82
[INFO] [stdout]                                at /rustc/a178d0322ce20e33eac124758e837cbd80a6f633/library/std/src/panicking.rs:401:40
[INFO] [stdout]   33:     0x560c4d0dad28 - std::panicking::try::h0d7b79db04c14552
[INFO] [stdout]                                at /rustc/a178d0322ce20e33eac124758e837cbd80a6f633/library/std/src/panicking.rs:365:19
[INFO] [stdout]   34:     0x560c4d0dad28 - std::panic::catch_unwind::hb01a0b5e7c8cd43b
[INFO] [stdout]                                at /rustc/a178d0322ce20e33eac124758e837cbd80a6f633/library/std/src/panic.rs:434:14
[INFO] [stdout]   35:     0x560c4d0dad28 - std::thread::Builder::spawn_unchecked::{{closure}}::h5bde48cc887e0d1e
[INFO] [stdout]                                at /rustc/a178d0322ce20e33eac124758e837cbd80a6f633/library/std/src/thread/mod.rs:480:30
[INFO] [stdout]   36:     0x560c4d0dad28 - core::ops::function::FnOnce::call_once{{vtable.shim}}::h745ea30807a29e55
[INFO] [stdout]                                at /rustc/a178d0322ce20e33eac124758e837cbd80a6f633/library/core/src/ops/function.rs:227:5
[INFO] [stdout]   37:     0x560c4d4f3287 - <alloc::boxed::Box<F,A> as core::ops::function::FnOnce<Args>>::call_once::h7ece6cfefaff1005
[INFO] [stdout]                                at /rustc/a178d0322ce20e33eac124758e837cbd80a6f633/library/alloc/src/boxed.rs:1575:9
[INFO] [stdout]   38:     0x560c4d4f3287 - <alloc::boxed::Box<F,A> as core::ops::function::FnOnce<Args>>::call_once::hb8b48e55c21f193e
[INFO] [stdout]                                at /rustc/a178d0322ce20e33eac124758e837cbd80a6f633/library/alloc/src/boxed.rs:1575:9
[INFO] [stdout]   39:     0x560c4d4f3287 - std::sys::unix::thread::Thread::new::thread_start::h8c7c4450dba62914
[INFO] [stdout]                                at /rustc/a178d0322ce20e33eac124758e837cbd80a6f633/library/std/src/sys/unix/thread.rs:71:17
[INFO] [stdout]   40:     0x7feea56d1609 - start_thread
[INFO] [stdout]   41:     0x7feea54a3293 - clone
[INFO] [stdout]   42:                0x0 - <unknown>
[INFO] [stdout] 
[INFO] [stdout] 
[INFO] [stdout] failures:
[INFO] [stdout]     compile_test
[INFO] [stdout] 
[INFO] [stdout] test result: FAILED. 0 passed; 1 failed; 0 ignored; 0 measured; 0 filtered out; finished in 0.43s
[INFO] [stdout] 
[INFO] [stderr] error: test failed, to rerun pass '--test compile_fail_tests'
[INFO] running `Command { std: "docker" "inspect" "061a44dce9d8800ed9dd65b148971203d58dad10ebc4a38ea573f2058e2d1d65", kill_on_drop: false }`
[INFO] running `Command { std: "docker" "rm" "-f" "061a44dce9d8800ed9dd65b148971203d58dad10ebc4a38ea573f2058e2d1d65", kill_on_drop: false }`
[INFO] [stdout] 061a44dce9d8800ed9dd65b148971203d58dad10ebc4a38ea573f2058e2d1d65
