[INFO] fetching crate arp-scan 0.10.0...
[INFO] testing arp-scan-0.10.0 against 1.54.0 for beta-1.55-1
[INFO] extracting crate arp-scan 0.10.0 into /workspace/builds/worker-49/source
[INFO] validating manifest of crates.io crate arp-scan 0.10.0 on toolchain 1.54.0
[INFO] running `Command { std: "/workspace/cargo-home/bin/cargo" "+1.54.0" "metadata" "--manifest-path" "Cargo.toml" "--no-deps", kill_on_drop: false }`
[INFO] started tweaking crates.io crate arp-scan 0.10.0
[INFO] finished tweaking crates.io crate arp-scan 0.10.0
[INFO] tweaked toml for crates.io crate arp-scan 0.10.0 written to /workspace/builds/worker-49/source/Cargo.toml
[INFO] crate crates.io crate arp-scan 0.10.0 already has a lockfile, it will not be regenerated
[INFO] running `Command { std: "/workspace/cargo-home/bin/cargo" "+1.54.0" "fetch" "--manifest-path" "Cargo.toml", kill_on_drop: false }`
[INFO] [stderr]     Blocking waiting for file lock on package cache
[INFO] [stderr]     Blocking waiting for file lock on package cache
[INFO] running `Command { std: "docker" "create" "-v" "/var/lib/crater-agent-workspace/builds/worker-49/target:/opt/rustwide/target:rw,Z" "-v" "/var/lib/crater-agent-workspace/builds/worker-49/source:/opt/rustwide/workdir:ro,Z" "-v" "/var/lib/crater-agent-workspace/cargo-home:/opt/rustwide/cargo-home:ro,Z" "-v" "/var/lib/crater-agent-workspace/rustup-home:/opt/rustwide/rustup-home:ro,Z" "-e" "SOURCE_DIR=/opt/rustwide/workdir" "-e" "CARGO_TARGET_DIR=/opt/rustwide/target" "-e" "CARGO_HOME=/opt/rustwide/cargo-home" "-e" "RUSTUP_HOME=/opt/rustwide/rustup-home" "-w" "/opt/rustwide/workdir" "-m" "1610612736" "--user" "0:0" "--network" "none" "ghcr.io/rust-lang/crates-build-env/linux@sha256:34b6a614d2c27851fe6cbf88fbd1137609cefab8b10d0615aaeb6fd47975d74e" "/opt/rustwide/cargo-home/bin/cargo" "+1.54.0" "metadata" "--no-deps" "--format-version=1", kill_on_drop: false }`
[INFO] [stdout] bdaf6f5298cc31b2880ae540230867088fa4790faf68bb44b1ea2e574a260a0d
[INFO] running `Command { std: "docker" "start" "-a" "bdaf6f5298cc31b2880ae540230867088fa4790faf68bb44b1ea2e574a260a0d", kill_on_drop: false }`
[INFO] running `Command { std: "docker" "inspect" "bdaf6f5298cc31b2880ae540230867088fa4790faf68bb44b1ea2e574a260a0d", kill_on_drop: false }`
[INFO] running `Command { std: "docker" "rm" "-f" "bdaf6f5298cc31b2880ae540230867088fa4790faf68bb44b1ea2e574a260a0d", kill_on_drop: false }`
[INFO] [stdout] bdaf6f5298cc31b2880ae540230867088fa4790faf68bb44b1ea2e574a260a0d
[INFO] running `Command { std: "docker" "create" "-v" "/var/lib/crater-agent-workspace/builds/worker-49/target:/opt/rustwide/target:rw,Z" "-v" "/var/lib/crater-agent-workspace/builds/worker-49/source:/opt/rustwide/workdir:ro,Z" "-v" "/var/lib/crater-agent-workspace/cargo-home:/opt/rustwide/cargo-home:ro,Z" "-v" "/var/lib/crater-agent-workspace/rustup-home:/opt/rustwide/rustup-home:ro,Z" "-e" "SOURCE_DIR=/opt/rustwide/workdir" "-e" "CARGO_TARGET_DIR=/opt/rustwide/target" "-e" "CARGO_INCREMENTAL=0" "-e" "RUST_BACKTRACE=full" "-e" "RUSTFLAGS=--cap-lints=warn" "-e" "CARGO_HOME=/opt/rustwide/cargo-home" "-e" "RUSTUP_HOME=/opt/rustwide/rustup-home" "-w" "/opt/rustwide/workdir" "-m" "1610612736" "--user" "0:0" "--network" "none" "ghcr.io/rust-lang/crates-build-env/linux@sha256:34b6a614d2c27851fe6cbf88fbd1137609cefab8b10d0615aaeb6fd47975d74e" "/opt/rustwide/cargo-home/bin/cargo" "+1.54.0" "build" "--frozen" "--message-format=json", kill_on_drop: false }`
[INFO] [stdout] b6db5c5adab196e49bd59bc64c7a665d0c4c1f7024bd07b656933edf2b8b9f5b
[INFO] running `Command { std: "docker" "start" "-a" "b6db5c5adab196e49bd59bc64c7a665d0c4c1f7024bd07b656933edf2b8b9f5b", kill_on_drop: false }`
[INFO] [stderr]     Blocking waiting for file lock on package cache
[INFO] [stderr]    Compiling syn v1.0.72
[INFO] [stderr]    Compiling libc v0.2.95
[INFO] [stderr]    Compiling serde v1.0.126
[INFO] [stderr]    Compiling regex-syntax v0.6.25
[INFO] [stderr]    Compiling pnet_base v0.28.0
[INFO] [stderr]    Compiling byteorder v1.4.3
[INFO] [stderr]    Compiling linked-hash-map v0.5.4
[INFO] [stderr]    Compiling pnet v0.28.0
[INFO] [stderr]    Compiling serde_json v1.0.64
[INFO] [stderr]    Compiling dtoa v0.4.8
[INFO] [stderr]    Compiling textwrap v0.11.0
[INFO] [stderr]    Compiling pnet_macros_support v0.28.0
[INFO] [stderr]    Compiling yaml-rust v0.4.5
[INFO] [stderr]    Compiling regex-automata v0.1.9
[INFO] [stderr]    Compiling getrandom v0.2.3
[INFO] [stderr]    Compiling pnet_sys v0.28.0
[INFO] [stderr]    Compiling atty v0.2.14
[INFO] [stderr]    Compiling socket2 v0.4.0
[INFO] [stderr]    Compiling clap v2.33.3
[INFO] [stderr]    Compiling rand_core v0.6.2
[INFO] [stderr]    Compiling dns-lookup v1.0.6
[INFO] [stderr]    Compiling rand_chacha v0.3.0
[INFO] [stderr]    Compiling rand v0.8.3
[INFO] [stderr]    Compiling regex v1.5.4
[INFO] [stderr]    Compiling serde_derive v1.0.126
[INFO] [stderr]    Compiling pnet_macros v0.28.0
[INFO] [stderr]    Compiling pnet_packet v0.28.0
[INFO] [stderr]    Compiling pnet_transport v0.28.0
[INFO] [stderr]    Compiling ipnetwork v0.18.0
[INFO] [stderr]    Compiling bstr v0.2.16
[INFO] [stderr]    Compiling serde_yaml v0.8.17
[INFO] [stderr]    Compiling pnet_datalink v0.28.0
[INFO] [stderr]    Compiling csv v1.1.6
[INFO] [stderr]    Compiling arp-scan v0.10.0 (/opt/rustwide/workdir)
[INFO] [stderr]     Finished dev [unoptimized + debuginfo] target(s) in 25.69s
[INFO] running `Command { std: "docker" "inspect" "b6db5c5adab196e49bd59bc64c7a665d0c4c1f7024bd07b656933edf2b8b9f5b", kill_on_drop: false }`
[INFO] running `Command { std: "docker" "rm" "-f" "b6db5c5adab196e49bd59bc64c7a665d0c4c1f7024bd07b656933edf2b8b9f5b", kill_on_drop: false }`
[INFO] [stdout] b6db5c5adab196e49bd59bc64c7a665d0c4c1f7024bd07b656933edf2b8b9f5b
[INFO] running `Command { std: "docker" "create" "-v" "/var/lib/crater-agent-workspace/builds/worker-49/target:/opt/rustwide/target:rw,Z" "-v" "/var/lib/crater-agent-workspace/builds/worker-49/source:/opt/rustwide/workdir:ro,Z" "-v" "/var/lib/crater-agent-workspace/cargo-home:/opt/rustwide/cargo-home:ro,Z" "-v" "/var/lib/crater-agent-workspace/rustup-home:/opt/rustwide/rustup-home:ro,Z" "-e" "SOURCE_DIR=/opt/rustwide/workdir" "-e" "CARGO_TARGET_DIR=/opt/rustwide/target" "-e" "CARGO_INCREMENTAL=0" "-e" "RUST_BACKTRACE=full" "-e" "RUSTFLAGS=--cap-lints=warn" "-e" "CARGO_HOME=/opt/rustwide/cargo-home" "-e" "RUSTUP_HOME=/opt/rustwide/rustup-home" "-w" "/opt/rustwide/workdir" "-m" "1610612736" "--user" "0:0" "--network" "none" "ghcr.io/rust-lang/crates-build-env/linux@sha256:34b6a614d2c27851fe6cbf88fbd1137609cefab8b10d0615aaeb6fd47975d74e" "/opt/rustwide/cargo-home/bin/cargo" "+1.54.0" "test" "--frozen" "--no-run" "--message-format=json", kill_on_drop: false }`
[INFO] [stdout] 87ed54119f6e83b01b4d83accd5edd73aca49e71f678750b5e4c1f93f432db34
[INFO] running `Command { std: "docker" "start" "-a" "87ed54119f6e83b01b4d83accd5edd73aca49e71f678750b5e4c1f93f432db34", kill_on_drop: false }`
[INFO] [stderr]    Compiling arp-scan v0.10.0 (/opt/rustwide/workdir)
[INFO] [stderr]     Finished test [unoptimized + debuginfo] target(s) in 1.44s
[INFO] running `Command { std: "docker" "inspect" "87ed54119f6e83b01b4d83accd5edd73aca49e71f678750b5e4c1f93f432db34", kill_on_drop: false }`
[INFO] running `Command { std: "docker" "rm" "-f" "87ed54119f6e83b01b4d83accd5edd73aca49e71f678750b5e4c1f93f432db34", kill_on_drop: false }`
[INFO] [stdout] 87ed54119f6e83b01b4d83accd5edd73aca49e71f678750b5e4c1f93f432db34
[INFO] running `Command { std: "docker" "create" "-v" "/var/lib/crater-agent-workspace/builds/worker-49/target:/opt/rustwide/target:rw,Z" "-v" "/var/lib/crater-agent-workspace/builds/worker-49/source:/opt/rustwide/workdir:ro,Z" "-v" "/var/lib/crater-agent-workspace/cargo-home:/opt/rustwide/cargo-home:ro,Z" "-v" "/var/lib/crater-agent-workspace/rustup-home:/opt/rustwide/rustup-home:ro,Z" "-e" "SOURCE_DIR=/opt/rustwide/workdir" "-e" "CARGO_TARGET_DIR=/opt/rustwide/target" "-e" "CARGO_INCREMENTAL=0" "-e" "RUST_BACKTRACE=full" "-e" "RUSTFLAGS=--cap-lints=warn" "-e" "CARGO_HOME=/opt/rustwide/cargo-home" "-e" "RUSTUP_HOME=/opt/rustwide/rustup-home" "-w" "/opt/rustwide/workdir" "-m" "1610612736" "--user" "0:0" "--network" "none" "ghcr.io/rust-lang/crates-build-env/linux@sha256:34b6a614d2c27851fe6cbf88fbd1137609cefab8b10d0615aaeb6fd47975d74e" "/opt/rustwide/cargo-home/bin/cargo" "+1.54.0" "test" "--frozen", kill_on_drop: false }`
[INFO] [stdout] 4209bd3689b5ad9fe8618449d36953d13e99c1d869c2fc6224be67354683a404
[INFO] running `Command { std: "docker" "start" "-a" "4209bd3689b5ad9fe8618449d36953d13e99c1d869c2fc6224be67354683a404", kill_on_drop: false }`
[INFO] [stderr]     Blocking waiting for file lock on package cache
[INFO] [stderr]     Finished test [unoptimized + debuginfo] target(s) in 0.60s
[INFO] [stdout] 
[INFO] [stderr]      Running unittests (/opt/rustwide/target/debug/deps/arp_scan-41602f3970b4b8d9)
[INFO] [stdout] running 17 tests
[INFO] [stdout] test args::tests::should_deny_floating_numbers ... ok
[INFO] [stdout] test args::tests::should_parse_milliseconds ... ok
[INFO] [stdout] test args::tests::should_parse_seconds ... ok
[INFO] [stdout] test args::tests::should_deny_invalid_characters ... ok
[INFO] [stdout] test args::tests::should_parse_minutes ... ok
[INFO] [stdout] test args::tests::should_deny_negative ... ok
[INFO] [stdout] test vendor::tests::should_create_vendor_resolver ... ok
[INFO] [stdout] test network::tests::should_resolve_localhost ... ok
[INFO] [stdout] test network::tests::should_not_resolve_unknown_ip ... ok
[INFO] [stdout] test args::tests::should_parse_hours ... ok
[INFO] [stdout] test vendor::tests::should_handle_unresolved_database ... ok
[INFO] [stdout] test vendor::tests::should_find_first_mac_vendor ... ok
[INFO] [stdout] test vendor::tests::should_pad_correctly_with_zeroes ... ok
[INFO] [stdout] test vendor::tests::should_find_specific_mac_vendor ... ok
[INFO] [stdout] test vendor::tests::should_find_last_mac_vendor ... ok
[INFO] [stdout] test vendor::tests::should_handle_unknown_mac_vendor ... ok
[INFO] [stderr] error: test failed, to rerun pass '--bin arp-scan'
[INFO] [stdout] test network::tests::should_resolve_public_ip ... FAILED
[INFO] [stdout] 
[INFO] [stdout] failures:
[INFO] [stdout] 
[INFO] [stdout] ---- network::tests::should_resolve_public_ip stdout ----
[INFO] [stdout] thread 'network::tests::should_resolve_public_ip' panicked at 'assertion failed: `(left == right)`
[INFO] [stdout]   left: `None`,
[INFO] [stdout]  right: `Some("one.one.one.one")`', src/network.rs:320:9
[INFO] [stdout] stack backtrace:
[INFO] [stdout]    0:     0x55873a371ca0 - std::backtrace_rs::backtrace::libunwind::trace::h34055254b57d8e79
[INFO] [stdout]                                at /rustc/a178d0322ce20e33eac124758e837cbd80a6f633/library/std/src/../../backtrace/src/backtrace/libunwind.rs:90:5
[INFO] [stdout]    1:     0x55873a371ca0 - std::backtrace_rs::backtrace::trace_unsynchronized::h8f1e3fbd9afff6ec
[INFO] [stdout]                                at /rustc/a178d0322ce20e33eac124758e837cbd80a6f633/library/std/src/../../backtrace/src/backtrace/mod.rs:66:5
[INFO] [stdout]    2:     0x55873a371ca0 - std::sys_common::backtrace::_print_fmt::h3a99a796b770c360
[INFO] [stdout]                                at /rustc/a178d0322ce20e33eac124758e837cbd80a6f633/library/std/src/sys_common/backtrace.rs:67:5
[INFO] [stdout]    3:     0x55873a371ca0 - <std::sys_common::backtrace::_print::DisplayBacktrace as core::fmt::Display>::fmt::h32d1f94a80615d18
[INFO] [stdout]                                at /rustc/a178d0322ce20e33eac124758e837cbd80a6f633/library/std/src/sys_common/backtrace.rs:46:22
[INFO] [stdout]    4:     0x55873a39455c - core::fmt::write::h306731c068f7162c
[INFO] [stdout]                                at /rustc/a178d0322ce20e33eac124758e837cbd80a6f633/library/core/src/fmt/mod.rs:1110:17
[INFO] [stdout]    5:     0x55873a36dba5 - std::io::Write::write_fmt::h87f19b0a2cd190bc
[INFO] [stdout]                                at /rustc/a178d0322ce20e33eac124758e837cbd80a6f633/library/std/src/io/mod.rs:1588:15
[INFO] [stdout]    6:     0x55873a373e0b - std::sys_common::backtrace::_print::h5abaa2601a852287
[INFO] [stdout]                                at /rustc/a178d0322ce20e33eac124758e837cbd80a6f633/library/std/src/sys_common/backtrace.rs:49:5
[INFO] [stdout]    7:     0x55873a373e0b - std::sys_common::backtrace::print::h8d81445442bb638f
[INFO] [stdout]                                at /rustc/a178d0322ce20e33eac124758e837cbd80a6f633/library/std/src/sys_common/backtrace.rs:36:9
[INFO] [stdout]    8:     0x55873a373e0b - std::panicking::default_hook::{{closure}}::hcfe804496a9fa747
[INFO] [stdout]                                at /rustc/a178d0322ce20e33eac124758e837cbd80a6f633/library/std/src/panicking.rs:208:50
[INFO] [stdout]    9:     0x55873a37391c - std::panicking::default_hook::hbea8e3ccf2ba8901
[INFO] [stdout]                                at /rustc/a178d0322ce20e33eac124758e837cbd80a6f633/library/std/src/panicking.rs:222:9
[INFO] [stdout]   10:     0x55873a3744d4 - std::panicking::rust_panic_with_hook::h7ee9e1a2d0f8975a
[INFO] [stdout]                                at /rustc/a178d0322ce20e33eac124758e837cbd80a6f633/library/std/src/panicking.rs:622:17
[INFO] [stdout]   11:     0x55873a373fb7 - std::panicking::begin_panic_handler::{{closure}}::h8ab3b4491718b2c7
[INFO] [stdout]                                at /rustc/a178d0322ce20e33eac124758e837cbd80a6f633/library/std/src/panicking.rs:519:13
[INFO] [stdout]   12:     0x55873a37219c - std::sys_common::backtrace::__rust_end_short_backtrace::hd489062ffa586a9f
[INFO] [stdout]                                at /rustc/a178d0322ce20e33eac124758e837cbd80a6f633/library/std/src/sys_common/backtrace.rs:141:18
[INFO] [stdout]   13:     0x55873a373f19 - rust_begin_unwind
[INFO] [stdout]                                at /rustc/a178d0322ce20e33eac124758e837cbd80a6f633/library/std/src/panicking.rs:515:5
[INFO] [stdout]   14:     0x55873a2e6651 - core::panicking::panic_fmt::hca6330e3e14086b4
[INFO] [stdout]                                at /rustc/a178d0322ce20e33eac124758e837cbd80a6f633/library/core/src/panicking.rs:92:14
[INFO] [stdout]   15:     0x55873a392e78 - core::panicking::assert_failed_inner::h33b45280069a80ed
[INFO] [stdout]   16:     0x55873a2e827a - core::panicking::assert_failed::ha91bc8cff67fe081
[INFO] [stdout]                                at /rustc/a178d0322ce20e33eac124758e837cbd80a6f633/library/core/src/panicking.rs:117:5
[INFO] [stdout]   17:     0x55873a2eccae - arp_scan::network::tests::should_resolve_public_ip::hdcb5dc27ab1530c9
[INFO] [stdout]                                at /opt/rustwide/workdir/src/network.rs:320:9
[INFO] [stdout]   18:     0x55873a2ecb4a - arp_scan::network::tests::should_resolve_public_ip::{{closure}}::hc6b6e61468d40a5f
[INFO] [stdout]                                at /opt/rustwide/workdir/src/network.rs:316:5
[INFO] [stdout]   19:     0x55873a2f2a3e - core::ops::function::FnOnce::call_once::h8f93751b2d98981b
[INFO] [stdout]                                at /rustc/a178d0322ce20e33eac124758e837cbd80a6f633/library/core/src/ops/function.rs:227:5
[INFO] [stdout]   20:     0x55873a31b9b3 - core::ops::function::FnOnce::call_once::h152e7e439ff59e19
[INFO] [stdout]                                at /rustc/a178d0322ce20e33eac124758e837cbd80a6f633/library/core/src/ops/function.rs:227:5
[INFO] [stdout]   21:     0x55873a31b9b3 - test::__rust_begin_short_backtrace::h0908f3b1fdbb72ab
[INFO] [stdout]                                at /rustc/a178d0322ce20e33eac124758e837cbd80a6f633/library/test/src/lib.rs:577:5
[INFO] [stdout]   22:     0x55873a31a470 - <alloc::boxed::Box<F,A> as core::ops::function::FnOnce<Args>>::call_once::hf6d2a51e5587546c
[INFO] [stdout]                                at /rustc/a178d0322ce20e33eac124758e837cbd80a6f633/library/alloc/src/boxed.rs:1575:9
[INFO] [stdout]   23:     0x55873a31a470 - <std::panic::AssertUnwindSafe<F> as core::ops::function::FnOnce<()>>::call_once::h8af660f3a89ef593
[INFO] [stdout]                                at /rustc/a178d0322ce20e33eac124758e837cbd80a6f633/library/std/src/panic.rs:347:9
[INFO] [stdout]   24:     0x55873a31a470 - std::panicking::try::do_call::hd36aef60f84b6d36
[INFO] [stdout]                                at /rustc/a178d0322ce20e33eac124758e837cbd80a6f633/library/std/src/panicking.rs:401:40
[INFO] [stdout]   25:     0x55873a31a470 - std::panicking::try::h9932b4480e69817c
[INFO] [stdout]                                at /rustc/a178d0322ce20e33eac124758e837cbd80a6f633/library/std/src/panicking.rs:365:19
[INFO] [stdout]   26:     0x55873a31a470 - std::panic::catch_unwind::h6aa177099cfff5f8
[INFO] [stdout]                                at /rustc/a178d0322ce20e33eac124758e837cbd80a6f633/library/std/src/panic.rs:434:14
[INFO] [stdout]   27:     0x55873a31a470 - test::run_test_in_process::h5884d6f2d99e20c3
[INFO] [stdout]                                at /rustc/a178d0322ce20e33eac124758e837cbd80a6f633/library/test/src/lib.rs:600:18
[INFO] [stdout]   28:     0x55873a31a470 - test::run_test::run_test_inner::{{closure}}::h6fdc58c6d5f5b6e3
[INFO] [stdout]                                at /rustc/a178d0322ce20e33eac124758e837cbd80a6f633/library/test/src/lib.rs:492:39
[INFO] [stdout]   29:     0x55873a2f3b22 - test::run_test::run_test_inner::{{closure}}::h408365d67a78ade8
[INFO] [stdout]                                at /rustc/a178d0322ce20e33eac124758e837cbd80a6f633/library/test/src/lib.rs:519:37
[INFO] [stdout]   30:     0x55873a2f3b22 - std::sys_common::backtrace::__rust_begin_short_backtrace::hb560b77c4f701523
[INFO] [stdout]                                at /rustc/a178d0322ce20e33eac124758e837cbd80a6f633/library/std/src/sys_common/backtrace.rs:125:18
[INFO] [stdout]   31:     0x55873a2f76d8 - std::thread::Builder::spawn_unchecked::{{closure}}::{{closure}}::hf2e7831dad93c597
[INFO] [stdout]                                at /rustc/a178d0322ce20e33eac124758e837cbd80a6f633/library/std/src/thread/mod.rs:481:17
[INFO] [stdout]   32:     0x55873a2f76d8 - <std::panic::AssertUnwindSafe<F> as core::ops::function::FnOnce<()>>::call_once::hd2e08783d8be4d02
[INFO] [stdout]                                at /rustc/a178d0322ce20e33eac124758e837cbd80a6f633/library/std/src/panic.rs:347:9
[INFO] [stdout]   33:     0x55873a2f76d8 - std::panicking::try::do_call::h062597b7acfd6b82
[INFO] [stdout]                                at /rustc/a178d0322ce20e33eac124758e837cbd80a6f633/library/std/src/panicking.rs:401:40
[INFO] [stdout]   34:     0x55873a2f76d8 - std::panicking::try::h0d7b79db04c14552
[INFO] [stdout]                                at /rustc/a178d0322ce20e33eac124758e837cbd80a6f633/library/std/src/panicking.rs:365:19
[INFO] [stdout]   35:     0x55873a2f76d8 - std::panic::catch_unwind::hb01a0b5e7c8cd43b
[INFO] [stdout]                                at /rustc/a178d0322ce20e33eac124758e837cbd80a6f633/library/std/src/panic.rs:434:14
[INFO] [stdout]   36:     0x55873a2f76d8 - std::thread::Builder::spawn_unchecked::{{closure}}::h5bde48cc887e0d1e
[INFO] [stdout]                                at /rustc/a178d0322ce20e33eac124758e837cbd80a6f633/library/std/src/thread/mod.rs:480:30
[INFO] [stdout]   37:     0x55873a2f76d8 - core::ops::function::FnOnce::call_once{{vtable.shim}}::h745ea30807a29e55
[INFO] [stdout]                                at /rustc/a178d0322ce20e33eac124758e837cbd80a6f633/library/core/src/ops/function.rs:227:5
[INFO] [stdout]   38:     0x55873a378fa7 - <alloc::boxed::Box<F,A> as core::ops::function::FnOnce<Args>>::call_once::h7ece6cfefaff1005
[INFO] [stdout]                                at /rustc/a178d0322ce20e33eac124758e837cbd80a6f633/library/alloc/src/boxed.rs:1575:9
[INFO] [stdout]   39:     0x55873a378fa7 - <alloc::boxed::Box<F,A> as core::ops::function::FnOnce<Args>>::call_once::hb8b48e55c21f193e
[INFO] [stdout]                                at /rustc/a178d0322ce20e33eac124758e837cbd80a6f633/library/alloc/src/boxed.rs:1575:9
[INFO] [stdout]   40:     0x55873a378fa7 - std::sys::unix::thread::Thread::new::thread_start::h8c7c4450dba62914
[INFO] [stdout]                                at /rustc/a178d0322ce20e33eac124758e837cbd80a6f633/library/std/src/sys/unix/thread.rs:71:17
[INFO] [stdout]   41:     0x7fd80c6bd609 - start_thread
[INFO] [stdout]   42:     0x7fd80c48f293 - clone
[INFO] [stdout]   43:                0x0 - <unknown>
[INFO] [stdout] 
[INFO] [stdout] 
[INFO] [stdout] failures:
[INFO] [stdout]     network::tests::should_resolve_public_ip
[INFO] [stdout] 
[INFO] [stdout] test result: FAILED. 16 passed; 1 failed; 0 ignored; 0 measured; 0 filtered out; finished in 0.10s
[INFO] [stdout] 
[INFO] running `Command { std: "docker" "inspect" "4209bd3689b5ad9fe8618449d36953d13e99c1d869c2fc6224be67354683a404", kill_on_drop: false }`
[INFO] running `Command { std: "docker" "rm" "-f" "4209bd3689b5ad9fe8618449d36953d13e99c1d869c2fc6224be67354683a404", kill_on_drop: false }`
[INFO] [stdout] 4209bd3689b5ad9fe8618449d36953d13e99c1d869c2fc6224be67354683a404
