[INFO] fetching crate argopt 0.1.1...
[INFO] testing argopt-0.1.1 against beta-2021-08-01 for beta-1.55-1
[INFO] extracting crate argopt 0.1.1 into /workspace/builds/worker-104/source
[INFO] validating manifest of crates.io crate argopt 0.1.1 on toolchain beta-2021-08-01
[INFO] running `Command { std: "/workspace/cargo-home/bin/cargo" "+beta-2021-08-01" "metadata" "--manifest-path" "Cargo.toml" "--no-deps", kill_on_drop: false }`
[INFO] started tweaking crates.io crate argopt 0.1.1
[INFO] finished tweaking crates.io crate argopt 0.1.1
[INFO] tweaked toml for crates.io crate argopt 0.1.1 written to /workspace/builds/worker-104/source/Cargo.toml
[INFO] crate crates.io crate argopt 0.1.1 already has a lockfile, it will not be regenerated
[INFO] running `Command { std: "/workspace/cargo-home/bin/cargo" "+beta-2021-08-01" "fetch" "--manifest-path" "Cargo.toml", kill_on_drop: false }`
[INFO] [stderr]     Blocking waiting for file lock on package cache
[INFO] [stderr]     Blocking waiting for file lock on package cache
[INFO] running `Command { std: "docker" "create" "-v" "/var/lib/crater-agent-workspace/builds/worker-104/target:/opt/rustwide/target:rw,Z" "-v" "/var/lib/crater-agent-workspace/builds/worker-104/source:/opt/rustwide/workdir:ro,Z" "-v" "/var/lib/crater-agent-workspace/cargo-home:/opt/rustwide/cargo-home:ro,Z" "-v" "/var/lib/crater-agent-workspace/rustup-home:/opt/rustwide/rustup-home:ro,Z" "-e" "SOURCE_DIR=/opt/rustwide/workdir" "-e" "CARGO_TARGET_DIR=/opt/rustwide/target" "-e" "CARGO_HOME=/opt/rustwide/cargo-home" "-e" "RUSTUP_HOME=/opt/rustwide/rustup-home" "-w" "/opt/rustwide/workdir" "-m" "1610612736" "--user" "0:0" "--network" "none" "ghcr.io/rust-lang/crates-build-env/linux@sha256:34b6a614d2c27851fe6cbf88fbd1137609cefab8b10d0615aaeb6fd47975d74e" "/opt/rustwide/cargo-home/bin/cargo" "+beta-2021-08-01" "metadata" "--no-deps" "--format-version=1", kill_on_drop: false }`
[INFO] [stdout] 07a2e1feab29f8daf4b3ec1f9d23327ec0e0dfe8b6b2dbe13339565f06cbe3ca
[INFO] running `Command { std: "docker" "start" "-a" "07a2e1feab29f8daf4b3ec1f9d23327ec0e0dfe8b6b2dbe13339565f06cbe3ca", kill_on_drop: false }`
[INFO] running `Command { std: "docker" "inspect" "07a2e1feab29f8daf4b3ec1f9d23327ec0e0dfe8b6b2dbe13339565f06cbe3ca", kill_on_drop: false }`
[INFO] running `Command { std: "docker" "rm" "-f" "07a2e1feab29f8daf4b3ec1f9d23327ec0e0dfe8b6b2dbe13339565f06cbe3ca", kill_on_drop: false }`
[INFO] [stdout] 07a2e1feab29f8daf4b3ec1f9d23327ec0e0dfe8b6b2dbe13339565f06cbe3ca
[INFO] running `Command { std: "docker" "create" "-v" "/var/lib/crater-agent-workspace/builds/worker-104/target:/opt/rustwide/target:rw,Z" "-v" "/var/lib/crater-agent-workspace/builds/worker-104/source:/opt/rustwide/workdir:ro,Z" "-v" "/var/lib/crater-agent-workspace/cargo-home:/opt/rustwide/cargo-home:ro,Z" "-v" "/var/lib/crater-agent-workspace/rustup-home:/opt/rustwide/rustup-home:ro,Z" "-e" "SOURCE_DIR=/opt/rustwide/workdir" "-e" "CARGO_TARGET_DIR=/opt/rustwide/target" "-e" "CARGO_INCREMENTAL=0" "-e" "RUST_BACKTRACE=full" "-e" "RUSTFLAGS=--cap-lints=warn" "-e" "CARGO_HOME=/opt/rustwide/cargo-home" "-e" "RUSTUP_HOME=/opt/rustwide/rustup-home" "-w" "/opt/rustwide/workdir" "-m" "1610612736" "--user" "0:0" "--network" "none" "ghcr.io/rust-lang/crates-build-env/linux@sha256:34b6a614d2c27851fe6cbf88fbd1137609cefab8b10d0615aaeb6fd47975d74e" "/opt/rustwide/cargo-home/bin/cargo" "+beta-2021-08-01" "build" "--frozen" "--message-format=json", kill_on_drop: false }`
[INFO] [stdout] f39451cfbabecaad15553c92ed055878c870604de78ec8adf9ed8cf0a7807650
[INFO] running `Command { std: "docker" "start" "-a" "f39451cfbabecaad15553c92ed055878c870604de78ec8adf9ed8cf0a7807650", kill_on_drop: false }`
[INFO] [stderr]    Compiling proc-macro2 v1.0.19
[INFO] [stderr]    Compiling unicode-xid v0.2.1
[INFO] [stderr]    Compiling syn v1.0.39
[INFO] [stderr]    Compiling version_check v0.9.2
[INFO] [stderr]    Compiling libc v0.2.76
[INFO] [stderr]    Compiling strsim v0.9.3
[INFO] [stderr]    Compiling ident_case v1.0.1
[INFO] [stderr]    Compiling unicode-segmentation v1.6.0
[INFO] [stderr]    Compiling vec_map v0.8.2
[INFO] [stderr]    Compiling strsim v0.8.0
[INFO] [stderr]    Compiling ansi_term v0.11.0
[INFO] [stderr]    Compiling heck v0.3.1
[INFO] [stderr]    Compiling proc-macro-error-attr v1.0.4
[INFO] [stderr]    Compiling proc-macro-error v1.0.4
[INFO] [stderr]    Compiling quote v1.0.7
[INFO] [stderr]    Compiling atty v0.2.14
[INFO] [stderr]    Compiling clap v2.33.3
[INFO] [stderr]    Compiling darling_core v0.10.2
[INFO] [stderr]    Compiling darling_macro v0.10.2
[INFO] [stderr]    Compiling structopt-derive v0.4.10
[INFO] [stderr]    Compiling darling v0.10.2
[INFO] [stderr]    Compiling argopt-impl v0.1.0
[INFO] [stderr]    Compiling structopt v0.3.17
[INFO] [stderr]    Compiling argopt v0.1.1 (/opt/rustwide/workdir)
[INFO] [stderr]     Finished dev [unoptimized + debuginfo] target(s) in 29.58s
[INFO] running `Command { std: "docker" "inspect" "f39451cfbabecaad15553c92ed055878c870604de78ec8adf9ed8cf0a7807650", kill_on_drop: false }`
[INFO] running `Command { std: "docker" "rm" "-f" "f39451cfbabecaad15553c92ed055878c870604de78ec8adf9ed8cf0a7807650", kill_on_drop: false }`
[INFO] [stdout] f39451cfbabecaad15553c92ed055878c870604de78ec8adf9ed8cf0a7807650
[INFO] running `Command { std: "docker" "create" "-v" "/var/lib/crater-agent-workspace/builds/worker-104/target:/opt/rustwide/target:rw,Z" "-v" "/var/lib/crater-agent-workspace/builds/worker-104/source:/opt/rustwide/workdir:ro,Z" "-v" "/var/lib/crater-agent-workspace/cargo-home:/opt/rustwide/cargo-home:ro,Z" "-v" "/var/lib/crater-agent-workspace/rustup-home:/opt/rustwide/rustup-home:ro,Z" "-e" "SOURCE_DIR=/opt/rustwide/workdir" "-e" "CARGO_TARGET_DIR=/opt/rustwide/target" "-e" "CARGO_INCREMENTAL=0" "-e" "RUST_BACKTRACE=full" "-e" "RUSTFLAGS=--cap-lints=warn" "-e" "CARGO_HOME=/opt/rustwide/cargo-home" "-e" "RUSTUP_HOME=/opt/rustwide/rustup-home" "-w" "/opt/rustwide/workdir" "-m" "1610612736" "--user" "0:0" "--network" "none" "ghcr.io/rust-lang/crates-build-env/linux@sha256:34b6a614d2c27851fe6cbf88fbd1137609cefab8b10d0615aaeb6fd47975d74e" "/opt/rustwide/cargo-home/bin/cargo" "+beta-2021-08-01" "test" "--frozen" "--no-run" "--message-format=json", kill_on_drop: false }`
[INFO] [stdout] 124ffd6323f9e7064d750190279416e0156440132b240dc16d50090c688054c1
[INFO] running `Command { std: "docker" "start" "-a" "124ffd6323f9e7064d750190279416e0156440132b240dc16d50090c688054c1", kill_on_drop: false }`
[INFO] [stderr]    Compiling log v0.4.11
[INFO] [stderr]    Compiling argopt v0.1.1 (/opt/rustwide/workdir)
[INFO] [stdout] warning: unused import: `argopt::cmd`
[INFO] [stdout]  --> examples/simple.rs:1:5
[INFO] [stdout]   |
[INFO] [stdout] 1 | use argopt::cmd;
[INFO] [stdout]   |     ^^^^^^^^^^^
[INFO] [stdout]   |
[INFO] [stdout]   = note: `#[warn(unused_imports)]` on by default
[INFO] [stdout] 
[INFO] [stdout] 
[INFO] [stdout] warning: 1 warning emitted
[INFO] [stdout] 
[INFO] [stdout] 
[INFO] [stderr]     Finished test [unoptimized + debuginfo] target(s) in 2.99s
[INFO] running `Command { std: "docker" "inspect" "124ffd6323f9e7064d750190279416e0156440132b240dc16d50090c688054c1", kill_on_drop: false }`
[INFO] running `Command { std: "docker" "rm" "-f" "124ffd6323f9e7064d750190279416e0156440132b240dc16d50090c688054c1", kill_on_drop: false }`
[INFO] [stdout] 124ffd6323f9e7064d750190279416e0156440132b240dc16d50090c688054c1
[INFO] running `Command { std: "docker" "create" "-v" "/var/lib/crater-agent-workspace/builds/worker-104/target:/opt/rustwide/target:rw,Z" "-v" "/var/lib/crater-agent-workspace/builds/worker-104/source:/opt/rustwide/workdir:ro,Z" "-v" "/var/lib/crater-agent-workspace/cargo-home:/opt/rustwide/cargo-home:ro,Z" "-v" "/var/lib/crater-agent-workspace/rustup-home:/opt/rustwide/rustup-home:ro,Z" "-e" "SOURCE_DIR=/opt/rustwide/workdir" "-e" "CARGO_TARGET_DIR=/opt/rustwide/target" "-e" "CARGO_INCREMENTAL=0" "-e" "RUST_BACKTRACE=full" "-e" "RUSTFLAGS=--cap-lints=warn" "-e" "CARGO_HOME=/opt/rustwide/cargo-home" "-e" "RUSTUP_HOME=/opt/rustwide/rustup-home" "-w" "/opt/rustwide/workdir" "-m" "1610612736" "--user" "0:0" "--network" "none" "ghcr.io/rust-lang/crates-build-env/linux@sha256:34b6a614d2c27851fe6cbf88fbd1137609cefab8b10d0615aaeb6fd47975d74e" "/opt/rustwide/cargo-home/bin/cargo" "+beta-2021-08-01" "test" "--frozen", kill_on_drop: false }`
[INFO] [stdout] b664932b25f0dadd87ee5fc4f9395670e5bd1cf466eec3187de88b599f8315aa
[INFO] running `Command { std: "docker" "start" "-a" "b664932b25f0dadd87ee5fc4f9395670e5bd1cf466eec3187de88b599f8315aa", kill_on_drop: false }`
[INFO] [stderr]     Blocking waiting for file lock on package cache
[INFO] [stderr]     Blocking waiting for file lock on package cache
[INFO] [stderr] warning: unused import: `argopt::cmd`
[INFO] [stderr]  --> examples/simple.rs:1:5
[INFO] [stderr]   |
[INFO] [stderr] 1 | use argopt::cmd;
[INFO] [stderr]   |     ^^^^^^^^^^^
[INFO] [stderr]   |
[INFO] [stderr]   = note: `#[warn(unused_imports)]` on by default
[INFO] [stderr] 
[INFO] [stdout] 
[INFO] [stderr] warning: `argopt` (example "simple") generated 1 warning
[INFO] [stdout] running 0 tests
[INFO] [stderr]     Finished test [unoptimized + debuginfo] target(s) in 0.94s
[INFO] [stdout] 
[INFO] [stderr]      Running unittests (/opt/rustwide/target/debug/deps/argopt-e607c1b6a87511c9)
[INFO] [stdout] test result: ok. 0 passed; 0 failed; 0 ignored; 0 measured; 0 filtered out; finished in 0.00s
[INFO] [stderr]    Doc-tests argopt
[INFO] [stdout] 
[INFO] [stdout] 
[INFO] [stdout] running 5 tests
[INFO] [stdout] test src/lib.rs - (line 7) ... FAILED
[INFO] [stdout] test src/lib.rs - (line 30) ... FAILED
[INFO] [stdout] test src/lib.rs - (line 120) ... ok
[INFO] [stdout] test src/lib.rs - (line 46) ... FAILED
[INFO] [stdout] test src/lib.rs - (line 87) ... FAILED
[INFO] [stdout] 
[INFO] [stdout] failures:
[INFO] [stdout] 
[INFO] [stdout] ---- src/lib.rs - (line 7) stdout ----
[INFO] [stdout] Test executable failed (exit code 1).
[INFO] [stdout] 
[INFO] [stdout] stderr:
[INFO] [stdout] error: The following required arguments were not provided:
[INFO] [stdout]     <host>
[INFO] [stdout]     <port>
[INFO] [stdout] 
[INFO] [stdout] USAGE:
[INFO] [stdout]     rust_out <host> <port>
[INFO] [stdout] 
[INFO] [stdout] For more information try --help
[INFO] [stdout] 
[INFO] [stdout] 
[INFO] [stdout] ---- src/lib.rs - (line 30) stdout ----
[INFO] [stdout] Test executable failed (exit code 1).
[INFO] [stdout] 
[INFO] [stdout] stderr:
[INFO] [stdout] error: The following required arguments were not provided:
[INFO] [stdout]     --host <host>
[INFO] [stdout] 
[INFO] [stdout] USAGE:
[INFO] [stdout]     rust_out --host <host> --port <port>
[INFO] [stdout] 
[INFO] [stdout] For more information try --help
[INFO] [stdout] 
[INFO] [stdout] 
[INFO] [stdout] ---- src/lib.rs - (line 46) stdout ----
[INFO] [stdout] Test executable failed (exit code 1).
[INFO] [stdout] 
[INFO] [stdout] stderr:
[INFO] [stdout] error: The following required arguments were not provided:
[INFO] [stdout]     --host <host>
[INFO] [stdout] 
[INFO] [stdout] USAGE:
[INFO] [stdout]     rust_out --host <host> --port <port>
[INFO] [stdout] 
[INFO] [stdout] For more information try --help
[INFO] [stdout] 
[INFO] [stdout] 
[INFO] [stdout] ---- src/lib.rs - (line 87) stdout ----
[INFO] [stdout] Test executable failed (exit code 1).
[INFO] [stdout] 
[INFO] [stdout] stderr:
[INFO] [stdout] argopt 0.1.1
[INFO] [stdout] 
[INFO] [stdout] USAGE:
[INFO] [stdout]     rust_out <SUBCOMMAND>
[INFO] [stdout] 
[INFO] [stdout] FLAGS:
[INFO] [stdout]     -h, --help       Prints help information
[INFO] [stdout]     -V, --version    Prints version information
[INFO] [stdout] 
[INFO] [stdout] SUBCOMMANDS:
[INFO] [stdout]     add       
[INFO] [stdout]     commit    
[INFO] [stdout]     help      Prints this message or the help of the given subcommand(s)
[INFO] [stdout] 
[INFO] [stdout] 
[INFO] [stdout] 
[INFO] [stdout] failures:
[INFO] [stdout]     src/lib.rs - (line 30)
[INFO] [stdout]     src/lib.rs - (line 46)
[INFO] [stdout]     src/lib.rs - (line 7)
[INFO] [stdout]     src/lib.rs - (line 87)
[INFO] [stdout] 
[INFO] [stdout] test result: FAILED. 1 passed; 4 failed; 0 ignored; 0 measured; 0 filtered out; finished in 1.03s
[INFO] [stdout] 
[INFO] [stderr] error: test failed, to rerun pass '--doc'
[INFO] running `Command { std: "docker" "inspect" "b664932b25f0dadd87ee5fc4f9395670e5bd1cf466eec3187de88b599f8315aa", kill_on_drop: false }`
[INFO] running `Command { std: "docker" "rm" "-f" "b664932b25f0dadd87ee5fc4f9395670e5bd1cf466eec3187de88b599f8315aa", kill_on_drop: false }`
[INFO] [stdout] b664932b25f0dadd87ee5fc4f9395670e5bd1cf466eec3187de88b599f8315aa
