[INFO] fetching crate argonautica 0.2.0...
[INFO] testing argonautica-0.2.0 against 1.54.0 for beta-1.55-1
[INFO] extracting crate argonautica 0.2.0 into /workspace/builds/worker-68/source
[INFO] validating manifest of crates.io crate argonautica 0.2.0 on toolchain 1.54.0
[INFO] running `Command { std: "/workspace/cargo-home/bin/cargo" "+1.54.0" "metadata" "--manifest-path" "Cargo.toml" "--no-deps", kill_on_drop: false }`
[INFO] started tweaking crates.io crate argonautica 0.2.0
[INFO] removed 1 missing examples
[INFO] finished tweaking crates.io crate argonautica 0.2.0
[INFO] tweaked toml for crates.io crate argonautica 0.2.0 written to /workspace/builds/worker-68/source/Cargo.toml
[INFO] running `Command { std: "/workspace/cargo-home/bin/cargo" "+1.54.0" "generate-lockfile" "--manifest-path" "Cargo.toml" "-Zno-index-update", kill_on_drop: false }`
[INFO] [stderr]     Blocking waiting for file lock on package cache
[INFO] running `Command { std: "/workspace/cargo-home/bin/cargo" "+1.54.0" "fetch" "--manifest-path" "Cargo.toml", kill_on_drop: false }`
[INFO] [stderr]     Blocking waiting for file lock on package cache
[INFO] [stderr]     Blocking waiting for file lock on package cache
[INFO] running `Command { std: "docker" "create" "-v" "/var/lib/crater-agent-workspace/builds/worker-68/target:/opt/rustwide/target:rw,Z" "-v" "/var/lib/crater-agent-workspace/builds/worker-68/source:/opt/rustwide/workdir:ro,Z" "-v" "/var/lib/crater-agent-workspace/cargo-home:/opt/rustwide/cargo-home:ro,Z" "-v" "/var/lib/crater-agent-workspace/rustup-home:/opt/rustwide/rustup-home:ro,Z" "-e" "SOURCE_DIR=/opt/rustwide/workdir" "-e" "CARGO_TARGET_DIR=/opt/rustwide/target" "-e" "CARGO_HOME=/opt/rustwide/cargo-home" "-e" "RUSTUP_HOME=/opt/rustwide/rustup-home" "-w" "/opt/rustwide/workdir" "-m" "1610612736" "--user" "0:0" "--network" "none" "ghcr.io/rust-lang/crates-build-env/linux@sha256:34b6a614d2c27851fe6cbf88fbd1137609cefab8b10d0615aaeb6fd47975d74e" "/opt/rustwide/cargo-home/bin/cargo" "+1.54.0" "metadata" "--no-deps" "--format-version=1", kill_on_drop: false }`
[INFO] [stdout] e52addc4dee3ced452a37564e5b069199b49e73dd41e75c11385676c2bad7569
[INFO] running `Command { std: "docker" "start" "-a" "e52addc4dee3ced452a37564e5b069199b49e73dd41e75c11385676c2bad7569", kill_on_drop: false }`
[INFO] running `Command { std: "docker" "inspect" "e52addc4dee3ced452a37564e5b069199b49e73dd41e75c11385676c2bad7569", kill_on_drop: false }`
[INFO] running `Command { std: "docker" "rm" "-f" "e52addc4dee3ced452a37564e5b069199b49e73dd41e75c11385676c2bad7569", kill_on_drop: false }`
[INFO] [stdout] e52addc4dee3ced452a37564e5b069199b49e73dd41e75c11385676c2bad7569
[INFO] running `Command { std: "docker" "create" "-v" "/var/lib/crater-agent-workspace/builds/worker-68/target:/opt/rustwide/target:rw,Z" "-v" "/var/lib/crater-agent-workspace/builds/worker-68/source:/opt/rustwide/workdir:ro,Z" "-v" "/var/lib/crater-agent-workspace/cargo-home:/opt/rustwide/cargo-home:ro,Z" "-v" "/var/lib/crater-agent-workspace/rustup-home:/opt/rustwide/rustup-home:ro,Z" "-e" "SOURCE_DIR=/opt/rustwide/workdir" "-e" "CARGO_TARGET_DIR=/opt/rustwide/target" "-e" "CARGO_INCREMENTAL=0" "-e" "RUST_BACKTRACE=full" "-e" "RUSTFLAGS=--cap-lints=warn" "-e" "CARGO_HOME=/opt/rustwide/cargo-home" "-e" "RUSTUP_HOME=/opt/rustwide/rustup-home" "-w" "/opt/rustwide/workdir" "-m" "1610612736" "--user" "0:0" "--network" "none" "ghcr.io/rust-lang/crates-build-env/linux@sha256:34b6a614d2c27851fe6cbf88fbd1137609cefab8b10d0615aaeb6fd47975d74e" "/opt/rustwide/cargo-home/bin/cargo" "+1.54.0" "build" "--frozen" "--message-format=json", kill_on_drop: false }`
[INFO] [stdout] ccf5a8898ee80c60ac4dc6af4512be5e1aaadbf4ef51e9e5b1aa9de55f00d931
[INFO] running `Command { std: "docker" "start" "-a" "ccf5a8898ee80c60ac4dc6af4512be5e1aaadbf4ef51e9e5b1aa9de55f00d931", kill_on_drop: false }`
[INFO] [stderr]    Compiling syn v1.0.74
[INFO] [stderr]    Compiling rand_core v0.4.2
[INFO] [stderr]    Compiling proc-macro2 v0.4.30
[INFO] [stderr]    Compiling scopeguard v0.3.3
[INFO] [stderr]    Compiling bindgen v0.48.1
[INFO] [stderr]    Compiling peeking_take_while v0.1.2
[INFO] [stderr]    Compiling futures v0.1.31
[INFO] [stderr]    Compiling scopeguard v1.1.0
[INFO] [stderr]    Compiling clang-sys v0.26.4
[INFO] [stderr]    Compiling rand_chacha v0.1.1
[INFO] [stderr]    Compiling rand_pcg v0.1.2
[INFO] [stderr]    Compiling rand v0.6.5
[INFO] [stderr]    Compiling base64 v0.10.1
[INFO] [stderr]    Compiling jobserver v0.1.23
[INFO] [stderr]    Compiling cexpr v0.3.6
[INFO] [stderr]    Compiling tempdir v0.3.7
[INFO] [stderr]    Compiling env_logger v0.6.2
[INFO] [stderr]    Compiling rand_core v0.3.1
[INFO] [stderr]    Compiling rand_os v0.1.3
[INFO] [stderr]    Compiling rand_jitter v0.1.4
[INFO] [stderr]    Compiling hashbrown v0.1.8
[INFO] [stderr]    Compiling cc v1.0.69
[INFO] [stderr]    Compiling rand_xorshift v0.1.1
[INFO] [stderr]    Compiling rand_isaac v0.1.1
[INFO] [stderr]    Compiling rand_hc v0.1.0
[INFO] [stderr]    Compiling futures-cpupool v0.1.8
[INFO] [stderr]    Compiling quote v0.6.13
[INFO] [stderr]    Compiling backtrace v0.3.61
[INFO] [stderr]    Compiling libloading v0.5.2
[INFO] [stderr]    Compiling synstructure v0.12.5
[INFO] [stderr]    Compiling failure_derive v0.1.8
[INFO] [stderr]    Compiling failure v0.1.8
[INFO] [stderr]    Compiling which v2.0.1
[INFO] [stderr]    Compiling argonautica v0.2.0 (/opt/rustwide/workdir)
[INFO] [stderr]     Finished dev [unoptimized + debuginfo] target(s) in 42.75s
[INFO] running `Command { std: "docker" "inspect" "ccf5a8898ee80c60ac4dc6af4512be5e1aaadbf4ef51e9e5b1aa9de55f00d931", kill_on_drop: false }`
[INFO] running `Command { std: "docker" "rm" "-f" "ccf5a8898ee80c60ac4dc6af4512be5e1aaadbf4ef51e9e5b1aa9de55f00d931", kill_on_drop: false }`
[INFO] [stdout] ccf5a8898ee80c60ac4dc6af4512be5e1aaadbf4ef51e9e5b1aa9de55f00d931
[INFO] running `Command { std: "docker" "create" "-v" "/var/lib/crater-agent-workspace/builds/worker-68/target:/opt/rustwide/target:rw,Z" "-v" "/var/lib/crater-agent-workspace/builds/worker-68/source:/opt/rustwide/workdir:ro,Z" "-v" "/var/lib/crater-agent-workspace/cargo-home:/opt/rustwide/cargo-home:ro,Z" "-v" "/var/lib/crater-agent-workspace/rustup-home:/opt/rustwide/rustup-home:ro,Z" "-e" "SOURCE_DIR=/opt/rustwide/workdir" "-e" "CARGO_TARGET_DIR=/opt/rustwide/target" "-e" "CARGO_INCREMENTAL=0" "-e" "RUST_BACKTRACE=full" "-e" "RUSTFLAGS=--cap-lints=warn" "-e" "CARGO_HOME=/opt/rustwide/cargo-home" "-e" "RUSTUP_HOME=/opt/rustwide/rustup-home" "-w" "/opt/rustwide/workdir" "-m" "1610612736" "--user" "0:0" "--network" "none" "ghcr.io/rust-lang/crates-build-env/linux@sha256:34b6a614d2c27851fe6cbf88fbd1137609cefab8b10d0615aaeb6fd47975d74e" "/opt/rustwide/cargo-home/bin/cargo" "+1.54.0" "test" "--frozen" "--no-run" "--message-format=json", kill_on_drop: false }`
[INFO] [stdout] 7cad117e692f7d98db62a944d48dc99a48957a22b1a7e54a674f7c20dc11c774
[INFO] running `Command { std: "docker" "start" "-a" "7cad117e692f7d98db62a944d48dc99a48957a22b1a7e54a674f7c20dc11c774", kill_on_drop: false }`
[INFO] [stderr]     Blocking waiting for file lock on package cache
[INFO] [stderr]    Compiling serde v1.0.127
[INFO] [stderr]    Compiling itoa v0.4.7
[INFO] [stderr]    Compiling dotenv v0.13.0
[INFO] [stderr]    Compiling serde_json v1.0.66
[INFO] [stderr]    Compiling argonautica v0.2.0 (/opt/rustwide/workdir)
[INFO] [stdout] warning: dereferencing a null pointer
[INFO] [stdout]  --> /opt/rustwide/target/debug/build/argonautica-719df587b64fdcfb/out/bindings.rs:5:4065
[INFO] [stdout]   |
[INFO] [stdout] 5 | ...( unsafe { & ( * ( :: std :: ptr :: null :: < Argon2_Context > ( ) ) ) . out as * const _ as usize } , 0usize , concat ! ( "Offset of ...
[INFO] [stdout]   |                 ^^^^^^^^^^^^^^^^^^^^^^^^^^^^^^^^^^^^^^^^^^^^^^^^^^^^^^^^^ this code causes undefined behavior when executed
[INFO] [stdout]   |
[INFO] [stdout]   = note: `#[warn(deref_nullptr)]` on by default
[INFO] [stdout] 
[INFO] [stdout] 
[INFO] [stdout] warning: dereferencing a null pointer
[INFO] [stdout]  --> /opt/rustwide/target/debug/build/argonautica-719df587b64fdcfb/out/bindings.rs:5:4288
[INFO] [stdout]   |
[INFO] [stdout] 5 | ...( unsafe { & ( * ( :: std :: ptr :: null :: < Argon2_Context > ( ) ) ) . outlen as * const _ as usize } , 8usize , concat ! ( "Offset ...
[INFO] [stdout]   |                 ^^^^^^^^^^^^^^^^^^^^^^^^^^^^^^^^^^^^^^^^^^^^^^^^^^^^^^^^^ this code causes undefined behavior when executed
[INFO] [stdout] 
[INFO] [stdout] 
[INFO] [stdout] warning: dereferencing a null pointer
[INFO] [stdout]  --> /opt/rustwide/target/debug/build/argonautica-719df587b64fdcfb/out/bindings.rs:5:4517
[INFO] [stdout]   |
[INFO] [stdout] 5 | ...( unsafe { & ( * ( :: std :: ptr :: null :: < Argon2_Context > ( ) ) ) . pwd as * const _ as usize } , 16usize , concat ! ( "Offset of...
[INFO] [stdout]   |                 ^^^^^^^^^^^^^^^^^^^^^^^^^^^^^^^^^^^^^^^^^^^^^^^^^^^^^^^^^ this code causes undefined behavior when executed
[INFO] [stdout] 
[INFO] [stdout] 
[INFO] [stdout] warning: dereferencing a null pointer
[INFO] [stdout]  --> /opt/rustwide/target/debug/build/argonautica-719df587b64fdcfb/out/bindings.rs:5:4741
[INFO] [stdout]   |
[INFO] [stdout] 5 | ...( unsafe { & ( * ( :: std :: ptr :: null :: < Argon2_Context > ( ) ) ) . pwdlen as * const _ as usize } , 24usize , concat ! ( "Offset...
[INFO] [stdout]   |                 ^^^^^^^^^^^^^^^^^^^^^^^^^^^^^^^^^^^^^^^^^^^^^^^^^^^^^^^^^ this code causes undefined behavior when executed
[INFO] [stdout] 
[INFO] [stdout] 
[INFO] [stdout] warning: dereferencing a null pointer
[INFO] [stdout]  --> /opt/rustwide/target/debug/build/argonautica-719df587b64fdcfb/out/bindings.rs:5:4971
[INFO] [stdout]   |
[INFO] [stdout] 5 | ...( unsafe { & ( * ( :: std :: ptr :: null :: < Argon2_Context > ( ) ) ) . salt as * const _ as usize } , 32usize , concat ! ( "Offset o...
[INFO] [stdout]   |                 ^^^^^^^^^^^^^^^^^^^^^^^^^^^^^^^^^^^^^^^^^^^^^^^^^^^^^^^^^ this code causes undefined behavior when executed
[INFO] [stdout] 
[INFO] [stdout] 
[INFO] [stdout] warning: dereferencing a null pointer
[INFO] [stdout]  --> /opt/rustwide/target/debug/build/argonautica-719df587b64fdcfb/out/bindings.rs:5:5197
[INFO] [stdout]   |
[INFO] [stdout] 5 | ...( unsafe { & ( * ( :: std :: ptr :: null :: < Argon2_Context > ( ) ) ) . saltlen as * const _ as usize } , 40usize , concat ! ( "Offse...
[INFO] [stdout]   |                 ^^^^^^^^^^^^^^^^^^^^^^^^^^^^^^^^^^^^^^^^^^^^^^^^^^^^^^^^^ this code causes undefined behavior when executed
[INFO] [stdout] 
[INFO] [stdout] 
[INFO] [stdout] warning: dereferencing a null pointer
[INFO] [stdout]  --> /opt/rustwide/target/debug/build/argonautica-719df587b64fdcfb/out/bindings.rs:5:5429
[INFO] [stdout]   |
[INFO] [stdout] 5 | ...( unsafe { & ( * ( :: std :: ptr :: null :: < Argon2_Context > ( ) ) ) . secret as * const _ as usize } , 48usize , concat ! ( "Offset...
[INFO] [stdout]   |                 ^^^^^^^^^^^^^^^^^^^^^^^^^^^^^^^^^^^^^^^^^^^^^^^^^^^^^^^^^ this code causes undefined behavior when executed
[INFO] [stdout] 
[INFO] [stdout] 
[INFO] [stdout] warning: dereferencing a null pointer
[INFO] [stdout]  --> /opt/rustwide/target/debug/build/argonautica-719df587b64fdcfb/out/bindings.rs:5:5659
[INFO] [stdout]   |
[INFO] [stdout] 5 | ...( unsafe { & ( * ( :: std :: ptr :: null :: < Argon2_Context > ( ) ) ) . secretlen as * const _ as usize } , 56usize , concat ! ( "Off...
[INFO] [stdout]   |                 ^^^^^^^^^^^^^^^^^^^^^^^^^^^^^^^^^^^^^^^^^^^^^^^^^^^^^^^^^ this code causes undefined behavior when executed
[INFO] [stdout] 
[INFO] [stdout] 
[INFO] [stdout] warning: dereferencing a null pointer
[INFO] [stdout]  --> /opt/rustwide/target/debug/build/argonautica-719df587b64fdcfb/out/bindings.rs:5:5895
[INFO] [stdout]   |
[INFO] [stdout] 5 | ...( unsafe { & ( * ( :: std :: ptr :: null :: < Argon2_Context > ( ) ) ) . ad as * const _ as usize } , 64usize , concat ! ( "Offset of ...
[INFO] [stdout]   |                 ^^^^^^^^^^^^^^^^^^^^^^^^^^^^^^^^^^^^^^^^^^^^^^^^^^^^^^^^^ this code causes undefined behavior when executed
[INFO] [stdout] 
[INFO] [stdout] 
[INFO] [stdout] warning: dereferencing a null pointer
[INFO] [stdout]  --> /opt/rustwide/target/debug/build/argonautica-719df587b64fdcfb/out/bindings.rs:5:6117
[INFO] [stdout]   |
[INFO] [stdout] 5 | ...( unsafe { & ( * ( :: std :: ptr :: null :: < Argon2_Context > ( ) ) ) . adlen as * const _ as usize } , 72usize , concat ! ( "Offset ...
[INFO] [stdout]   |                 ^^^^^^^^^^^^^^^^^^^^^^^^^^^^^^^^^^^^^^^^^^^^^^^^^^^^^^^^^ this code causes undefined behavior when executed
[INFO] [stdout] 
[INFO] [stdout] 
[INFO] [stdout] warning: dereferencing a null pointer
[INFO] [stdout]  --> /opt/rustwide/target/debug/build/argonautica-719df587b64fdcfb/out/bindings.rs:5:6345
[INFO] [stdout]   |
[INFO] [stdout] 5 | ...( unsafe { & ( * ( :: std :: ptr :: null :: < Argon2_Context > ( ) ) ) . t_cost as * const _ as usize } , 76usize , concat ! ( "Offset...
[INFO] [stdout]   |                 ^^^^^^^^^^^^^^^^^^^^^^^^^^^^^^^^^^^^^^^^^^^^^^^^^^^^^^^^^ this code causes undefined behavior when executed
[INFO] [stdout] 
[INFO] [stdout] 
[INFO] [stdout] warning: dereferencing a null pointer
[INFO] [stdout]  --> /opt/rustwide/target/debug/build/argonautica-719df587b64fdcfb/out/bindings.rs:5:6575
[INFO] [stdout]   |
[INFO] [stdout] 5 | ...( unsafe { & ( * ( :: std :: ptr :: null :: < Argon2_Context > ( ) ) ) . m_cost as * const _ as usize } , 80usize , concat ! ( "Offset...
[INFO] [stdout]   |                 ^^^^^^^^^^^^^^^^^^^^^^^^^^^^^^^^^^^^^^^^^^^^^^^^^^^^^^^^^ this code causes undefined behavior when executed
[INFO] [stdout] 
[INFO] [stdout] 
[INFO] [stdout] warning: dereferencing a null pointer
[INFO] [stdout]  --> /opt/rustwide/target/debug/build/argonautica-719df587b64fdcfb/out/bindings.rs:5:6805
[INFO] [stdout]   |
[INFO] [stdout] 5 | ...( unsafe { & ( * ( :: std :: ptr :: null :: < Argon2_Context > ( ) ) ) . lanes as * const _ as usize } , 84usize , concat ! ( "Offset ...
[INFO] [stdout]   |                 ^^^^^^^^^^^^^^^^^^^^^^^^^^^^^^^^^^^^^^^^^^^^^^^^^^^^^^^^^ this code causes undefined behavior when executed
[INFO] [stdout] 
[INFO] [stdout] 
[INFO] [stdout] warning: dereferencing a null pointer
[INFO] [stdout]  --> /opt/rustwide/target/debug/build/argonautica-719df587b64fdcfb/out/bindings.rs:5:7033
[INFO] [stdout]   |
[INFO] [stdout] 5 | ...( unsafe { & ( * ( :: std :: ptr :: null :: < Argon2_Context > ( ) ) ) . threads as * const _ as usize } , 88usize , concat ! ( "Offse...
[INFO] [stdout]   |                 ^^^^^^^^^^^^^^^^^^^^^^^^^^^^^^^^^^^^^^^^^^^^^^^^^^^^^^^^^ this code causes undefined behavior when executed
[INFO] [stdout] 
[INFO] [stdout] 
[INFO] [stdout] warning: dereferencing a null pointer
[INFO] [stdout]  --> /opt/rustwide/target/debug/build/argonautica-719df587b64fdcfb/out/bindings.rs:5:7265
[INFO] [stdout]   |
[INFO] [stdout] 5 | ...( unsafe { & ( * ( :: std :: ptr :: null :: < Argon2_Context > ( ) ) ) . version as * const _ as usize } , 92usize , concat ! ( "Offse...
[INFO] [stdout]   |                 ^^^^^^^^^^^^^^^^^^^^^^^^^^^^^^^^^^^^^^^^^^^^^^^^^^^^^^^^^ this code causes undefined behavior when executed
[INFO] [stdout] 
[INFO] [stdout] 
[INFO] [stdout] warning: dereferencing a null pointer
[INFO] [stdout]  --> /opt/rustwide/target/debug/build/argonautica-719df587b64fdcfb/out/bindings.rs:5:7497
[INFO] [stdout]   |
[INFO] [stdout] 5 | ...( unsafe { & ( * ( :: std :: ptr :: null :: < Argon2_Context > ( ) ) ) . allocate_cbk as * const _ as usize } , 96usize , concat ! ( "...
[INFO] [stdout]   |                 ^^^^^^^^^^^^^^^^^^^^^^^^^^^^^^^^^^^^^^^^^^^^^^^^^^^^^^^^^ this code causes undefined behavior when executed
[INFO] [stdout] 
[INFO] [stdout] 
[INFO] [stdout] warning: dereferencing a null pointer
[INFO] [stdout]  --> /opt/rustwide/target/debug/build/argonautica-719df587b64fdcfb/out/bindings.rs:5:7739
[INFO] [stdout]   |
[INFO] [stdout] 5 | ...( unsafe { & ( * ( :: std :: ptr :: null :: < Argon2_Context > ( ) ) ) . free_cbk as * const _ as usize } , 104usize , concat ! ( "Off...
[INFO] [stdout]   |                 ^^^^^^^^^^^^^^^^^^^^^^^^^^^^^^^^^^^^^^^^^^^^^^^^^^^^^^^^^ this code causes undefined behavior when executed
[INFO] [stdout] 
[INFO] [stdout] 
[INFO] [stdout] warning: dereferencing a null pointer
[INFO] [stdout]  --> /opt/rustwide/target/debug/build/argonautica-719df587b64fdcfb/out/bindings.rs:5:7974
[INFO] [stdout]   |
[INFO] [stdout] 5 | ...( unsafe { & ( * ( :: std :: ptr :: null :: < Argon2_Context > ( ) ) ) . flags as * const _ as usize } , 112usize , concat ! ( "Offset...
[INFO] [stdout]   |                 ^^^^^^^^^^^^^^^^^^^^^^^^^^^^^^^^^^^^^^^^^^^^^^^^^^^^^^^^^ this code causes undefined behavior when executed
[INFO] [stdout] 
[INFO] [stdout] 
[INFO] [stdout] warning: 18 warnings emitted
[INFO] [stdout] 
[INFO] [stdout] 
[INFO] [stderr]     Finished test [unoptimized + debuginfo] target(s) in 13.30s
[INFO] running `Command { std: "docker" "inspect" "7cad117e692f7d98db62a944d48dc99a48957a22b1a7e54a674f7c20dc11c774", kill_on_drop: false }`
[INFO] running `Command { std: "docker" "rm" "-f" "7cad117e692f7d98db62a944d48dc99a48957a22b1a7e54a674f7c20dc11c774", kill_on_drop: false }`
[INFO] [stdout] 7cad117e692f7d98db62a944d48dc99a48957a22b1a7e54a674f7c20dc11c774
[INFO] running `Command { std: "docker" "create" "-v" "/var/lib/crater-agent-workspace/builds/worker-68/target:/opt/rustwide/target:rw,Z" "-v" "/var/lib/crater-agent-workspace/builds/worker-68/source:/opt/rustwide/workdir:ro,Z" "-v" "/var/lib/crater-agent-workspace/cargo-home:/opt/rustwide/cargo-home:ro,Z" "-v" "/var/lib/crater-agent-workspace/rustup-home:/opt/rustwide/rustup-home:ro,Z" "-e" "SOURCE_DIR=/opt/rustwide/workdir" "-e" "CARGO_TARGET_DIR=/opt/rustwide/target" "-e" "CARGO_INCREMENTAL=0" "-e" "RUST_BACKTRACE=full" "-e" "RUSTFLAGS=--cap-lints=warn" "-e" "CARGO_HOME=/opt/rustwide/cargo-home" "-e" "RUSTUP_HOME=/opt/rustwide/rustup-home" "-w" "/opt/rustwide/workdir" "-m" "1610612736" "--user" "0:0" "--network" "none" "ghcr.io/rust-lang/crates-build-env/linux@sha256:34b6a614d2c27851fe6cbf88fbd1137609cefab8b10d0615aaeb6fd47975d74e" "/opt/rustwide/cargo-home/bin/cargo" "+1.54.0" "test" "--frozen", kill_on_drop: false }`
[INFO] [stdout] 72e3e442fdf0d03fcc0d3ed4dc4052527c75ce7534420fbbaa7b5c27c79f96c5
[INFO] running `Command { std: "docker" "start" "-a" "72e3e442fdf0d03fcc0d3ed4dc4052527c75ce7534420fbbaa7b5c27c79f96c5", kill_on_drop: false }`
[INFO] [stderr] warning: dereferencing a null pointer
[INFO] [stderr]  --> /opt/rustwide/target/debug/build/argonautica-719df587b64fdcfb/out/bindings.rs:5:4065
[INFO] [stderr]   |
[INFO] [stderr] 5 | ...( unsafe { & ( * ( :: std :: ptr :: null :: < Argon2_Context > ( ) ) ) . out as * const _ as usize } , 0usize , concat ! ( "Offset of ...
[INFO] [stderr]   |                 ^^^^^^^^^^^^^^^^^^^^^^^^^^^^^^^^^^^^^^^^^^^^^^^^^^^^^^^^^ this code causes undefined behavior when executed
[INFO] [stderr]   |
[INFO] [stderr]   = note: `#[warn(deref_nullptr)]` on by default
[INFO] [stderr] 
[INFO] [stderr] warning: dereferencing a null pointer
[INFO] [stderr]  --> /opt/rustwide/target/debug/build/argonautica-719df587b64fdcfb/out/bindings.rs:5:4288
[INFO] [stderr]   |
[INFO] [stderr] 5 | ...( unsafe { & ( * ( :: std :: ptr :: null :: < Argon2_Context > ( ) ) ) . outlen as * const _ as usize } , 8usize , concat ! ( "Offset ...
[INFO] [stderr]   |                 ^^^^^^^^^^^^^^^^^^^^^^^^^^^^^^^^^^^^^^^^^^^^^^^^^^^^^^^^^ this code causes undefined behavior when executed
[INFO] [stderr] 
[INFO] [stderr] warning: dereferencing a null pointer
[INFO] [stderr]  --> /opt/rustwide/target/debug/build/argonautica-719df587b64fdcfb/out/bindings.rs:5:4517
[INFO] [stderr]   |
[INFO] [stderr] 5 | ...( unsafe { & ( * ( :: std :: ptr :: null :: < Argon2_Context > ( ) ) ) . pwd as * const _ as usize } , 16usize , concat ! ( "Offset of...
[INFO] [stderr]   |                 ^^^^^^^^^^^^^^^^^^^^^^^^^^^^^^^^^^^^^^^^^^^^^^^^^^^^^^^^^ this code causes undefined behavior when executed
[INFO] [stderr] 
[INFO] [stderr] warning: dereferencing a null pointer
[INFO] [stderr]  --> /opt/rustwide/target/debug/build/argonautica-719df587b64fdcfb/out/bindings.rs:5:4741
[INFO] [stderr]   |
[INFO] [stderr] 5 | ...( unsafe { & ( * ( :: std :: ptr :: null :: < Argon2_Context > ( ) ) ) . pwdlen as * const _ as usize } , 24usize , concat ! ( "Offset...
[INFO] [stderr]   |                 ^^^^^^^^^^^^^^^^^^^^^^^^^^^^^^^^^^^^^^^^^^^^^^^^^^^^^^^^^ this code causes undefined behavior when executed
[INFO] [stderr] 
[INFO] [stderr] warning: dereferencing a null pointer
[INFO] [stderr]  --> /opt/rustwide/target/debug/build/argonautica-719df587b64fdcfb/out/bindings.rs:5:4971
[INFO] [stderr]   |
[INFO] [stderr] 5 | ...( unsafe { & ( * ( :: std :: ptr :: null :: < Argon2_Context > ( ) ) ) . salt as * const _ as usize } , 32usize , concat ! ( "Offset o...
[INFO] [stderr]   |                 ^^^^^^^^^^^^^^^^^^^^^^^^^^^^^^^^^^^^^^^^^^^^^^^^^^^^^^^^^ this code causes undefined behavior when executed
[INFO] [stderr] 
[INFO] [stderr] warning: dereferencing a null pointer
[INFO] [stderr]  --> /opt/rustwide/target/debug/build/argonautica-719df587b64fdcfb/out/bindings.rs:5:5197
[INFO] [stderr]   |
[INFO] [stderr] 5 | ...( unsafe { & ( * ( :: std :: ptr :: null :: < Argon2_Context > ( ) ) ) . saltlen as * const _ as usize } , 40usize , concat ! ( "Offse...
[INFO] [stderr]   |                 ^^^^^^^^^^^^^^^^^^^^^^^^^^^^^^^^^^^^^^^^^^^^^^^^^^^^^^^^^ this code causes undefined behavior when executed
[INFO] [stderr] 
[INFO] [stderr] warning: dereferencing a null pointer
[INFO] [stderr]  --> /opt/rustwide/target/debug/build/argonautica-719df587b64fdcfb/out/bindings.rs:5:5429
[INFO] [stderr]   |
[INFO] [stderr] 5 | ...( unsafe { & ( * ( :: std :: ptr :: null :: < Argon2_Context > ( ) ) ) . secret as * const _ as usize } , 48usize , concat ! ( "Offset...
[INFO] [stderr]   |                 ^^^^^^^^^^^^^^^^^^^^^^^^^^^^^^^^^^^^^^^^^^^^^^^^^^^^^^^^^ this code causes undefined behavior when executed
[INFO] [stderr] 
[INFO] [stderr] warning: dereferencing a null pointer
[INFO] [stderr]  --> /opt/rustwide/target/debug/build/argonautica-719df587b64fdcfb/out/bindings.rs:5:5659
[INFO] [stderr]   |
[INFO] [stderr] 5 | ...( unsafe { & ( * ( :: std :: ptr :: null :: < Argon2_Context > ( ) ) ) . secretlen as * const _ as usize } , 56usize , concat ! ( "Off...
[INFO] [stderr]   |                 ^^^^^^^^^^^^^^^^^^^^^^^^^^^^^^^^^^^^^^^^^^^^^^^^^^^^^^^^^ this code causes undefined behavior when executed
[INFO] [stderr] 
[INFO] [stderr] warning: dereferencing a null pointer
[INFO] [stderr]  --> /opt/rustwide/target/debug/build/argonautica-719df587b64fdcfb/out/bindings.rs:5:5895
[INFO] [stderr]   |
[INFO] [stderr] 5 | ...( unsafe { & ( * ( :: std :: ptr :: null :: < Argon2_Context > ( ) ) ) . ad as * const _ as usize } , 64usize , concat ! ( "Offset of ...
[INFO] [stderr]   |                 ^^^^^^^^^^^^^^^^^^^^^^^^^^^^^^^^^^^^^^^^^^^^^^^^^^^^^^^^^ this code causes undefined behavior when executed
[INFO] [stderr] 
[INFO] [stderr] warning: dereferencing a null pointer
[INFO] [stderr]  --> /opt/rustwide/target/debug/build/argonautica-719df587b64fdcfb/out/bindings.rs:5:6117
[INFO] [stderr]   |
[INFO] [stderr] 5 | ...( unsafe { & ( * ( :: std :: ptr :: null :: < Argon2_Context > ( ) ) ) . adlen as * const _ as usize } , 72usize , concat ! ( "Offset ...
[INFO] [stderr]   |                 ^^^^^^^^^^^^^^^^^^^^^^^^^^^^^^^^^^^^^^^^^^^^^^^^^^^^^^^^^ this code causes undefined behavior when executed
[INFO] [stderr] 
[INFO] [stderr] warning: dereferencing a null pointer
[INFO] [stderr]  --> /opt/rustwide/target/debug/build/argonautica-719df587b64fdcfb/out/bindings.rs:5:6345
[INFO] [stderr]   |
[INFO] [stderr] 5 | ...( unsafe { & ( * ( :: std :: ptr :: null :: < Argon2_Context > ( ) ) ) . t_cost as * const _ as usize } , 76usize , concat ! ( "Offset...
[INFO] [stderr]   |                 ^^^^^^^^^^^^^^^^^^^^^^^^^^^^^^^^^^^^^^^^^^^^^^^^^^^^^^^^^ this code causes undefined behavior when executed
[INFO] [stderr] 
[INFO] [stderr] warning: dereferencing a null pointer
[INFO] [stderr]  --> /opt/rustwide/target/debug/build/argonautica-719df587b64fdcfb/out/bindings.rs:5:6575
[INFO] [stderr]   |
[INFO] [stderr] 5 | ...( unsafe { & ( * ( :: std :: ptr :: null :: < Argon2_Context > ( ) ) ) . m_cost as * const _ as usize } , 80usize , concat ! ( "Offset...
[INFO] [stderr]   |                 ^^^^^^^^^^^^^^^^^^^^^^^^^^^^^^^^^^^^^^^^^^^^^^^^^^^^^^^^^ this code causes undefined behavior when executed
[INFO] [stderr] 
[INFO] [stderr] warning: dereferencing a null pointer
[INFO] [stderr]  --> /opt/rustwide/target/debug/build/argonautica-719df587b64fdcfb/out/bindings.rs:5:6805
[INFO] [stderr]   |
[INFO] [stderr] 5 | ...( unsafe { & ( * ( :: std :: ptr :: null :: < Argon2_Context > ( ) ) ) . lanes as * const _ as usize } , 84usize , concat ! ( "Offset ...
[INFO] [stderr]   |                 ^^^^^^^^^^^^^^^^^^^^^^^^^^^^^^^^^^^^^^^^^^^^^^^^^^^^^^^^^ this code causes undefined behavior when executed
[INFO] [stderr] 
[INFO] [stderr] warning: dereferencing a null pointer
[INFO] [stderr]  --> /opt/rustwide/target/debug/build/argonautica-719df587b64fdcfb/out/bindings.rs:5:7033
[INFO] [stderr]   |
[INFO] [stderr] 5 | ...( unsafe { & ( * ( :: std :: ptr :: null :: < Argon2_Context > ( ) ) ) . threads as * const _ as usize } , 88usize , concat ! ( "Offse...
[INFO] [stderr]   |                 ^^^^^^^^^^^^^^^^^^^^^^^^^^^^^^^^^^^^^^^^^^^^^^^^^^^^^^^^^ this code causes undefined behavior when executed
[INFO] [stderr] 
[INFO] [stderr] warning: dereferencing a null pointer
[INFO] [stderr]  --> /opt/rustwide/target/debug/build/argonautica-719df587b64fdcfb/out/bindings.rs:5:7265
[INFO] [stderr]   |
[INFO] [stderr] 5 | ...( unsafe { & ( * ( :: std :: ptr :: null :: < Argon2_Context > ( ) ) ) . version as * const _ as usize } , 92usize , concat ! ( "Offse...
[INFO] [stderr]   |                 ^^^^^^^^^^^^^^^^^^^^^^^^^^^^^^^^^^^^^^^^^^^^^^^^^^^^^^^^^ this code causes undefined behavior when executed
[INFO] [stderr] 
[INFO] [stderr] warning: dereferencing a null pointer
[INFO] [stderr]  --> /opt/rustwide/target/debug/build/argonautica-719df587b64fdcfb/out/bindings.rs:5:7497
[INFO] [stderr]   |
[INFO] [stderr] 5 | ...( unsafe { & ( * ( :: std :: ptr :: null :: < Argon2_Context > ( ) ) ) . allocate_cbk as * const _ as usize } , 96usize , concat ! ( "...
[INFO] [stderr]   |                 ^^^^^^^^^^^^^^^^^^^^^^^^^^^^^^^^^^^^^^^^^^^^^^^^^^^^^^^^^ this code causes undefined behavior when executed
[INFO] [stderr] 
[INFO] [stderr] warning: dereferencing a null pointer
[INFO] [stderr]  --> /opt/rustwide/target/debug/build/argonautica-719df587b64fdcfb/out/bindings.rs:5:7739
[INFO] [stderr]   |
[INFO] [stderr] 5 | ...( unsafe { & ( * ( :: std :: ptr :: null :: < Argon2_Context > ( ) ) ) . free_cbk as * const _ as usize } , 104usize , concat ! ( "Off...
[INFO] [stderr]   |                 ^^^^^^^^^^^^^^^^^^^^^^^^^^^^^^^^^^^^^^^^^^^^^^^^^^^^^^^^^ this code causes undefined behavior when executed
[INFO] [stderr] 
[INFO] [stderr] warning: dereferencing a null pointer
[INFO] [stderr]  --> /opt/rustwide/target/debug/build/argonautica-719df587b64fdcfb/out/bindings.rs:5:7974
[INFO] [stderr]   |
[INFO] [stderr] 5 | ...( unsafe { & ( * ( :: std :: ptr :: null :: < Argon2_Context > ( ) ) ) . flags as * const _ as usize } , 112usize , concat ! ( "Offset...
[INFO] [stderr]   |                 ^^^^^^^^^^^^^^^^^^^^^^^^^^^^^^^^^^^^^^^^^^^^^^^^^^^^^^^^^ this code causes undefined behavior when executed
[INFO] [stderr] 
[INFO] [stderr] warning: 18 warnings emitted
[INFO] [stderr] 
[INFO] [stderr]     Finished test [unoptimized + debuginfo] target(s) in 0.34s
[INFO] [stderr]      Running unittests (/opt/rustwide/target/debug/deps/argonautica-226279513b2651f7)
[INFO] [stdout] 
[INFO] [stdout] running 38 tests
[INFO] [stdout] test backend::rust::decode::tests::test_decode_against_c ... ignored
[INFO] [stdout] test config::backend::tests::test_send ... ok
[INFO] [stdout] test backend::rust::decode::tests::test_decode ... ok
[INFO] [stdout] test config::backend::tests::test_sync ... ok
[INFO] [stdout] test config::flags::tests::test_send ... ok
[INFO] [stdout] test config::hasher_config::tests::test_send ... ok
[INFO] [stdout] test config::hasher_config::tests::test_sync ... ok
[INFO] [stdout] test config::flags::tests::test_sync ... ok
[INFO] [stdout] test config::variant::tests::test_sync ... ok
[INFO] [stdout] test config::variant::tests::test_send ... ok
[INFO] [stdout] test config::verifier_config::tests::test_send ... ok
[INFO] [stdout] test config::version::tests::test_send ... ok
[INFO] [stdout] test error_kind::tests::test_send ... ok
[INFO] [stdout] test config::verifier_config::tests::test_sync ... ok
[INFO] [stdout] test hasher::tests::test_sync ... ok
[INFO] [stdout] test hasher::tests::test_send ... ok
[INFO] [stdout] test verifier::tests::test_sync ... ok
[INFO] [stdout] test verifier::tests::test_send ... ok
[INFO] [stdout] test output::hash_raw::tests::test_sync ... ok
[INFO] [stdout] test output::hash_raw::tests::test_send ... ok
[INFO] [stdout] test input::salt::tests::test_sync ... ok
[INFO] [stdout] test input::salt::tests::test_send ... ok
[INFO] [stdout] test input::additional_data::tests::test_sync ... ok
[INFO] [stdout] test input::additional_data::tests::test_send ... ok
[INFO] [stdout] test hasher::tests::test_hasher_clearing ... ok
[INFO] [stdout] test ffi::bindgen_test_layout_Argon2_Context ... ok
[INFO] [stdout] test error_kind::tests::test_sync ... ok
[INFO] [stdout] test error::tests::test_sync ... ok
[INFO] [stdout] test error::tests::test_send ... ok
[INFO] [stdout] test config::version::tests::test_sync ... ok
[INFO] [stdout] test backend::rust::encode::tests::test_encode_against_c ... ok
[INFO] [stdout] test hasher::tests::test_hasher_0x13_2i ... ok
[INFO] [stdout] test hasher::tests::test_hasher_0x10_2i ... ok
[INFO] [stdout] test hasher::tests::test_hasher_0x10_2d ... ok
[INFO] [stdout] test hasher::tests::test_hasher_0x13_2id ... ok
[INFO] [stdout] test hasher::tests::test_hasher_0x10_2id ... ok
[INFO] [stdout] test hasher::tests::test_hasher_0x13_2d ... ok
[INFO] [stdout] test hasher::tests::test_hasher_fast_but_insecure ... ok
[INFO] [stdout] 
[INFO] [stdout] test result: ok. 37 passed; 0 failed; 1 ignored; 0 measured; 0 filtered out; finished in 0.86s
[INFO] [stdout] 
[INFO] [stderr]      Running unittests (/opt/rustwide/target/debug/deps/argonautica-09dad2fbda88ae9f)
[INFO] [stdout] 
[INFO] [stdout] running 0 tests
[INFO] [stdout] 
[INFO] [stdout] test result: ok. 0 passed; 0 failed; 0 ignored; 0 measured; 0 filtered out; finished in 0.00s
[INFO] [stdout] 
[INFO] [stderr]      Running tests/tests.rs (/opt/rustwide/target/debug/deps/tests-19b3ae16376af25e)
[INFO] [stdout] 
[INFO] [stdout] running 2 tests
[INFO] [stdout] test test_c_code ... ignored
[INFO] [stdout] test test_integration ... FAILED
[INFO] [stdout] 
[INFO] [stdout] failures:
[INFO] [stdout] 
[INFO] [stdout] ---- test_integration stdout ----
[INFO] [stdout] thread 'test_integration' panicked at 'unable to create build dir: Os { code: 30, kind: Other, message: "Read-only file system" }', tests/tests.rs:46:42
[INFO] [stdout] stack backtrace:
[INFO] [stdout]    0:     0x560b92583020 - std::backtrace_rs::backtrace::libunwind::trace::h34055254b57d8e79
[INFO] [stdout]                                at /rustc/a178d0322ce20e33eac124758e837cbd80a6f633/library/std/src/../../backtrace/src/backtrace/libunwind.rs:90:5
[INFO] [stdout]    1:     0x560b92583020 - std::backtrace_rs::backtrace::trace_unsynchronized::h8f1e3fbd9afff6ec
[INFO] [stdout]                                at /rustc/a178d0322ce20e33eac124758e837cbd80a6f633/library/std/src/../../backtrace/src/backtrace/mod.rs:66:5
[INFO] [stdout]    2:     0x560b92583020 - std::sys_common::backtrace::_print_fmt::h3a99a796b770c360
[INFO] [stdout]                                at /rustc/a178d0322ce20e33eac124758e837cbd80a6f633/library/std/src/sys_common/backtrace.rs:67:5
[INFO] [stdout]    3:     0x560b92583020 - <std::sys_common::backtrace::_print::DisplayBacktrace as core::fmt::Display>::fmt::h32d1f94a80615d18
[INFO] [stdout]                                at /rustc/a178d0322ce20e33eac124758e837cbd80a6f633/library/std/src/sys_common/backtrace.rs:46:22
[INFO] [stdout]    4:     0x560b925a6e2c - core::fmt::write::h306731c068f7162c
[INFO] [stdout]                                at /rustc/a178d0322ce20e33eac124758e837cbd80a6f633/library/core/src/fmt/mod.rs:1110:17
[INFO] [stdout]    5:     0x560b9257f8c5 - std::io::Write::write_fmt::h87f19b0a2cd190bc
[INFO] [stdout]                                at /rustc/a178d0322ce20e33eac124758e837cbd80a6f633/library/std/src/io/mod.rs:1588:15
[INFO] [stdout]    6:     0x560b925855fb - std::sys_common::backtrace::_print::h5abaa2601a852287
[INFO] [stdout]                                at /rustc/a178d0322ce20e33eac124758e837cbd80a6f633/library/std/src/sys_common/backtrace.rs:49:5
[INFO] [stdout]    7:     0x560b925855fb - std::sys_common::backtrace::print::h8d81445442bb638f
[INFO] [stdout]                                at /rustc/a178d0322ce20e33eac124758e837cbd80a6f633/library/std/src/sys_common/backtrace.rs:36:9
[INFO] [stdout]    8:     0x560b925855fb - std::panicking::default_hook::{{closure}}::hcfe804496a9fa747
[INFO] [stdout]                                at /rustc/a178d0322ce20e33eac124758e837cbd80a6f633/library/std/src/panicking.rs:208:50
[INFO] [stdout]    9:     0x560b9258510c - std::panicking::default_hook::hbea8e3ccf2ba8901
[INFO] [stdout]                                at /rustc/a178d0322ce20e33eac124758e837cbd80a6f633/library/std/src/panicking.rs:222:9
[INFO] [stdout]   10:     0x560b92585cc4 - std::panicking::rust_panic_with_hook::h7ee9e1a2d0f8975a
[INFO] [stdout]                                at /rustc/a178d0322ce20e33eac124758e837cbd80a6f633/library/std/src/panicking.rs:622:17
[INFO] [stdout]   11:     0x560b925857a7 - std::panicking::begin_panic_handler::{{closure}}::h8ab3b4491718b2c7
[INFO] [stdout]                                at /rustc/a178d0322ce20e33eac124758e837cbd80a6f633/library/std/src/panicking.rs:519:13
[INFO] [stdout]   12:     0x560b9258351c - std::sys_common::backtrace::__rust_end_short_backtrace::hd489062ffa586a9f
[INFO] [stdout]                                at /rustc/a178d0322ce20e33eac124758e837cbd80a6f633/library/std/src/sys_common/backtrace.rs:141:18
[INFO] [stdout]   13:     0x560b92585709 - rust_begin_unwind
[INFO] [stdout]                                at /rustc/a178d0322ce20e33eac124758e837cbd80a6f633/library/std/src/panicking.rs:515:5
[INFO] [stdout]   14:     0x560b923c4ba1 - core::panicking::panic_fmt::hca6330e3e14086b4
[INFO] [stdout]                                at /rustc/a178d0322ce20e33eac124758e837cbd80a6f633/library/core/src/panicking.rs:92:14
[INFO] [stdout]   15:     0x560b923c4c93 - core::result::unwrap_failed::h6160d2b4bfbb0e87
[INFO] [stdout]                                at /rustc/a178d0322ce20e33eac124758e837cbd80a6f633/library/core/src/result.rs:1355:5
[INFO] [stdout]   16:     0x560b923d4759 - core::result::Result<T,E>::expect::h650cabbd3221b9e7
[INFO] [stdout]                                at /rustc/a178d0322ce20e33eac124758e837cbd80a6f633/library/core/src/result.rs:997:23
[INFO] [stdout]   17:     0x560b923c5709 - tests::build_c::h5bc960a7e7d34094
[INFO] [stdout]                                at /opt/rustwide/workdir/tests/tests.rs:46:5
[INFO] [stdout]   18:     0x560b923cb306 - tests::test_integration::h727e42f5890b94d1
[INFO] [stdout]                                at /opt/rustwide/workdir/tests/tests.rs:268:5
[INFO] [stdout]   19:     0x560b923cb2ba - tests::test_integration::{{closure}}::h9f3ec2675acf3599
[INFO] [stdout]                                at /opt/rustwide/workdir/tests/tests.rs:266:1
[INFO] [stdout]   20:     0x560b923dbd4e - core::ops::function::FnOnce::call_once::h26a717f291c850e0
[INFO] [stdout]                                at /rustc/a178d0322ce20e33eac124758e837cbd80a6f633/library/core/src/ops/function.rs:227:5
[INFO] [stdout]   21:     0x560b92406153 - core::ops::function::FnOnce::call_once::h152e7e439ff59e19
[INFO] [stdout]                                at /rustc/a178d0322ce20e33eac124758e837cbd80a6f633/library/core/src/ops/function.rs:227:5
[INFO] [stdout]   22:     0x560b92406153 - test::__rust_begin_short_backtrace::h0908f3b1fdbb72ab
[INFO] [stdout]                                at /rustc/a178d0322ce20e33eac124758e837cbd80a6f633/library/test/src/lib.rs:577:5
[INFO] [stdout]   23:     0x560b92404c10 - <alloc::boxed::Box<F,A> as core::ops::function::FnOnce<Args>>::call_once::hf6d2a51e5587546c
[INFO] [stdout]                                at /rustc/a178d0322ce20e33eac124758e837cbd80a6f633/library/alloc/src/boxed.rs:1575:9
[INFO] [stdout]   24:     0x560b92404c10 - <std::panic::AssertUnwindSafe<F> as core::ops::function::FnOnce<()>>::call_once::h8af660f3a89ef593
[INFO] [stdout]                                at /rustc/a178d0322ce20e33eac124758e837cbd80a6f633/library/std/src/panic.rs:347:9
[INFO] [stdout]   25:     0x560b92404c10 - std::panicking::try::do_call::hd36aef60f84b6d36
[INFO] [stdout]                                at /rustc/a178d0322ce20e33eac124758e837cbd80a6f633/library/std/src/panicking.rs:401:40
[INFO] [stdout]   26:     0x560b92404c10 - std::panicking::try::h9932b4480e69817c
[INFO] [stdout]                                at /rustc/a178d0322ce20e33eac124758e837cbd80a6f633/library/std/src/panicking.rs:365:19
[INFO] [stdout]   27:     0x560b92404c10 - std::panic::catch_unwind::h6aa177099cfff5f8
[INFO] [stdout]                                at /rustc/a178d0322ce20e33eac124758e837cbd80a6f633/library/std/src/panic.rs:434:14
[INFO] [stdout]   28:     0x560b92404c10 - test::run_test_in_process::h5884d6f2d99e20c3
[INFO] [stdout]                                at /rustc/a178d0322ce20e33eac124758e837cbd80a6f633/library/test/src/lib.rs:600:18
[INFO] [stdout]   29:     0x560b92404c10 - test::run_test::run_test_inner::{{closure}}::h6fdc58c6d5f5b6e3
[INFO] [stdout]                                at /rustc/a178d0322ce20e33eac124758e837cbd80a6f633/library/test/src/lib.rs:492:39
[INFO] [stdout]   30:     0x560b923de2c2 - test::run_test::run_test_inner::{{closure}}::h408365d67a78ade8
[INFO] [stdout]                                at /rustc/a178d0322ce20e33eac124758e837cbd80a6f633/library/test/src/lib.rs:519:37
[INFO] [stdout]   31:     0x560b923de2c2 - std::sys_common::backtrace::__rust_begin_short_backtrace::hb560b77c4f701523
[INFO] [stdout]                                at /rustc/a178d0322ce20e33eac124758e837cbd80a6f633/library/std/src/sys_common/backtrace.rs:125:18
[INFO] [stdout]   32:     0x560b923e1e78 - std::thread::Builder::spawn_unchecked::{{closure}}::{{closure}}::hf2e7831dad93c597
[INFO] [stdout]                                at /rustc/a178d0322ce20e33eac124758e837cbd80a6f633/library/std/src/thread/mod.rs:481:17
[INFO] [stdout]   33:     0x560b923e1e78 - <std::panic::AssertUnwindSafe<F> as core::ops::function::FnOnce<()>>::call_once::hd2e08783d8be4d02
[INFO] [stdout]                                at /rustc/a178d0322ce20e33eac124758e837cbd80a6f633/library/std/src/panic.rs:347:9
[INFO] [stdout]   34:     0x560b923e1e78 - std::panicking::try::do_call::h062597b7acfd6b82
[INFO] [stdout]                                at /rustc/a178d0322ce20e33eac124758e837cbd80a6f633/library/std/src/panicking.rs:401:40
[INFO] [stdout]   35:     0x560b923e1e78 - std::panicking::try::h0d7b79db04c14552
[INFO] [stdout]                                at /rustc/a178d0322ce20e33eac124758e837cbd80a6f633/library/std/src/panicking.rs:365:19
[INFO] [stdout]   36:     0x560b923e1e78 - std::panic::catch_unwind::hb01a0b5e7c8cd43b
[INFO] [stdout]                                at /rustc/a178d0322ce20e33eac124758e837cbd80a6f633/library/std/src/panic.rs:434:14
[INFO] [stdout]   37:     0x560b923e1e78 - std::thread::Builder::spawn_unchecked::{{closure}}::h5bde48cc887e0d1e
[INFO] [stdout]                                at /rustc/a178d0322ce20e33eac124758e837cbd80a6f633/library/std/src/thread/mod.rs:480:30
[INFO] [stderr] error: test failed, to rerun pass '--test tests'
[INFO] [stdout]   38:     0x560b923e1e78 - core::ops::function::FnOnce::call_once{{vtable.shim}}::h745ea30807a29e55
[INFO] [stdout]                                at /rustc/a178d0322ce20e33eac124758e837cbd80a6f633/library/core/src/ops/function.rs:227:5
[INFO] [stdout]   39:     0x560b9258b767 - <alloc::boxed::Box<F,A> as core::ops::function::FnOnce<Args>>::call_once::h7ece6cfefaff1005
[INFO] [stdout]                                at /rustc/a178d0322ce20e33eac124758e837cbd80a6f633/library/alloc/src/boxed.rs:1575:9
[INFO] [stdout]   40:     0x560b9258b767 - <alloc::boxed::Box<F,A> as core::ops::function::FnOnce<Args>>::call_once::hb8b48e55c21f193e
[INFO] [stdout]                                at /rustc/a178d0322ce20e33eac124758e837cbd80a6f633/library/alloc/src/boxed.rs:1575:9
[INFO] [stdout]   41:     0x560b9258b767 - std::sys::unix::thread::Thread::new::thread_start::h8c7c4450dba62914
[INFO] [stdout]                                at /rustc/a178d0322ce20e33eac124758e837cbd80a6f633/library/std/src/sys/unix/thread.rs:71:17
[INFO] [stdout]   42:     0x7ff721de7609 - start_thread
[INFO] [stdout]   43:     0x7ff721bb9293 - clone
[INFO] [stdout]   44:                0x0 - <unknown>
[INFO] [stdout] 
[INFO] [stdout] 
[INFO] [stdout] failures:
[INFO] [stdout]     test_integration
[INFO] [stdout] 
[INFO] [stdout] test result: FAILED. 0 passed; 1 failed; 1 ignored; 0 measured; 0 filtered out; finished in 0.03s
[INFO] [stdout] 
[INFO] running `Command { std: "docker" "inspect" "72e3e442fdf0d03fcc0d3ed4dc4052527c75ce7534420fbbaa7b5c27c79f96c5", kill_on_drop: false }`
[INFO] running `Command { std: "docker" "rm" "-f" "72e3e442fdf0d03fcc0d3ed4dc4052527c75ce7534420fbbaa7b5c27c79f96c5", kill_on_drop: false }`
[INFO] [stdout] 72e3e442fdf0d03fcc0d3ed4dc4052527c75ce7534420fbbaa7b5c27c79f96c5
